Results for 4.5.0 20090328 (experimental) [trunk revision 145210] (GCC) testsuite on ia64-unknown-linux-gnu

H.J. Lu ia64 hjl@gnu-12.sc.intel.com
Sun Mar 29 05:27:00 GMT 2009


LAST_UPDATED: Sat Mar 28 22:11:39 UTC 2009 (revision 145210)

Native configuration is ia64-unknown-linux-gnu

		=== g++ tests ===


Running target unix

		=== g++ Summary ===

# of expected passes		18325
# of expected failures		140
# of unsupported tests		153
/export/gnu/import/svn/gcc-test/bld/gcc/testsuite/g++/../../g++  version 4.5.0 20090328 (experimental) [trunk revision 145210] (GCC) 

		=== gcc tests ===


Running target unix
XPASS: gcc.c-torture/compile/pr11832.c  -O3 -fomit-frame-pointer  (test for excess errors)
XPASS: gcc.c-torture/compile/pr11832.c  -O3 -fomit-frame-pointer -funroll-loops  (test for excess errors)
XPASS: gcc.c-torture/compile/pr11832.c  -O3 -fomit-frame-pointer -funroll-all-loops -finline-functions  (test for excess errors)
XPASS: gcc.c-torture/compile/pr11832.c  -O3 -g  (test for excess errors)
XPASS: gcc.c-torture/compile/pr11832.c  -Os  (test for excess errors)
XPASS: gcc.c-torture/compile/pr33009.c  -O1  (test for excess errors)
XPASS: gcc.c-torture/compile/pr33009.c  -O2  (test for excess errors)
XPASS: gcc.c-torture/compile/pr33009.c  -O3 -fomit-frame-pointer  (test for excess errors)
XPASS: gcc.c-torture/compile/pr33009.c  -O3 -fomit-frame-pointer -funroll-loops  (test for excess errors)
XPASS: gcc.c-torture/compile/pr33009.c  -O3 -fomit-frame-pointer -funroll-all-loops -finline-functions  (test for excess errors)
XPASS: gcc.c-torture/compile/pr33009.c  -O3 -g  (test for excess errors)
XPASS: gcc.c-torture/compile/pr33009.c  -Os  (test for excess errors)
FAIL: gcc.dg/builtin-apply4.c execution test
FAIL: gcc.dg/pr37106-1.c (internal compiler error)
FAIL: gcc.dg/pr37106-1.c (test for excess errors)
XPASS: gcc.dg/tree-ssa/loop-1.c scan-assembler-times foo 5
FAIL: gcc.dg/tree-ssa/loop-31.c scan-tree-dump-times optimized " \\+ 2" 1
FAIL: gcc.dg/vect/vect-35.c scan-tree-dump-times vect "vectorized 2 loops" 1

		=== gcc Summary ===

# of expected passes		49684
# of unexpected failures	5
# of unexpected successes	13
# of expected failures		245
# of unsupported tests		487
/export/gnu/import/svn/gcc-test/bld/gcc/xgcc  version 4.5.0 20090328 (experimental) [trunk revision 145210] (GCC) 

		=== gfortran tests ===


Running target unix
FAIL: gfortran.dg/vect/pr39318.f90  -O  (internal compiler error)
FAIL: gfortran.dg/vect/pr39318.f90  -O  (test for excess errors)
FAIL: gfortran.dg/vect/fast-math-pr38968.f90 scan-tree-dump vect "vectorized 1 loops"

		=== gfortran Summary ===

# of expected passes		29700
# of unexpected failures	3
# of expected failures		18
# of unsupported tests		29
/export/gnu/import/svn/gcc-test/bld/gcc/testsuite/gfortran/../../gfortran  version 4.5.0 20090328 (experimental) [trunk revision 145210] (GCC) 

		=== objc tests ===


Running target unix
FAIL: objc/execute/forward-1.m execution,  -O0 -fgnu-runtime
FAIL: objc/execute/forward-1.m execution,  -O1 -fgnu-runtime
FAIL: objc/execute/forward-1.m execution,  -O2 -fgnu-runtime
FAIL: objc/execute/forward-1.m execution,  -O3 -fomit-frame-pointer -fgnu-runtime
FAIL: objc/execute/forward-1.m execution,  -O3 -fomit-frame-pointer -funroll-loops -fgnu-runtime
FAIL: objc/execute/forward-1.m execution,  -O3 -fomit-frame-pointer -funroll-all-loops -finline-functions -fgnu-runtime
FAIL: objc/execute/forward-1.m execution,  -O3 -g -fgnu-runtime
FAIL: objc/execute/forward-1.m execution,  -Os -fgnu-runtime

		=== objc Summary ===

# of expected passes		1844
# of unexpected failures	8
# of expected failures		7
# of unsupported tests		25
/export/gnu/import/svn/gcc-test/bld/gcc/xgcc  version 4.5.0 20090328 (experimental) [trunk revision 145210] (GCC) 

		=== libffi tests ===


Running target unix

		=== libffi Summary ===

# of expected passes		1389
# of unsupported tests		10
		=== libgomp tests ===


Running target unix
FAIL: libgomp.c++/collapse-2.C  -O3 -fomit-frame-pointer -funroll-loops  (internal compiler error)
FAIL: libgomp.c++/collapse-2.C  -O3 -fomit-frame-pointer -funroll-loops  (test for excess errors)
WARNING: libgomp.c++/collapse-2.C  -O3 -fomit-frame-pointer -funroll-loops  compilation failed to produce executable
FAIL: libgomp.c++/collapse-2.C  -O3 -fomit-frame-pointer -funroll-all-loops -finline-functions  (internal compiler error)
FAIL: libgomp.c++/collapse-2.C  -O3 -fomit-frame-pointer -funroll-all-loops -finline-functions  (test for excess errors)
WARNING: libgomp.c++/collapse-2.C  -O3 -fomit-frame-pointer -funroll-all-loops -finline-functions  compilation failed to produce executable

		=== libgomp Summary ===

# of expected passes		2380
# of unexpected failures	4
		=== libjava tests ===


Running target unix
FAIL: getlocalvartable output
FAIL: Throw_3 -O3 output - source compiled test
FAIL: Throw_3 -O3 -findirect-dispatch output - source compiled test

		=== libjava Summary ===

# of expected passes		2571
# of unexpected failures	3
		=== libmudflap tests ===


Running target unix
FAIL: libmudflap.c++/pass41-frag.cxx execution test
FAIL: libmudflap.c++/pass41-frag.cxx (-static) execution test
FAIL: libmudflap.c++/pass41-frag.cxx (-O2) execution test
FAIL: libmudflap.c++/pass41-frag.cxx (-O3) execution test

		=== libmudflap Summary ===

# of expected passes		1890
# of unexpected failures	4
		=== libstdc++ tests ===


Running target unix
XPASS: 26_numerics/headers/cmath/c99_classification_macros_c.cc (test for excess errors)

		=== libstdc++ Summary ===

# of expected passes		6478
# of unexpected successes	1
# of expected failures		80
# of unsupported tests		15

Compiler version: 4.5.0 20090328 (experimental) [trunk revision 145210] (GCC) 
Platform: ia64-unknown-linux-gnu
configure flags: --enable-clocale=gnu --with-system-zlib --enable-shared --with-demangler-in-ld



More information about the Gcc-testresults mailing list