Results for 4.5.0 20090328 (experimental) [trunk revision 145191] (GCC) testsuite on i686-pc-linux-gnu
H.J. Lu ia32
hjl@gnu-31.sc.intel.com
Sat Mar 28 17:39:00 GMT 2009
LAST_UPDATED: Sat Mar 28 14:56:35 UTC 2009 (revision 145191)
Native configuration is i686-pc-linux-gnu
=== g++ tests ===
Running target unix
=== g++ Summary ===
# of expected passes 19679
# of expected failures 140
# of unsupported tests 100
/export/gnu/import/svn/gcc-test/bld/gcc/testsuite/g++/../../g++ version 4.5.0 20090328 (experimental) [trunk revision 145191] (GCC)
=== gcc tests ===
Running target unix
FAIL: gcc.dg/torture/ipa-pta-1.c -O1 scan-ipa-dump pta "bar.arg0 = { test4.arg0 test3.arg0 test2.arg0 test1.arg0 }"
FAIL: gcc.dg/torture/ipa-pta-1.c -O2 scan-ipa-dump pta "bar.arg0 = { test4.arg0 test3.arg0 test2.arg0 test1.arg0 }"
FAIL: gcc.dg/torture/ipa-pta-1.c -O3 -fomit-frame-pointer scan-ipa-dump pta "bar.arg0 = { test4.arg0 test3.arg0 test2.arg0 test1.arg0 }"
FAIL: gcc.dg/torture/ipa-pta-1.c -O3 -g scan-ipa-dump pta "bar.arg0 = { test4.arg0 test3.arg0 test2.arg0 test1.arg0 }"
FAIL: gcc.dg/torture/ipa-pta-1.c -Os scan-ipa-dump pta "bar.arg0 = { test4.arg0 test3.arg0 test2.arg0 test1.arg0 }"
FAIL: gcc.dg/vect/vect-strided-same-dr.c (internal compiler error)
FAIL: gcc.dg/vect/vect-strided-same-dr.c (test for excess errors)
WARNING: gcc.dg/vect/vect-strided-same-dr.c compilation failed to produce executable
=== gcc Summary ===
# of expected passes 56711
# of unexpected failures 7
# of expected failures 188
# of unsupported tests 431
/export/gnu/import/svn/gcc-test/bld/gcc/xgcc version 4.5.0 20090328 (experimental) [trunk revision 145191] (GCC)
=== gfortran tests ===
Running target unix
=== gfortran Summary ===
# of expected passes 29463
# of expected failures 10
# of unsupported tests 97
/export/gnu/import/svn/gcc-test/bld/gcc/testsuite/gfortran/../../gfortran version 4.5.0 20090328 (experimental) [trunk revision 145191] (GCC)
=== objc tests ===
Running target unix
=== objc Summary ===
# of expected passes 1854
# of expected failures 7
# of unsupported tests 24
/export/gnu/import/svn/gcc-test/bld/gcc/xgcc version 4.5.0 20090328 (experimental) [trunk revision 145191] (GCC)
=== libffi tests ===
Running target unix
=== libffi Summary ===
# of expected passes 1389
# of unsupported tests 10
=== libgomp tests ===
Running target unix
=== libgomp Summary ===
# of expected passes 2384
=== libjava tests ===
Running target unix
=== libjava Summary ===
# of expected passes 2574
=== libmudflap tests ===
Running target unix
FAIL: libmudflap.c++/pass41-frag.cxx execution test
FAIL: libmudflap.c++/pass41-frag.cxx (-static) execution test
FAIL: libmudflap.c++/pass41-frag.cxx (-O2) execution test
FAIL: libmudflap.c++/pass41-frag.cxx (-O3) execution test
=== libmudflap Summary ===
# of expected passes 1890
# of unexpected failures 4
=== libstdc++ tests ===
Running target unix
XPASS: 26_numerics/headers/cmath/c99_classification_macros_c.cc (test for excess errors)
FAIL: ext/pb_ds/example/basic_set.cc (test for excess errors)
WARNING: ext/pb_ds/example/basic_set.cc compilation failed to produce executable
=== libstdc++ Summary ===
# of expected passes 6470
# of unexpected failures 1
# of unexpected successes 1
# of expected failures 80
# of unsupported tests 18
Compiler version: 4.5.0 20090328 (experimental) [trunk revision 145191] (GCC)
Platform: i686-pc-linux-gnu
configure flags: --enable-clocale=gnu --with-system-zlib --enable-shared --with-demangler-in-ld
More information about the Gcc-testresults
mailing list