Results for 4.5.0 20090328 (experimental) [trunk revision 145187] (GCC) testsuite on x86_64-unknown-linux-gnu

Laurent GUERBY gcc13 guerby@gcc13.fsffrance.org
Sat Mar 28 17:36:00 GMT 2009


LAST_UPDATED: Sat Mar 28 14:00:38 UTC 2009 (revision 145187)

		=== acats tests ===

		=== acats Summary ===
# of expected passes		2313
# of unexpected failures	0
Native configuration is x86_64-unknown-linux-gnu

		=== gcc tests ===


Running target unix
FAIL: gcc.dg/Warray-bounds.c  (test for warnings, line 32)
FAIL: gcc.dg/Warray-bounds.c  (test for warnings, line 43)
FAIL: gcc.dg/Warray-bounds.c  (test for warnings, line 54)
FAIL: gcc.dg/torture/ipa-pta-1.c  -O1  scan-ipa-dump pta "bar.arg0 = { test4.arg0 test3.arg0 test2.arg0 test1.arg0 }"
FAIL: gcc.dg/torture/ipa-pta-1.c  -O2  scan-ipa-dump pta "bar.arg0 = { test4.arg0 test3.arg0 test2.arg0 test1.arg0 }"
FAIL: gcc.dg/torture/ipa-pta-1.c  -O3 -fomit-frame-pointer  scan-ipa-dump pta "bar.arg0 = { test4.arg0 test3.arg0 test2.arg0 test1.arg0 }"
FAIL: gcc.dg/torture/ipa-pta-1.c  -O3 -g  scan-ipa-dump pta "bar.arg0 = { test4.arg0 test3.arg0 test2.arg0 test1.arg0 }"
FAIL: gcc.dg/torture/ipa-pta-1.c  -Os  scan-ipa-dump pta "bar.arg0 = { test4.arg0 test3.arg0 test2.arg0 test1.arg0 }"
FAIL: gcc.dg/tree-prof/bb-reorg.c compilation,  -fprofile-use -D_PROFILE_USE
UNRESOLVED: gcc.dg/tree-prof/bb-reorg.c execution,    -fprofile-use -D_PROFILE_USE
FAIL: gcc.dg/tree-prof/pr34999.c compilation,  -fprofile-use -D_PROFILE_USE
UNRESOLVED: gcc.dg/tree-prof/pr34999.c execution,    -fprofile-use -D_PROFILE_USE
FAIL: gcc.dg/vect/vect-strided-same-dr.c (internal compiler error)
FAIL: gcc.dg/vect/vect-strided-same-dr.c (test for excess errors)
UNRESOLVED: gcc.dg/vect/vect-strided-same-dr.c compilation failed to produce executable

		=== gcc Summary ===

# of expected passes		55178
# of unexpected failures	12
# of expected failures		187
# of unresolved testcases	3
# of unsupported tests		1277
/home/guerby/build/gcc/xgcc  version 4.5.0 20090328 (experimental) [trunk revision 145187] (GCC) 

		=== gnat tests ===


Running target unix

		=== gnat Summary ===

# of expected passes		610
# of expected failures		6
		=== libgomp tests ===


Running target unix

		=== libgomp Summary ===

# of expected passes		254
		=== libmudflap tests ===


Running target unix

		=== libmudflap Summary ===

# of expected passes		1740
# of unsupported tests		2

Compiler version: 4.5.0 20090328 (experimental) [trunk revision 145187] (GCC) 
Platform: x86_64-unknown-linux-gnu
configure flags: --prefix=/n/13/guerby/install-trunk --enable-languages=c,ada --enable-__cxa_atexit --disable-nls --enable-threads=posix --with-mpfr=/opt/cfarm/mpfr-2.3.2



More information about the Gcc-testresults mailing list