Results for 4.5.0 20090328 (experimental) [trunk revision 145157] (GCC) testsuite on powerpc-unknown-linux-gnu
Laurent GUERBY gcc53
guerby@gcc53.fsffrance.org
Sat Mar 28 12:38:00 GMT 2009
LAST_UPDATED: Sat Mar 28 05:01:44 UTC 2009 (revision 145157)
=== acats tests ===
FAIL: ee3203a
=== acats Summary ===
# of expected passes 2314
# of unexpected failures 1
Native configuration is powerpc-unknown-linux-gnu
=== gcc tests ===
Running target unix
FAIL: gcc.dg/and-1.c scan-assembler-not nand
FAIL: gcc.dg/memcpy-1.c scan-tree-dump-times optimized "nasty_local" 0
FAIL: gcc.dg/pr39323-2.c scan-assembler .align[\\\\t ]*268435456
FAIL: gcc.dg/pr39323-3.c scan-assembler .align[\\\\t ]*268435456
FAIL: gcc.dg/tree-ssa/vrp47.c scan-tree-dump-times vrp1 "[xy][^ ]* !=" 0
FAIL: gcc.dg/tree-ssa/vrp47.c scan-tree-dump-times dom1 "x[^ ]* & y" 1
FAIL: gcc.target/powerpc/ppc64-double-1.c scan-assembler-not stfd
=== gcc Summary ===
# of expected passes 53281
# of unexpected failures 7
# of expected failures 201
# of unsupported tests 553
/home/guerby/build/gcc/xgcc version 4.5.0 20090328 (experimental) [trunk revision 145157] (GCC)
=== gnat tests ===
Running target unix
=== gnat Summary ===
# of expected passes 610
# of expected failures 6
=== libgomp tests ===
Running target unix
=== libgomp Summary ===
# of expected passes 254
=== libmudflap tests ===
Running target unix
=== libmudflap Summary ===
# of expected passes 1740
# of unsupported tests 2
Compiler version: 4.5.0 20090328 (experimental) [trunk revision 145157] (GCC)
Platform: powerpc-unknown-linux-gnu
configure flags: --prefix=/n/53/guerby/install-trunk --enable-languages=c,ada --enable-__cxa_atexit --disable-nls --enable-threads=posix --with-mpfr=/opt/cfarm/mpfr-2.3.2 --enable-stage1-checking=release
More information about the Gcc-testresults
mailing list