Results for 4.4.0 20090325 (experimental) [trunk revision 145069] (GCC) testsuite on hppa-unknown-linux-gnu

John David Anglin dave@gsyprf11.external.hp.com
Sat Mar 28 00:14:00 GMT 2009


LAST_UPDATED: Wed Mar 25 17:34:32 UTC 2009 (revision 145069)

		=== acats tests ===

		=== acats Summary ===
# of expected passes		2315
# of unexpected failures	0
Native configuration is hppa-unknown-linux-gnu

		=== g++ tests ===


Running target unix
WARNING: program timed out.
FAIL: g++.dg/eh/cleanup1.C (test for excess errors)

		=== g++ Summary ===

# of expected passes		19037
# of unexpected failures	1
# of expected failures		140
# of unsupported tests		156
/home/dave/gcc-4.4/objdir/gcc/testsuite/g++/../../g++  version 4.4.0 20090325 (experimental) [trunk revision 145069] (GCC) 

		=== gcc tests ===


Running target unix
XPASS: gcc.dg/tree-ssa/loop-1.c scan-assembler-times foo 5

		=== gcc Summary ===

# of expected passes		49241
# of unexpected successes	1
# of expected failures		128
# of unsupported tests		512
/home/dave/gcc-4.4/objdir/gcc/xgcc  version 4.4.0 20090325 (experimental) [trunk revision 145069] (GCC) 

		=== gfortran tests ===


Running target unix

		=== gfortran Summary ===

# of expected passes		28396
# of expected failures		10
# of unsupported tests		255
/home/dave/gcc-4.4/objdir/gcc/testsuite/gfortran/../../gfortran  version 4.4.0 20090325 (experimental) [trunk revision 145069] (GCC) 

		=== gnat tests ===


Running target unix

		=== gnat Summary ===

# of expected passes		611
# of expected failures		6
		=== obj-c++ tests ===


Running target unix
UNRESOLVED: obj-c++.dg/lookup-2.mm compilation failed to produce executable
UNRESOLVED: obj-c++.dg/try-catch-2.mm compilation failed to produce executable
UNRESOLVED: obj-c++.dg/try-catch-9.mm compilation failed to produce executable

		=== obj-c++ Summary ===

# of expected passes		438
# of expected failures		10
# of unresolved testcases	3
# of unsupported tests		13
/home/dave/gcc-4.4/objdir/gcc/testsuite/obj-c++/../../g++  version 4.4.0 20090325 (experimental) [trunk revision 145069] (GCC) 

		=== objc tests ===


Running target unix
FAIL: objc/execute/forward-1.m execution,  -O0 -fgnu-runtime
FAIL: objc/execute/forward-1.m execution,  -O1 -fgnu-runtime
FAIL: objc/execute/forward-1.m execution,  -O2 -fgnu-runtime
FAIL: objc/execute/forward-1.m execution,  -O3 -fomit-frame-pointer -fgnu-runtime
FAIL: objc/execute/forward-1.m execution,  -O3 -fomit-frame-pointer -funroll-loops -fgnu-runtime
FAIL: objc/execute/forward-1.m execution,  -O3 -fomit-frame-pointer -funroll-all-loops -finline-functions -fgnu-runtime
FAIL: objc/execute/forward-1.m execution,  -O3 -g -fgnu-runtime
FAIL: objc/execute/forward-1.m execution,  -Os -fgnu-runtime

		=== objc Summary ===

# of expected passes		1846
# of unexpected failures	8
# of expected failures		7
# of unsupported tests		24
/home/dave/gcc-4.4/objdir/gcc/xgcc  version 4.4.0 20090325 (experimental) [trunk revision 145069] (GCC) 

		=== libffi tests ===


Running target unix

		=== libffi Summary ===

# of expected passes		1389
# of unsupported tests		10
		=== libgomp tests ===


Running target unix

		=== libgomp Summary ===

# of expected passes		2370
# of unsupported tests		7
		=== libjava tests ===


Running target unix

		=== libjava Summary ===

# of expected passes		2574
		=== libmudflap tests ===


Running target unix
FAIL: libmudflap.c++/pass41-frag.cxx execution test
FAIL: libmudflap.c++/pass41-frag.cxx (-static) execution test
FAIL: libmudflap.c++/pass41-frag.cxx (-O2) execution test
FAIL: libmudflap.c++/pass41-frag.cxx (-O3) execution test

		=== libmudflap Summary ===

# of expected passes		1890
# of unexpected failures	4
		=== libstdc++ tests ===


Running target unix
FAIL: 22_locale/time_get/get_date/wchar_t/4.cc execution test

		=== libstdc++ Summary ===

# of expected passes		6464
# of unexpected failures	1
# of expected failures		81
# of unsupported tests		18

Compiler version: 4.4.0 20090325 (experimental) [trunk revision 145069] (GCC) 
Platform: hppa-unknown-linux-gnu
configure flags: --with-gnu-as --with-gnu-ld --enable-shared --enable-nls --prefix=/home/dave/opt/gnu/gcc/gcc-4.4.0 --with-local-prefix=/home/dave/opt/gnu --enable-threads=posix --enable-__cxa_atexit --build=hppa-linux --enable-clocale=gnu --enable-java-gc=boehm --enable-java-awt=xlib --disable-libstdcxx-pch --enable-languages=c,c++,objc,fortran,obj-c++,java,ada



More information about the Gcc-testresults mailing list