Results for 4.4.0 20090327 (experimental) [trunk revision 145121] (GCC) testsuite on i686-pc-linux-gnu

H.J. Lu ia32 hjl@gnu-31.sc.intel.com
Fri Mar 27 21:24:00 GMT 2009


LAST_UPDATED: Fri Mar 27 18:42:35 UTC 2009 (revision 145121)

Native configuration is i686-pc-linux-gnu

		=== g++ tests ===


Running target unix

		=== g++ Summary ===

# of expected passes		19677
# of expected failures		140
# of unsupported tests		100
/export/gnu/import/svn/gcc-test/bld/gcc/testsuite/g++/../../g++  version 4.4.0 20090327 (experimental) [trunk revision 145121] (GCC) 

		=== gcc tests ===


Running target unix

		=== gcc Summary ===

# of expected passes		56657
# of expected failures		188
# of unsupported tests		430
/export/gnu/import/svn/gcc-test/bld/gcc/xgcc  version 4.4.0 20090327 (experimental) [trunk revision 145121] (GCC) 

		=== gfortran tests ===


Running target unix

		=== gfortran Summary ===

# of expected passes		29257
# of expected failures		10
# of unsupported tests		97
/export/gnu/import/svn/gcc-test/bld/gcc/testsuite/gfortran/../../gfortran  version 4.4.0 20090327 (experimental) [trunk revision 145121] (GCC) 

		=== objc tests ===


Running target unix

		=== objc Summary ===

# of expected passes		1854
# of expected failures		7
# of unsupported tests		24
/export/gnu/import/svn/gcc-test/bld/gcc/xgcc  version 4.4.0 20090327 (experimental) [trunk revision 145121] (GCC) 

		=== libffi tests ===


Running target unix

		=== libffi Summary ===

# of expected passes		1389
# of unsupported tests		10
		=== libgomp tests ===


Running target unix

		=== libgomp Summary ===

# of expected passes		2384
		=== libjava tests ===


Running target unix

		=== libjava Summary ===

# of expected passes		2574
		=== libmudflap tests ===


Running target unix
FAIL: libmudflap.c++/pass41-frag.cxx execution test
FAIL: libmudflap.c++/pass41-frag.cxx (-static) execution test
FAIL: libmudflap.c++/pass41-frag.cxx (-O2) execution test
FAIL: libmudflap.c++/pass41-frag.cxx (-O3) execution test

		=== libmudflap Summary ===

# of expected passes		1890
# of unexpected failures	4
		=== libstdc++ tests ===


Running target unix
XPASS: 26_numerics/headers/cmath/c99_classification_macros_c.cc (test for excess errors)

		=== libstdc++ Summary ===

# of expected passes		6472
# of unexpected successes	1
# of expected failures		80
# of unsupported tests		18

Compiler version: 4.4.0 20090327 (experimental) [trunk revision 145121] (GCC) 
Platform: i686-pc-linux-gnu
configure flags: --enable-clocale=gnu --with-system-zlib --enable-shared --with-demangler-in-ld



More information about the Gcc-testresults mailing list