Results for 4.3.4 20090325 (prerelease) (GCC) testsuite on i686-pc-linux-gnu
CodeSourcery Automatic Testing System
gcc@codesourcery.com
Thu Mar 26 11:33:00 GMT 2009
LAST_UPDATED: Thu Mar 26 01:06:12 UTC 2009 (/branches/gcc-4_3-branch revision 145051)
Native configuration is i686-pc-linux-gnu
=== g++ tests ===
Running target localhost
=== g++ Summary ===
# of expected passes 17748
# of expected failures 82
# of unsupported tests 88
/scratch/gcc/nightly-2009-03-25-4.3/i686-pc-linux-gnu/obj/test-4.3-0-i686-pc-linux-gnu/host-i686-pc-linux-gnu/fsf-4.3/bin/i686-pc-linux-gnu-g++ version 4.3.4 20090325 (prerelease) (GCC)
=== gcc tests ===
Running target localhost
FAIL: gcc.misc-tests/linkage.c link
=== gcc Summary ===
# of expected passes 50035
# of unexpected failures 1
# of expected failures 169
# of untested testcases 35
# of unsupported tests 264
/scratch/gcc/nightly-2009-03-25-4.3/i686-pc-linux-gnu/obj/test-4.3-0-i686-pc-linux-gnu/host-i686-pc-linux-gnu/fsf-4.3/bin/i686-pc-linux-gnu-gcc version 4.3.4 20090325 (prerelease) (GCC)
=== libstdc++ tests ===
Running target localhost
=== libstdc++ Summary ===
# of expected passes 4941
# of expected failures 60
# of unsupported tests 328
=== g++ tests ===
Running target localhost/-m64
=== g++ Summary ===
# of expected passes 17653
# of expected failures 82
# of unsupported tests 122
/scratch/gcc/nightly-2009-03-25-4.3/i686-pc-linux-gnu/obj/test-4.3-0-i686-pc-linux-gnu/host-i686-pc-linux-gnu/fsf-4.3/bin/i686-pc-linux-gnu-g++ version 4.3.4 20090325 (prerelease) (GCC)
=== gcc tests ===
Running target localhost/-m64
=== gcc Summary ===
# of expected passes 49897
# of expected failures 168
# of untested testcases 35
# of unsupported tests 377
/scratch/gcc/nightly-2009-03-25-4.3/i686-pc-linux-gnu/obj/test-4.3-0-i686-pc-linux-gnu/host-i686-pc-linux-gnu/fsf-4.3/bin/i686-pc-linux-gnu-gcc version 4.3.4 20090325 (prerelease) (GCC)
=== libstdc++ tests ===
Running target localhost/-m64
=== libstdc++ Summary ===
# of expected passes 4941
# of expected failures 60
# of unsupported tests 328
Compiler version: 4.3.4 20090325 (prerelease) (GCC)
Platform: i686-pc-linux-gnu
configure flags: --build=i686-pc-linux-gnu --host=i686-pc-linux-gnu --target=i686-pc-linux-gnu --enable-threads --disable-libmudflap --disable-libssp --disable-libstdcxx-pch --enable-targets=all --with-gnu-as --with-gnu-ld --enable-languages=c,c++ --enable-shared --disable-nls --prefix=/opt/codesourcery --with-gmp=/scratch/gcc/nightly-2009-03-25-4.3/i686-pc-linux-gnu/obj/host-libs-4.3-0-i686-pc-linux-gnu-i686-pc-linux-gnu/usr --with-mpfr=/scratch/gcc/nightly-2009-03-25-4.3/i686-pc-linux-gnu/obj/host-libs-4.3-0-i686-pc-linux-gnu-i686-pc-linux-gnu/usr --disable-libgomp --with-build-time-tools=/scratch/gcc/nightly-2009-03-25-4.3/i686-pc-linux-gnu/install/i686-pc-linux-gnu/bin --with-build-time-tools=/scratch/gcc/nightly-2009-03-25-4.3/i686-pc-linux-gnu/install/i686-pc-linux-gnu/bin
More information about the Gcc-testresults
mailing list