Results for 4.4.0 20090321 (experimental) [trunk revision 144988] (GCC) gcc testsuite on avr-unknown-none
Mike Stein
mstein.lists@googlemail.com
Sun Mar 22 22:55:00 GMT 2009
Debian 4 on x86_64
cross tool versions:
GNU assembler (GNU Binutils) 2.19.51.20090314
GNU gdb 6.4
GNU ld (GNU Binutils) 2.19.51.20090314
GNU Make 3.81
expect version 5.43.0
host gcc version: gcc (GCC) 4.4.0 20090321 (experimental) [trunk revision 144988]
LAST_UPDATED: Sat Mar 21 23:02:56 UTC 2009 (revision 144988)
Target is avr-unknown-none
Host is x86_64-unknown-linux-gnu
=== gcc tests ===
Running target avrtest-m128-sim
FAIL: gcc.c-torture/compile/pr36141.c -O2 (test for excess errors)
FAIL: gcc.c-torture/compile/pr36141.c -O3 -fomit-frame-pointer (test for excess errors)
FAIL: gcc.c-torture/compile/pr36141.c -O3 -g (test for excess errors)
FAIL: gcc.c-torture/compile/pr36141.c -Os (test for excess errors)
FAIL: gcc.c-torture/execute/20010122-1.c execution, -O0
FAIL: gcc.c-torture/execute/920501-2.c compilation, -O3 -fomit-frame-pointer (internal compiler error)
UNRESOLVED: gcc.c-torture/execute/920501-2.c execution, -O3 -fomit-frame-pointer
FAIL: gcc.c-torture/execute/920501-2.c compilation, -O3 -fomit-frame-pointer -funroll-loops (internal compiler error)
UNRESOLVED: gcc.c-torture/execute/920501-2.c execution, -O3 -fomit-frame-pointer -funroll-loops
FAIL: gcc.c-torture/execute/920501-2.c compilation, -O3 -fomit-frame-pointer -funroll-all-loops -finline-functions (internal compiler error)
UNRESOLVED: gcc.c-torture/execute/920501-2.c execution, -O3 -fomit-frame-pointer -funroll-all-loops -finline-functions
FAIL: gcc.c-torture/execute/920501-2.c compilation, -O3 -g (internal compiler error)
UNRESOLVED: gcc.c-torture/execute/920501-2.c execution, -O3 -g
FAIL: gcc.c-torture/execute/pr17377.c execution, -O0
FAIL: gcc.c-torture/execute/pr17377.c execution, -O1
FAIL: gcc.c-torture/execute/pr17377.c execution, -O2
FAIL: gcc.c-torture/execute/pr17377.c execution, -O3 -fomit-frame-pointer
FAIL: gcc.c-torture/execute/pr17377.c execution, -O3 -g
FAIL: gcc.c-torture/execute/pr17377.c execution, -Os
FAIL: gcc.c-torture/execute/simd-1.c compilation, -O1 (internal compiler error)
UNRESOLVED: gcc.c-torture/execute/simd-1.c execution, -O1
FAIL: gcc.dg/compat/struct-by-value-16 c_compat_x_tst.o-c_compat_y_tst.o link
UNRESOLVED: gcc.dg/compat/struct-by-value-16 c_compat_x_tst.o-c_compat_y_tst.o execute "-Os -mcall-prologues","-Os -mcall-prologues"
ERROR: tcl error sourcing /home/mstein/svn/trunk/gcc/testsuite/gcc.dg/compat/compat.exp.
ERROR: child killed: kill signal
FAIL: gcc.dg/debug/dwarf2/pr37726.c scan-assembler-times "parm[^
FAIL: gcc.dg/debug/dwarf2/pr37726.c scan-assembler-times "var[^
FAIL: gcc.dg/Wstrict-aliasing-bogus-ref-all.c (test for excess errors)
FAIL: gcc.dg/Wstrict-aliasing-converted-assigned.c (test for excess errors)
XPASS: gcc.dg/Wtype-limits-Wextra.c (test for excess errors)
XPASS: gcc.dg/Wtype-limits.c (test for excess errors)
XPASS: gcc.dg/builtin-return-1.c execution test
ERROR: tcl error sourcing /home/mstein/svn/trunk/gcc/testsuite/gcc.dg/dg.exp.
ERROR: child killed: kill signal
FAIL: gcc.dg/matrix/matrix-1.c scan-ipa-dump-times matrix-reorg "Flattened 3 dimensions" 1
XPASS: gcc.dg/struct/wo_prof_array_through_pointer.c scan-ipa-dump ipa_struct_reorg "Number of structures to transform is 1"
ERROR: tcl error sourcing /home/mstein/svn/trunk/gcc/testsuite/gcc.dg/struct/struct-reorg.exp.
ERROR: child killed: kill signal
FAIL: gcc.dg/torture/pr37868.c -O0 (test for excess errors)
UNRESOLVED: gcc.dg/torture/pr37868.c -O0 compilation failed to produce executable
FAIL: gcc.dg/torture/pr37868.c -O1 (test for excess errors)
UNRESOLVED: gcc.dg/torture/pr37868.c -O1 compilation failed to produce executable
FAIL: gcc.dg/torture/pr37868.c -O2 (test for excess errors)
UNRESOLVED: gcc.dg/torture/pr37868.c -O2 compilation failed to produce executable
FAIL: gcc.dg/torture/pr37868.c -O3 -fomit-frame-pointer (test for excess errors)
UNRESOLVED: gcc.dg/torture/pr37868.c -O3 -fomit-frame-pointer compilation failed to produce executable
FAIL: gcc.dg/torture/pr37868.c -O3 -g (test for excess errors)
UNRESOLVED: gcc.dg/torture/pr37868.c -O3 -g compilation failed to produce executable
FAIL: gcc.dg/torture/pr37868.c -Os (test for excess errors)
UNRESOLVED: gcc.dg/torture/pr37868.c -Os compilation failed to produce executable
FAIL: gcc.dg/torture/pr39074.c -O1 (test for excess errors)
FAIL: gcc.dg/torture/pr39074.c -O2 (test for excess errors)
FAIL: gcc.dg/torture/pr39074.c -O3 -fomit-frame-pointer (test for excess errors)
FAIL: gcc.dg/torture/pr39074.c -O3 -g (test for excess errors)
FAIL: gcc.dg/torture/pr39074.c -Os (test for excess errors)
XPASS: gcc.dg/tree-ssa/20040204-1.c scan-tree-dump-times optimized "link_error" 0
FAIL: gcc.dg/tree-ssa/gen-vect-11.c scan-tree-dump-times vect "vectorized 1 loops" 1
FAIL: gcc.dg/tree-ssa/gen-vect-11a.c scan-tree-dump-times vect "vectorized 1 loops" 1
FAIL: gcc.dg/tree-ssa/gen-vect-2.c scan-tree-dump-times vect "vectorized 1 loops" 1
FAIL: gcc.dg/tree-ssa/gen-vect-25.c scan-tree-dump-times vect "vectorized 2 loops" 1
FAIL: gcc.dg/tree-ssa/gen-vect-26.c scan-tree-dump-times vect "vectorized 1 loops" 1
FAIL: gcc.dg/tree-ssa/gen-vect-26.c scan-tree-dump-times vect "Alignment of access forced using peeling" 1
FAIL: gcc.dg/tree-ssa/gen-vect-28.c scan-tree-dump-times vect "vectorized 1 loops" 1
FAIL: gcc.dg/tree-ssa/gen-vect-28.c scan-tree-dump-times vect "Alignment of access forced using peeling" 1
FAIL: gcc.dg/tree-ssa/gen-vect-32.c scan-tree-dump-times vect "vectorized 1 loops" 1
FAIL: gcc.dg/tree-ssa/loadpre8.c scan-tree-dump-times pre "Eliminated: 1" 1
FAIL: gcc.dg/tree-ssa/pr23455.c scan-tree-dump-times pre "Eliminated: 3" 1
FAIL: gcc.dg/tree-ssa/predcom-2.c execution test
FAIL: gcc.dg/tree-ssa/predcom-4.c execution test
FAIL: gcc.dg/tree-ssa/predcom-5.c execution test
FAIL: gcc.dg/tree-ssa/vrp47.c scan-tree-dump-times vrp1 "[xy][^ ]* !=" 0
FAIL: gcc.dg/tree-ssa/vrp47.c scan-tree-dump-times dom1 "x[^ ]* & y" 1
FAIL: gcc.dg/tree-ssa/vrp47.c scan-tree-dump-times vrp1 "x[^ ]* [|] y" 1
FAIL: compiler driver --coverage option(s) (linker options)
=== gcc Summary ===
# of expected passes 40726
# of unexpected failures 51
# of unexpected successes 5
# of expected failures 77
# of unresolved testcases 12
# of unsupported tests 1498
/home/mstein/sim/trunk/avr/build/gcc/xgcc version 4.4.0 20090321 (experimental) [trunk revision 144988] (GCC)
Compiler version: 4.4.0 20090321 (experimental) [trunk revision 144988] (GCC) gcc
Platform: avr-unknown-none
configure flags: --target=avr --prefix=/home/mstein/cross-local/avr --enable-languages=c --disable-nls --disable-build-warnings --with-sysroot=/home/mstein/cross-local/avr --with-build-sysroot=/home/mstein/cross-local/avr --with-ld=/home/mstein/cross-local/avr/usr/bin/ld --with-as=/home/mstein/cross-local/avr/usr/bin/as --disable-libssp --with-mpfr=/opt/cfarm/mpfr-2.3.1
More information about the Gcc-testresults
mailing list