Results for 4.4.0 20090318 (experimental) [trunk revision 144946] (GCC) testsuite on hppa2.0w-hp-hpux11.11

John David Anglin dave@hiauly3.hia.nrc.ca
Sat Mar 21 23:20:00 GMT 2009


LAST_UPDATED: Wed Mar 18 22:58:27 UTC 2009 (revision 144946)

		=== acats tests ===
FAIL:	c954a01

		=== acats Summary ===
# of expected passes		2314
# of unexpected failures	1
Native configuration is hppa2.0w-hp-hpux11.11

		=== g++ tests ===


Running target unix

		=== g++ Summary ===

# of expected passes		17892
# of expected failures		142
# of unsupported tests		244
/test/gnu/gcc/objdir/gcc/testsuite/g++/../../g++  version 4.4.0 20090318 (experimental) [trunk revision 144946] (GCC) 

		=== gcc tests ===


Running target unix

		=== gcc Summary ===

# of expected passes		47968
# of expected failures		129
# of unsupported tests		659
/test/gnu/gcc/objdir/gcc/xgcc  version 4.4.0 20090318 (experimental) [trunk revision 144946] (GCC) 

		=== gfortran tests ===


Running target unix

		=== gfortran Summary ===

# of expected passes		28279
# of expected failures		10
# of unsupported tests		270
/test/gnu/gcc/objdir/gcc/testsuite/gfortran/../../gfortran  version 4.4.0 20090318 (experimental) [trunk revision 144946] (GCC) 

		=== gnat tests ===


Running target unix

		=== gnat Summary ===

# of expected passes		611
# of expected failures		6
		=== obj-c++ tests ===


Running target unix
WARNING: obj-c++.dg/lookup-2.mm compilation failed to produce executable
WARNING: obj-c++.dg/try-catch-2.mm compilation failed to produce executable
WARNING: obj-c++.dg/try-catch-9.mm compilation failed to produce executable

		=== obj-c++ Summary ===

# of expected passes		436
# of expected failures		10
# of unsupported tests		14
/test/gnu/gcc/objdir/gcc/testsuite/obj-c++/../../g++  version 4.4.0 20090318 (experimental) [trunk revision 144946] (GCC) 

		=== objc tests ===


Running target unix
FAIL: objc/execute/forward-1.m execution,  -O0 -fgnu-runtime
FAIL: objc/execute/forward-1.m execution,  -O1 -fgnu-runtime
FAIL: objc/execute/forward-1.m execution,  -O2 -fgnu-runtime
FAIL: objc/execute/forward-1.m execution,  -O3 -fomit-frame-pointer -fgnu-runtime
FAIL: objc/execute/forward-1.m execution,  -O3 -fomit-frame-pointer -funroll-loops -fgnu-runtime
FAIL: objc/execute/forward-1.m execution,  -O3 -fomit-frame-pointer -funroll-all-loops -finline-functions -fgnu-runtime
FAIL: objc/execute/forward-1.m execution,  -O3 -g -fgnu-runtime
FAIL: objc/execute/forward-1.m execution,  -Os -fgnu-runtime

		=== objc Summary ===

# of expected passes		1840
# of unexpected failures	8
# of expected failures		7
# of unsupported tests		27
/test/gnu/gcc/objdir/gcc/xgcc  version 4.4.0 20090318 (experimental) [trunk revision 144946] (GCC) 

		=== libffi tests ===


Running target unix

		=== libffi Summary ===

# of expected passes		1389
# of unsupported tests		10
		=== libgomp tests ===


Running target unix
FAIL: libgomp.fortran/vla6.f90  -O3 -fomit-frame-pointer -funroll-loops  execution test

		=== libgomp Summary ===

# of expected passes		2327
# of unexpected failures	1
# of unsupported tests		9
		=== libjava tests ===


Running target unix
FAIL: LargeFile execution - source compiled test
FAIL: LargeFile -findirect-dispatch execution - source compiled test
FAIL: LargeFile -O3 execution - source compiled test
FAIL: LargeFile -O3 -findirect-dispatch execution - source compiled test

		=== libjava Summary ===

# of expected passes		2566
# of unexpected failures	4
# of untested testcases		4
		=== libstdc++ tests ===


Running target unix

		=== libstdc++ Summary ===

# of expected passes		5460
# of expected failures		72
# of unsupported tests		525

Compiler version: 4.4.0 20090318 (experimental) [trunk revision 144946] (GCC) 
Platform: hppa2.0w-hp-hpux11.11
configure flags: --with-gnu-as --with-as=/opt/gnu/bin/as --enable-shared --disable-nls --with-local-prefix=/opt/gnu --prefix=/opt/gnu/gcc/gcc-4.4.0 --enable-debug=no --enable-threads=posix --with-mpfr=/opt/gnu/gcc/gcc-4.4.0 --with-gmp=/opt/gnu/gcc/gcc-4.4.0 --disable-libmudflap --enable-languages=c,c++,objc,obj-c++,fortran,java,ada



More information about the Gcc-testresults mailing list