Results for 4.4.0 20080711 (experimental) (GCC) testsuite on powerpc-unknown-linux-gnualtivec

Edmar Wienskoski-RA8797 ra8797@freescale.com
Sat Mar 21 09:14:00 GMT 2009


LAST_UPDATED: 
Target is powerpc-unknown-linux-gnualtivec
Host   is x86_64-unknown-linux-gnu

		=== g++ tests ===


Running target REG_j_28
FAIL: g++.dg/conversion/simd1.C  (test for warnings, line 8)
FAIL: g++.dg/ext/attribute-test-1.C  (test for warnings, line 10)
FAIL: g++.dg/ext/attribute-test-2.C  (test for warnings, line 14)
FAIL: g++.dg/ext/attribute-test-3.C  (test for warnings, line 26)
FAIL: g++.dg/ext/attribute-test-4.C  (test for warnings, line 26)
FAIL: g++.dg/other/PR23205.C scan-assembler .stabs.*foobar:c=i
XPASS: g++.dg/parse/error15.C bogus excess errors in declaration (test for bogus messages, line 17)
FAIL: g++.dg/tree-ssa/pr19637.C scan-tree-dump-times dom1 "return 1;" 3
FAIL: g++.dg/gomp/tls-3.C (internal compiler error)
FAIL: g++.dg/gomp/tls-3.C (test for excess errors)
ERROR: tcl error sourcing /tmp/edmar/build_cde/job_28/gcc-trunk-pristine/gcc/gcc/testsuite/g++.dg/pch/pch.exp.
ERROR: error copying "/tmp/edmar/build_cde/job_28/gcc-trunk-pristine/gcc/gcc/testsuite/g++.dg/pch/empty.Hs": no such file or directory
FAIL: g++.dg/tls/diag-1.C (test for excess errors)
FAIL: g++.dg/tls/init-1.C (test for excess errors)
FAIL: g++.dg/tls/trivial.C (test for excess errors)
FAIL: g++.dg/torture/20070621-1.C  -O0  (test for excess errors)
FAIL: g++.dg/torture/20070621-1.C  -O1  (test for excess errors)
FAIL: g++.dg/torture/20070621-1.C  -O2  (test for excess errors)
FAIL: g++.dg/torture/20070621-1.C  -O3 -fomit-frame-pointer  (test for excess errors)
FAIL: g++.dg/torture/20070621-1.C  -O3 -fomit-frame-pointer -funroll-loops  (test for excess errors)
FAIL: g++.dg/torture/20070621-1.C  -O3 -fomit-frame-pointer -funroll-all-loops -finline-functions  (test for excess errors)
FAIL: g++.dg/torture/20070621-1.C  -O3 -g  (test for excess errors)
FAIL: g++.dg/torture/20070621-1.C  -Os  (test for excess errors)
FAIL: g++.dg/torture/20080625-1.C  -O0  (test for excess errors)
FAIL: g++.dg/torture/20080625-1.C  -O1  (test for excess errors)
FAIL: g++.dg/torture/20080625-1.C  -O2  (test for excess errors)
FAIL: g++.dg/torture/20080625-1.C  -O3 -fomit-frame-pointer  (test for excess errors)
FAIL: g++.dg/torture/20080625-1.C  -O3 -g  (test for excess errors)
FAIL: g++.dg/torture/20080625-1.C  -Os  (test for excess errors)
FAIL: g++.dg/torture/pr33340.C  -O0  (test for excess errors)
FAIL: g++.dg/torture/pr33340.C  -O1  (test for excess errors)
FAIL: g++.dg/torture/pr33340.C  -O2  (test for excess errors)
FAIL: g++.dg/torture/pr33340.C  -O3 -fomit-frame-pointer  (test for excess errors)
FAIL: g++.dg/torture/pr33340.C  -O3 -g  (test for excess errors)
FAIL: g++.dg/torture/pr33340.C  -Os  (test for excess errors)
FAIL: g++.dg/torture/pr35164-1.C  -O0  (test for excess errors)
FAIL: g++.dg/torture/pr35164-1.C  -O1  (test for excess errors)
FAIL: g++.dg/torture/pr35164-1.C  -O2  (test for excess errors)
FAIL: g++.dg/torture/pr35164-1.C  -O3 -fomit-frame-pointer  (test for excess errors)
FAIL: g++.dg/torture/pr35164-1.C  -O3 -fomit-frame-pointer -funroll-loops  (test for excess errors)
FAIL: g++.dg/torture/pr35164-1.C  -O3 -fomit-frame-pointer -funroll-all-loops -finline-functions  (test for excess errors)
FAIL: g++.dg/torture/pr35164-1.C  -O3 -g  (test for excess errors)
FAIL: g++.dg/torture/pr35164-1.C  -Os  (test for excess errors)
FAIL: g++.dg/torture/pr35164-2.C  -O0  (test for excess errors)
FAIL: g++.dg/torture/pr35164-2.C  -O1  (test for excess errors)
FAIL: g++.dg/torture/pr35164-2.C  -O2  (test for excess errors)
FAIL: g++.dg/torture/pr35164-2.C  -O3 -fomit-frame-pointer  (test for excess errors)
FAIL: g++.dg/torture/pr35164-2.C  -O3 -fomit-frame-pointer -funroll-loops  (test for excess errors)
FAIL: g++.dg/torture/pr35164-2.C  -O3 -fomit-frame-pointer -funroll-all-loops -finline-functions  (test for excess errors)
FAIL: g++.dg/torture/pr35164-2.C  -O3 -g  (test for excess errors)
FAIL: g++.dg/torture/pr35164-2.C  -Os  (test for excess errors)
FAIL: g++.dg/torture/type-generic-1.C  -O0  execution test
FAIL: g++.dg/torture/type-generic-1.C  -O1  execution test
FAIL: g++.dg/torture/type-generic-1.C  -O2  execution test
FAIL: g++.dg/torture/type-generic-1.C  -O3 -fomit-frame-pointer  execution test
FAIL: g++.dg/torture/type-generic-1.C  -O3 -g  execution test
FAIL: g++.dg/torture/type-generic-1.C  -Os  execution test
FAIL: g++.old-deja/g++.mike/empty.C (test for excess errors)

		=== g++ Summary ===

# of expected passes		17676
# of unexpected failures	55
# of unexpected successes	1
# of expected failures		81
# of unsupported tests		132
/tmp/edmar/build_cde/job_28/obj_gcc/gcc/testsuite/g++/../../g++  version 4.4.0 20080711 (experimental) (GCC) 

Host   is x86_64-unknown-linux-gnu

		=== gcc tests ===


Running target REG_j_28
FAIL: tmpdir-gcc.dg-struct-layout-1/t024 c_compat_x_tst.o-c_compat_y_tst.o execute 
FAIL: gcc.dg/debug/dwarf2/var1.c scan-assembler xyzzy[^\\\\n\\\\r]+DW_AT_name
FAIL: gcc.dg/Wstrict-aliasing-float-ptr-int-obj.c  (test for warnings, line 14)
FAIL: gcc.dg/Wstrict-aliasing-float-ptr-int-obj.c  (test for warnings, line 16)
FAIL: gcc.dg/and-1.c scan-assembler-not nand
FAIL: gcc.dg/memcpy-1.c scan-tree-dump-times optimized "nasty_local" 0
FAIL: gcc.dg/pr28796-2.c execution test
FAIL: gcc.dg/pr35729.c scan-rtl-dump-times loop2_invariant "Decided to move invariant" 0
FAIL: gcc.dg/var-expand3.c scan-rtl-dump loop2_unroll "Expanding Accumulator": dump file does not exist
ERROR: tcl error sourcing /tmp/edmar/build_cde/job_28/gcc-trunk-pristine/gcc/gcc/testsuite/gcc.dg/pch/pch.exp.
ERROR: error copying "/tmp/edmar/build_cde/job_28/gcc-trunk-pristine/gcc/gcc/testsuite/gcc.dg/pch/empty.hs": no such file or directory
FAIL: gcc.dg/tls/diag-1.c (test for excess errors)
FAIL: gcc.dg/tls/diag-5.c (test for excess errors)
FAIL: gcc.dg/tls/opt-9.c (test for excess errors)
FAIL: gcc.dg/tls/trivial.c (test for excess errors)
FAIL: gcc.dg/torture/pr17933-1.c  -O0  (test for excess errors)
FAIL: gcc.dg/torture/pr17933-1.c  -O1  (test for excess errors)
FAIL: gcc.dg/torture/pr17933-1.c  -O2  (test for excess errors)
FAIL: gcc.dg/torture/pr17933-1.c  -O3 -fomit-frame-pointer  (test for excess errors)
FAIL: gcc.dg/torture/pr17933-1.c  -O3 -g  (test for excess errors)
FAIL: gcc.dg/torture/pr17933-1.c  -Os  (test for excess errors)
FAIL: gcc.dg/torture/pr24750-1.c  -O0  (test for excess errors)
FAIL: gcc.dg/torture/pr24750-1.c  -O1  (test for excess errors)
FAIL: gcc.dg/torture/pr24750-1.c  -O2  (test for excess errors)
FAIL: gcc.dg/torture/pr24750-1.c  -O3 -fomit-frame-pointer  (test for excess errors)
FAIL: gcc.dg/torture/pr24750-1.c  -O3 -fomit-frame-pointer -funroll-loops  (test for excess errors)
FAIL: gcc.dg/torture/pr24750-1.c  -O3 -fomit-frame-pointer -funroll-all-loops -finline-functions  (test for excess errors)
FAIL: gcc.dg/torture/pr24750-1.c  -O3 -g  (test for excess errors)
FAIL: gcc.dg/torture/pr24750-1.c  -Os  (test for excess errors)
FAIL: gcc.dg/torture/pr24912-1.c  -O0  (test for excess errors)
FAIL: gcc.dg/torture/pr24912-1.c  -O1  (test for excess errors)
FAIL: gcc.dg/torture/pr24912-1.c  -O2  (test for excess errors)
FAIL: gcc.dg/torture/pr24912-1.c  -O3 -fomit-frame-pointer  (test for excess errors)
FAIL: gcc.dg/torture/pr24912-1.c  -O3 -g  (test for excess errors)
FAIL: gcc.dg/torture/pr24912-1.c  -Os  (test for excess errors)
FAIL: gcc.dg/torture/pr25947-1.c  -O0  (test for excess errors)
FAIL: gcc.dg/torture/pr25947-1.c  -O1  (test for excess errors)
FAIL: gcc.dg/torture/pr25947-1.c  -O2  (test for excess errors)
FAIL: gcc.dg/torture/pr25947-1.c  -O3 -fomit-frame-pointer  (test for excess errors)
FAIL: gcc.dg/torture/pr25947-1.c  -O3 -g  (test for excess errors)
FAIL: gcc.dg/torture/pr25947-1.c  -Os  (test for excess errors)
FAIL: gcc.dg/torture/pr32897.c  -O0  (test for excess errors)
FAIL: gcc.dg/torture/pr32897.c  -O1  (test for excess errors)
FAIL: gcc.dg/torture/pr32897.c  -O2  (test for excess errors)
FAIL: gcc.dg/torture/pr32897.c  -O3 -fomit-frame-pointer  (test for excess errors)
FAIL: gcc.dg/torture/pr32897.c  -O3 -g  (test for excess errors)
FAIL: gcc.dg/torture/pr32897.c  -Os  (test for excess errors)
FAIL: gcc.dg/torture/type-generic-1.c  -O0  execution test
FAIL: gcc.dg/torture/type-generic-1.c  -O1  execution test
FAIL: gcc.dg/torture/type-generic-1.c  -O2  execution test
FAIL: gcc.dg/torture/type-generic-1.c  -O3 -fomit-frame-pointer  execution test
FAIL: gcc.dg/torture/type-generic-1.c  -O3 -g  execution test
FAIL: gcc.dg/torture/type-generic-1.c  -Os  execution test
FAIL: gcc.dg/tree-prof/ic-misattribution-1.c compilation,  -fprofile-use -D_PROFILE_USE
UNRESOLVED: gcc.dg/tree-prof/ic-misattribution-1.c execution,    -fprofile-use -D_PROFILE_USE
FAIL: gcc.dg/tree-ssa/20030920-1.c (test for excess errors)
FAIL: gcc.dg/tree-ssa/alias-1.c (test for excess errors)
FAIL: gcc.dg/tree-ssa/alias-2.c (test for excess errors)
FAIL: gcc.dg/tree-ssa/data-dep-1.c scan-tree-dump-times ltrans "4, \\+, 1" 0
XPASS: gcc.dg/tree-ssa/loadpre1.c scan-tree-dump-times pre "Eliminated: 1" 1
FAIL: gcc.dg/tree-ssa/loop-14.c (test for excess errors)
FAIL: gcc.dg/tree-ssa/loop-15.c (test for excess errors)
FAIL: gcc.dg/tree-ssa/loop-22.c (test for excess errors)
XPASS: gcc.dg/tree-ssa/ltrans-3.c scan-tree-dump-times ltrans "transformed loop" 1
FAIL: gcc.dg/tree-ssa/pr20739.c (test for excess errors)
FAIL: gcc.dg/tree-ssa/pr25485.c (test for excess errors)
FAIL: gcc.dg/tree-ssa/pr25501.c (test for excess errors)
FAIL: gcc.dg/tree-ssa/pr26899.c (test for excess errors)
FAIL: gcc.dg/tree-ssa/ssa-fre-13.c scan-tree-dump fre "Inserted .* &a"
FAIL: gcc.dg/tree-ssa/ssa-fre-13.c scan-tree-dump fre "Replaced tmp1_.\\(D\\)->data"
FAIL: gcc.dg/tree-ssa/ssa-fre-14.c scan-tree-dump fre "Inserted .* &a"
FAIL: gcc.dg/tree-ssa/ssa-fre-14.c scan-tree-dump fre "Replaced tmp1.data"
FAIL: gcc.dg/tree-ssa/ssa-fre-7.c scan-tree-dump-times fre "Inserted pretmp" 1
FAIL: gcc.dg/tree-ssa/ssa-fre-7.c scan-tree-dump-times fre "Replaced a.u.f with pretmp" 3
FAIL: gcc.dg/tree-ssa/ssa-fre-7.c scan-tree-dump-times fre "Replaced a.u.k with j" 1
FAIL: gcc.dg/tree-ssa/ssa-fre-7.c scan-tree-dump fre "= VIEW_CONVERT_EXPR<float>\\(j_"
FAIL: gcc.dg/tree-ssa/ssa-fre-7.c scan-tree-dump optimized "return j"
FAIL: gcc.dg/tree-ssa/ssa-fre-8.c scan-tree-dump-times fre "Replaced u.f with pretmp" 2
FAIL: gcc.dg/tree-ssa/ssa-fre-8.c scan-tree-dump-times fre "Inserted pretmp" 2
FAIL: gcc.dg/tree-ssa/ssa-fre-9.c scan-tree-dump-times fre "Eliminated: 1" 2
FAIL: gcc.dg/tree-ssa/ssa-fre-9.c scan-tree-dump-times fre "Insertions: 1" 2
FAIL: gcc.dg/tree-ssa/ssa-pre-15.c scan-tree-dump optimized "= 0;"
FAIL: gcc.dg/tree-ssa/upcast-1.c (test for excess errors)
FAIL: gcc.dg/tree-ssa/wholeprogram-2.c (test for excess errors)
FAIL: gcc.dg/vect/vect-67.c scan-tree-dump-times vect "vectorized 1 loops" 1
FAIL: gcc.dg/vect/vect-strided-store-u16-i4.c scan-tree-dump-times vect "vectorized 1 loops" 2
FAIL: gcc.dg/vect/vect-vfa-03.c scan-tree-dump-times vect "vectorized 1 loops" 1
XPASS: gcc.dg/vect/vect-vfa-03.c scan-tree-dump-times vect "vectorized 1 loops" 0
FAIL: gcc.dg/vect/slp-21.c scan-tree-dump-times vect "vectorized 4 loops" 1
FAIL: gcc.dg/vect/slp-21.c scan-tree-dump-times vect "vectorizing stmts using SLP" 2
FAIL: gcc.dg/vect/slp-7.c scan-tree-dump-times vect "vectorized 3 loops" 1
FAIL: gcc.dg/vect/slp-7.c scan-tree-dump-times vect "vectorizing stmts using SLP" 3
FAIL: gcc.dg/vmx/varargs-1.c  -O0  output pattern test, is 1, 1, 1, 1
FAIL: gcc.dg/vmx/varargs-1.c  -O1  output pattern test, is 1, 1, 1, 1
FAIL: gcc.dg/vmx/varargs-1.c  -O2  output pattern test, is 1, 1, 1, 1
FAIL: gcc.dg/vmx/varargs-1.c  -O3 -fomit-frame-pointer  output pattern test, is 1, 1, 1, 1
FAIL: gcc.dg/vmx/varargs-1.c  -O3 -fomit-frame-pointer -funroll-loops  output pattern test, is 1, 1, 1, 1
FAIL: gcc.dg/vmx/varargs-1.c  -O3 -fomit-frame-pointer -funroll-all-loops -finline-functions  output pattern test, is 1, 1, 1, 1
FAIL: gcc.dg/vmx/varargs-1.c  -O3 -g  output pattern test, is 1, 1, 1, 1
FAIL: gcc.dg/vmx/varargs-1.c  -Os  output pattern test, is 1, 1, 1, 1
ERROR: tcl error sourcing /tmp/edmar/build_cde/job_28/gcc-trunk-pristine/gcc/gcc/testsuite/gcc.misc-tests/i386-prefetch.exp.
ERROR: torture-init: torture_without_loops is not empty as expected
FAIL: gcc.target/powerpc/dfp-dd.c (test for excess errors)
ERROR: gcc.target/powerpc/dfp-dd.c: error executing dg-final: couldn't open "dfp-dd.s": no such file or directory
UNRESOLVED: gcc.target/powerpc/dfp-dd.c: error executing dg-final: couldn't open "dfp-dd.s": no such file or directory
FAIL: gcc.target/powerpc/dfp-td.c (test for excess errors)
ERROR: gcc.target/powerpc/dfp-td.c: error executing dg-final: couldn't open "dfp-td.s": no such file or directory
UNRESOLVED: gcc.target/powerpc/dfp-td.c: error executing dg-final: couldn't open "dfp-td.s": no such file or directory
FAIL: gcc.target/powerpc/rotate.c (test for excess errors)
ERROR: gcc.target/powerpc/rotate.c: error executing dg-final: couldn't open "rotate.s": no such file or directory
UNRESOLVED: gcc.target/powerpc/rotate.c: error executing dg-final: couldn't open "rotate.s": no such file or directory

		=== gcc Summary ===

# of expected passes		48767
# of unexpected failures	97
# of unexpected successes	3
# of expected failures		188
# of unresolved testcases	4
# of unsupported tests		529
/tmp/edmar/build_cde/job_28/obj_gcc/gcc/xgcc  version 4.4.0 20080711 (experimental) (GCC) 

Host   is x86_64-unknown-linux-gnu

		=== gfortran tests ===


Running target REG_j_28
FAIL: gfortran.dg/fmt_float.f90  -O0  output pattern test, is             0.10E+01            0.10E+00            0.10E-01
FAIL: gfortran.dg/fmt_float.f90  -O1  output pattern test, is             0.10E+01            0.10E+00            0.10E-01
FAIL: gfortran.dg/fmt_float.f90  -O2  output pattern test, is             0.10E+01            0.10E+00            0.10E-01
FAIL: gfortran.dg/fmt_float.f90  -O3 -fomit-frame-pointer  output pattern test, is             0.10E+01            0.10E+00            0.10E-01
FAIL: gfortran.dg/fmt_float.f90  -O3 -fomit-frame-pointer -funroll-loops  output pattern test, is             0.10E+01            0.10E+00            0.10E-01
FAIL: gfortran.dg/fmt_float.f90  -O3 -fomit-frame-pointer -funroll-all-loops -finline-functions  output pattern test, is             0.10E+01            0.10E+00            0.10E-01
FAIL: gfortran.dg/fmt_float.f90  -O3 -g  output pattern test, is             0.10E+01            0.10E+00            0.10E-01
FAIL: gfortran.dg/fmt_float.f90  -Os  output pattern test, is             0.10E+01            0.10E+00            0.10E-01
FAIL: gfortran.dg/fmt_l.f90  -O0  output pattern test, is At line 14 of file /tmp/edmar/build_cde/job_28/gcc-trunk-pristine/gcc/gcc/testsuite/gfortran.dg/fmt_l.f90
FAIL: gfortran.dg/fmt_l.f90  -O1  output pattern test, is At line 14 of file /tmp/edmar/build_cde/job_28/gcc-trunk-pristine/gcc/gcc/testsuite/gfortran.dg/fmt_l.f90
FAIL: gfortran.dg/fmt_l.f90  -O2  output pattern test, is At line 14 of file /tmp/edmar/build_cde/job_28/gcc-trunk-pristine/gcc/gcc/testsuite/gfortran.dg/fmt_l.f90
FAIL: gfortran.dg/fmt_l.f90  -O3 -fomit-frame-pointer  output pattern test, is At line 14 of file /tmp/edmar/build_cde/job_28/gcc-trunk-pristine/gcc/gcc/testsuite/gfortran.dg/fmt_l.f90
FAIL: gfortran.dg/fmt_l.f90  -O3 -fomit-frame-pointer -funroll-loops  output pattern test, is At line 14 of file /tmp/edmar/build_cde/job_28/gcc-trunk-pristine/gcc/gcc/testsuite/gfortran.dg/fmt_l.f90
FAIL: gfortran.dg/fmt_l.f90  -O3 -fomit-frame-pointer -funroll-all-loops -finline-functions  output pattern test, is At line 14 of file /tmp/edmar/build_cde/job_28/gcc-trunk-pristine/gcc/gcc/testsuite/gfortran.dg/fmt_l.f90
FAIL: gfortran.dg/fmt_l.f90  -O3 -g  output pattern test, is At line 14 of file /tmp/edmar/build_cde/job_28/gcc-trunk-pristine/gcc/gcc/testsuite/gfortran.dg/fmt_l.f90
FAIL: gfortran.dg/fmt_l.f90  -Os  output pattern test, is At line 14 of file /tmp/edmar/build_cde/job_28/gcc-trunk-pristine/gcc/gcc/testsuite/gfortran.dg/fmt_l.f90
FAIL: gfortran.dg/fmt_zero_precision.f90  -O0  output pattern test, is  1.<
FAIL: gfortran.dg/fmt_zero_precision.f90  -O1  output pattern test, is  1.<
FAIL: gfortran.dg/fmt_zero_precision.f90  -O2  output pattern test, is  1.<
FAIL: gfortran.dg/fmt_zero_precision.f90  -O3 -fomit-frame-pointer  output pattern test, is  1.<
FAIL: gfortran.dg/fmt_zero_precision.f90  -O3 -fomit-frame-pointer -funroll-loops  output pattern test, is  1.<
FAIL: gfortran.dg/fmt_zero_precision.f90  -O3 -fomit-frame-pointer -funroll-all-loops -finline-functions  output pattern test, is  1.<
FAIL: gfortran.dg/fmt_zero_precision.f90  -O3 -g  output pattern test, is  1.<
FAIL: gfortran.dg/fmt_zero_precision.f90  -Os  output pattern test, is  1.<
FAIL: gfortran.dg/namelist_40.f90  -O0  output pattern test, is Multiple sub-objects with non-zero rank in namelist object x
FAIL: gfortran.dg/namelist_40.f90  -O1  output pattern test, is Multiple sub-objects with non-zero rank in namelist object x
FAIL: gfortran.dg/namelist_40.f90  -O2  output pattern test, is Multiple sub-objects with non-zero rank in namelist object x
FAIL: gfortran.dg/namelist_40.f90  -O3 -fomit-frame-pointer  output pattern test, is Multiple sub-objects with non-zero rank in namelist object x
FAIL: gfortran.dg/namelist_40.f90  -O3 -fomit-frame-pointer -funroll-loops  output pattern test, is Multiple sub-objects with non-zero rank in namelist object x
FAIL: gfortran.dg/namelist_40.f90  -O3 -fomit-frame-pointer -funroll-all-loops -finline-functions  output pattern test, is Multiple sub-objects with non-zero rank in namelist object x
FAIL: gfortran.dg/namelist_40.f90  -O3 -g  output pattern test, is Multiple sub-objects with non-zero rank in namelist object x
FAIL: gfortran.dg/namelist_40.f90  -Os  output pattern test, is Multiple sub-objects with non-zero rank in namelist object x
FAIL: gfortran.dg/namelist_47.f90  -O0  output pattern test, is Multiple sub-objects with non-zero rank in namelist object x
FAIL: gfortran.dg/namelist_47.f90  -O1  output pattern test, is Multiple sub-objects with non-zero rank in namelist object x
FAIL: gfortran.dg/namelist_47.f90  -O2  output pattern test, is Multiple sub-objects with non-zero rank in namelist object x
FAIL: gfortran.dg/namelist_47.f90  -O3 -fomit-frame-pointer  output pattern test, is Multiple sub-objects with non-zero rank in namelist object x
FAIL: gfortran.dg/namelist_47.f90  -O3 -fomit-frame-pointer -funroll-loops  output pattern test, is Multiple sub-objects with non-zero rank in namelist object x
FAIL: gfortran.dg/namelist_47.f90  -O3 -fomit-frame-pointer -funroll-all-loops -finline-functions  output pattern test, is Multiple sub-objects with non-zero rank in namelist object x
FAIL: gfortran.dg/namelist_47.f90  -O3 -g  output pattern test, is Multiple sub-objects with non-zero rank in namelist object x
FAIL: gfortran.dg/namelist_47.f90  -Os  output pattern test, is Multiple sub-objects with non-zero rank in namelist object x
FAIL: gfortran.dg/parameter_array_dummy.f90  -O0  output pattern test, is            1 aa
FAIL: gfortran.dg/parameter_array_dummy.f90  -O1  output pattern test, is            1 aa
FAIL: gfortran.dg/parameter_array_dummy.f90  -O2  output pattern test, is            1 aa
FAIL: gfortran.dg/parameter_array_dummy.f90  -O3 -fomit-frame-pointer  output pattern test, is            1 aa
FAIL: gfortran.dg/parameter_array_dummy.f90  -O3 -fomit-frame-pointer -funroll-loops  output pattern test, is            1 aa
FAIL: gfortran.dg/parameter_array_dummy.f90  -O3 -fomit-frame-pointer -funroll-all-loops -finline-functions  output pattern test, is            1 aa
FAIL: gfortran.dg/parameter_array_dummy.f90  -O3 -g  output pattern test, is            1 aa
FAIL: gfortran.dg/parameter_array_dummy.f90  -Os  output pattern test, is            1 aa
FAIL: gfortran.dg/parameter_array_init_4.f90  -O0  (test for excess errors)
FAIL: gfortran.dg/parameter_array_init_4.f90  -O1  (test for excess errors)
FAIL: gfortran.dg/parameter_array_init_4.f90  -O2  (test for excess errors)
FAIL: gfortran.dg/parameter_array_init_4.f90  -O3 -fomit-frame-pointer  (test for excess errors)
FAIL: gfortran.dg/parameter_array_init_4.f90  -O3 -fomit-frame-pointer -funroll-loops  (test for excess errors)
FAIL: gfortran.dg/parameter_array_init_4.f90  -O3 -fomit-frame-pointer -funroll-all-loops -finline-functions  (test for excess errors)
FAIL: gfortran.dg/parameter_array_init_4.f90  -O3 -g  (test for excess errors)
FAIL: gfortran.dg/parameter_array_init_4.f90  -Os  (test for excess errors)
FAIL: gfortran.dg/g77/f77-edit-apostrophe-out.f  -O0  output pattern test, is abcde
FAIL: gfortran.dg/g77/f77-edit-apostrophe-out.f  -O1  output pattern test, is abcde
FAIL: gfortran.dg/g77/f77-edit-apostrophe-out.f  -O2  output pattern test, is abcde
FAIL: gfortran.dg/g77/f77-edit-apostrophe-out.f  -O3 -fomit-frame-pointer  output pattern test, is abcde
FAIL: gfortran.dg/g77/f77-edit-apostrophe-out.f  -O3 -fomit-frame-pointer -funroll-loops  output pattern test, is abcde
FAIL: gfortran.dg/g77/f77-edit-apostrophe-out.f  -O3 -fomit-frame-pointer -funroll-all-loops -finline-functions  output pattern test, is abcde
FAIL: gfortran.dg/g77/f77-edit-apostrophe-out.f  -O3 -g  output pattern test, is abcde
FAIL: gfortran.dg/g77/f77-edit-apostrophe-out.f  -Os  output pattern test, is abcde
FAIL: gfortran.dg/g77/f77-edit-colon-out.f  -O0  output pattern test, is 123
FAIL: gfortran.dg/g77/f77-edit-colon-out.f  -O1  output pattern test, is 123
FAIL: gfortran.dg/g77/f77-edit-colon-out.f  -O2  output pattern test, is 123
FAIL: gfortran.dg/g77/f77-edit-colon-out.f  -O3 -fomit-frame-pointer  output pattern test, is 123
FAIL: gfortran.dg/g77/f77-edit-colon-out.f  -O3 -fomit-frame-pointer -funroll-loops  output pattern test, is 123
FAIL: gfortran.dg/g77/f77-edit-colon-out.f  -O3 -fomit-frame-pointer -funroll-all-loops -finline-functions  output pattern test, is 123
FAIL: gfortran.dg/g77/f77-edit-colon-out.f  -O3 -g  output pattern test, is 123
FAIL: gfortran.dg/g77/f77-edit-colon-out.f  -Os  output pattern test, is 123
FAIL: gfortran.dg/g77/f77-edit-h-out.f  -O0  output pattern test, is 1
FAIL: gfortran.dg/g77/f77-edit-h-out.f  -O1  output pattern test, is 1
FAIL: gfortran.dg/g77/f77-edit-h-out.f  -O2  output pattern test, is 1
FAIL: gfortran.dg/g77/f77-edit-h-out.f  -O3 -fomit-frame-pointer  output pattern test, is 1
FAIL: gfortran.dg/g77/f77-edit-h-out.f  -O3 -fomit-frame-pointer -funroll-loops  output pattern test, is 1
FAIL: gfortran.dg/g77/f77-edit-h-out.f  -O3 -fomit-frame-pointer -funroll-all-loops -finline-functions  output pattern test, is 1
FAIL: gfortran.dg/g77/f77-edit-h-out.f  -O3 -g  output pattern test, is 1
FAIL: gfortran.dg/g77/f77-edit-h-out.f  -Os  output pattern test, is 1
FAIL: gfortran.dg/g77/f77-edit-i-out.f  -O0  output pattern test, is 1
FAIL: gfortran.dg/g77/f77-edit-i-out.f  -O1  output pattern test, is 1
FAIL: gfortran.dg/g77/f77-edit-i-out.f  -O2  output pattern test, is 1
FAIL: gfortran.dg/g77/f77-edit-i-out.f  -O3 -fomit-frame-pointer  output pattern test, is 1
FAIL: gfortran.dg/g77/f77-edit-i-out.f  -O3 -fomit-frame-pointer -funroll-loops  output pattern test, is 1
FAIL: gfortran.dg/g77/f77-edit-i-out.f  -O3 -fomit-frame-pointer -funroll-all-loops -finline-functions  output pattern test, is 1
FAIL: gfortran.dg/g77/f77-edit-i-out.f  -O3 -g  output pattern test, is 1
FAIL: gfortran.dg/g77/f77-edit-i-out.f  -Os  output pattern test, is 1
FAIL: gfortran.dg/g77/f77-edit-s-out.f  -O0  output pattern test, is +10  20
FAIL: gfortran.dg/g77/f77-edit-s-out.f  -O1  output pattern test, is +10  20
FAIL: gfortran.dg/g77/f77-edit-s-out.f  -O2  output pattern test, is +10  20
FAIL: gfortran.dg/g77/f77-edit-s-out.f  -O3 -fomit-frame-pointer  output pattern test, is +10  20
FAIL: gfortran.dg/g77/f77-edit-s-out.f  -O3 -fomit-frame-pointer -funroll-loops  output pattern test, is +10  20
FAIL: gfortran.dg/g77/f77-edit-s-out.f  -O3 -fomit-frame-pointer -funroll-all-loops -finline-functions  output pattern test, is +10  20
FAIL: gfortran.dg/g77/f77-edit-s-out.f  -O3 -g  output pattern test, is +10  20
FAIL: gfortran.dg/g77/f77-edit-s-out.f  -Os  output pattern test, is +10  20
FAIL: gfortran.dg/g77/f77-edit-slash-out.f  -O0  output pattern test, is 123
FAIL: gfortran.dg/g77/f77-edit-slash-out.f  -O1  output pattern test, is 123
FAIL: gfortran.dg/g77/f77-edit-slash-out.f  -O2  output pattern test, is 123
FAIL: gfortran.dg/g77/f77-edit-slash-out.f  -O3 -fomit-frame-pointer  output pattern test, is 123
FAIL: gfortran.dg/g77/f77-edit-slash-out.f  -O3 -fomit-frame-pointer -funroll-loops  output pattern test, is 123
FAIL: gfortran.dg/g77/f77-edit-slash-out.f  -O3 -fomit-frame-pointer -funroll-all-loops -finline-functions  output pattern test, is 123
FAIL: gfortran.dg/g77/f77-edit-slash-out.f  -O3 -g  output pattern test, is 123
FAIL: gfortran.dg/g77/f77-edit-slash-out.f  -Os  output pattern test, is 123
FAIL: gfortran.dg/g77/f77-edit-t-out.f  -O0  output pattern test, is 1234   8
FAIL: gfortran.dg/g77/f77-edit-t-out.f  -O1  output pattern test, is 1234   8
FAIL: gfortran.dg/g77/f77-edit-t-out.f  -O2  output pattern test, is 1234   8
FAIL: gfortran.dg/g77/f77-edit-t-out.f  -O3 -fomit-frame-pointer  output pattern test, is 1234   8
FAIL: gfortran.dg/g77/f77-edit-t-out.f  -O3 -fomit-frame-pointer -funroll-loops  output pattern test, is 1234   8
FAIL: gfortran.dg/g77/f77-edit-t-out.f  -O3 -fomit-frame-pointer -funroll-all-loops -finline-functions  output pattern test, is 1234   8
FAIL: gfortran.dg/g77/f77-edit-t-out.f  -O3 -g  output pattern test, is 1234   8
FAIL: gfortran.dg/g77/f77-edit-t-out.f  -Os  output pattern test, is 1234   8
FAIL: gfortran.dg/g77/f77-edit-x-out.f  -O0  output pattern test, is 1 2  3
FAIL: gfortran.dg/g77/f77-edit-x-out.f  -O1  output pattern test, is 1 2  3
FAIL: gfortran.dg/g77/f77-edit-x-out.f  -O2  output pattern test, is 1 2  3
FAIL: gfortran.dg/g77/f77-edit-x-out.f  -O3 -fomit-frame-pointer  output pattern test, is 1 2  3
FAIL: gfortran.dg/g77/f77-edit-x-out.f  -O3 -fomit-frame-pointer -funroll-loops  output pattern test, is 1 2  3
FAIL: gfortran.dg/g77/f77-edit-x-out.f  -O3 -fomit-frame-pointer -funroll-all-loops -finline-functions  output pattern test, is 1 2  3
FAIL: gfortran.dg/g77/f77-edit-x-out.f  -O3 -g  output pattern test, is 1 2  3
FAIL: gfortran.dg/g77/f77-edit-x-out.f  -Os  output pattern test, is 1 2  3

		=== gfortran Summary ===

# of expected passes		26648
# of unexpected failures	120
# of expected failures		33
# of unsupported tests		110
/tmp/edmar/build_cde/job_28/obj_gcc/gcc/testsuite/gfortran/../../gfortran  version 4.4.0 20080711 (experimental) (GCC) 


Compiler version: 4.4.0 20080711 (experimental) (GCC) 
Platform: powerpc-unknown-linux-gnualtivec
configure flags: --target=powerpc-unknown-linux-gnualtivec --prefix=/_TOOLS_/dist/local-/ppc-/regression-gcc-trunk-7450/i686-pc-linux2.4 --with-sysroot=/_TOOLS_/dist/local-/ppc-/regression-gcc-trunk-7450/i686-pc-linux2.4/sysroot --disable-libssp --disable-libmudflap --enable-languages=c,c++ --with-gmp=/_TOOLS_/dist/gnu_toolchain/build_support-x86_64-unknown-linux-gnu/install_gmp-4.1.4 --with-mpfr=/_TOOLS_/dist/gnu_toolchain/build_support-x86_64-unknown-linux-gnu/install_mpfr-2.3.0 --with-cpu=7450 --enable-altivec --disable-decimal-float --enable-languages=c,c++,fortran



More information about the Gcc-testresults mailing list