Results for 4.4.0 20090318 (experimental) (GCC) testsuite on xtensa-unknown-elf
Sterling Augustine
sterling@tensilica.com
Fri Mar 20 18:09:00 GMT 2009
LAST_UPDATED:
Target is xtensa-unknown-elf
Host is i686-pc-linux-gnu
=== gcc tests ===
Running target xtensa-sim
FAIL: gcc.c-torture/execute/pr38819.c execution, -O2
FAIL: gcc.c-torture/execute/pr38819.c execution, -O3 -fomit-frame-pointer
FAIL: gcc.c-torture/execute/pr38819.c execution, -O3 -fomit-frame-pointer -funroll-loops
FAIL: gcc.c-torture/execute/pr38819.c execution, -O3 -fomit-frame-pointer -funroll-all-loops -finline-functions
FAIL: gcc.c-torture/execute/pr38819.c execution, -O3 -g
UNRESOLVED: gcc.dg/compat/fnptr-by-value-1 c_compat_x_tst.o-c_compat_y_tst.o link
UNRESOLVED: gcc.dg/compat/fnptr-by-value-1 c_compat_x_tst.o-c_compat_y_tst.o execute
UNRESOLVED: gcc.dg/compat/scalar-by-value-1 c_compat_x_tst.o-c_compat_y_tst.o link
UNRESOLVED: gcc.dg/compat/scalar-by-value-1 c_compat_x_tst.o-c_compat_y_tst.o execute
UNRESOLVED: gcc.dg/compat/scalar-by-value-2 c_compat_x_tst.o-c_compat_y_tst.o link
UNRESOLVED: gcc.dg/compat/scalar-by-value-2 c_compat_x_tst.o-c_compat_y_tst.o execute
UNRESOLVED: gcc.dg/compat/scalar-by-value-3 c_compat_x_tst.o-c_compat_y_tst.o link
UNRESOLVED: gcc.dg/compat/scalar-by-value-3 c_compat_x_tst.o-c_compat_y_tst.o execute
UNRESOLVED: gcc.dg/compat/scalar-by-value-4 c_compat_x_tst.o-c_compat_y_tst.o link
UNRESOLVED: gcc.dg/compat/scalar-by-value-4 c_compat_x_tst.o-c_compat_y_tst.o execute
UNRESOLVED: gcc.dg/compat/scalar-by-value-5 c_compat_x_tst.o-c_compat_y_tst.o link
UNRESOLVED: gcc.dg/compat/scalar-by-value-5 c_compat_x_tst.o-c_compat_y_tst.o execute
UNRESOLVED: gcc.dg/compat/scalar-by-value-6 c_compat_x_tst.o-c_compat_y_tst.o link
UNRESOLVED: gcc.dg/compat/scalar-by-value-6 c_compat_x_tst.o-c_compat_y_tst.o execute
UNRESOLVED: gcc.dg/compat/scalar-return-1 c_compat_x_tst.o-c_compat_y_tst.o link
UNRESOLVED: gcc.dg/compat/scalar-return-1 c_compat_x_tst.o-c_compat_y_tst.o execute
UNRESOLVED: gcc.dg/compat/scalar-return-2 c_compat_x_tst.o-c_compat_y_tst.o link
UNRESOLVED: gcc.dg/compat/scalar-return-2 c_compat_x_tst.o-c_compat_y_tst.o execute
UNRESOLVED: gcc.dg/compat/scalar-return-3 c_compat_x_tst.o-c_compat_y_tst.o link
UNRESOLVED: gcc.dg/compat/scalar-return-3 c_compat_x_tst.o-c_compat_y_tst.o execute
UNRESOLVED: gcc.dg/compat/scalar-return-4 c_compat_x_tst.o-c_compat_y_tst.o link
UNRESOLVED: gcc.dg/compat/scalar-return-4 c_compat_x_tst.o-c_compat_y_tst.o execute
UNRESOLVED: gcc.dg/compat/sdata-1 c_compat_x_tst.o-c_compat_y_tst.o link
UNRESOLVED: gcc.dg/compat/sdata-1 c_compat_x_tst.o-c_compat_y_tst.o execute
UNRESOLVED: gcc.dg/compat/struct-align-1 c_compat_x_tst.o-c_compat_y_tst.o link
UNRESOLVED: gcc.dg/compat/struct-align-1 c_compat_x_tst.o-c_compat_y_tst.o execute
UNRESOLVED: gcc.dg/compat/struct-align-2 c_compat_x_tst.o-c_compat_y_tst.o link
UNRESOLVED: gcc.dg/compat/struct-align-2 c_compat_x_tst.o-c_compat_y_tst.o execute
UNRESOLVED: gcc.dg/compat/struct-by-value-10 c_compat_x_tst.o-c_compat_y_tst.o link
UNRESOLVED: gcc.dg/compat/struct-by-value-10 c_compat_x_tst.o-c_compat_y_tst.o execute
UNRESOLVED: gcc.dg/compat/struct-by-value-11 c_compat_x_tst.o-c_compat_y_tst.o link
UNRESOLVED: gcc.dg/compat/struct-by-value-11 c_compat_x_tst.o-c_compat_y_tst.o execute
UNRESOLVED: gcc.dg/compat/struct-by-value-12 c_compat_x_tst.o-c_compat_y_tst.o link
UNRESOLVED: gcc.dg/compat/struct-by-value-12 c_compat_x_tst.o-c_compat_y_tst.o execute
UNRESOLVED: gcc.dg/compat/struct-by-value-13 c_compat_x_tst.o-c_compat_y_tst.o link
UNRESOLVED: gcc.dg/compat/struct-by-value-13 c_compat_x_tst.o-c_compat_y_tst.o execute
UNRESOLVED: gcc.dg/compat/struct-by-value-14 c_compat_x_tst.o-c_compat_y_tst.o link
UNRESOLVED: gcc.dg/compat/struct-by-value-14 c_compat_x_tst.o-c_compat_y_tst.o execute
UNRESOLVED: gcc.dg/compat/struct-by-value-15 c_compat_x_tst.o-c_compat_y_tst.o link
UNRESOLVED: gcc.dg/compat/struct-by-value-15 c_compat_x_tst.o-c_compat_y_tst.o execute
UNRESOLVED: gcc.dg/compat/struct-by-value-16 c_compat_x_tst.o-c_compat_y_tst.o link
UNRESOLVED: gcc.dg/compat/struct-by-value-16 c_compat_x_tst.o-c_compat_y_tst.o execute
UNRESOLVED: gcc.dg/compat/struct-by-value-16a c_compat_x_tst.o-c_compat_y_tst.o link
UNRESOLVED: gcc.dg/compat/struct-by-value-16a c_compat_x_tst.o-c_compat_y_tst.o execute
UNRESOLVED: gcc.dg/compat/struct-by-value-17 c_compat_x_tst.o-c_compat_y_tst.o link
UNRESOLVED: gcc.dg/compat/struct-by-value-17 c_compat_x_tst.o-c_compat_y_tst.o execute
UNRESOLVED: gcc.dg/compat/struct-by-value-17a c_compat_x_tst.o-c_compat_y_tst.o link
UNRESOLVED: gcc.dg/compat/struct-by-value-17a c_compat_x_tst.o-c_compat_y_tst.o execute
UNRESOLVED: gcc.dg/compat/struct-by-value-18 c_compat_x_tst.o-c_compat_y_tst.o link
UNRESOLVED: gcc.dg/compat/struct-by-value-18 c_compat_x_tst.o-c_compat_y_tst.o execute
UNRESOLVED: gcc.dg/compat/struct-by-value-18a c_compat_x_tst.o-c_compat_y_tst.o link
UNRESOLVED: gcc.dg/compat/struct-by-value-18a c_compat_x_tst.o-c_compat_y_tst.o execute
UNRESOLVED: gcc.dg/compat/struct-by-value-19 c_compat_x_tst.o-c_compat_y_tst.o link
UNRESOLVED: gcc.dg/compat/struct-by-value-19 c_compat_x_tst.o-c_compat_y_tst.o execute
UNRESOLVED: gcc.dg/compat/struct-by-value-1 c_compat_x_tst.o-c_compat_y_tst.o link
UNRESOLVED: gcc.dg/compat/struct-by-value-1 c_compat_x_tst.o-c_compat_y_tst.o execute
UNRESOLVED: gcc.dg/compat/struct-by-value-20 c_compat_x_tst.o-c_compat_y_tst.o link
UNRESOLVED: gcc.dg/compat/struct-by-value-20 c_compat_x_tst.o-c_compat_y_tst.o execute
UNRESOLVED: gcc.dg/compat/struct-by-value-21 c_compat_x_tst.o-c_compat_y_tst.o link
UNRESOLVED: gcc.dg/compat/struct-by-value-21 c_compat_x_tst.o-c_compat_y_tst.o execute
UNRESOLVED: gcc.dg/compat/struct-by-value-22 c_compat_x_tst.o-c_compat_y_tst.o link
UNRESOLVED: gcc.dg/compat/struct-by-value-22 c_compat_x_tst.o-c_compat_y_tst.o execute
UNRESOLVED: gcc.dg/compat/struct-by-value-2 c_compat_x_tst.o-c_compat_y_tst.o link
UNRESOLVED: gcc.dg/compat/struct-by-value-2 c_compat_x_tst.o-c_compat_y_tst.o execute
UNRESOLVED: gcc.dg/compat/struct-by-value-3 c_compat_x_tst.o-c_compat_y_tst.o link
UNRESOLVED: gcc.dg/compat/struct-by-value-3 c_compat_x_tst.o-c_compat_y_tst.o execute
UNRESOLVED: gcc.dg/compat/struct-by-value-4 c_compat_x_tst.o-c_compat_y_tst.o link
UNRESOLVED: gcc.dg/compat/struct-by-value-4 c_compat_x_tst.o-c_compat_y_tst.o execute
UNRESOLVED: gcc.dg/compat/struct-by-value-5a c_compat_x_tst.o-c_compat_y_tst.o link
UNRESOLVED: gcc.dg/compat/struct-by-value-5a c_compat_x_tst.o-c_compat_y_tst.o execute
UNRESOLVED: gcc.dg/compat/struct-by-value-5b c_compat_x_tst.o-c_compat_y_tst.o link
UNRESOLVED: gcc.dg/compat/struct-by-value-5b c_compat_x_tst.o-c_compat_y_tst.o execute
UNRESOLVED: gcc.dg/compat/struct-by-value-6a c_compat_x_tst.o-c_compat_y_tst.o link
UNRESOLVED: gcc.dg/compat/struct-by-value-6a c_compat_x_tst.o-c_compat_y_tst.o execute
UNRESOLVED: gcc.dg/compat/struct-by-value-6b c_compat_x_tst.o-c_compat_y_tst.o link
UNRESOLVED: gcc.dg/compat/struct-by-value-6b c_compat_x_tst.o-c_compat_y_tst.o execute
UNRESOLVED: gcc.dg/compat/struct-by-value-7a c_compat_x_tst.o-c_compat_y_tst.o link
UNRESOLVED: gcc.dg/compat/struct-by-value-7a c_compat_x_tst.o-c_compat_y_tst.o execute
UNRESOLVED: gcc.dg/compat/struct-by-value-7b c_compat_x_tst.o-c_compat_y_tst.o link
UNRESOLVED: gcc.dg/compat/struct-by-value-7b c_compat_x_tst.o-c_compat_y_tst.o execute
UNRESOLVED: gcc.dg/compat/struct-by-value-8 c_compat_x_tst.o-c_compat_y_tst.o link
UNRESOLVED: gcc.dg/compat/struct-by-value-8 c_compat_x_tst.o-c_compat_y_tst.o execute
UNRESOLVED: gcc.dg/compat/struct-by-value-9 c_compat_x_tst.o-c_compat_y_tst.o link
UNRESOLVED: gcc.dg/compat/struct-by-value-9 c_compat_x_tst.o-c_compat_y_tst.o execute
UNRESOLVED: gcc.dg/compat/struct-complex-1 c_compat_x_tst.o-c_compat_y_tst.o link
UNRESOLVED: gcc.dg/compat/struct-complex-1 c_compat_x_tst.o-c_compat_y_tst.o execute
UNRESOLVED: gcc.dg/compat/struct-layout-1 c_compat_x_tst.o-c_compat_y_tst.o link
UNRESOLVED: gcc.dg/compat/struct-layout-1 c_compat_x_tst.o-c_compat_y_tst.o execute
UNRESOLVED: gcc.dg/compat/struct-return-10 c_compat_x_tst.o-c_compat_y_tst.o link
UNRESOLVED: gcc.dg/compat/struct-return-10 c_compat_x_tst.o-c_compat_y_tst.o execute
UNRESOLVED: gcc.dg/compat/struct-return-19 c_compat_x_tst.o-c_compat_y_tst.o link
UNRESOLVED: gcc.dg/compat/struct-return-19 c_compat_x_tst.o-c_compat_y_tst.o execute
UNRESOLVED: gcc.dg/compat/struct-return-20 c_compat_x_tst.o-c_compat_y_tst.o link
UNRESOLVED: gcc.dg/compat/struct-return-20 c_compat_x_tst.o-c_compat_y_tst.o execute
UNRESOLVED: gcc.dg/compat/struct-return-21 c_compat_x_tst.o-c_compat_y_tst.o link
UNRESOLVED: gcc.dg/compat/struct-return-21 c_compat_x_tst.o-c_compat_y_tst.o execute
UNRESOLVED: gcc.dg/compat/struct-return-2 c_compat_x_tst.o-c_compat_y_tst.o link
UNRESOLVED: gcc.dg/compat/struct-return-2 c_compat_x_tst.o-c_compat_y_tst.o execute
UNRESOLVED: gcc.dg/compat/struct-return-3 c_compat_x_tst.o-c_compat_y_tst.o link
UNRESOLVED: gcc.dg/compat/struct-return-3 c_compat_x_tst.o-c_compat_y_tst.o execute
UNRESOLVED: gcc.dg/compat/union-by-value-1 c_compat_x_tst.o-c_compat_y_tst.o link
UNRESOLVED: gcc.dg/compat/union-by-value-1 c_compat_x_tst.o-c_compat_y_tst.o execute
FAIL: gcc.dg/compat/union-m128-1 c_compat_main_tst.o compile
FAIL: gcc.dg/compat/union-m128-1 c_compat_x_tst.o compile
FAIL: gcc.dg/compat/union-m128-1 c_compat_y_tst.o compile
UNRESOLVED: gcc.dg/compat/union-m128-1 c_compat_x_tst.o-c_compat_y_tst.o link
UNRESOLVED: gcc.dg/compat/union-m128-1 c_compat_x_tst.o-c_compat_y_tst.o execute
UNRESOLVED: gcc.dg/compat/union-return-1 c_compat_x_tst.o-c_compat_y_tst.o link
UNRESOLVED: gcc.dg/compat/union-return-1 c_compat_x_tst.o-c_compat_y_tst.o execute
UNRESOLVED: gcc.dg/compat/vector-1 c_compat_x_tst.o-c_compat_y_tst.o link
UNRESOLVED: gcc.dg/compat/vector-1 c_compat_x_tst.o-c_compat_y_tst.o execute
FAIL: gcc.dg/compat/vector-1a c_compat_main_tst.o compile
FAIL: gcc.dg/compat/vector-1a c_compat_x_tst.o compile
FAIL: gcc.dg/compat/vector-1a c_compat_y_tst.o compile
UNRESOLVED: gcc.dg/compat/vector-1a c_compat_x_tst.o-c_compat_y_tst.o link
UNRESOLVED: gcc.dg/compat/vector-1a c_compat_x_tst.o-c_compat_y_tst.o execute
UNRESOLVED: gcc.dg/compat/vector-2 c_compat_x_tst.o-c_compat_y_tst.o link
UNRESOLVED: gcc.dg/compat/vector-2 c_compat_x_tst.o-c_compat_y_tst.o execute
FAIL: gcc.dg/compat/vector-2a c_compat_main_tst.o compile
FAIL: gcc.dg/compat/vector-2a c_compat_x_tst.o compile
FAIL: gcc.dg/compat/vector-2a c_compat_y_tst.o compile
UNRESOLVED: gcc.dg/compat/vector-2a c_compat_x_tst.o-c_compat_y_tst.o link
UNRESOLVED: gcc.dg/compat/vector-2a c_compat_x_tst.o-c_compat_y_tst.o execute
UNRESOLVED: tmpdir-gcc.dg-struct-layout-1/t001 c_compat_x_tst.o-c_compat_y_tst.o link
UNRESOLVED: tmpdir-gcc.dg-struct-layout-1/t001 c_compat_x_tst.o-c_compat_y_tst.o execute
UNRESOLVED: tmpdir-gcc.dg-struct-layout-1/t002 c_compat_x_tst.o-c_compat_y_tst.o link
UNRESOLVED: tmpdir-gcc.dg-struct-layout-1/t002 c_compat_x_tst.o-c_compat_y_tst.o execute
UNRESOLVED: tmpdir-gcc.dg-struct-layout-1/t003 c_compat_x_tst.o-c_compat_y_tst.o link
UNRESOLVED: tmpdir-gcc.dg-struct-layout-1/t003 c_compat_x_tst.o-c_compat_y_tst.o execute
UNRESOLVED: tmpdir-gcc.dg-struct-layout-1/t004 c_compat_x_tst.o-c_compat_y_tst.o link
UNRESOLVED: tmpdir-gcc.dg-struct-layout-1/t004 c_compat_x_tst.o-c_compat_y_tst.o execute
UNRESOLVED: tmpdir-gcc.dg-struct-layout-1/t005 c_compat_x_tst.o-c_compat_y_tst.o link
UNRESOLVED: tmpdir-gcc.dg-struct-layout-1/t005 c_compat_x_tst.o-c_compat_y_tst.o execute
UNRESOLVED: tmpdir-gcc.dg-struct-layout-1/t006 c_compat_x_tst.o-c_compat_y_tst.o link
UNRESOLVED: tmpdir-gcc.dg-struct-layout-1/t006 c_compat_x_tst.o-c_compat_y_tst.o execute
UNRESOLVED: tmpdir-gcc.dg-struct-layout-1/t007 c_compat_x_tst.o-c_compat_y_tst.o link
UNRESOLVED: tmpdir-gcc.dg-struct-layout-1/t007 c_compat_x_tst.o-c_compat_y_tst.o execute
UNRESOLVED: tmpdir-gcc.dg-struct-layout-1/t008 c_compat_x_tst.o-c_compat_y_tst.o link
UNRESOLVED: tmpdir-gcc.dg-struct-layout-1/t008 c_compat_x_tst.o-c_compat_y_tst.o execute
UNRESOLVED: tmpdir-gcc.dg-struct-layout-1/t009 c_compat_x_tst.o-c_compat_y_tst.o link
UNRESOLVED: tmpdir-gcc.dg-struct-layout-1/t009 c_compat_x_tst.o-c_compat_y_tst.o execute
UNRESOLVED: tmpdir-gcc.dg-struct-layout-1/t010 c_compat_x_tst.o-c_compat_y_tst.o link
UNRESOLVED: tmpdir-gcc.dg-struct-layout-1/t010 c_compat_x_tst.o-c_compat_y_tst.o execute
UNRESOLVED: tmpdir-gcc.dg-struct-layout-1/t011 c_compat_x_tst.o-c_compat_y_tst.o link
UNRESOLVED: tmpdir-gcc.dg-struct-layout-1/t011 c_compat_x_tst.o-c_compat_y_tst.o execute
UNRESOLVED: tmpdir-gcc.dg-struct-layout-1/t012 c_compat_x_tst.o-c_compat_y_tst.o link
UNRESOLVED: tmpdir-gcc.dg-struct-layout-1/t012 c_compat_x_tst.o-c_compat_y_tst.o execute
UNRESOLVED: tmpdir-gcc.dg-struct-layout-1/t013 c_compat_x_tst.o-c_compat_y_tst.o link
UNRESOLVED: tmpdir-gcc.dg-struct-layout-1/t013 c_compat_x_tst.o-c_compat_y_tst.o execute
UNRESOLVED: tmpdir-gcc.dg-struct-layout-1/t014 c_compat_x_tst.o-c_compat_y_tst.o link
UNRESOLVED: tmpdir-gcc.dg-struct-layout-1/t014 c_compat_x_tst.o-c_compat_y_tst.o execute
UNRESOLVED: tmpdir-gcc.dg-struct-layout-1/t015 c_compat_x_tst.o-c_compat_y_tst.o link
UNRESOLVED: tmpdir-gcc.dg-struct-layout-1/t015 c_compat_x_tst.o-c_compat_y_tst.o execute
UNRESOLVED: tmpdir-gcc.dg-struct-layout-1/t016 c_compat_x_tst.o-c_compat_y_tst.o link
UNRESOLVED: tmpdir-gcc.dg-struct-layout-1/t016 c_compat_x_tst.o-c_compat_y_tst.o execute
UNRESOLVED: tmpdir-gcc.dg-struct-layout-1/t017 c_compat_x_tst.o-c_compat_y_tst.o link
UNRESOLVED: tmpdir-gcc.dg-struct-layout-1/t017 c_compat_x_tst.o-c_compat_y_tst.o execute
UNRESOLVED: tmpdir-gcc.dg-struct-layout-1/t018 c_compat_x_tst.o-c_compat_y_tst.o link
UNRESOLVED: tmpdir-gcc.dg-struct-layout-1/t018 c_compat_x_tst.o-c_compat_y_tst.o execute
UNRESOLVED: tmpdir-gcc.dg-struct-layout-1/t019 c_compat_x_tst.o-c_compat_y_tst.o link
UNRESOLVED: tmpdir-gcc.dg-struct-layout-1/t019 c_compat_x_tst.o-c_compat_y_tst.o execute
UNRESOLVED: tmpdir-gcc.dg-struct-layout-1/t020 c_compat_x_tst.o-c_compat_y_tst.o link
UNRESOLVED: tmpdir-gcc.dg-struct-layout-1/t020 c_compat_x_tst.o-c_compat_y_tst.o execute
UNRESOLVED: tmpdir-gcc.dg-struct-layout-1/t021 c_compat_x_tst.o-c_compat_y_tst.o link
UNRESOLVED: tmpdir-gcc.dg-struct-layout-1/t021 c_compat_x_tst.o-c_compat_y_tst.o execute
UNRESOLVED: tmpdir-gcc.dg-struct-layout-1/t022 c_compat_x_tst.o-c_compat_y_tst.o link
UNRESOLVED: tmpdir-gcc.dg-struct-layout-1/t022 c_compat_x_tst.o-c_compat_y_tst.o execute
UNRESOLVED: tmpdir-gcc.dg-struct-layout-1/t023 c_compat_x_tst.o-c_compat_y_tst.o link
UNRESOLVED: tmpdir-gcc.dg-struct-layout-1/t023 c_compat_x_tst.o-c_compat_y_tst.o execute
UNRESOLVED: tmpdir-gcc.dg-struct-layout-1/t024 c_compat_x_tst.o-c_compat_y_tst.o link
UNRESOLVED: tmpdir-gcc.dg-struct-layout-1/t024 c_compat_x_tst.o-c_compat_y_tst.o execute
UNRESOLVED: tmpdir-gcc.dg-struct-layout-1/t025 c_compat_x_tst.o-c_compat_y_tst.o link
UNRESOLVED: tmpdir-gcc.dg-struct-layout-1/t025 c_compat_x_tst.o-c_compat_y_tst.o execute
UNRESOLVED: tmpdir-gcc.dg-struct-layout-1/t026 c_compat_x_tst.o-c_compat_y_tst.o link
UNRESOLVED: tmpdir-gcc.dg-struct-layout-1/t026 c_compat_x_tst.o-c_compat_y_tst.o execute
UNRESOLVED: tmpdir-gcc.dg-struct-layout-1/t027 c_compat_x_tst.o-c_compat_y_tst.o link
UNRESOLVED: tmpdir-gcc.dg-struct-layout-1/t027 c_compat_x_tst.o-c_compat_y_tst.o execute
UNRESOLVED: tmpdir-gcc.dg-struct-layout-1/t028 c_compat_x_tst.o-c_compat_y_tst.o link
UNRESOLVED: tmpdir-gcc.dg-struct-layout-1/t028 c_compat_x_tst.o-c_compat_y_tst.o execute
FAIL: gcc.dg/cpp/_Pragma3.c (test for excess errors)
FAIL: gcc.dg/memcpy-1.c scan-tree-dump-times optimized "nasty_local" 0
FAIL: gcc.dg/utf32-4.c (test for warnings, line 18)
FAIL: gcc.dg/pch/common-1.c -O0 -g
FAIL: gcc.dg/pch/common-1.c -O0 -g assembly comparison
FAIL: gcc.dg/pch/common-1.c -O0
FAIL: gcc.dg/pch/common-1.c -O0 assembly comparison
FAIL: gcc.dg/pch/common-1.c -O1
FAIL: gcc.dg/pch/common-1.c -O1 assembly comparison
FAIL: gcc.dg/pch/common-1.c -O2
FAIL: gcc.dg/pch/common-1.c -O2 assembly comparison
FAIL: gcc.dg/pch/common-1.c -O3 -fomit-frame-pointer
FAIL: gcc.dg/pch/common-1.c -O3 -fomit-frame-pointer assembly comparison
FAIL: gcc.dg/pch/common-1.c -O3 -g
FAIL: gcc.dg/pch/common-1.c -O3 -g assembly comparison
FAIL: gcc.dg/pch/common-1.c -Os
FAIL: gcc.dg/pch/common-1.c -Os assembly comparison
FAIL: gcc.dg/pch/counter-1.c -O0 -g
FAIL: gcc.dg/pch/counter-1.c -O0 -g assembly comparison
FAIL: gcc.dg/pch/counter-1.c -O0
FAIL: gcc.dg/pch/counter-1.c -O0 assembly comparison
FAIL: gcc.dg/pch/counter-1.c -O1
FAIL: gcc.dg/pch/counter-1.c -O1 assembly comparison
FAIL: gcc.dg/pch/counter-1.c -O2
FAIL: gcc.dg/pch/counter-1.c -O2 assembly comparison
FAIL: gcc.dg/pch/counter-1.c -O3 -fomit-frame-pointer
FAIL: gcc.dg/pch/counter-1.c -O3 -fomit-frame-pointer assembly comparison
FAIL: gcc.dg/pch/counter-1.c -O3 -g
FAIL: gcc.dg/pch/counter-1.c -O3 -g assembly comparison
FAIL: gcc.dg/pch/counter-1.c -Os
FAIL: gcc.dg/pch/counter-1.c -Os assembly comparison
FAIL: gcc.dg/pch/counter-2.c -O0 -g
FAIL: gcc.dg/pch/counter-2.c -O0
FAIL: gcc.dg/pch/counter-2.c -O1
FAIL: gcc.dg/pch/counter-2.c -O2
FAIL: gcc.dg/pch/counter-2.c -O3 -fomit-frame-pointer
FAIL: gcc.dg/pch/counter-2.c -O3 -g
FAIL: gcc.dg/pch/counter-2.c -Os
FAIL: gcc.dg/pch/counter-3.c -O0 -g
FAIL: gcc.dg/pch/counter-3.c -O0 -g assembly comparison
FAIL: gcc.dg/pch/counter-3.c -O0
FAIL: gcc.dg/pch/counter-3.c -O0 assembly comparison
FAIL: gcc.dg/pch/counter-3.c -O1
FAIL: gcc.dg/pch/counter-3.c -O1 assembly comparison
FAIL: gcc.dg/pch/counter-3.c -O2
FAIL: gcc.dg/pch/counter-3.c -O2 assembly comparison
FAIL: gcc.dg/pch/counter-3.c -O3 -fomit-frame-pointer
FAIL: gcc.dg/pch/counter-3.c -O3 -fomit-frame-pointer assembly comparison
FAIL: gcc.dg/pch/counter-3.c -O3 -g
FAIL: gcc.dg/pch/counter-3.c -O3 -g assembly comparison
FAIL: gcc.dg/pch/counter-3.c -Os
FAIL: gcc.dg/pch/counter-3.c -Os assembly comparison
FAIL: gcc.dg/pch/cpp-1.c -O0 -g
FAIL: gcc.dg/pch/cpp-1.c -O0 -g assembly comparison
FAIL: gcc.dg/pch/cpp-1.c -O0
FAIL: gcc.dg/pch/cpp-1.c -O0 assembly comparison
FAIL: gcc.dg/pch/cpp-1.c -O1
FAIL: gcc.dg/pch/cpp-1.c -O1 assembly comparison
FAIL: gcc.dg/pch/cpp-1.c -O2
FAIL: gcc.dg/pch/cpp-1.c -O2 assembly comparison
FAIL: gcc.dg/pch/cpp-1.c -O3 -fomit-frame-pointer
FAIL: gcc.dg/pch/cpp-1.c -O3 -fomit-frame-pointer assembly comparison
FAIL: gcc.dg/pch/cpp-1.c -O3 -g
FAIL: gcc.dg/pch/cpp-1.c -O3 -g assembly comparison
FAIL: gcc.dg/pch/cpp-1.c -Os
FAIL: gcc.dg/pch/cpp-1.c -Os assembly comparison
FAIL: gcc.dg/pch/cpp-2.c -O0 -g
FAIL: gcc.dg/pch/cpp-2.c -O0 -g assembly comparison
FAIL: gcc.dg/pch/cpp-2.c -O0
FAIL: gcc.dg/pch/cpp-2.c -O0 assembly comparison
FAIL: gcc.dg/pch/cpp-2.c -O1
FAIL: gcc.dg/pch/cpp-2.c -O1 assembly comparison
FAIL: gcc.dg/pch/cpp-2.c -O2
FAIL: gcc.dg/pch/cpp-2.c -O2 assembly comparison
FAIL: gcc.dg/pch/cpp-2.c -O3 -fomit-frame-pointer
FAIL: gcc.dg/pch/cpp-2.c -O3 -fomit-frame-pointer assembly comparison
FAIL: gcc.dg/pch/cpp-2.c -O3 -g
FAIL: gcc.dg/pch/cpp-2.c -O3 -g assembly comparison
FAIL: gcc.dg/pch/cpp-2.c -Os
FAIL: gcc.dg/pch/cpp-2.c -Os assembly comparison
FAIL: gcc.dg/pch/cpp-3.c -O0 -g
FAIL: gcc.dg/pch/cpp-3.c -O0 -g assembly comparison
FAIL: gcc.dg/pch/cpp-3.c -O0
FAIL: gcc.dg/pch/cpp-3.c -O0 assembly comparison
FAIL: gcc.dg/pch/cpp-3.c -O1
FAIL: gcc.dg/pch/cpp-3.c -O1 assembly comparison
FAIL: gcc.dg/pch/cpp-3.c -O2
FAIL: gcc.dg/pch/cpp-3.c -O2 assembly comparison
FAIL: gcc.dg/pch/cpp-3.c -O3 -fomit-frame-pointer
FAIL: gcc.dg/pch/cpp-3.c -O3 -fomit-frame-pointer assembly comparison
FAIL: gcc.dg/pch/cpp-3.c -O3 -g
FAIL: gcc.dg/pch/cpp-3.c -O3 -g assembly comparison
FAIL: gcc.dg/pch/cpp-3.c -Os
FAIL: gcc.dg/pch/cpp-3.c -Os assembly comparison
FAIL: gcc.dg/pch/decl-1.c -O0 -g
FAIL: gcc.dg/pch/decl-1.c -O0 -g assembly comparison
FAIL: gcc.dg/pch/decl-1.c -O0
FAIL: gcc.dg/pch/decl-1.c -O0 assembly comparison
FAIL: gcc.dg/pch/decl-1.c -O1
FAIL: gcc.dg/pch/decl-1.c -O1 assembly comparison
FAIL: gcc.dg/pch/decl-1.c -O2
FAIL: gcc.dg/pch/decl-1.c -O2 assembly comparison
FAIL: gcc.dg/pch/decl-1.c -O3 -fomit-frame-pointer
FAIL: gcc.dg/pch/decl-1.c -O3 -fomit-frame-pointer assembly comparison
FAIL: gcc.dg/pch/decl-1.c -O3 -g
FAIL: gcc.dg/pch/decl-1.c -O3 -g assembly comparison
FAIL: gcc.dg/pch/decl-1.c -Os
FAIL: gcc.dg/pch/decl-1.c -Os assembly comparison
FAIL: gcc.dg/pch/decl-2.c -O0 -g
FAIL: gcc.dg/pch/decl-2.c -O0 -g assembly comparison
FAIL: gcc.dg/pch/decl-2.c -O0
FAIL: gcc.dg/pch/decl-2.c -O0 assembly comparison
FAIL: gcc.dg/pch/decl-2.c -O1
FAIL: gcc.dg/pch/decl-2.c -O1 assembly comparison
FAIL: gcc.dg/pch/decl-2.c -O2
FAIL: gcc.dg/pch/decl-2.c -O2 assembly comparison
FAIL: gcc.dg/pch/decl-2.c -O3 -fomit-frame-pointer
FAIL: gcc.dg/pch/decl-2.c -O3 -fomit-frame-pointer assembly comparison
FAIL: gcc.dg/pch/decl-2.c -O3 -g
FAIL: gcc.dg/pch/decl-2.c -O3 -g assembly comparison
FAIL: gcc.dg/pch/decl-2.c -Os
FAIL: gcc.dg/pch/decl-2.c -Os assembly comparison
FAIL: gcc.dg/pch/decl-3.c -O0 -g
FAIL: gcc.dg/pch/decl-3.c -O0 -g assembly comparison
FAIL: gcc.dg/pch/decl-3.c -O0
FAIL: gcc.dg/pch/decl-3.c -O0 assembly comparison
FAIL: gcc.dg/pch/decl-3.c -O1
FAIL: gcc.dg/pch/decl-3.c -O1 assembly comparison
FAIL: gcc.dg/pch/decl-3.c -O2
FAIL: gcc.dg/pch/decl-3.c -O2 assembly comparison
FAIL: gcc.dg/pch/decl-3.c -O3 -fomit-frame-pointer
FAIL: gcc.dg/pch/decl-3.c -O3 -fomit-frame-pointer assembly comparison
FAIL: gcc.dg/pch/decl-3.c -O3 -g
FAIL: gcc.dg/pch/decl-3.c -O3 -g assembly comparison
FAIL: gcc.dg/pch/decl-3.c -Os
FAIL: gcc.dg/pch/decl-3.c -Os assembly comparison
FAIL: gcc.dg/pch/decl-4.c -O0 -g
FAIL: gcc.dg/pch/decl-4.c -O0 -g assembly comparison
FAIL: gcc.dg/pch/decl-4.c -O0
FAIL: gcc.dg/pch/decl-4.c -O0 assembly comparison
FAIL: gcc.dg/pch/decl-4.c -O1
FAIL: gcc.dg/pch/decl-4.c -O1 assembly comparison
FAIL: gcc.dg/pch/decl-4.c -O2
FAIL: gcc.dg/pch/decl-4.c -O2 assembly comparison
FAIL: gcc.dg/pch/decl-4.c -O3 -fomit-frame-pointer
FAIL: gcc.dg/pch/decl-4.c -O3 -fomit-frame-pointer assembly comparison
FAIL: gcc.dg/pch/decl-4.c -O3 -g
FAIL: gcc.dg/pch/decl-4.c -O3 -g assembly comparison
FAIL: gcc.dg/pch/decl-4.c -Os
FAIL: gcc.dg/pch/decl-4.c -Os assembly comparison
FAIL: gcc.dg/pch/decl-5.c -O0 -g
FAIL: gcc.dg/pch/decl-5.c -O0 -g assembly comparison
FAIL: gcc.dg/pch/decl-5.c -O0
FAIL: gcc.dg/pch/decl-5.c -O0 assembly comparison
FAIL: gcc.dg/pch/decl-5.c -O1
FAIL: gcc.dg/pch/decl-5.c -O1 assembly comparison
FAIL: gcc.dg/pch/decl-5.c -O2
FAIL: gcc.dg/pch/decl-5.c -O2 assembly comparison
FAIL: gcc.dg/pch/decl-5.c -O3 -fomit-frame-pointer
FAIL: gcc.dg/pch/decl-5.c -O3 -fomit-frame-pointer assembly comparison
FAIL: gcc.dg/pch/decl-5.c -O3 -g
FAIL: gcc.dg/pch/decl-5.c -O3 -g assembly comparison
FAIL: gcc.dg/pch/decl-5.c -Os
FAIL: gcc.dg/pch/decl-5.c -Os assembly comparison
FAIL: gcc.dg/pch/empty.c -O0 -g
FAIL: gcc.dg/pch/empty.c -O0 -g assembly comparison
FAIL: gcc.dg/pch/empty.c -O0
FAIL: gcc.dg/pch/empty.c -O0 assembly comparison
FAIL: gcc.dg/pch/empty.c -O1
FAIL: gcc.dg/pch/empty.c -O1 assembly comparison
FAIL: gcc.dg/pch/empty.c -O2
FAIL: gcc.dg/pch/empty.c -O2 assembly comparison
FAIL: gcc.dg/pch/empty.c -O3 -fomit-frame-pointer
FAIL: gcc.dg/pch/empty.c -O3 -fomit-frame-pointer assembly comparison
FAIL: gcc.dg/pch/empty.c -O3 -g
FAIL: gcc.dg/pch/empty.c -O3 -g assembly comparison
FAIL: gcc.dg/pch/empty.c -Os
FAIL: gcc.dg/pch/empty.c -Os assembly comparison
FAIL: gcc.dg/pch/except-1.c -O0 -g
FAIL: gcc.dg/pch/except-1.c -O0 -g assembly comparison
FAIL: gcc.dg/pch/except-1.c -O0
FAIL: gcc.dg/pch/except-1.c -O0 assembly comparison
FAIL: gcc.dg/pch/except-1.c -O1
FAIL: gcc.dg/pch/except-1.c -O1 assembly comparison
FAIL: gcc.dg/pch/except-1.c -O2
FAIL: gcc.dg/pch/except-1.c -O2 assembly comparison
FAIL: gcc.dg/pch/except-1.c -O3 -fomit-frame-pointer
FAIL: gcc.dg/pch/except-1.c -O3 -fomit-frame-pointer assembly comparison
FAIL: gcc.dg/pch/except-1.c -O3 -g
FAIL: gcc.dg/pch/except-1.c -O3 -g assembly comparison
FAIL: gcc.dg/pch/except-1.c -Os
FAIL: gcc.dg/pch/except-1.c -Os assembly comparison
FAIL: gcc.dg/pch/global-1.c -O0 -g
FAIL: gcc.dg/pch/global-1.c -O0 -g assembly comparison
FAIL: gcc.dg/pch/global-1.c -O0
FAIL: gcc.dg/pch/global-1.c -O0 assembly comparison
FAIL: gcc.dg/pch/global-1.c -O1
FAIL: gcc.dg/pch/global-1.c -O1 assembly comparison
FAIL: gcc.dg/pch/global-1.c -O2
FAIL: gcc.dg/pch/global-1.c -O2 assembly comparison
FAIL: gcc.dg/pch/global-1.c -O3 -fomit-frame-pointer
FAIL: gcc.dg/pch/global-1.c -O3 -fomit-frame-pointer assembly comparison
FAIL: gcc.dg/pch/global-1.c -O3 -g
FAIL: gcc.dg/pch/global-1.c -O3 -g assembly comparison
FAIL: gcc.dg/pch/global-1.c -Os
FAIL: gcc.dg/pch/global-1.c -Os assembly comparison
FAIL: gcc.dg/pch/import-1.c -O0 -g
FAIL: gcc.dg/pch/import-1.c -O0 -g assembly comparison
FAIL: gcc.dg/pch/import-1.c -O0
FAIL: gcc.dg/pch/import-1.c -O0 assembly comparison
FAIL: gcc.dg/pch/import-1.c -O1
FAIL: gcc.dg/pch/import-1.c -O1 assembly comparison
FAIL: gcc.dg/pch/import-1.c -O2
FAIL: gcc.dg/pch/import-1.c -O2 assembly comparison
FAIL: gcc.dg/pch/import-1.c -O3 -fomit-frame-pointer
FAIL: gcc.dg/pch/import-1.c -O3 -fomit-frame-pointer assembly comparison
FAIL: gcc.dg/pch/import-1.c -O3 -g
FAIL: gcc.dg/pch/import-1.c -O3 -g assembly comparison
FAIL: gcc.dg/pch/import-1.c -Os
FAIL: gcc.dg/pch/import-1.c -Os assembly comparison
FAIL: gcc.dg/pch/import-2.c -O0 -g
FAIL: gcc.dg/pch/import-2.c -O0 -g assembly comparison
FAIL: gcc.dg/pch/import-2.c -O0
FAIL: gcc.dg/pch/import-2.c -O0 assembly comparison
FAIL: gcc.dg/pch/import-2.c -O1
FAIL: gcc.dg/pch/import-2.c -O1 assembly comparison
FAIL: gcc.dg/pch/import-2.c -O2
FAIL: gcc.dg/pch/import-2.c -O2 assembly comparison
FAIL: gcc.dg/pch/import-2.c -O3 -fomit-frame-pointer
FAIL: gcc.dg/pch/import-2.c -O3 -fomit-frame-pointer assembly comparison
FAIL: gcc.dg/pch/import-2.c -O3 -g
FAIL: gcc.dg/pch/import-2.c -O3 -g assembly comparison
FAIL: gcc.dg/pch/import-2.c -Os
FAIL: gcc.dg/pch/import-2.c -Os assembly comparison
FAIL: gcc.dg/pch/inline-1.c -O0 -g
FAIL: gcc.dg/pch/inline-1.c -O0 -g assembly comparison
FAIL: gcc.dg/pch/inline-1.c -O0
FAIL: gcc.dg/pch/inline-1.c -O0 assembly comparison
FAIL: gcc.dg/pch/inline-1.c -O1
FAIL: gcc.dg/pch/inline-1.c -O1 assembly comparison
FAIL: gcc.dg/pch/inline-1.c -O2
FAIL: gcc.dg/pch/inline-1.c -O2 assembly comparison
FAIL: gcc.dg/pch/inline-1.c -O3 -fomit-frame-pointer
FAIL: gcc.dg/pch/inline-1.c -O3 -fomit-frame-pointer assembly comparison
FAIL: gcc.dg/pch/inline-1.c -O3 -g
FAIL: gcc.dg/pch/inline-1.c -O3 -g assembly comparison
FAIL: gcc.dg/pch/inline-1.c -Os
FAIL: gcc.dg/pch/inline-1.c -Os assembly comparison
FAIL: gcc.dg/pch/inline-2.c -O0 -g
FAIL: gcc.dg/pch/inline-2.c -O0 -g assembly comparison
FAIL: gcc.dg/pch/inline-2.c -O0
FAIL: gcc.dg/pch/inline-2.c -O0 assembly comparison
FAIL: gcc.dg/pch/inline-2.c -O1
FAIL: gcc.dg/pch/inline-2.c -O1 assembly comparison
FAIL: gcc.dg/pch/inline-2.c -O2
FAIL: gcc.dg/pch/inline-2.c -O2 assembly comparison
FAIL: gcc.dg/pch/inline-2.c -O3 -fomit-frame-pointer
FAIL: gcc.dg/pch/inline-2.c -O3 -fomit-frame-pointer assembly comparison
FAIL: gcc.dg/pch/inline-2.c -O3 -g
FAIL: gcc.dg/pch/inline-2.c -O3 -g assembly comparison
FAIL: gcc.dg/pch/inline-2.c -Os
FAIL: gcc.dg/pch/inline-2.c -Os assembly comparison
FAIL: gcc.dg/pch/inline-3.c -O0 -g
FAIL: gcc.dg/pch/inline-3.c -O0 -g assembly comparison
FAIL: gcc.dg/pch/inline-3.c -O0
FAIL: gcc.dg/pch/inline-3.c -O0 assembly comparison
FAIL: gcc.dg/pch/inline-3.c -O1
FAIL: gcc.dg/pch/inline-3.c -O1 assembly comparison
FAIL: gcc.dg/pch/inline-3.c -O2
FAIL: gcc.dg/pch/inline-3.c -O2 assembly comparison
FAIL: gcc.dg/pch/inline-3.c -O3 -fomit-frame-pointer
FAIL: gcc.dg/pch/inline-3.c -O3 -fomit-frame-pointer assembly comparison
FAIL: gcc.dg/pch/inline-3.c -O3 -g
FAIL: gcc.dg/pch/inline-3.c -O3 -g assembly comparison
FAIL: gcc.dg/pch/inline-3.c -Os
FAIL: gcc.dg/pch/inline-3.c -Os assembly comparison
FAIL: gcc.dg/pch/inline-4.c -O0 -g
FAIL: gcc.dg/pch/inline-4.c -O0 -g assembly comparison
FAIL: gcc.dg/pch/inline-4.c -O0
FAIL: gcc.dg/pch/inline-4.c -O0 assembly comparison
FAIL: gcc.dg/pch/inline-4.c -O1
FAIL: gcc.dg/pch/inline-4.c -O1 assembly comparison
FAIL: gcc.dg/pch/inline-4.c -O2
FAIL: gcc.dg/pch/inline-4.c -O2 assembly comparison
FAIL: gcc.dg/pch/inline-4.c -O3 -fomit-frame-pointer
FAIL: gcc.dg/pch/inline-4.c -O3 -fomit-frame-pointer assembly comparison
FAIL: gcc.dg/pch/inline-4.c -O3 -g
FAIL: gcc.dg/pch/inline-4.c -O3 -g assembly comparison
FAIL: gcc.dg/pch/inline-4.c -Os
FAIL: gcc.dg/pch/inline-4.c -Os assembly comparison
FAIL: gcc.dg/pch/macro-1.c -O0 -g
FAIL: gcc.dg/pch/macro-1.c -O0 -g assembly comparison
FAIL: gcc.dg/pch/macro-1.c -O0
FAIL: gcc.dg/pch/macro-1.c -O0 assembly comparison
FAIL: gcc.dg/pch/macro-1.c -O1
FAIL: gcc.dg/pch/macro-1.c -O1 assembly comparison
FAIL: gcc.dg/pch/macro-1.c -O2
FAIL: gcc.dg/pch/macro-1.c -O2 assembly comparison
FAIL: gcc.dg/pch/macro-1.c -O3 -fomit-frame-pointer
FAIL: gcc.dg/pch/macro-1.c -O3 -fomit-frame-pointer assembly comparison
FAIL: gcc.dg/pch/macro-1.c -O3 -g
FAIL: gcc.dg/pch/macro-1.c -O3 -g assembly comparison
FAIL: gcc.dg/pch/macro-1.c -Os
FAIL: gcc.dg/pch/macro-1.c -Os assembly comparison
FAIL: gcc.dg/pch/macro-2.c -O0 -g
FAIL: gcc.dg/pch/macro-2.c -O0 -g assembly comparison
FAIL: gcc.dg/pch/macro-2.c -O0
FAIL: gcc.dg/pch/macro-2.c -O0 assembly comparison
FAIL: gcc.dg/pch/macro-2.c -O1
FAIL: gcc.dg/pch/macro-2.c -O1 assembly comparison
FAIL: gcc.dg/pch/macro-2.c -O2
FAIL: gcc.dg/pch/macro-2.c -O2 assembly comparison
FAIL: gcc.dg/pch/macro-2.c -O3 -fomit-frame-pointer
FAIL: gcc.dg/pch/macro-2.c -O3 -fomit-frame-pointer assembly comparison
FAIL: gcc.dg/pch/macro-2.c -O3 -g
FAIL: gcc.dg/pch/macro-2.c -O3 -g assembly comparison
FAIL: gcc.dg/pch/macro-2.c -Os
FAIL: gcc.dg/pch/macro-2.c -Os assembly comparison
FAIL: gcc.dg/pch/macro-3.c -O0 -g
FAIL: gcc.dg/pch/macro-3.c -O0 -g assembly comparison
FAIL: gcc.dg/pch/macro-3.c -O0
FAIL: gcc.dg/pch/macro-3.c -O0 assembly comparison
FAIL: gcc.dg/pch/macro-3.c -O1
FAIL: gcc.dg/pch/macro-3.c -O1 assembly comparison
FAIL: gcc.dg/pch/macro-3.c -O2
FAIL: gcc.dg/pch/macro-3.c -O2 assembly comparison
FAIL: gcc.dg/pch/macro-3.c -O3 -fomit-frame-pointer
FAIL: gcc.dg/pch/macro-3.c -O3 -fomit-frame-pointer assembly comparison
FAIL: gcc.dg/pch/macro-3.c -O3 -g
FAIL: gcc.dg/pch/macro-3.c -O3 -g assembly comparison
FAIL: gcc.dg/pch/macro-3.c -Os
FAIL: gcc.dg/pch/macro-3.c -Os assembly comparison
FAIL: gcc.dg/pch/macro-4.c -O0 -g
FAIL: gcc.dg/pch/macro-4.c -O0 -g assembly comparison
FAIL: gcc.dg/pch/macro-4.c -O0
FAIL: gcc.dg/pch/macro-4.c -O0 assembly comparison
FAIL: gcc.dg/pch/macro-4.c -O1
FAIL: gcc.dg/pch/macro-4.c -O1 assembly comparison
FAIL: gcc.dg/pch/macro-4.c -O2
FAIL: gcc.dg/pch/macro-4.c -O2 assembly comparison
FAIL: gcc.dg/pch/macro-4.c -O3 -fomit-frame-pointer
FAIL: gcc.dg/pch/macro-4.c -O3 -fomit-frame-pointer assembly comparison
FAIL: gcc.dg/pch/macro-4.c -O3 -g
FAIL: gcc.dg/pch/macro-4.c -O3 -g assembly comparison
FAIL: gcc.dg/pch/macro-4.c -Os
FAIL: gcc.dg/pch/macro-4.c -Os assembly comparison
FAIL: gcc.dg/pch/save-temps-1.c -O0 -g
FAIL: gcc.dg/pch/save-temps-1.c -O0 -g assembly comparison
FAIL: gcc.dg/pch/save-temps-1.c -O0
FAIL: gcc.dg/pch/save-temps-1.c -O0 assembly comparison
FAIL: gcc.dg/pch/save-temps-1.c -O1
FAIL: gcc.dg/pch/save-temps-1.c -O1 assembly comparison
FAIL: gcc.dg/pch/save-temps-1.c -O2
FAIL: gcc.dg/pch/save-temps-1.c -O2 assembly comparison
FAIL: gcc.dg/pch/save-temps-1.c -O3 -fomit-frame-pointer
FAIL: gcc.dg/pch/save-temps-1.c -O3 -fomit-frame-pointer assembly comparison
FAIL: gcc.dg/pch/save-temps-1.c -O3 -g
FAIL: gcc.dg/pch/save-temps-1.c -O3 -g assembly comparison
FAIL: gcc.dg/pch/save-temps-1.c -Os
FAIL: gcc.dg/pch/save-temps-1.c -Os assembly comparison
FAIL: gcc.dg/pch/static-1.c -O0 -g
FAIL: gcc.dg/pch/static-1.c -O0 -g assembly comparison
FAIL: gcc.dg/pch/static-1.c -O0
FAIL: gcc.dg/pch/static-1.c -O0 assembly comparison
FAIL: gcc.dg/pch/static-1.c -O1
FAIL: gcc.dg/pch/static-1.c -O1 assembly comparison
FAIL: gcc.dg/pch/static-1.c -O2
FAIL: gcc.dg/pch/static-1.c -O2 assembly comparison
FAIL: gcc.dg/pch/static-1.c -O3 -fomit-frame-pointer
FAIL: gcc.dg/pch/static-1.c -O3 -fomit-frame-pointer assembly comparison
FAIL: gcc.dg/pch/static-1.c -O3 -g
FAIL: gcc.dg/pch/static-1.c -O3 -g assembly comparison
FAIL: gcc.dg/pch/static-1.c -Os
FAIL: gcc.dg/pch/static-1.c -Os assembly comparison
FAIL: gcc.dg/pch/static-2.c -O0 -g
FAIL: gcc.dg/pch/static-2.c -O0 -g assembly comparison
FAIL: gcc.dg/pch/static-2.c -O0
FAIL: gcc.dg/pch/static-2.c -O0 assembly comparison
FAIL: gcc.dg/pch/static-2.c -O1
FAIL: gcc.dg/pch/static-2.c -O1 assembly comparison
FAIL: gcc.dg/pch/static-2.c -O2
FAIL: gcc.dg/pch/static-2.c -O2 assembly comparison
FAIL: gcc.dg/pch/static-2.c -O3 -fomit-frame-pointer
FAIL: gcc.dg/pch/static-2.c -O3 -fomit-frame-pointer assembly comparison
FAIL: gcc.dg/pch/static-2.c -O3 -g
FAIL: gcc.dg/pch/static-2.c -O3 -g assembly comparison
FAIL: gcc.dg/pch/static-2.c -Os
FAIL: gcc.dg/pch/static-2.c -Os assembly comparison
FAIL: gcc.dg/pch/static-3.c -O0 -g
FAIL: gcc.dg/pch/static-3.c -O0 -g assembly comparison
FAIL: gcc.dg/pch/static-3.c -O0
FAIL: gcc.dg/pch/static-3.c -O0 assembly comparison
FAIL: gcc.dg/pch/static-3.c -O1
FAIL: gcc.dg/pch/static-3.c -O1 assembly comparison
FAIL: gcc.dg/pch/static-3.c -O2
FAIL: gcc.dg/pch/static-3.c -O2 assembly comparison
FAIL: gcc.dg/pch/static-3.c -O3 -fomit-frame-pointer
FAIL: gcc.dg/pch/static-3.c -O3 -fomit-frame-pointer assembly comparison
FAIL: gcc.dg/pch/static-3.c -O3 -g
FAIL: gcc.dg/pch/static-3.c -O3 -g assembly comparison
FAIL: gcc.dg/pch/static-3.c -Os
FAIL: gcc.dg/pch/static-3.c -Os assembly comparison
FAIL: gcc.dg/pch/struct-1.c -O0 -g
FAIL: gcc.dg/pch/struct-1.c -O0 -g assembly comparison
FAIL: gcc.dg/pch/struct-1.c -O0
FAIL: gcc.dg/pch/struct-1.c -O0 assembly comparison
FAIL: gcc.dg/pch/struct-1.c -O1
FAIL: gcc.dg/pch/struct-1.c -O1 assembly comparison
FAIL: gcc.dg/pch/struct-1.c -O2
FAIL: gcc.dg/pch/struct-1.c -O2 assembly comparison
FAIL: gcc.dg/pch/struct-1.c -O3 -fomit-frame-pointer
FAIL: gcc.dg/pch/struct-1.c -O3 -fomit-frame-pointer assembly comparison
FAIL: gcc.dg/pch/struct-1.c -O3 -g
FAIL: gcc.dg/pch/struct-1.c -O3 -g assembly comparison
FAIL: gcc.dg/pch/struct-1.c -Os
FAIL: gcc.dg/pch/struct-1.c -Os assembly comparison
FAIL: gcc.dg/pch/system-1.c -O0 -g
FAIL: gcc.dg/pch/system-1.c -O0 -g assembly comparison
FAIL: gcc.dg/pch/system-1.c -O0
FAIL: gcc.dg/pch/system-1.c -O0 assembly comparison
FAIL: gcc.dg/pch/system-1.c -O1
FAIL: gcc.dg/pch/system-1.c -O1 assembly comparison
FAIL: gcc.dg/pch/system-1.c -O2
FAIL: gcc.dg/pch/system-1.c -O2 assembly comparison
FAIL: gcc.dg/pch/system-1.c -O3 -fomit-frame-pointer
FAIL: gcc.dg/pch/system-1.c -O3 -fomit-frame-pointer assembly comparison
FAIL: gcc.dg/pch/system-1.c -O3 -g
FAIL: gcc.dg/pch/system-1.c -O3 -g assembly comparison
FAIL: gcc.dg/pch/system-1.c -Os
FAIL: gcc.dg/pch/system-1.c -Os assembly comparison
FAIL: gcc.dg/pch/valid-1.c -O0 -g
FAIL: ./valid-1.h (test for excess errors)
FAIL: gcc.dg/pch/valid-1.c -O0
FAIL: ./valid-1.h (test for excess errors)
FAIL: gcc.dg/pch/valid-1.c -O1
FAIL: ./valid-1.h (test for excess errors)
FAIL: gcc.dg/pch/valid-1.c -O2
FAIL: ./valid-1.h (test for excess errors)
FAIL: gcc.dg/pch/valid-1.c -O3 -fomit-frame-pointer
FAIL: ./valid-1.h (test for excess errors)
FAIL: gcc.dg/pch/valid-1.c -O3 -g
FAIL: ./valid-1.h (test for excess errors)
FAIL: gcc.dg/pch/valid-1.c -Os
FAIL: gcc.dg/pch/valid-1b.c -O0 -g
FAIL: gcc.dg/pch/valid-1b.c -O0 -g assembly comparison
FAIL: ./valid-1b.h (test for excess errors)
FAIL: gcc.dg/pch/valid-1b.c -O0
FAIL: gcc.dg/pch/valid-1b.c -O0 assembly comparison
FAIL: ./valid-1b.h (test for excess errors)
FAIL: gcc.dg/pch/valid-1b.c -O1
FAIL: gcc.dg/pch/valid-1b.c -O1 assembly comparison
FAIL: ./valid-1b.h (test for excess errors)
FAIL: gcc.dg/pch/valid-1b.c -O2
FAIL: gcc.dg/pch/valid-1b.c -O2 assembly comparison
FAIL: ./valid-1b.h (test for excess errors)
FAIL: gcc.dg/pch/valid-1b.c -O3 -fomit-frame-pointer
FAIL: gcc.dg/pch/valid-1b.c -O3 -fomit-frame-pointer assembly comparison
FAIL: ./valid-1b.h (test for excess errors)
FAIL: gcc.dg/pch/valid-1b.c -O3 -g
FAIL: gcc.dg/pch/valid-1b.c -O3 -g assembly comparison
FAIL: ./valid-1b.h (test for excess errors)
FAIL: gcc.dg/pch/valid-1b.c -Os
FAIL: gcc.dg/pch/valid-1b.c -Os assembly comparison
FAIL: gcc.dg/pch/valid-2.c -O0 -g
FAIL: gcc.dg/pch/valid-2.c -O0
FAIL: gcc.dg/pch/valid-2.c -O1
FAIL: gcc.dg/pch/valid-2.c -O2
FAIL: gcc.dg/pch/valid-2.c -O3 -fomit-frame-pointer
FAIL: gcc.dg/pch/valid-2.c -O3 -g
FAIL: gcc.dg/pch/valid-2.c -Os
FAIL: gcc.dg/pch/valid-4.c -O0 -g
FAIL: gcc.dg/pch/valid-4.c -O0 -g assembly comparison
FAIL: gcc.dg/pch/valid-4.c -O0
FAIL: gcc.dg/pch/valid-4.c -O0 assembly comparison
FAIL: gcc.dg/pch/valid-4.c -O1
FAIL: gcc.dg/pch/valid-4.c -O1 assembly comparison
FAIL: gcc.dg/pch/valid-4.c -O2
FAIL: gcc.dg/pch/valid-4.c -O2 assembly comparison
FAIL: gcc.dg/pch/valid-4.c -O3 -fomit-frame-pointer
FAIL: gcc.dg/pch/valid-4.c -O3 -fomit-frame-pointer assembly comparison
FAIL: gcc.dg/pch/valid-4.c -O3 -g
FAIL: gcc.dg/pch/valid-4.c -O3 -g assembly comparison
FAIL: gcc.dg/pch/valid-4.c -Os
FAIL: gcc.dg/pch/valid-4.c -Os assembly comparison
FAIL: gcc.dg/pch/valid-5.c -O0 -g
FAIL: gcc.dg/pch/valid-5.c -O0 -g assembly comparison
FAIL: gcc.dg/pch/valid-5.c -O0
FAIL: gcc.dg/pch/valid-5.c -O0 assembly comparison
FAIL: gcc.dg/pch/valid-5.c -O1
FAIL: gcc.dg/pch/valid-5.c -O1 assembly comparison
FAIL: gcc.dg/pch/valid-5.c -O2
FAIL: gcc.dg/pch/valid-5.c -O2 assembly comparison
FAIL: gcc.dg/pch/valid-5.c -O3 -fomit-frame-pointer
FAIL: gcc.dg/pch/valid-5.c -O3 -fomit-frame-pointer assembly comparison
FAIL: gcc.dg/pch/valid-5.c -O3 -g
FAIL: gcc.dg/pch/valid-5.c -O3 -g assembly comparison
FAIL: gcc.dg/pch/valid-5.c -Os
FAIL: gcc.dg/pch/valid-5.c -Os assembly comparison
FAIL: gcc.dg/pch/valid-6.c -O0 -g
FAIL: gcc.dg/pch/valid-6.c -O0 -g assembly comparison
FAIL: gcc.dg/pch/valid-6.c -O0
FAIL: gcc.dg/pch/valid-6.c -O0 assembly comparison
FAIL: gcc.dg/pch/valid-6.c -O1
FAIL: gcc.dg/pch/valid-6.c -O1 assembly comparison
FAIL: gcc.dg/pch/valid-6.c -O2
FAIL: gcc.dg/pch/valid-6.c -O2 assembly comparison
FAIL: gcc.dg/pch/valid-6.c -O3 -fomit-frame-pointer
FAIL: gcc.dg/pch/valid-6.c -O3 -fomit-frame-pointer assembly comparison
FAIL: gcc.dg/pch/valid-6.c -O3 -g
FAIL: gcc.dg/pch/valid-6.c -O3 -g assembly comparison
FAIL: gcc.dg/pch/valid-6.c -Os
FAIL: gcc.dg/pch/valid-6.c -Os assembly comparison
FAIL: gcc.dg/pch/warn-1.c -O0 -g
FAIL: gcc.dg/pch/warn-1.c -O0
FAIL: gcc.dg/pch/warn-1.c -O1
FAIL: gcc.dg/pch/warn-1.c -O2
FAIL: gcc.dg/pch/warn-1.c -O3 -fomit-frame-pointer
FAIL: gcc.dg/pch/warn-1.c -O3 -g
FAIL: gcc.dg/pch/warn-1.c -Os
FAIL: gcc.dg/pch/largefile.c -O0 -g
FAIL: gcc.dg/pch/largefile.c -O0 -g assembly comparison
FAIL: gcc.dg/pch/largefile.c -O0
FAIL: gcc.dg/pch/largefile.c -O0 assembly comparison
FAIL: gcc.dg/pch/largefile.c -O1
FAIL: gcc.dg/pch/largefile.c -O1 assembly comparison
FAIL: gcc.dg/pch/largefile.c -O2
FAIL: gcc.dg/pch/largefile.c -O2 assembly comparison
FAIL: gcc.dg/pch/largefile.c -O3 -fomit-frame-pointer
FAIL: gcc.dg/pch/largefile.c -O3 -fomit-frame-pointer assembly comparison
FAIL: gcc.dg/pch/largefile.c -O3 -g
FAIL: gcc.dg/pch/largefile.c -O3 -g assembly comparison
FAIL: gcc.dg/pch/largefile.c -Os
FAIL: gcc.dg/pch/largefile.c -Os assembly comparison
FAIL: gcc.dg/special/gcsec-1.c execution test
=== gcc Summary ===
# of expected passes 47287
# of unexpected failures 548
# of expected failures 125
# of unresolved testcases 170
# of unsupported tests 585
/fac/vol6/software/sterling/gcc_tot/build/gcc/xgcc version 4.4.0 20090318 (experimental) (GCC)
Host is i686-pc-linux-gnu
=== g++ tests ===
Running target xtensa-sim
UNRESOLVED: g++.dg/compat/abi/bitfield1 cp_compat_x_tst.o-cp_compat_y_tst.o link
UNRESOLVED: g++.dg/compat/abi/bitfield1 cp_compat_x_tst.o-cp_compat_y_tst.o execute
UNRESOLVED: g++.dg/compat/abi/bitfield2 cp_compat_x_tst.o-cp_compat_y_tst.o link
UNRESOLVED: g++.dg/compat/abi/bitfield2 cp_compat_x_tst.o-cp_compat_y_tst.o execute
UNRESOLVED: g++.dg/compat/abi/vbase8-10 cp_compat_x_tst.o-cp_compat_y_tst.o link
UNRESOLVED: g++.dg/compat/abi/vbase8-10 cp_compat_x_tst.o-cp_compat_y_tst.o execute
UNRESOLVED: g++.dg/compat/abi/vbase8-21 cp_compat_x_tst.o-cp_compat_y_tst.o link
UNRESOLVED: g++.dg/compat/abi/vbase8-21 cp_compat_x_tst.o-cp_compat_y_tst.o execute
UNRESOLVED: g++.dg/compat/abi/vbase8-22 cp_compat_x_tst.o-cp_compat_y_tst.o link
UNRESOLVED: g++.dg/compat/abi/vbase8-22 cp_compat_x_tst.o-cp_compat_y_tst.o execute
UNRESOLVED: g++.dg/compat/abi/vbase8-4 cp_compat_x_tst.o-cp_compat_y_tst.o link
UNRESOLVED: g++.dg/compat/abi/vbase8-4 cp_compat_x_tst.o-cp_compat_y_tst.o execute
UNRESOLVED: g++.dg/compat/break/bitfield5 cp_compat_x_tst.o-cp_compat_y_tst.o link
UNRESOLVED: g++.dg/compat/break/bitfield5 cp_compat_x_tst.o-cp_compat_y_tst.o execute
UNRESOLVED: g++.dg/compat/break/bitfield7 cp_compat_x_tst.o-cp_compat_y_tst.o link
UNRESOLVED: g++.dg/compat/break/bitfield7 cp_compat_x_tst.o-cp_compat_y_tst.o execute
UNRESOLVED: g++.dg/compat/break/empty6 cp_compat_x_tst.o-cp_compat_y_tst.o link
UNRESOLVED: g++.dg/compat/break/empty6 cp_compat_x_tst.o-cp_compat_y_tst.o execute
UNRESOLVED: g++.dg/compat/break/vbase10 cp_compat_x_tst.o-cp_compat_y_tst.o link
UNRESOLVED: g++.dg/compat/break/vbase10 cp_compat_x_tst.o-cp_compat_y_tst.o execute
UNRESOLVED: g++.dg/compat/break/vbase11 cp_compat_x_tst.o-cp_compat_y_tst.o link
UNRESOLVED: g++.dg/compat/break/vbase11 cp_compat_x_tst.o-cp_compat_y_tst.o execute
UNRESOLVED: g++.dg/compat/eh/ctor1 cp_compat_x_tst.o-cp_compat_y_tst.o link
UNRESOLVED: g++.dg/compat/eh/ctor1 cp_compat_x_tst.o-cp_compat_y_tst.o execute
UNRESOLVED: g++.dg/compat/eh/ctor2 cp_compat_x_tst.o-cp_compat_y_tst.o link
UNRESOLVED: g++.dg/compat/eh/ctor2 cp_compat_x_tst.o-cp_compat_y_tst.o execute
UNRESOLVED: g++.dg/compat/eh/dtor1 cp_compat_x_tst.o-cp_compat_y_tst.o link
UNRESOLVED: g++.dg/compat/eh/dtor1 cp_compat_x_tst.o-cp_compat_y_tst.o execute
UNRESOLVED: g++.dg/compat/eh/filter1 cp_compat_x_tst.o-cp_compat_y_tst.o link
UNRESOLVED: g++.dg/compat/eh/filter1 cp_compat_x_tst.o-cp_compat_y_tst.o execute
UNRESOLVED: g++.dg/compat/eh/filter2 cp_compat_x_tst.o-cp_compat_y_tst.o link
UNRESOLVED: g++.dg/compat/eh/filter2 cp_compat_x_tst.o-cp_compat_y_tst.o execute
UNRESOLVED: g++.dg/compat/eh/new1 cp_compat_x_tst.o-cp_compat_y_tst.o link
UNRESOLVED: g++.dg/compat/eh/new1 cp_compat_x_tst.o-cp_compat_y_tst.o execute
UNRESOLVED: g++.dg/compat/eh/nrv1 cp_compat_x_tst.o-cp_compat_y_tst.o link
UNRESOLVED: g++.dg/compat/eh/nrv1 cp_compat_x_tst.o-cp_compat_y_tst.o execute
UNRESOLVED: g++.dg/compat/eh/spec3 cp_compat_x_tst.o-cp_compat_y_tst.o link
UNRESOLVED: g++.dg/compat/eh/spec3 cp_compat_x_tst.o-cp_compat_y_tst.o execute
UNRESOLVED: g++.dg/compat/eh/template1 cp_compat_x_tst.o-cp_compat_y_tst.o link
UNRESOLVED: g++.dg/compat/eh/template1 cp_compat_x_tst.o-cp_compat_y_tst.o execute
UNRESOLVED: g++.dg/compat/eh/unexpected1 cp_compat_x_tst.o-cp_compat_y_tst.o link
UNRESOLVED: g++.dg/compat/eh/unexpected1 cp_compat_x_tst.o-cp_compat_y_tst.o execute
UNRESOLVED: g++.dg/compat/init/array5 cp_compat_x_tst.o-cp_compat_y_tst.o link
UNRESOLVED: g++.dg/compat/init/array5 cp_compat_x_tst.o-cp_compat_y_tst.o execute
UNRESOLVED: g++.dg/compat/init/byval1 cp_compat_x_tst.o-cp_compat_y_tst.o link
UNRESOLVED: g++.dg/compat/init/byval1 cp_compat_x_tst.o-cp_compat_y_tst.o execute
UNRESOLVED: g++.dg/compat/init/dtor1 cp_compat_x_tst.o-cp_compat_y_tst.o link
UNRESOLVED: g++.dg/compat/init/dtor1 cp_compat_x_tst.o-cp_compat_y_tst.o execute
UNRESOLVED: g++.dg/compat/init/elide1 cp_compat_x_tst.o-cp_compat_y_tst.o link
UNRESOLVED: g++.dg/compat/init/elide1 cp_compat_x_tst.o-cp_compat_y_tst.o execute
UNRESOLVED: g++.dg/compat/init/init-ref2 cp_compat_x_tst.o-cp_compat_y_tst.o link
UNRESOLVED: g++.dg/compat/init/init-ref2 cp_compat_x_tst.o-cp_compat_y_tst.o execute
UNRESOLVED: tmpdir-g++.dg-struct-layout-1/t001 cp_compat_x_tst.o-cp_compat_y_tst.o link
UNRESOLVED: tmpdir-g++.dg-struct-layout-1/t001 cp_compat_x_tst.o-cp_compat_y_tst.o execute
UNRESOLVED: tmpdir-g++.dg-struct-layout-1/t002 cp_compat_x_tst.o-cp_compat_y_tst.o link
UNRESOLVED: tmpdir-g++.dg-struct-layout-1/t002 cp_compat_x_tst.o-cp_compat_y_tst.o execute
UNRESOLVED: tmpdir-g++.dg-struct-layout-1/t003 cp_compat_x_tst.o-cp_compat_y_tst.o link
UNRESOLVED: tmpdir-g++.dg-struct-layout-1/t003 cp_compat_x_tst.o-cp_compat_y_tst.o execute
UNRESOLVED: tmpdir-g++.dg-struct-layout-1/t004 cp_compat_x_tst.o-cp_compat_y_tst.o link
UNRESOLVED: tmpdir-g++.dg-struct-layout-1/t004 cp_compat_x_tst.o-cp_compat_y_tst.o execute
UNRESOLVED: tmpdir-g++.dg-struct-layout-1/t005 cp_compat_x_tst.o-cp_compat_y_tst.o link
UNRESOLVED: tmpdir-g++.dg-struct-layout-1/t005 cp_compat_x_tst.o-cp_compat_y_tst.o execute
UNRESOLVED: tmpdir-g++.dg-struct-layout-1/t006 cp_compat_x_tst.o-cp_compat_y_tst.o link
UNRESOLVED: tmpdir-g++.dg-struct-layout-1/t006 cp_compat_x_tst.o-cp_compat_y_tst.o execute
UNRESOLVED: tmpdir-g++.dg-struct-layout-1/t007 cp_compat_x_tst.o-cp_compat_y_tst.o link
UNRESOLVED: tmpdir-g++.dg-struct-layout-1/t007 cp_compat_x_tst.o-cp_compat_y_tst.o execute
UNRESOLVED: tmpdir-g++.dg-struct-layout-1/t008 cp_compat_x_tst.o-cp_compat_y_tst.o link
UNRESOLVED: tmpdir-g++.dg-struct-layout-1/t008 cp_compat_x_tst.o-cp_compat_y_tst.o execute
UNRESOLVED: tmpdir-g++.dg-struct-layout-1/t009 cp_compat_x_tst.o-cp_compat_y_tst.o link
UNRESOLVED: tmpdir-g++.dg-struct-layout-1/t009 cp_compat_x_tst.o-cp_compat_y_tst.o execute
UNRESOLVED: tmpdir-g++.dg-struct-layout-1/t010 cp_compat_x_tst.o-cp_compat_y_tst.o link
UNRESOLVED: tmpdir-g++.dg-struct-layout-1/t010 cp_compat_x_tst.o-cp_compat_y_tst.o execute
UNRESOLVED: tmpdir-g++.dg-struct-layout-1/t011 cp_compat_x_tst.o-cp_compat_y_tst.o link
UNRESOLVED: tmpdir-g++.dg-struct-layout-1/t011 cp_compat_x_tst.o-cp_compat_y_tst.o execute
UNRESOLVED: tmpdir-g++.dg-struct-layout-1/t012 cp_compat_x_tst.o-cp_compat_y_tst.o link
UNRESOLVED: tmpdir-g++.dg-struct-layout-1/t012 cp_compat_x_tst.o-cp_compat_y_tst.o execute
UNRESOLVED: tmpdir-g++.dg-struct-layout-1/t013 cp_compat_x_tst.o-cp_compat_y_tst.o link
UNRESOLVED: tmpdir-g++.dg-struct-layout-1/t013 cp_compat_x_tst.o-cp_compat_y_tst.o execute
UNRESOLVED: tmpdir-g++.dg-struct-layout-1/t014 cp_compat_x_tst.o-cp_compat_y_tst.o link
UNRESOLVED: tmpdir-g++.dg-struct-layout-1/t014 cp_compat_x_tst.o-cp_compat_y_tst.o execute
UNRESOLVED: tmpdir-g++.dg-struct-layout-1/t015 cp_compat_x_tst.o-cp_compat_y_tst.o link
UNRESOLVED: tmpdir-g++.dg-struct-layout-1/t015 cp_compat_x_tst.o-cp_compat_y_tst.o execute
UNRESOLVED: tmpdir-g++.dg-struct-layout-1/t016 cp_compat_x_tst.o-cp_compat_y_tst.o link
UNRESOLVED: tmpdir-g++.dg-struct-layout-1/t016 cp_compat_x_tst.o-cp_compat_y_tst.o execute
UNRESOLVED: tmpdir-g++.dg-struct-layout-1/t017 cp_compat_x_tst.o-cp_compat_y_tst.o link
UNRESOLVED: tmpdir-g++.dg-struct-layout-1/t017 cp_compat_x_tst.o-cp_compat_y_tst.o execute
UNRESOLVED: tmpdir-g++.dg-struct-layout-1/t018 cp_compat_x_tst.o-cp_compat_y_tst.o link
UNRESOLVED: tmpdir-g++.dg-struct-layout-1/t018 cp_compat_x_tst.o-cp_compat_y_tst.o execute
UNRESOLVED: tmpdir-g++.dg-struct-layout-1/t019 cp_compat_x_tst.o-cp_compat_y_tst.o link
UNRESOLVED: tmpdir-g++.dg-struct-layout-1/t019 cp_compat_x_tst.o-cp_compat_y_tst.o execute
UNRESOLVED: tmpdir-g++.dg-struct-layout-1/t020 cp_compat_x_tst.o-cp_compat_y_tst.o link
UNRESOLVED: tmpdir-g++.dg-struct-layout-1/t020 cp_compat_x_tst.o-cp_compat_y_tst.o execute
UNRESOLVED: tmpdir-g++.dg-struct-layout-1/t021 cp_compat_x_tst.o-cp_compat_y_tst.o link
UNRESOLVED: tmpdir-g++.dg-struct-layout-1/t021 cp_compat_x_tst.o-cp_compat_y_tst.o execute
UNRESOLVED: tmpdir-g++.dg-struct-layout-1/t022 cp_compat_x_tst.o-cp_compat_y_tst.o link
UNRESOLVED: tmpdir-g++.dg-struct-layout-1/t022 cp_compat_x_tst.o-cp_compat_y_tst.o execute
UNRESOLVED: tmpdir-g++.dg-struct-layout-1/t023 cp_compat_x_tst.o-cp_compat_y_tst.o link
UNRESOLVED: tmpdir-g++.dg-struct-layout-1/t023 cp_compat_x_tst.o-cp_compat_y_tst.o execute
UNRESOLVED: tmpdir-g++.dg-struct-layout-1/t024 cp_compat_x_tst.o-cp_compat_y_tst.o link
UNRESOLVED: tmpdir-g++.dg-struct-layout-1/t024 cp_compat_x_tst.o-cp_compat_y_tst.o execute
UNRESOLVED: tmpdir-g++.dg-struct-layout-1/t025 cp_compat_x_tst.o-cp_compat_y_tst.o link
UNRESOLVED: tmpdir-g++.dg-struct-layout-1/t025 cp_compat_x_tst.o-cp_compat_y_tst.o execute
UNRESOLVED: tmpdir-g++.dg-struct-layout-1/t026 cp_compat_x_tst.o-cp_compat_y_tst.o link
UNRESOLVED: tmpdir-g++.dg-struct-layout-1/t026 cp_compat_x_tst.o-cp_compat_y_tst.o execute
UNRESOLVED: tmpdir-g++.dg-struct-layout-1/t027 cp_compat_x_tst.o-cp_compat_y_tst.o link
UNRESOLVED: tmpdir-g++.dg-struct-layout-1/t027 cp_compat_x_tst.o-cp_compat_y_tst.o execute
UNRESOLVED: tmpdir-g++.dg-struct-layout-1/t028 cp_compat_x_tst.o-cp_compat_y_tst.o link
UNRESOLVED: tmpdir-g++.dg-struct-layout-1/t028 cp_compat_x_tst.o-cp_compat_y_tst.o execute
UNRESOLVED: tmpdir-g++.dg-struct-layout-1/t029 cp_compat_x_tst.o-cp_compat_y_tst.o link
UNRESOLVED: tmpdir-g++.dg-struct-layout-1/t029 cp_compat_x_tst.o-cp_compat_y_tst.o execute
UNRESOLVED: tmpdir-g++.dg-struct-layout-1/t030 cp_compat_x_tst.o-cp_compat_y_tst.o link
UNRESOLVED: tmpdir-g++.dg-struct-layout-1/t030 cp_compat_x_tst.o-cp_compat_y_tst.o execute
FAIL: g++.dg/eh/gcsec1.C execution test
FAIL: g++.dg/pch/array-1.C -g
FAIL: g++.dg/pch/array-1.C -g assembly comparison
FAIL: g++.dg/pch/array-1.C -O2 -g
FAIL: g++.dg/pch/array-1.C -O2 -g assembly comparison
FAIL: g++.dg/pch/array-1.C -O2
FAIL: g++.dg/pch/array-1.C -O2 assembly comparison
FAIL: g++.dg/pch/empty.C -g
FAIL: g++.dg/pch/empty.C -g assembly comparison
FAIL: g++.dg/pch/empty.C -O2 -g
FAIL: g++.dg/pch/empty.C -O2 -g assembly comparison
FAIL: g++.dg/pch/empty.C -O2
FAIL: g++.dg/pch/empty.C -O2 assembly comparison
FAIL: g++.dg/pch/externc-1.C -g
FAIL: g++.dg/pch/externc-1.C -g assembly comparison
FAIL: g++.dg/pch/externc-1.C -O2 -g
FAIL: g++.dg/pch/externc-1.C -O2 -g assembly comparison
FAIL: g++.dg/pch/externc-1.C -O2
FAIL: g++.dg/pch/externc-1.C -O2 assembly comparison
FAIL: g++.dg/pch/local-1.C -g
FAIL: g++.dg/pch/local-1.C -g assembly comparison
FAIL: g++.dg/pch/local-1.C -O2 -g
FAIL: g++.dg/pch/local-1.C -O2 -g assembly comparison
FAIL: g++.dg/pch/local-1.C -O2
FAIL: g++.dg/pch/local-1.C -O2 assembly comparison
FAIL: g++.dg/pch/pch.C -g
FAIL: g++.dg/pch/pch.C -g assembly comparison
FAIL: g++.dg/pch/pch.C -O2 -g
FAIL: g++.dg/pch/pch.C -O2 -g assembly comparison
FAIL: g++.dg/pch/pch.C -O2
FAIL: g++.dg/pch/pch.C -O2 assembly comparison
FAIL: g++.dg/pch/static-1.C -g
FAIL: g++.dg/pch/static-1.C -g assembly comparison
FAIL: g++.dg/pch/static-1.C -O2 -g
FAIL: g++.dg/pch/static-1.C -O2 -g assembly comparison
FAIL: g++.dg/pch/static-1.C -O2
FAIL: g++.dg/pch/static-1.C -O2 assembly comparison
FAIL: g++.dg/pch/system-1.C -g
FAIL: g++.dg/pch/system-1.C -g assembly comparison
FAIL: g++.dg/pch/system-1.C -O2 -g
FAIL: g++.dg/pch/system-1.C -O2 -g assembly comparison
FAIL: g++.dg/pch/system-1.C -O2
FAIL: g++.dg/pch/system-1.C -O2 assembly comparison
FAIL: g++.dg/pch/system-2.C -g
FAIL: g++.dg/pch/system-2.C -g assembly comparison
FAIL: g++.dg/pch/system-2.C -O2 -g
FAIL: g++.dg/pch/system-2.C -O2 -g assembly comparison
FAIL: g++.dg/pch/system-2.C -O2
FAIL: g++.dg/pch/system-2.C -O2 assembly comparison
FAIL: g++.dg/pch/template-1.C -g
FAIL: g++.dg/pch/template-1.C -g assembly comparison
FAIL: g++.dg/pch/template-1.C -O2 -g
FAIL: g++.dg/pch/template-1.C -O2 -g assembly comparison
FAIL: g++.dg/pch/template-1.C -O2
FAIL: g++.dg/pch/template-1.C -O2 assembly comparison
FAIL: g++.dg/pch/uninst.C -g
FAIL: g++.dg/pch/uninst.C -g assembly comparison
FAIL: g++.dg/pch/uninst.C -O2 -g
FAIL: g++.dg/pch/uninst.C -O2 -g assembly comparison
FAIL: g++.dg/pch/uninst.C -O2
FAIL: g++.dg/pch/uninst.C -O2 assembly comparison
FAIL: g++.dg/pch/wchar-1.C -g
FAIL: g++.dg/pch/wchar-1.C -g assembly comparison
FAIL: g++.dg/pch/wchar-1.C -O2 -g
FAIL: g++.dg/pch/wchar-1.C -O2 -g assembly comparison
FAIL: g++.dg/pch/wchar-1.C -O2
FAIL: g++.dg/pch/wchar-1.C -O2 assembly comparison
FAIL: g++.old-deja/g++.jason/thunk3.C (test for excess errors)
WARNING: g++.old-deja/g++.jason/thunk3.C compilation failed to produce executable
=== g++ Summary ===
# of expected passes 18209
# of unexpected failures 68
# of expected failures 139
# of unresolved testcases 112
# of unsupported tests 185
/fac/vol6/software/sterling/gcc_tot/build/gcc/testsuite/g++/../../g++ version 4.4.0 20090318 (experimental) (GCC)
Host is xtensa-unknown-elf
=== libstdc++ tests ===
Running target xtensa-sim
FAIL: 26_numerics/headers/cmath/25913.cc (test for excess errors)
FAIL: 26_numerics/headers/cmath/c99_classification_macros_c++.cc (test for excess errors)
FAIL: 27_io/objects/char/6.cc execution test
=== libstdc++ Summary ===
# of expected passes 2642
# of unexpected failures 3
# of expected failures 49
# of unsupported tests 74
Compiler version: 4.4.0 20090318 (experimental) (GCC)
Platform: xtensa-unknown-elf
configure flags: --target=xtensa-elf --with-mpfr=/fac/vol6/software/sterling/gcc_stuff --with-gmp=/fac/vol6/software/sterling/gcc_stuff --prefix=/fac/vol6/software/sterling/gcc_tot/install/ --with-newlib --disable-shared --enable-languages=c,c++ --enable-multilib
More information about the Gcc-testresults
mailing list