Results for 4.4.0 20090318 (experimental) [trunk revision 144946] (GCC) gcc testsuite on sh-unknown-elf
Mike Stein
mstein.lists@googlemail.com
Thu Mar 19 22:55:00 GMT 2009
Debian 4 on x86_64
cross tool versions:
GNU assembler (GNU Binutils) 2.18.50.20080419
GNU gdb 6.8.50.20080419-cvs
GNU ld (GNU Binutils) 2.18.50.20080419
GNU Make 3.81
expect version 5.43.0
host gcc version: gcc (GCC) 4.4.0 20090318 (experimental) [trunk revision 144946]
LAST_UPDATED: Wed Mar 18 23:07:48 UTC 2009 (revision 144946)
Target is sh-unknown-elf
Host is x86_64-unknown-linux-gnu
=== gcc tests ===
Running target sh-sim
FAIL: gcc.dg/memcpy-1.c scan-tree-dump-times optimized "nasty_local" 0
FAIL: gcc.dg/unsigned-long-compare.c (internal compiler error)
FAIL: gcc.dg/unsigned-long-compare.c (test for excess errors)
UNRESOLVED: gcc.dg/unsigned-long-compare.c compilation failed to produce executable
FAIL: gcc.dg/tls/opt-12.c (test for excess errors)
UNRESOLVED: gcc.dg/tls/opt-12.c compilation failed to produce executable
FAIL: gcc.dg/torture/pr37868.c -O0 execution test
FAIL: gcc.dg/torture/pr37868.c -O1 execution test
FAIL: gcc.dg/torture/pr37868.c -O2 execution test
FAIL: gcc.dg/torture/pr37868.c -O3 -fomit-frame-pointer execution test
FAIL: gcc.dg/torture/pr37868.c -O3 -g execution test
FAIL: gcc.dg/torture/pr37868.c -Os execution test
FAIL: gcc.target/sh/20080410-1.c (test for excess errors)
ERROR: gcc.target/sh/20080410-1.c: error executing dg-final: couldn't open "20080410-1.s": no such file or directory
UNRESOLVED: gcc.target/sh/20080410-1.c: error executing dg-final: couldn't open "20080410-1.s": no such file or directory
=== gcc Summary ===
# of expected passes 48674
# of unexpected failures 11
# of expected failures 123
# of unresolved testcases 3
# of unsupported tests 584
/home/mstein/sim/trunk/sh-elf/build/gcc/xgcc version 4.4.0 20090318 (experimental) [trunk revision 144946] (GCC)
Compiler version: 4.4.0 20090318 (experimental) [trunk revision 144946] (GCC) gcc
Platform: sh-unknown-elf
configure flags: --target=sh-elf --prefix=/home/mstein/cross-local/sh-elf --enable-languages=c --disable-nls --disable-build-warnings --with-sysroot=/home/mstein/cross-local/sh-elf --with-build-sysroot=/home/mstein/cross-local/sh-elf --with-ld=/home/mstein/cross-local/sh-elf/usr/bin/ld --with-as=/home/mstein/cross-local/sh-elf/usr/bin/as --disable-libssp --with-mpfr=/opt/cfarm/mpfr-2.3.1
More information about the Gcc-testresults
mailing list