Results for 4.4.0 20090313 (experimental) (GCC) testsuite on i686-pc-cygwin

Timothy C Prince tprince@myrealbox.com
Wed Mar 18 17:22:00 GMT 2009


LAST_UPDATED: Obtained from SVN: trunk revision 144850

Native configuration is i686-pc-cygwin

		=== g++ tests ===


Running target unix
WARNING: program timed out.
WARNING: program timed out.
FAIL: g++.old-deja/g++.brendan/code-gen2.C (test for excess errors)
WARNING: program timed out.
FAIL: g++.old-deja/g++.brendan/cvt2.C (test for excess errors)
WARNING: program timed out.
FAIL: g++.old-deja/g++.brendan/scope2.C (test for excess errors)
FAIL: g++.old-deja/g++.eh/badalloc1.C execution test
XPASS: g++.old-deja/g++.ext/attrib5.C execution test
FAIL: g++.old-deja/g++.other/init5.C execution test

		=== g++ Summary ===

# of expected passes		6793
# of unexpected failures	5
# of unexpected successes	1
# of expected failures		28
# of unsupported tests		17
/cygdrive/e/gnu/gcc-4.4-20090313/xp/gcc/testsuite/g++1/../../g++  version 4.4.0 20090313 (experimental) (GCC) 

		=== gcc tests ===


Running target unix
WARNING: program timed out.
FAIL: gcc.c-torture/execute/ieee/920518-1.c compilation,  -O1 
UNRESOLVED: gcc.c-torture/execute/ieee/920518-1.c execution,  -O1 
WARNING: program timed out.
FAIL: gcc.c-torture/execute/ieee/copysign2.c compilation,  -O3 -g 
UNRESOLVED: gcc.c-torture/execute/ieee/copysign2.c execution,  -O3 -g 
WARNING: program timed out.
FAIL: gcc.c-torture/execute/ieee/fp-cmp-7.c compilation,  -Os 
UNRESOLVED: gcc.c-torture/execute/ieee/fp-cmp-7.c execution,  -Os 
WARNING: program timed out.
FAIL: gcc.c-torture/execute/ieee/rbug.c compilation,  -O3 -g 
UNRESOLVED: gcc.c-torture/execute/ieee/rbug.c execution,  -O3 -g 
FAIL: gcc.dg/debug/debug-1.c scan-assembler xyzzy
FAIL: gcc.dg/debug/debug-1.c scan-assembler xyzzy
FAIL: gcc.dg/debug/debug-2.c scan-assembler xyzzy
FAIL: gcc.dg/debug/debug-2.c scan-assembler xyzzy
FAIL: largefile.c (test for excess errors)
FAIL: gcc.dg/pch/largefile.c -O0 -g assembly comparison
FAIL: largefile.c (test for excess errors)
FAIL: gcc.dg/pch/largefile.c  -O0  assembly comparison
FAIL: largefile.c (test for excess errors)
FAIL: gcc.dg/pch/largefile.c  -O1  assembly comparison
FAIL: largefile.c (test for excess errors)
FAIL: gcc.dg/pch/largefile.c  -O2  assembly comparison
FAIL: largefile.c (test for excess errors)
FAIL: gcc.dg/pch/largefile.c  -O3 -fomit-frame-pointer  assembly comparison
FAIL: largefile.c (test for excess errors)
FAIL: gcc.dg/pch/largefile.c  -O3 -g  assembly comparison
FAIL: largefile.c (test for excess errors)
FAIL: gcc.dg/pch/largefile.c  -Os  assembly comparison
FAIL: gcc.dg/torture/fp-int-convert-float128-timode.c (test for excess errors)
WARNING: gcc.dg/torture/fp-int-convert-float128-timode.c compilation failed to produce executable
FAIL: gcc.dg/torture/fp-int-convert-float128-timode.c (test for excess errors)
WARNING: gcc.dg/torture/fp-int-convert-float128-timode.c compilation failed to produce executable
FAIL: gcc.dg/torture/fp-int-convert-float128-timode.c (test for excess errors)
WARNING: gcc.dg/torture/fp-int-convert-float128-timode.c compilation failed to produce executable
FAIL: gcc.dg/torture/fp-int-convert-float128-timode.c (test for excess errors)
WARNING: gcc.dg/torture/fp-int-convert-float128-timode.c compilation failed to produce executable
FAIL: gcc.dg/torture/fp-int-convert-float128-timode.c (test for excess errors)
WARNING: gcc.dg/torture/fp-int-convert-float128-timode.c compilation failed to produce executable
FAIL: gcc.dg/torture/fp-int-convert-float128-timode.c (test for excess errors)
WARNING: gcc.dg/torture/fp-int-convert-float128-timode.c compilation failed to produce executable
FAIL: gcc.dg/torture/fp-int-convert-float128.c (test for excess errors)
WARNING: gcc.dg/torture/fp-int-convert-float128.c compilation failed to produce executable
FAIL: gcc.dg/torture/fp-int-convert-float128.c (test for excess errors)
WARNING: gcc.dg/torture/fp-int-convert-float128.c compilation failed to produce executable
FAIL: gcc.dg/torture/fp-int-convert-float128.c (test for excess errors)
WARNING: gcc.dg/torture/fp-int-convert-float128.c compilation failed to produce executable
FAIL: gcc.dg/torture/fp-int-convert-float128.c (test for excess errors)
WARNING: gcc.dg/torture/fp-int-convert-float128.c compilation failed to produce executable
FAIL: gcc.dg/torture/fp-int-convert-float128.c (test for excess errors)
WARNING: gcc.dg/torture/fp-int-convert-float128.c compilation failed to produce executable
FAIL: gcc.dg/torture/fp-int-convert-float128.c (test for excess errors)
WARNING: gcc.dg/torture/fp-int-convert-float128.c compilation failed to produce executable
FAIL: gcc.dg/tree-ssa/pr27781.c scan-tree-dump optimized "func \\(\\);"
FAIL: gcc.dg/tree-ssa/pr36881.c scan-assembler-not CSWTCH
FAIL: gcc.dg/tree-ssa/pr36881.c scan-tree-dump switchconv "need runtime relocations"
FAIL: gcc.dg/tree-ssa/ssa-store-ccp-2.c scan-tree-dump-times optimized "conststaticvariable" 1
FAIL: gcc.dg/tree-ssa/ssa-store-ccp-4.c scan-tree-dump-times optimized "conststaticvariable" 1
FAIL: gcc.dg/vect/pr25413.c scan-tree-dump-times vect "vectorized 1 loops" 0
FAIL: gcc.dg/vect/pr25413.c scan-tree-dump-times vect "vector alignment may not be reachable" 1
FAIL: gcc.dg/vect/pr25413.c scan-tree-dump-times vect "not vectorized: unsupported unaligned store" 1
FAIL: gcc.dg/vect/vect-116.c execution test
WARNING: program timed out.
FAIL: gcc.target/i386/math-torture/lround.c (test for excess errors)
WARNING: program timed out.
FAIL: gcc.target/i386/math-torture/rint.c (test for excess errors)
WARNING: program timed out.
FAIL: gcc.target/i386/math-torture/rint.c (test for excess errors)

		=== gcc Summary ===

# of expected passes		19397
# of unexpected failures	46
# of expected failures		113
# of unresolved testcases	4
# of unsupported tests		304
/cygdrive/e/gnu/gcc-4.4-20090313/xp/gcc/xgcc  version 4.4.0 20090313 (experimental) (GCC) 

Running target unix
		=== objc tests ===


Running target unix

		=== objc Summary ===

# of expected passes		1934
# of expected failures		7
# of unsupported tests		24
/cygdrive/e/gnu/gcc-4.4-20090313/xp/gcc/xgcc  version 4.4.0 20090313 (experimental) (GCC) 

		=== libstdc++ tests ===


Running target unix
FAIL: 20_util/shared_ptr/thread/default_weaktoshared.cc execution test
FAIL: 20_util/shared_ptr/thread/default_weaktoshared.cc execution test
FAIL: 20_util/shared_ptr/thread/mutex_weaktoshared.cc execution test
FAIL: 20_util/shared_ptr/thread/mutex_weaktoshared.cc execution test
FAIL: 22_locale/ctype/scan/wchar_t/1.cc execution test
FAIL: 22_locale/ctype/scan/wchar_t/1.cc execution test
FAIL: 22_locale/ctype/scan/wchar_t/1.cc execution test
FAIL: 22_locale/locale/cons/unicode.cc (test for excess errors)
WARNING: 22_locale/locale/cons/unicode.cc compilation failed to produce executable
FAIL: 22_locale/locale/cons/unicode.cc (test for excess errors)
WARNING: 22_locale/locale/cons/unicode.cc compilation failed to produce executable
FAIL: 22_locale/num_get/get/wchar_t/23953.cc (test for excess errors)
FAIL: 23_containers/bitset/operations/13838.cc (test for excess errors)
XPASS: 26_numerics/headers/cmath/c99_classification_macros_c.cc (test for excess errors)
XPASS: 26_numerics/headers/cmath/c99_classification_macros_c.cc (test for excess errors)
FAIL: 27_io/basic_filebuf/seekoff/char/1-io.cc execution test
FAIL: 27_io/basic_filebuf/seekoff/char/1-io.cc execution test
FAIL: 27_io/basic_filebuf/seekoff/char/2-io.cc execution test
FAIL: 27_io/basic_filebuf/seekoff/char/2-io.cc execution test
FAIL: 27_io/basic_filebuf/seekpos/char/1-io.cc execution test
FAIL: 27_io/basic_filebuf/seekpos/char/1-io.cc execution test
FAIL: 27_io/basic_filebuf/seekpos/char/2-io.cc execution test
FAIL: 27_io/basic_filebuf/seekpos/char/2-io.cc execution test
FAIL: 27_io/basic_filebuf/sgetn/char/1-in.cc execution test
FAIL: 27_io/basic_filebuf/sgetn/char/1-in.cc execution test
FAIL: 27_io/basic_filebuf/sgetn/char/1-in.cc execution test
FAIL: 27_io/basic_filebuf/sgetn/char/1-io.cc execution test
FAIL: 27_io/basic_filebuf/sgetn/char/1-io.cc execution test
FAIL: 27_io/basic_filebuf/sgetn/char/1-io.cc execution test
FAIL: 27_io/basic_filebuf/sgetn/char/2-in.cc execution test
FAIL: 27_io/basic_filebuf/sgetn/char/2-in.cc execution test
FAIL: 27_io/basic_filebuf/sgetn/char/2-in.cc execution test
FAIL: 27_io/basic_filebuf/sgetn/char/2-io.cc execution test
FAIL: 27_io/basic_filebuf/sgetn/char/2-io.cc execution test
FAIL: 27_io/basic_filebuf/sgetn/char/2-io.cc execution test
FAIL: 27_io/basic_filebuf/sputbackc/char/9425.cc (test for excess errors)
FAIL: 27_io/basic_filebuf/underflow/10096.cc (test for excess errors)
FAIL: 27_io/basic_filebuf/underflow/wchar_t/11544-1.cc (test for excess errors)
FAIL: 27_io/basic_filebuf/underflow/wchar_t/11603.cc execution test
FAIL: 27_io/basic_filebuf/underflow/wchar_t/11603.cc execution test
FAIL: 27_io/basic_filebuf/underflow/wchar_t/11603.cc execution test
FAIL: 27_io/basic_istream/readsome/char/6746-2.cc execution test
FAIL: 27_io/basic_istream/readsome/char/6746-2.cc execution test
FAIL: 27_io/basic_istream/readsome/char/6746-2.cc execution test
FAIL: 27_io/basic_istream/readsome/wchar_t/6746-2.cc execution test
FAIL: 27_io/basic_istream/readsome/wchar_t/6746-2.cc execution test
FAIL: 27_io/basic_istream/readsome/wchar_t/6746-2.cc execution test
FAIL: 27_io/basic_ostream/inserters_arithmetic/wchar_t/4402.cc execution test
FAIL: 27_io/basic_ostream/inserters_arithmetic/wchar_t/4402.cc execution test
FAIL: 27_io/basic_ostream/inserters_arithmetic/wchar_t/4402.cc execution test
FAIL: 27_io/basic_ostream/inserters_other/wchar_t/error_code.cc execution test
FAIL: 27_io/basic_ostream/inserters_other/wchar_t/error_code.cc execution test
FAIL: 27_io/basic_ostream/inserters_other/wchar_t/error_code.cc execution test
FAIL: ext/bitmap_allocator/variadic_construct.cc execution test
FAIL: ext/codecvt/1.cc (test for excess errors)
WARNING: ext/codecvt/1.cc compilation failed to produce executable
FAIL: ext/codecvt/char-1.cc (test for excess errors)
WARNING: ext/codecvt/char-1.cc compilation failed to produce executable
FAIL: ext/codecvt/char-2.cc (test for excess errors)
WARNING: ext/codecvt/char-2.cc compilation failed to produce executable
FAIL: ext/codecvt/wchar_t.cc (test for excess errors)
WARNING: ext/codecvt/wchar_t.cc compilation failed to produce executable
FAIL: ext/enc_filebuf/char/13189.cc (test for excess errors)
WARNING: ext/enc_filebuf/char/13189.cc compilation failed to produce executable
FAIL: ext/enc_filebuf/char/13189.cc (test for excess errors)
WARNING: ext/enc_filebuf/char/13189.cc compilation failed to produce executable
FAIL: ext/enc_filebuf/char/13598.cc (test for excess errors)
WARNING: ext/enc_filebuf/char/13598.cc compilation failed to produce executable
FAIL: ext/enc_filebuf/char/13598.cc (test for excess errors)
WARNING: ext/enc_filebuf/char/13598.cc compilation failed to produce executable
FAIL: ext/enc_filebuf/wchar_t/13189.cc (test for excess errors)
WARNING: ext/enc_filebuf/wchar_t/13189.cc compilation failed to produce executable
FAIL: ext/enc_filebuf/wchar_t/13189.cc (test for excess errors)
WARNING: ext/enc_filebuf/wchar_t/13189.cc compilation failed to produce executable
FAIL: ext/rope/pthread7-rope.cc execution test
WARNING: program timed out.
WARNING: program timed out.
WARNING: program timed out.
WARNING: program timed out.
WARNING: program timed out.
WARNING: program timed out.
FAIL: tr1/2_general_utilities/shared_ptr/thread/default_weaktoshared.cc execution test
FAIL: tr1/2_general_utilities/shared_ptr/thread/default_weaktoshared.cc execution test
FAIL: tr1/2_general_utilities/shared_ptr/thread/default_weaktoshared.cc execution test
FAIL: tr1/2_general_utilities/shared_ptr/thread/mutex_weaktoshared.cc execution test
FAIL: tr1/2_general_utilities/shared_ptr/thread/mutex_weaktoshared.cc execution test
FAIL: tr1/2_general_utilities/shared_ptr/thread/mutex_weaktoshared.cc execution test

		=== libstdc++ Summary ===

# of expected passes		13077
# of unexpected failures	67
# of unexpected successes	2
# of expected failures		174
# of unsupported tests		1237

		=== libstdc++ Summary ===


Compiler version: 4.4.0 20090313 (experimental) (GCC)
Platform: i686-pc-cygwin
configure flags: --prefix=/usr/local/gcc44 --enable-languages='c c++ fortran objc' --enable-threads=posix --disable-sjlj-exceptions --enable-maintainer-mode --disable-shared --disable-libmudflap

Tim Prince



More information about the Gcc-testresults mailing list