Results for 4.4.0 20090315 (experimental) [trunk revision 144872] (GCC) testsuite on armv5tel-unknown-linux-gnueabi

Laurent GUERBY gcc50 guerby@gcc50.fsffrance.org
Tue Mar 17 02:40:00 GMT 2009


LAST_UPDATED: Sun Mar 15 15:13:22 UTC 2009 (revision 144872)

Native configuration is armv5tel-unknown-linux-gnueabi

		=== libgomp tests ===


Running target unix

		=== libgomp Summary ===

# of expected passes		236
# of unsupported tests		7
		=== libmudflap tests ===


Running target unix

		=== libmudflap Summary ===

# of expected passes		1740
# of unsupported tests		2
		=== gcc tests ===


Running target unix
FAIL: gcc.c-torture/compile/pr11832.c  -O0  (internal compiler error)
FAIL: gcc.c-torture/compile/pr11832.c  -O1  (internal compiler error)
FAIL: gcc.c-torture/compile/pr11832.c  -O2  (internal compiler error)
FAIL: gcc.c-torture/compile/pr11832.c  -O3 -fomit-frame-pointer  (internal compiler error)
FAIL: gcc.c-torture/compile/pr11832.c  -O3 -fomit-frame-pointer -funroll-loops  (internal compiler error)
FAIL: gcc.c-torture/compile/pr11832.c  -O3 -fomit-frame-pointer -funroll-all-loops -finline-functions  (internal compiler error)
FAIL: gcc.c-torture/compile/pr11832.c  -O3 -g  (internal compiler error)
FAIL: gcc.c-torture/compile/pr11832.c  -Os  (internal compiler error)
FAIL: gcc.c-torture/compile/pr33009.c  -O0  (internal compiler error)
FAIL: gcc.c-torture/compile/pr33009.c  -O1  (internal compiler error)
FAIL: gcc.c-torture/compile/pr33009.c  -O2  (internal compiler error)
FAIL: gcc.c-torture/compile/pr33009.c  -O3 -fomit-frame-pointer  (internal compiler error)
FAIL: gcc.c-torture/compile/pr33009.c  -O3 -fomit-frame-pointer -funroll-loops  (internal compiler error)
FAIL: gcc.c-torture/compile/pr33009.c  -O3 -fomit-frame-pointer -funroll-all-loops -finline-functions  (internal compiler error)
FAIL: gcc.c-torture/compile/pr33009.c  -O3 -g  (internal compiler error)
FAIL: gcc.c-torture/compile/pr33009.c  -Os  (internal compiler error)
FAIL: gcc.dg/20021014-1.c (test for excess errors)
UNRESOLVED: gcc.dg/20021014-1.c compilation failed to produce executable
FAIL: gcc.dg/fshort-wchar.c (test for excess errors)
UNRESOLVED: gcc.dg/fshort-wchar.c compilation failed to produce executable
FAIL: gcc.dg/memcpy-1.c scan-tree-dump-times optimized "nasty_local" 0
FAIL: gcc.dg/nest.c (test for excess errors)
UNRESOLVED: gcc.dg/nest.c compilation failed to produce executable
FAIL: gcc.dg/nested-func-4.c (test for excess errors)
UNRESOLVED: gcc.dg/nested-func-4.c compilation failed to produce executable
FAIL: gcc.dg/pr32450.c (test for excess errors)
UNRESOLVED: gcc.dg/pr32450.c compilation failed to produce executable
FAIL: gcc.dg/uninit-13.c unconditional (test for warnings, line 8)
FAIL: gcc.dg/uninit-13.c (test for excess errors)
FAIL: largefile.c -O0 -g -I. (test for excess errors)
FAIL: gcc.dg/pch/largefile.c -O0 -g assembly comparison
FAIL: largefile.c  -O0  -I. (test for excess errors)
FAIL: gcc.dg/pch/largefile.c  -O0  assembly comparison
FAIL: largefile.c  -O1  -I. (test for excess errors)
FAIL: gcc.dg/pch/largefile.c  -O1  assembly comparison
FAIL: largefile.c  -O2  -I. (test for excess errors)
FAIL: gcc.dg/pch/largefile.c  -O2  assembly comparison
FAIL: largefile.c  -O3 -fomit-frame-pointer  -I. (test for excess errors)
FAIL: gcc.dg/pch/largefile.c  -O3 -fomit-frame-pointer  assembly comparison
FAIL: largefile.c  -O3 -g  -I. (test for excess errors)
FAIL: gcc.dg/pch/largefile.c  -O3 -g  assembly comparison
FAIL: largefile.c  -Os  -I. (test for excess errors)
FAIL: gcc.dg/pch/largefile.c  -Os  assembly comparison
FAIL: gcc.dg/tree-prof/bb-reorg.c compilation,  -fprofile-use -D_PROFILE_USE
UNRESOLVED: gcc.dg/tree-prof/bb-reorg.c execution,    -fprofile-use -D_PROFILE_USE
FAIL: gcc.dg/tree-prof/pr34999.c compilation,  -fprofile-use -D_PROFILE_USE
UNRESOLVED: gcc.dg/tree-prof/pr34999.c execution,    -fprofile-use -D_PROFILE_USE
FAIL: gcc.target/arm/neon/polytypes.c (test for excess errors)
FAIL: gcc.target/arm/neon/vget_lowf32.c scan-assembler vmov[ \\t]+[dD][0-9]+, [dD][0-9]+!?([ \\t]+@[a-zA-Z0-9 ]+)?\\n
FAIL: gcc.target/arm/neon/vget_lowp16.c scan-assembler vmov[ \\t]+[dD][0-9]+, [dD][0-9]+!?([ \\t]+@[a-zA-Z0-9 ]+)?\\n
FAIL: gcc.target/arm/neon/vget_lowp8.c scan-assembler vmov[ \\t]+[dD][0-9]+, [dD][0-9]+!?([ \\t]+@[a-zA-Z0-9 ]+)?\\n
FAIL: gcc.target/arm/neon/vget_lows16.c scan-assembler vmov[ \\t]+[dD][0-9]+, [dD][0-9]+!?([ \\t]+@[a-zA-Z0-9 ]+)?\\n
FAIL: gcc.target/arm/neon/vget_lows32.c scan-assembler vmov[ \\t]+[dD][0-9]+, [dD][0-9]+!?([ \\t]+@[a-zA-Z0-9 ]+)?\\n
FAIL: gcc.target/arm/neon/vget_lows64.c scan-assembler vmov[ \\t]+[dD][0-9]+, [dD][0-9]+!?([ \\t]+@[a-zA-Z0-9 ]+)?\\n
FAIL: gcc.target/arm/neon/vget_lows8.c scan-assembler vmov[ \\t]+[dD][0-9]+, [dD][0-9]+!?([ \\t]+@[a-zA-Z0-9 ]+)?\\n
FAIL: gcc.target/arm/neon/vget_lowu16.c scan-assembler vmov[ \\t]+[dD][0-9]+, [dD][0-9]+!?([ \\t]+@[a-zA-Z0-9 ]+)?\\n
FAIL: gcc.target/arm/neon/vget_lowu32.c scan-assembler vmov[ \\t]+[dD][0-9]+, [dD][0-9]+!?([ \\t]+@[a-zA-Z0-9 ]+)?\\n
FAIL: gcc.target/arm/neon/vget_lowu64.c scan-assembler vmov[ \\t]+[dD][0-9]+, [dD][0-9]+!?([ \\t]+@[a-zA-Z0-9 ]+)?\\n
FAIL: gcc.target/arm/neon/vget_lowu8.c scan-assembler vmov[ \\t]+[dD][0-9]+, [dD][0-9]+!?([ \\t]+@[a-zA-Z0-9 ]+)?\\n

		=== gcc Summary ===

# of expected passes		53777
# of unexpected failures	52
# of expected failures		239
# of unresolved testcases	7
# of unsupported tests		566
/home/guerby/build/gcc/xgcc  version 4.4.0 20090315 (experimental) [trunk revision 144872] (GCC) 


Compiler version: 4.4.0 20090315 (experimental) [trunk revision 144872] (GCC) 
Platform: armv5tel-unknown-linux-gnueabi
configure flags: --prefix=/n/50/guerby/install-trunk --enable-languages=c --enable-__cxa_atexit --disable-nls --enable-threads=posix --with-mpfr=/opt/cfarm/mpfr-2.3.2 --disable-multilib --enable-stage1-checking=release



More information about the Gcc-testresults mailing list