Results for 4.4.0 20090218 (experimental) [lto revision 144868] (lto merged with rev 144262) testsuite on ia64-suse-linux-gnu
Andreas Schwab
schwab@linux-m68k.org
Sun Mar 15 10:41:00 GMT 2009
LAST_UPDATED: Sun Mar 15 09:00:25 UTC 2009 (revision 144868)
=== acats tests ===
=== acats Summary ===
# of expected passes 2315
# of unexpected failures 0
Native configuration is ia64-suse-linux-gnu
=== g++ tests ===
Running target unix
FAIL: g++.dg/debug/template1.C -gdwarf-21 -flto (internal compiler error)
FAIL: g++.dg/debug/template1.C -gdwarf-21 -flto (test for excess errors)
FAIL: g++.dg/debug/template1.C -gdwarf-2 -flto (internal compiler error)
FAIL: g++.dg/debug/template1.C -gdwarf-2 -flto (test for excess errors)
FAIL: g++.dg/debug/template1.C -gdwarf-23 -flto (internal compiler error)
FAIL: g++.dg/debug/template1.C -gdwarf-23 -flto (test for excess errors)
FAIL: g++.dg/debug/using1.C -gdwarf-21 -flto (internal compiler error)
FAIL: g++.dg/debug/using1.C -gdwarf-21 -flto (test for excess errors)
FAIL: g++.dg/debug/using1.C -gdwarf-2 -flto (internal compiler error)
FAIL: g++.dg/debug/using1.C -gdwarf-2 -flto (test for excess errors)
FAIL: g++.dg/debug/using1.C -gdwarf-23 -flto (internal compiler error)
FAIL: g++.dg/debug/using1.C -gdwarf-23 -flto (test for excess errors)
FAIL: g++.dg/abi/mangle11.C (test for warnings, line 4)
FAIL: g++.dg/abi/mangle11.C (test for excess errors)
FAIL: g++.dg/abi/mangle12.C (test for warnings, line 4)
FAIL: g++.dg/abi/mangle12.C (test for excess errors)
FAIL: g++.dg/abi/mangle17.C (test for warnings, line 7)
FAIL: g++.dg/abi/mangle17.C (test for warnings, line 10)
FAIL: g++.dg/abi/mangle17.C (test for excess errors)
FAIL: g++.dg/abi/mangle20-2.C (test for warnings, line 10)
FAIL: g++.dg/abi/mangle20-2.C (test for excess errors)
FAIL: g++.dg/inherit/thunk1.C (test for excess errors)
WARNING: g++.dg/inherit/thunk1.C compilation failed to produce executable
FAIL: g++.dg/lto/20080904 cp_lto_20080904_0.o compile, -O0 -fwhopr (internal compiler error)
UNRESOLVED: g++.dg/lto/20080904 cp_lto_20080904_0.o-cp_lto_20080904_0.o link -O0 -fwhopr
UNRESOLVED: g++.dg/lto/20080904 cp_lto_20080904_0.o-cp_lto_20080904_0.o execute -O0 -fwhopr
FAIL: g++.dg/lto/20080904 cp_lto_20080904_0.o compile, -O2 -fwhopr (internal compiler error)
UNRESOLVED: g++.dg/lto/20080904 cp_lto_20080904_0.o-cp_lto_20080904_0.o link -O2 -fwhopr
UNRESOLVED: g++.dg/lto/20080904 cp_lto_20080904_0.o-cp_lto_20080904_0.o execute -O2 -fwhopr
FAIL: g++.dg/lto/20080904 cp_lto_20080904_0.o compile, -O0 -flto (internal compiler error)
UNRESOLVED: g++.dg/lto/20080904 cp_lto_20080904_0.o-cp_lto_20080904_0.o link -O0 -flto
UNRESOLVED: g++.dg/lto/20080904 cp_lto_20080904_0.o-cp_lto_20080904_0.o execute -O0 -flto
FAIL: g++.dg/lto/20080904 cp_lto_20080904_0.o compile, -O2 -flto (internal compiler error)
UNRESOLVED: g++.dg/lto/20080904 cp_lto_20080904_0.o-cp_lto_20080904_0.o link -O2 -flto
UNRESOLVED: g++.dg/lto/20080904 cp_lto_20080904_0.o-cp_lto_20080904_0.o execute -O2 -flto
FAIL: g++.dg/lto/20080904 cp_lto_20080904_0.o compile, -O0 -flto-single (internal compiler error)
UNRESOLVED: g++.dg/lto/20080904 cp_lto_20080904_0.o-cp_lto_20080904_0.o link -O0 -flto-single
UNRESOLVED: g++.dg/lto/20080904 cp_lto_20080904_0.o-cp_lto_20080904_0.o execute -O0 -flto-single
FAIL: g++.dg/lto/20080904 cp_lto_20080904_0.o compile, -O2 -flto-single (internal compiler error)
UNRESOLVED: g++.dg/lto/20080904 cp_lto_20080904_0.o-cp_lto_20080904_0.o link -O2 -flto-single
UNRESOLVED: g++.dg/lto/20080904 cp_lto_20080904_0.o-cp_lto_20080904_0.o execute -O2 -flto-single
FAIL: g++.dg/lto/20080908-3 cp_lto_20080908-3_0.o-cp_lto_20080908-3_0.o link
UNRESOLVED: g++.dg/lto/20080908-3 cp_lto_20080908-3_0.o-cp_lto_20080908-3_0.o execute -O0 -fwhopr
FAIL: g++.dg/lto/20080912 cp_lto_20080912_0.o compile, -O0 -fwhopr (internal compiler error)
FAIL: g++.dg/lto/20080912 cp_lto_20080912_0.o compile, -O2 -fwhopr (internal compiler error)
FAIL: g++.dg/lto/20080912 cp_lto_20080912_0.o compile, -O0 -flto (internal compiler error)
FAIL: g++.dg/lto/20080912 cp_lto_20080912_0.o compile, -O2 -flto (internal compiler error)
FAIL: g++.dg/lto/20080912 cp_lto_20080912_0.o compile, -O0 -flto-single (internal compiler error)
FAIL: g++.dg/lto/20080912 cp_lto_20080912_0.o compile, -O2 -flto-single (internal compiler error)
FAIL: g++.dg/lto/20081109 cp_lto_20081109_0.o-cp_lto_20081109_1.o link
UNRESOLVED: g++.dg/lto/20081109 cp_lto_20081109_0.o-cp_lto_20081109_1.o execute -O0 -fwhopr
FAIL: g++.dg/lto/20081118-1 cp_lto_20081118-1_0.o compile, -O0 -fwhopr (internal compiler error)
UNRESOLVED: g++.dg/lto/20081118-1 cp_lto_20081118-1_0.o-cp_lto_20081118-1_1.o link -O0 -fwhopr
UNRESOLVED: g++.dg/lto/20081118-1 cp_lto_20081118-1_0.o-cp_lto_20081118-1_1.o execute -O0 -fwhopr
FAIL: g++.dg/lto/20081118-1 cp_lto_20081118-1_0.o compile, -O2 -fwhopr (internal compiler error)
UNRESOLVED: g++.dg/lto/20081118-1 cp_lto_20081118-1_0.o-cp_lto_20081118-1_1.o link -O2 -fwhopr
UNRESOLVED: g++.dg/lto/20081118-1 cp_lto_20081118-1_0.o-cp_lto_20081118-1_1.o execute -O2 -fwhopr
FAIL: g++.dg/lto/20081118-1 cp_lto_20081118-1_0.o compile, -O0 -flto (internal compiler error)
UNRESOLVED: g++.dg/lto/20081118-1 cp_lto_20081118-1_0.o-cp_lto_20081118-1_1.o link -O0 -flto
UNRESOLVED: g++.dg/lto/20081118-1 cp_lto_20081118-1_0.o-cp_lto_20081118-1_1.o execute -O0 -flto
FAIL: g++.dg/lto/20081118-1 cp_lto_20081118-1_0.o compile, -O2 -flto (internal compiler error)
UNRESOLVED: g++.dg/lto/20081118-1 cp_lto_20081118-1_0.o-cp_lto_20081118-1_1.o link -O2 -flto
UNRESOLVED: g++.dg/lto/20081118-1 cp_lto_20081118-1_0.o-cp_lto_20081118-1_1.o execute -O2 -flto
FAIL: g++.dg/lto/20081118-1 cp_lto_20081118-1_0.o compile, -O0 -flto-single (internal compiler error)
UNRESOLVED: g++.dg/lto/20081118-1 cp_lto_20081118-1_0.o-cp_lto_20081118-1_1.o link -O0 -flto-single
UNRESOLVED: g++.dg/lto/20081118-1 cp_lto_20081118-1_0.o-cp_lto_20081118-1_1.o execute -O0 -flto-single
FAIL: g++.dg/lto/20081118-1 cp_lto_20081118-1_0.o compile, -O2 -flto-single (internal compiler error)
UNRESOLVED: g++.dg/lto/20081118-1 cp_lto_20081118-1_0.o-cp_lto_20081118-1_1.o link -O2 -flto-single
UNRESOLVED: g++.dg/lto/20081118-1 cp_lto_20081118-1_0.o-cp_lto_20081118-1_1.o execute -O2 -flto-single
FAIL: g++.dg/lto/20081118 cp_lto_20081118_0.o compile, -fPIC -fwhopr -shared (internal compiler error)
UNRESOLVED: g++.dg/lto/20081118 cp_lto_20081118_0.o-cp_lto_20081118_1.o link -fPIC -fwhopr -shared
UNRESOLVED: g++.dg/lto/20081118 cp_lto_20081118_0.o-cp_lto_20081118_1.o execute -fPIC -fwhopr -shared
FAIL: g++.dg/lto/20081125 cp_lto_20081125_0.o compile, -fwhopr (internal compiler error)
FAIL: g++.dg/lto/20081125 cp_lto_20081125_1.o compile, -fwhopr (internal compiler error)
UNRESOLVED: g++.dg/lto/20081125 cp_lto_20081125_0.o-cp_lto_20081125_1.o link -fwhopr
UNRESOLVED: g++.dg/lto/20081125 cp_lto_20081125_0.o-cp_lto_20081125_1.o execute -fwhopr
FAIL: g++.dg/lto/20081204-1 cp_lto_20081204-1_0.o compile, -fwhopr -fPIC -shared (internal compiler error)
FAIL: g++.dg/lto/20081204-1 cp_lto_20081204-1_1.o compile, -fwhopr -fPIC -shared (internal compiler error)
UNRESOLVED: g++.dg/lto/20081204-1 cp_lto_20081204-1_0.o-cp_lto_20081204-1_1.o link -fwhopr -fPIC -shared
UNRESOLVED: g++.dg/lto/20081204-1 cp_lto_20081204-1_0.o-cp_lto_20081204-1_1.o execute -fwhopr -fPIC -shared
FAIL: g++.dg/lto/20081204-2 cp_lto_20081204-2_1.o compile, -fwhopr -O3 (internal compiler error)
UNRESOLVED: g++.dg/lto/20081204-2 cp_lto_20081204-2_0.o-cp_lto_20081204-2_1.o link -fwhopr -O3
UNRESOLVED: g++.dg/lto/20081204-2 cp_lto_20081204-2_0.o-cp_lto_20081204-2_1.o execute -fwhopr -O3
FAIL: g++.dg/lto/20081209 cp_lto_20081209_1.o compile, -O0 -fwhopr (internal compiler error)
UNRESOLVED: g++.dg/lto/20081209 cp_lto_20081209_0.o-cp_lto_20081209_1.o link -O0 -fwhopr
UNRESOLVED: g++.dg/lto/20081209 cp_lto_20081209_0.o-cp_lto_20081209_1.o execute -O0 -fwhopr
FAIL: g++.dg/lto/20081209 cp_lto_20081209_1.o compile, -O2 -fwhopr (internal compiler error)
UNRESOLVED: g++.dg/lto/20081209 cp_lto_20081209_0.o-cp_lto_20081209_1.o link -O2 -fwhopr
UNRESOLVED: g++.dg/lto/20081209 cp_lto_20081209_0.o-cp_lto_20081209_1.o execute -O2 -fwhopr
FAIL: g++.dg/lto/20081209 cp_lto_20081209_1.o compile, -O0 -flto (internal compiler error)
UNRESOLVED: g++.dg/lto/20081209 cp_lto_20081209_0.o-cp_lto_20081209_1.o link -O0 -flto
UNRESOLVED: g++.dg/lto/20081209 cp_lto_20081209_0.o-cp_lto_20081209_1.o execute -O0 -flto
FAIL: g++.dg/lto/20081209 cp_lto_20081209_1.o compile, -O2 -flto (internal compiler error)
UNRESOLVED: g++.dg/lto/20081209 cp_lto_20081209_0.o-cp_lto_20081209_1.o link -O2 -flto
UNRESOLVED: g++.dg/lto/20081209 cp_lto_20081209_0.o-cp_lto_20081209_1.o execute -O2 -flto
FAIL: g++.dg/lto/20081209 cp_lto_20081209_1.o compile, -O0 -flto-single (internal compiler error)
UNRESOLVED: g++.dg/lto/20081209 cp_lto_20081209_0.o-cp_lto_20081209_1.o link -O0 -flto-single
UNRESOLVED: g++.dg/lto/20081209 cp_lto_20081209_0.o-cp_lto_20081209_1.o execute -O0 -flto-single
FAIL: g++.dg/lto/20081209 cp_lto_20081209_1.o compile, -O2 -flto-single (internal compiler error)
UNRESOLVED: g++.dg/lto/20081209 cp_lto_20081209_0.o-cp_lto_20081209_1.o link -O2 -flto-single
UNRESOLVED: g++.dg/lto/20081209 cp_lto_20081209_0.o-cp_lto_20081209_1.o execute -O2 -flto-single
FAIL: g++.dg/lto/20081211-1 cp_lto_20081211-1_1.o compile, -O0 -fwhopr (internal compiler error)
UNRESOLVED: g++.dg/lto/20081211-1 cp_lto_20081211-1_0.o-cp_lto_20081211-1_1.o link -O0 -fwhopr
UNRESOLVED: g++.dg/lto/20081211-1 cp_lto_20081211-1_0.o-cp_lto_20081211-1_1.o execute -O0 -fwhopr
FAIL: g++.dg/lto/20081211-1 cp_lto_20081211-1_1.o compile, -O2 -fwhopr (internal compiler error)
UNRESOLVED: g++.dg/lto/20081211-1 cp_lto_20081211-1_0.o-cp_lto_20081211-1_1.o link -O2 -fwhopr
UNRESOLVED: g++.dg/lto/20081211-1 cp_lto_20081211-1_0.o-cp_lto_20081211-1_1.o execute -O2 -fwhopr
FAIL: g++.dg/lto/20081211-1 cp_lto_20081211-1_1.o compile, -O0 -flto (internal compiler error)
UNRESOLVED: g++.dg/lto/20081211-1 cp_lto_20081211-1_0.o-cp_lto_20081211-1_1.o link -O0 -flto
UNRESOLVED: g++.dg/lto/20081211-1 cp_lto_20081211-1_0.o-cp_lto_20081211-1_1.o execute -O0 -flto
FAIL: g++.dg/lto/20081211-1 cp_lto_20081211-1_1.o compile, -O2 -flto (internal compiler error)
UNRESOLVED: g++.dg/lto/20081211-1 cp_lto_20081211-1_0.o-cp_lto_20081211-1_1.o link -O2 -flto
UNRESOLVED: g++.dg/lto/20081211-1 cp_lto_20081211-1_0.o-cp_lto_20081211-1_1.o execute -O2 -flto
FAIL: g++.dg/lto/20081211-1 cp_lto_20081211-1_1.o compile, -O0 -flto-single (internal compiler error)
UNRESOLVED: g++.dg/lto/20081211-1 cp_lto_20081211-1_0.o-cp_lto_20081211-1_1.o link -O0 -flto-single
UNRESOLVED: g++.dg/lto/20081211-1 cp_lto_20081211-1_0.o-cp_lto_20081211-1_1.o execute -O0 -flto-single
FAIL: g++.dg/lto/20081211-1 cp_lto_20081211-1_1.o compile, -O2 -flto-single (internal compiler error)
UNRESOLVED: g++.dg/lto/20081211-1 cp_lto_20081211-1_0.o-cp_lto_20081211-1_1.o link -O2 -flto-single
UNRESOLVED: g++.dg/lto/20081211-1 cp_lto_20081211-1_0.o-cp_lto_20081211-1_1.o execute -O2 -flto-single
FAIL: g++.dg/lto/20081217-1 cp_lto_20081217-1_0.o compile, -O0 -fwhopr (internal compiler error)
UNRESOLVED: g++.dg/lto/20081217-1 cp_lto_20081217-1_0.o-cp_lto_20081217-1_0.o link -O0 -fwhopr
UNRESOLVED: g++.dg/lto/20081217-1 cp_lto_20081217-1_0.o-cp_lto_20081217-1_0.o execute -O0 -fwhopr
FAIL: g++.dg/lto/20081217-1 cp_lto_20081217-1_0.o compile, -O2 -fwhopr (internal compiler error)
UNRESOLVED: g++.dg/lto/20081217-1 cp_lto_20081217-1_0.o-cp_lto_20081217-1_0.o link -O2 -fwhopr
UNRESOLVED: g++.dg/lto/20081217-1 cp_lto_20081217-1_0.o-cp_lto_20081217-1_0.o execute -O2 -fwhopr
FAIL: g++.dg/lto/20081217-1 cp_lto_20081217-1_0.o compile, -O0 -flto (internal compiler error)
UNRESOLVED: g++.dg/lto/20081217-1 cp_lto_20081217-1_0.o-cp_lto_20081217-1_0.o link -O0 -flto
UNRESOLVED: g++.dg/lto/20081217-1 cp_lto_20081217-1_0.o-cp_lto_20081217-1_0.o execute -O0 -flto
FAIL: g++.dg/lto/20081217-1 cp_lto_20081217-1_0.o compile, -O2 -flto (internal compiler error)
UNRESOLVED: g++.dg/lto/20081217-1 cp_lto_20081217-1_0.o-cp_lto_20081217-1_0.o link -O2 -flto
UNRESOLVED: g++.dg/lto/20081217-1 cp_lto_20081217-1_0.o-cp_lto_20081217-1_0.o execute -O2 -flto
FAIL: g++.dg/lto/20081217-1 cp_lto_20081217-1_0.o compile, -O0 -flto-single (internal compiler error)
UNRESOLVED: g++.dg/lto/20081217-1 cp_lto_20081217-1_0.o-cp_lto_20081217-1_0.o link -O0 -flto-single
UNRESOLVED: g++.dg/lto/20081217-1 cp_lto_20081217-1_0.o-cp_lto_20081217-1_0.o execute -O0 -flto-single
FAIL: g++.dg/lto/20081217-1 cp_lto_20081217-1_0.o compile, -O2 -flto-single (internal compiler error)
UNRESOLVED: g++.dg/lto/20081217-1 cp_lto_20081217-1_0.o-cp_lto_20081217-1_0.o link -O2 -flto-single
UNRESOLVED: g++.dg/lto/20081217-1 cp_lto_20081217-1_0.o-cp_lto_20081217-1_0.o execute -O2 -flto-single
FAIL: g++.dg/lto/20081217-2 cp_lto_20081217-2_0.o compile, -O0 -fwhopr (internal compiler error)
UNRESOLVED: g++.dg/lto/20081217-2 cp_lto_20081217-2_0.o-cp_lto_20081217-2_0.o link -O0 -fwhopr
UNRESOLVED: g++.dg/lto/20081217-2 cp_lto_20081217-2_0.o-cp_lto_20081217-2_0.o execute -O0 -fwhopr
FAIL: g++.dg/lto/20081217-2 cp_lto_20081217-2_0.o compile, -O2 -fwhopr (internal compiler error)
UNRESOLVED: g++.dg/lto/20081217-2 cp_lto_20081217-2_0.o-cp_lto_20081217-2_0.o link -O2 -fwhopr
UNRESOLVED: g++.dg/lto/20081217-2 cp_lto_20081217-2_0.o-cp_lto_20081217-2_0.o execute -O2 -fwhopr
FAIL: g++.dg/lto/20081217-2 cp_lto_20081217-2_0.o compile, -O0 -flto (internal compiler error)
UNRESOLVED: g++.dg/lto/20081217-2 cp_lto_20081217-2_0.o-cp_lto_20081217-2_0.o link -O0 -flto
UNRESOLVED: g++.dg/lto/20081217-2 cp_lto_20081217-2_0.o-cp_lto_20081217-2_0.o execute -O0 -flto
FAIL: g++.dg/lto/20081217-2 cp_lto_20081217-2_0.o compile, -O2 -flto (internal compiler error)
UNRESOLVED: g++.dg/lto/20081217-2 cp_lto_20081217-2_0.o-cp_lto_20081217-2_0.o link -O2 -flto
UNRESOLVED: g++.dg/lto/20081217-2 cp_lto_20081217-2_0.o-cp_lto_20081217-2_0.o execute -O2 -flto
FAIL: g++.dg/lto/20081217-2 cp_lto_20081217-2_0.o compile, -O0 -flto-single (internal compiler error)
UNRESOLVED: g++.dg/lto/20081217-2 cp_lto_20081217-2_0.o-cp_lto_20081217-2_0.o link -O0 -flto-single
UNRESOLVED: g++.dg/lto/20081217-2 cp_lto_20081217-2_0.o-cp_lto_20081217-2_0.o execute -O0 -flto-single
FAIL: g++.dg/lto/20081217-2 cp_lto_20081217-2_0.o compile, -O2 -flto-single (internal compiler error)
UNRESOLVED: g++.dg/lto/20081217-2 cp_lto_20081217-2_0.o-cp_lto_20081217-2_0.o link -O2 -flto-single
UNRESOLVED: g++.dg/lto/20081217-2 cp_lto_20081217-2_0.o-cp_lto_20081217-2_0.o execute -O2 -flto-single
FAIL: g++.dg/lto/20081219 cp_lto_20081219_0.o compile, -fPIC -fwhopr -O2 (internal compiler error)
UNRESOLVED: g++.dg/lto/20081219 cp_lto_20081219_0.o-cp_lto_20081219_1.o link -fPIC -fwhopr -O2
UNRESOLVED: g++.dg/lto/20081219 cp_lto_20081219_0.o-cp_lto_20081219_1.o execute -fPIC -fwhopr -O2
FAIL: g++.dg/lto/20090106 cp_lto_20090106_0.o compile, -O0 -fwhopr (internal compiler error)
UNRESOLVED: g++.dg/lto/20090106 cp_lto_20090106_0.o-cp_lto_20090106_0.o link -O0 -fwhopr
UNRESOLVED: g++.dg/lto/20090106 cp_lto_20090106_0.o-cp_lto_20090106_0.o execute -O0 -fwhopr
FAIL: g++.dg/lto/20090106 cp_lto_20090106_0.o compile, -O0 -flto (internal compiler error)
UNRESOLVED: g++.dg/lto/20090106 cp_lto_20090106_0.o-cp_lto_20090106_0.o link -O0 -flto
UNRESOLVED: g++.dg/lto/20090106 cp_lto_20090106_0.o-cp_lto_20090106_0.o execute -O0 -flto
FAIL: g++.dg/lto/20090106 cp_lto_20090106_0.o compile, -O0 -flto-single (internal compiler error)
UNRESOLVED: g++.dg/lto/20090106 cp_lto_20090106_0.o-cp_lto_20090106_0.o link -O0 -flto-single
UNRESOLVED: g++.dg/lto/20090106 cp_lto_20090106_0.o-cp_lto_20090106_0.o execute -O0 -flto-single
FAIL: g++.dg/lto/20090311 cp_lto_20090311_0.o compile, -O0 -fwhopr (internal compiler error)
FAIL: g++.dg/lto/20090311 cp_lto_20090311_1.o compile, -O0 -fwhopr (internal compiler error)
UNRESOLVED: g++.dg/lto/20090311 cp_lto_20090311_0.o-cp_lto_20090311_1.o link -O0 -fwhopr
UNRESOLVED: g++.dg/lto/20090311 cp_lto_20090311_0.o-cp_lto_20090311_1.o execute -O0 -fwhopr
FAIL: g++.dg/lto/20090311 cp_lto_20090311_0.o compile, -O2 -fwhopr (internal compiler error)
FAIL: g++.dg/lto/20090311 cp_lto_20090311_1.o compile, -O2 -fwhopr (internal compiler error)
UNRESOLVED: g++.dg/lto/20090311 cp_lto_20090311_0.o-cp_lto_20090311_1.o link -O2 -fwhopr
UNRESOLVED: g++.dg/lto/20090311 cp_lto_20090311_0.o-cp_lto_20090311_1.o execute -O2 -fwhopr
FAIL: g++.dg/lto/20090311 cp_lto_20090311_0.o compile, -O0 -flto (internal compiler error)
FAIL: g++.dg/lto/20090311 cp_lto_20090311_1.o compile, -O0 -flto (internal compiler error)
UNRESOLVED: g++.dg/lto/20090311 cp_lto_20090311_0.o-cp_lto_20090311_1.o link -O0 -flto
UNRESOLVED: g++.dg/lto/20090311 cp_lto_20090311_0.o-cp_lto_20090311_1.o execute -O0 -flto
FAIL: g++.dg/lto/20090311 cp_lto_20090311_0.o compile, -O2 -flto (internal compiler error)
FAIL: g++.dg/lto/20090311 cp_lto_20090311_1.o compile, -O2 -flto (internal compiler error)
UNRESOLVED: g++.dg/lto/20090311 cp_lto_20090311_0.o-cp_lto_20090311_1.o link -O2 -flto
UNRESOLVED: g++.dg/lto/20090311 cp_lto_20090311_0.o-cp_lto_20090311_1.o execute -O2 -flto
FAIL: g++.dg/lto/20090311 cp_lto_20090311_0.o compile, -O0 -flto-single (internal compiler error)
FAIL: g++.dg/lto/20090311 cp_lto_20090311_1.o compile, -O0 -flto-single (internal compiler error)
UNRESOLVED: g++.dg/lto/20090311 cp_lto_20090311_0.o-cp_lto_20090311_1.o link -O0 -flto-single
UNRESOLVED: g++.dg/lto/20090311 cp_lto_20090311_0.o-cp_lto_20090311_1.o execute -O0 -flto-single
FAIL: g++.dg/lto/20090311 cp_lto_20090311_0.o compile, -O2 -flto-single (internal compiler error)
FAIL: g++.dg/lto/20090311 cp_lto_20090311_1.o compile, -O2 -flto-single (internal compiler error)
UNRESOLVED: g++.dg/lto/20090311 cp_lto_20090311_0.o-cp_lto_20090311_1.o link -O2 -flto-single
UNRESOLVED: g++.dg/lto/20090311 cp_lto_20090311_0.o-cp_lto_20090311_1.o execute -O2 -flto-single
FAIL: g++.dg/pch/array-1.C -O2 -flto assembly comparison
FAIL: g++.dg/pch/empty.C -O2 -flto assembly comparison
FAIL: g++.dg/pch/local-1.C -O2 -flto assembly comparison
FAIL: g++.dg/pch/pch.C -O2 -flto assembly comparison
FAIL: g++.dg/pch/static-1.C -O2 -flto assembly comparison
FAIL: g++.dg/pch/system-1.C -O2 -flto assembly comparison
FAIL: g++.dg/pch/system-2.C -O2 -flto assembly comparison
FAIL: g++.dg/pch/template-1.C -O2 -flto assembly comparison
FAIL: g++.dg/pch/uninst.C -O2 -flto assembly comparison
FAIL: g++.dg/torture/pr30252.C -O2 -fwhopr (test for excess errors)
FAIL: g++.dg/torture/pr33572.C -O0 -flto (internal compiler error)
FAIL: g++.dg/torture/pr33572.C -O0 -flto (test for excess errors)
WARNING: g++.dg/torture/pr33572.C -O0 -flto compilation failed to produce executable
FAIL: g++.dg/torture/pr33572.C -O0 -fwhopr (internal compiler error)
FAIL: g++.dg/torture/pr33572.C -O0 -fwhopr (test for excess errors)
WARNING: g++.dg/torture/pr33572.C -O0 -fwhopr compilation failed to produce executable
FAIL: g++.dg/torture/pr33572.C -O1 -flto (internal compiler error)
FAIL: g++.dg/torture/pr33572.C -O1 -flto (test for excess errors)
WARNING: g++.dg/torture/pr33572.C -O1 -flto compilation failed to produce executable
FAIL: g++.dg/torture/pr33572.C -O2 -flto (internal compiler error)
FAIL: g++.dg/torture/pr33572.C -O2 -flto (test for excess errors)
WARNING: g++.dg/torture/pr33572.C -O2 -flto compilation failed to produce executable
FAIL: g++.dg/torture/pr33572.C -O2 -fwhopr (internal compiler error)
FAIL: g++.dg/torture/pr33572.C -O2 -fwhopr (test for excess errors)
WARNING: g++.dg/torture/pr33572.C -O2 -fwhopr compilation failed to produce executable
FAIL: g++.dg/torture/pr33572.C -O3 -flto -fomit-frame-pointer (internal compiler error)
FAIL: g++.dg/torture/pr33572.C -O3 -flto -fomit-frame-pointer (test for excess errors)
WARNING: g++.dg/torture/pr33572.C -O3 -flto -fomit-frame-pointer compilation failed to produce executable
FAIL: g++.dg/torture/pr33572.C -Os -flto (internal compiler error)
FAIL: g++.dg/torture/pr33572.C -Os -flto (test for excess errors)
WARNING: g++.dg/torture/pr33572.C -Os -flto compilation failed to produce executable
FAIL: g++.dg/torture/pr37345.C -O0 -flto (internal compiler error)
FAIL: g++.dg/torture/pr37345.C -O0 -flto (test for excess errors)
FAIL: g++.dg/torture/pr37345.C -O0 -fwhopr (internal compiler error)
FAIL: g++.dg/torture/pr37345.C -O0 -fwhopr (test for excess errors)
FAIL: g++.dg/torture/pr37345.C -O1 -flto (internal compiler error)
FAIL: g++.dg/torture/pr37345.C -O1 -flto (test for excess errors)
FAIL: g++.dg/torture/pr37345.C -O2 -flto (internal compiler error)
FAIL: g++.dg/torture/pr37345.C -O2 -flto (test for excess errors)
FAIL: g++.dg/torture/pr37345.C -O2 -fwhopr (internal compiler error)
FAIL: g++.dg/torture/pr37345.C -O2 -fwhopr (test for excess errors)
FAIL: g++.dg/torture/pr37345.C -O3 -flto -fomit-frame-pointer (internal compiler error)
FAIL: g++.dg/torture/pr37345.C -O3 -flto -fomit-frame-pointer (test for excess errors)
FAIL: g++.dg/torture/pr37345.C -Os -flto (internal compiler error)
FAIL: g++.dg/torture/pr37345.C -Os -flto (test for excess errors)
FAIL: g++.dg/torture/pr37922.C -O0 -fwhopr (test for excess errors)
FAIL: g++.dg/torture/pr38811.C -O0 -flto (internal compiler error)
FAIL: g++.dg/torture/pr38811.C -O0 -flto (test for excess errors)
FAIL: g++.dg/torture/pr38811.C -O0 -fwhopr (internal compiler error)
FAIL: g++.dg/torture/pr38811.C -O0 -fwhopr (test for excess errors)
FAIL: g++.dg/torture/pr38811.C -O1 -flto (internal compiler error)
FAIL: g++.dg/torture/pr38811.C -O1 -flto (test for excess errors)
FAIL: g++.dg/torture/pr38811.C -O2 -flto (internal compiler error)
FAIL: g++.dg/torture/pr38811.C -O2 -flto (test for excess errors)
FAIL: g++.dg/torture/pr38811.C -O2 -fwhopr (internal compiler error)
FAIL: g++.dg/torture/pr38811.C -O2 -fwhopr (test for excess errors)
FAIL: g++.dg/torture/pr38811.C -O3 -flto -fomit-frame-pointer (internal compiler error)
FAIL: g++.dg/torture/pr38811.C -O3 -flto -fomit-frame-pointer (test for excess errors)
FAIL: g++.dg/torture/pr38811.C -O3 -flto -fomit-frame-pointer -funroll-loops (internal compiler error)
FAIL: g++.dg/torture/pr38811.C -O3 -flto -fomit-frame-pointer -funroll-loops (test for excess errors)
FAIL: g++.dg/torture/pr38811.C -O3 -flto -fomit-frame-pointer -funroll-all-loops -finline-functions (internal compiler error)
FAIL: g++.dg/torture/pr38811.C -O3 -flto -fomit-frame-pointer -funroll-all-loops -finline-functions (test for excess errors)
FAIL: g++.dg/torture/pr38811.C -Os -flto (internal compiler error)
FAIL: g++.dg/torture/pr38811.C -Os -flto (test for excess errors)
FAIL: g++.old-deja/g++.jason/thunk3.C (test for excess errors)
WARNING: g++.old-deja/g++.jason/thunk3.C compilation failed to produce executable
=== g++ Summary ===
# of expected passes 18759
# of unexpected failures 146
# of expected failures 141
# of unresolved testcases 102
# of unsupported tests 151
/usr/local/gcc/gcc-20090315/Build/gcc/testsuite/g++/../../g++ version 4.4.0 20090218 (experimental) [lto revision 144868] (lto merged with rev 144262)
=== gcc tests ===
Running target unix
FAIL: gcc.c-torture/compile/20021204-1.c -O1 -flto (internal compiler error)
FAIL: gcc.c-torture/compile/20021204-1.c -O1 -flto (test for excess errors)
FAIL: gcc.c-torture/compile/20021204-1.c -O2 -flto (internal compiler error)
FAIL: gcc.c-torture/compile/20021204-1.c -O2 -flto (test for excess errors)
FAIL: gcc.c-torture/compile/20021204-1.c -O2 -fwhopr (internal compiler error)
FAIL: gcc.c-torture/compile/20021204-1.c -O2 -fwhopr (test for excess errors)
FAIL: gcc.c-torture/compile/20021204-1.c -O3 -flto -fomit-frame-pointer (internal compiler error)
FAIL: gcc.c-torture/compile/20021204-1.c -O3 -flto -fomit-frame-pointer (test for excess errors)
FAIL: gcc.c-torture/compile/20021204-1.c -Os -flto (internal compiler error)
FAIL: gcc.c-torture/compile/20021204-1.c -Os -flto (test for excess errors)
FAIL: gcc.c-torture/compile/920428-4.c -O0 -flto (internal compiler error)
FAIL: gcc.c-torture/compile/920428-4.c -O0 -flto (test for excess errors)
FAIL: gcc.c-torture/compile/920428-4.c -O0 -fwhopr (internal compiler error)
FAIL: gcc.c-torture/compile/920428-4.c -O0 -fwhopr (test for excess errors)
FAIL: gcc.c-torture/compile/limits-exprparen.c -O0 -flto (test for excess errors)
FAIL: gcc.c-torture/compile/limits-exprparen.c -O0 -fwhopr (test for excess errors)
FAIL: gcc.c-torture/compile/limits-exprparen.c -O1 -flto (test for excess errors)
FAIL: gcc.c-torture/compile/limits-exprparen.c -O2 -flto (test for excess errors)
FAIL: gcc.c-torture/compile/limits-exprparen.c -O2 -fwhopr (test for excess errors)
FAIL: gcc.c-torture/compile/limits-exprparen.c -O3 -flto -fomit-frame-pointer (test for excess errors)
FAIL: gcc.c-torture/compile/limits-exprparen.c -O3 -g (test for excess errors)
FAIL: gcc.c-torture/compile/limits-exprparen.c -Os -flto (test for excess errors)
XPASS: gcc.c-torture/compile/pr11832.c -O3 -flto -fomit-frame-pointer (test for excess errors)
XPASS: gcc.c-torture/compile/pr11832.c -O3 -flto -fomit-frame-pointer -funroll-loops (test for excess errors)
XPASS: gcc.c-torture/compile/pr11832.c -O3 -flto -fomit-frame-pointer -funroll-all-loops -finline-functions (test for excess errors)
XPASS: gcc.c-torture/compile/pr11832.c -O3 -g (test for excess errors)
XPASS: gcc.c-torture/compile/pr11832.c -Os -flto (test for excess errors)
XPASS: gcc.c-torture/compile/pr33009.c -O1 -flto (test for excess errors)
XPASS: gcc.c-torture/compile/pr33009.c -O2 -flto (test for excess errors)
XPASS: gcc.c-torture/compile/pr33009.c -O2 -fwhopr (test for excess errors)
XPASS: gcc.c-torture/compile/pr33009.c -O3 -flto -fomit-frame-pointer (test for excess errors)
XPASS: gcc.c-torture/compile/pr33009.c -O3 -flto -fomit-frame-pointer -funroll-loops (test for excess errors)
XPASS: gcc.c-torture/compile/pr33009.c -O3 -flto -fomit-frame-pointer -funroll-all-loops -finline-functions (test for excess errors)
XPASS: gcc.c-torture/compile/pr33009.c -O3 -g (test for excess errors)
XPASS: gcc.c-torture/compile/pr33009.c -Os -flto (test for excess errors)
FAIL: gcc.c-torture/execute/builtins/abs-2.c compilation, -O2 -fwhopr
UNRESOLVED: gcc.c-torture/execute/builtins/abs-2.c execution, -O2 -fwhopr
FAIL: gcc.c-torture/execute/builtins/abs-3.c compilation, -O0 -fwhopr
UNRESOLVED: gcc.c-torture/execute/builtins/abs-3.c execution, -O0 -fwhopr
FAIL: gcc.c-torture/execute/builtins/complex-1.c compilation, -O0 -fwhopr
UNRESOLVED: gcc.c-torture/execute/builtins/complex-1.c execution, -O0 -fwhopr
FAIL: gcc.c-torture/execute/builtins/fputs.c compilation, -O0 -fwhopr
UNRESOLVED: gcc.c-torture/execute/builtins/fputs.c execution, -O0 -fwhopr
FAIL: gcc.c-torture/execute/builtins/memcmp.c compilation, -O0 -fwhopr
UNRESOLVED: gcc.c-torture/execute/builtins/memcmp.c execution, -O0 -fwhopr
FAIL: gcc.c-torture/execute/builtins/memcpy-chk.c execution, -O3 -flto -fomit-frame-pointer
FAIL: gcc.c-torture/execute/builtins/memcpy-chk.c execution, -O3 -flto -fomit-frame-pointer -funroll-loops
FAIL: gcc.c-torture/execute/builtins/memcpy-chk.c execution, -O3 -flto -fomit-frame-pointer -funroll-all-loops -finline-functions
FAIL: gcc.c-torture/execute/builtins/memmove-2.c compilation, -O0 -fwhopr
UNRESOLVED: gcc.c-torture/execute/builtins/memmove-2.c execution, -O0 -fwhopr
FAIL: gcc.c-torture/execute/builtins/memmove-chk.c execution, -O3 -flto -fomit-frame-pointer
FAIL: gcc.c-torture/execute/builtins/memmove-chk.c execution, -O3 -flto -fomit-frame-pointer -funroll-loops
FAIL: gcc.c-torture/execute/builtins/memmove-chk.c execution, -O3 -flto -fomit-frame-pointer -funroll-all-loops -finline-functions
FAIL: gcc.c-torture/execute/builtins/memmove.c compilation, -O0 -fwhopr
UNRESOLVED: gcc.c-torture/execute/builtins/memmove.c execution, -O0 -fwhopr
FAIL: gcc.c-torture/execute/builtins/memops-asm.c execution, -O0 -flto
FAIL: gcc.c-torture/execute/builtins/memops-asm.c execution, -O0 -fwhopr
FAIL: gcc.c-torture/execute/builtins/memops-asm.c execution, -O1 -flto
FAIL: gcc.c-torture/execute/builtins/memops-asm.c execution, -O2 -flto
FAIL: gcc.c-torture/execute/builtins/memops-asm.c execution, -O2 -fwhopr
FAIL: gcc.c-torture/execute/builtins/memops-asm.c execution, -O3 -flto -fomit-frame-pointer
FAIL: gcc.c-torture/execute/builtins/memops-asm.c execution, -Os -flto
FAIL: gcc.c-torture/execute/builtins/mempcpy-2.c compilation, -O0 -fwhopr
UNRESOLVED: gcc.c-torture/execute/builtins/mempcpy-2.c execution, -O0 -fwhopr
FAIL: gcc.c-torture/execute/builtins/mempcpy-2.c compilation, -O2 -fwhopr
UNRESOLVED: gcc.c-torture/execute/builtins/mempcpy-2.c execution, -O2 -fwhopr
FAIL: gcc.c-torture/execute/builtins/mempcpy-chk.c execution, -O3 -flto -fomit-frame-pointer
FAIL: gcc.c-torture/execute/builtins/mempcpy-chk.c execution, -O3 -flto -fomit-frame-pointer -funroll-loops
FAIL: gcc.c-torture/execute/builtins/mempcpy-chk.c execution, -O3 -flto -fomit-frame-pointer -funroll-all-loops -finline-functions
FAIL: gcc.c-torture/execute/builtins/mempcpy.c compilation, -O2 -fwhopr
UNRESOLVED: gcc.c-torture/execute/builtins/mempcpy.c execution, -O2 -fwhopr
FAIL: gcc.c-torture/execute/builtins/mempcpy.c execution, -O3 -flto -fomit-frame-pointer
FAIL: gcc.c-torture/execute/builtins/memset-chk.c execution, -O3 -flto -fomit-frame-pointer
FAIL: gcc.c-torture/execute/builtins/memset-chk.c execution, -O3 -flto -fomit-frame-pointer -funroll-loops
FAIL: gcc.c-torture/execute/builtins/memset-chk.c execution, -O3 -flto -fomit-frame-pointer -funroll-all-loops -finline-functions
FAIL: gcc.c-torture/execute/builtins/memset.c compilation, -O0 -fwhopr
UNRESOLVED: gcc.c-torture/execute/builtins/memset.c execution, -O0 -fwhopr
FAIL: gcc.c-torture/execute/builtins/pr22237.c compilation, -O0 -fwhopr
UNRESOLVED: gcc.c-torture/execute/builtins/pr22237.c execution, -O0 -fwhopr
FAIL: gcc.c-torture/execute/builtins/pr23484-chk.c execution, -O3 -flto -fomit-frame-pointer
FAIL: gcc.c-torture/execute/builtins/snprintf-chk.c execution, -O3 -flto -fomit-frame-pointer
FAIL: gcc.c-torture/execute/builtins/snprintf-chk.c execution, -O3 -flto -fomit-frame-pointer -funroll-loops
FAIL: gcc.c-torture/execute/builtins/snprintf-chk.c execution, -O3 -flto -fomit-frame-pointer -funroll-all-loops -finline-functions
FAIL: gcc.c-torture/execute/builtins/sprintf.c compilation, -O0 -fwhopr
UNRESOLVED: gcc.c-torture/execute/builtins/sprintf.c execution, -O0 -fwhopr
FAIL: gcc.c-torture/execute/builtins/stpcpy-chk.c execution, -O3 -flto -fomit-frame-pointer
FAIL: gcc.c-torture/execute/builtins/stpcpy-chk.c execution, -O3 -flto -fomit-frame-pointer -funroll-loops
FAIL: gcc.c-torture/execute/builtins/stpcpy-chk.c execution, -O3 -flto -fomit-frame-pointer -funroll-all-loops -finline-functions
FAIL: gcc.c-torture/execute/builtins/strcat-chk.c execution, -O3 -flto -fomit-frame-pointer
FAIL: gcc.c-torture/execute/builtins/strcat-chk.c execution, -O3 -flto -fomit-frame-pointer -funroll-loops
FAIL: gcc.c-torture/execute/builtins/strcat-chk.c execution, -O3 -flto -fomit-frame-pointer -funroll-all-loops -finline-functions
FAIL: gcc.c-torture/execute/builtins/strcpy-2.c execution, -O3 -flto -fomit-frame-pointer
FAIL: gcc.c-torture/execute/builtins/strcpy-2.c execution, -O3 -flto -fomit-frame-pointer -funroll-loops
FAIL: gcc.c-torture/execute/builtins/strcpy-2.c execution, -O3 -flto -fomit-frame-pointer -funroll-all-loops -finline-functions
FAIL: gcc.c-torture/execute/builtins/strcpy-chk.c execution, -O3 -flto -fomit-frame-pointer
FAIL: gcc.c-torture/execute/builtins/strcpy-chk.c execution, -O3 -flto -fomit-frame-pointer -funroll-loops
FAIL: gcc.c-torture/execute/builtins/strcpy-chk.c execution, -O3 -flto -fomit-frame-pointer -funroll-all-loops -finline-functions
FAIL: gcc.c-torture/execute/builtins/strlen-2.c execution, -O3 -flto -fomit-frame-pointer
FAIL: gcc.c-torture/execute/builtins/strlen-3.c execution, -O3 -flto -fomit-frame-pointer
FAIL: gcc.c-torture/execute/builtins/strlen-3.c execution, -O3 -flto -fomit-frame-pointer -funroll-loops
FAIL: gcc.c-torture/execute/builtins/strlen-3.c execution, -O3 -flto -fomit-frame-pointer -funroll-all-loops -finline-functions
FAIL: gcc.c-torture/execute/builtins/strncat-chk.c compilation, -O0 -fwhopr
UNRESOLVED: gcc.c-torture/execute/builtins/strncat-chk.c execution, -O0 -fwhopr
FAIL: gcc.c-torture/execute/builtins/strncat-chk.c compilation, -O2 -fwhopr
UNRESOLVED: gcc.c-torture/execute/builtins/strncat-chk.c execution, -O2 -fwhopr
FAIL: gcc.c-torture/execute/builtins/strncat-chk.c execution, -O3 -flto -fomit-frame-pointer
FAIL: gcc.c-torture/execute/builtins/strncat-chk.c execution, -O3 -flto -fomit-frame-pointer -funroll-loops
FAIL: gcc.c-torture/execute/builtins/strncat-chk.c execution, -O3 -flto -fomit-frame-pointer -funroll-all-loops -finline-functions
FAIL: gcc.c-torture/execute/builtins/strncat.c compilation, -O0 -fwhopr
UNRESOLVED: gcc.c-torture/execute/builtins/strncat.c execution, -O0 -fwhopr
FAIL: gcc.c-torture/execute/builtins/strncmp-2.c compilation, -O0 -fwhopr
UNRESOLVED: gcc.c-torture/execute/builtins/strncmp-2.c execution, -O0 -fwhopr
FAIL: gcc.c-torture/execute/builtins/strncmp.c compilation, -O2 -fwhopr
UNRESOLVED: gcc.c-torture/execute/builtins/strncmp.c execution, -O2 -fwhopr
FAIL: gcc.c-torture/execute/builtins/strncpy-chk.c compilation, -O2 -fwhopr
UNRESOLVED: gcc.c-torture/execute/builtins/strncpy-chk.c execution, -O2 -fwhopr
FAIL: gcc.c-torture/execute/builtins/strncpy-chk.c execution, -O3 -flto -fomit-frame-pointer
FAIL: gcc.c-torture/execute/builtins/strncpy-chk.c execution, -O3 -flto -fomit-frame-pointer -funroll-loops
FAIL: gcc.c-torture/execute/builtins/strncpy-chk.c execution, -O3 -flto -fomit-frame-pointer -funroll-all-loops -finline-functions
FAIL: gcc.c-torture/execute/builtins/strpbrk.c compilation, -O0 -fwhopr
UNRESOLVED: gcc.c-torture/execute/builtins/strpbrk.c execution, -O0 -fwhopr
FAIL: gcc.c-torture/execute/builtins/strstr.c compilation, -O0 -fwhopr
UNRESOLVED: gcc.c-torture/execute/builtins/strstr.c execution, -O0 -fwhopr
FAIL: gcc.c-torture/execute/builtins/vsnprintf-chk.c execution, -O3 -flto -fomit-frame-pointer
FAIL: gcc.c-torture/execute/builtins/vsnprintf-chk.c execution, -O3 -flto -fomit-frame-pointer -funroll-loops
FAIL: gcc.c-torture/execute/builtins/vsnprintf-chk.c execution, -O3 -flto -fomit-frame-pointer -funroll-all-loops -finline-functions
FAIL: gcc.c-torture/execute/builtins/vsprintf-chk.c execution, -O3 -flto -fomit-frame-pointer
FAIL: gcc.c-torture/execute/builtins/vsprintf-chk.c execution, -O3 -flto -fomit-frame-pointer -funroll-loops
FAIL: gcc.c-torture/execute/builtins/vsprintf-chk.c execution, -O3 -flto -fomit-frame-pointer -funroll-all-loops -finline-functions
FAIL: gcc.c-torture/execute/20000112-1.c compilation, -O0 -fwhopr
UNRESOLVED: gcc.c-torture/execute/20000112-1.c execution, -O0 -fwhopr
FAIL: gcc.c-torture/execute/20000113-1.c compilation, -O0 -fwhopr
UNRESOLVED: gcc.c-torture/execute/20000113-1.c execution, -O0 -fwhopr
FAIL: gcc.c-torture/execute/20000121-1.c compilation, -O2 -fwhopr
UNRESOLVED: gcc.c-torture/execute/20000121-1.c execution, -O2 -fwhopr
FAIL: gcc.c-torture/execute/20000225-1.c compilation, -O2 -fwhopr
UNRESOLVED: gcc.c-torture/execute/20000225-1.c execution, -O2 -fwhopr
FAIL: gcc.c-torture/execute/20000227-1.c compilation, -O0 -fwhopr
UNRESOLVED: gcc.c-torture/execute/20000227-1.c execution, -O0 -fwhopr
FAIL: gcc.c-torture/execute/20000313-1.c compilation, -O0 -fwhopr
UNRESOLVED: gcc.c-torture/execute/20000313-1.c execution, -O0 -fwhopr
FAIL: gcc.c-torture/execute/20000314-2.c compilation, -O0 -fwhopr
UNRESOLVED: gcc.c-torture/execute/20000314-2.c execution, -O0 -fwhopr
FAIL: gcc.c-torture/execute/20000314-3.c compilation, -O0 -fwhopr
UNRESOLVED: gcc.c-torture/execute/20000314-3.c execution, -O0 -fwhopr
FAIL: gcc.c-torture/execute/20000412-1.c compilation, -O0 -fwhopr
UNRESOLVED: gcc.c-torture/execute/20000412-1.c execution, -O0 -fwhopr
FAIL: gcc.c-torture/execute/20000412-2.c compilation, -O0 -fwhopr
UNRESOLVED: gcc.c-torture/execute/20000412-2.c execution, -O0 -fwhopr
FAIL: gcc.c-torture/execute/20000412-4.c compilation, -O0 -fwhopr
UNRESOLVED: gcc.c-torture/execute/20000412-4.c execution, -O0 -fwhopr
FAIL: gcc.c-torture/execute/20000419-1.c compilation, -O0 -fwhopr
UNRESOLVED: gcc.c-torture/execute/20000419-1.c execution, -O0 -fwhopr
FAIL: gcc.c-torture/execute/20000422-1.c compilation, -O0 -fwhopr
UNRESOLVED: gcc.c-torture/execute/20000422-1.c execution, -O0 -fwhopr
FAIL: gcc.c-torture/execute/20000503-1.c compilation, -O0 -fwhopr
UNRESOLVED: gcc.c-torture/execute/20000503-1.c execution, -O0 -fwhopr
FAIL: gcc.c-torture/execute/20000603-1.c compilation, -O2 -fwhopr
UNRESOLVED: gcc.c-torture/execute/20000603-1.c execution, -O2 -fwhopr
FAIL: gcc.c-torture/execute/20000605-1.c compilation, -O2 -fwhopr
UNRESOLVED: gcc.c-torture/execute/20000605-1.c execution, -O2 -fwhopr
FAIL: gcc.c-torture/execute/20000706-2.c compilation, -O2 -fwhopr
UNRESOLVED: gcc.c-torture/execute/20000706-2.c execution, -O2 -fwhopr
FAIL: gcc.c-torture/execute/20000706-4.c compilation, -O0 -fwhopr
UNRESOLVED: gcc.c-torture/execute/20000706-4.c execution, -O0 -fwhopr
FAIL: gcc.c-torture/execute/20000706-5.c compilation, -O2 -fwhopr
UNRESOLVED: gcc.c-torture/execute/20000706-5.c execution, -O2 -fwhopr
FAIL: gcc.c-torture/execute/20000715-2.c compilation, -O0 -fwhopr
UNRESOLVED: gcc.c-torture/execute/20000715-2.c execution, -O0 -fwhopr
FAIL: gcc.c-torture/execute/20000801-1.c compilation, -O0 -fwhopr
UNRESOLVED: gcc.c-torture/execute/20000801-1.c execution, -O0 -fwhopr
FAIL: gcc.c-torture/execute/20000801-3.c compilation, -O0 -fwhopr
UNRESOLVED: gcc.c-torture/execute/20000801-3.c execution, -O0 -fwhopr
FAIL: gcc.c-torture/execute/20000808-1.c compilation, -O2 -fwhopr
UNRESOLVED: gcc.c-torture/execute/20000808-1.c execution, -O2 -fwhopr
FAIL: gcc.c-torture/execute/20000822-1.c compilation, -O0 -flto (internal compiler error)
UNRESOLVED: gcc.c-torture/execute/20000822-1.c execution, -O0 -flto
FAIL: gcc.c-torture/execute/20000822-1.c compilation, -O0 -fwhopr (internal compiler error)
UNRESOLVED: gcc.c-torture/execute/20000822-1.c execution, -O0 -fwhopr
FAIL: gcc.c-torture/execute/20000822-1.c compilation, -O1 -flto (internal compiler error)
UNRESOLVED: gcc.c-torture/execute/20000822-1.c execution, -O1 -flto
FAIL: gcc.c-torture/execute/20000822-1.c compilation, -O2 -flto (internal compiler error)
UNRESOLVED: gcc.c-torture/execute/20000822-1.c execution, -O2 -flto
FAIL: gcc.c-torture/execute/20000822-1.c compilation, -O2 -fwhopr (internal compiler error)
UNRESOLVED: gcc.c-torture/execute/20000822-1.c execution, -O2 -fwhopr
FAIL: gcc.c-torture/execute/20000822-1.c compilation, -O3 -flto -fomit-frame-pointer (internal compiler error)
UNRESOLVED: gcc.c-torture/execute/20000822-1.c execution, -O3 -flto -fomit-frame-pointer
FAIL: gcc.c-torture/execute/20000822-1.c compilation, -Os -flto (internal compiler error)
UNRESOLVED: gcc.c-torture/execute/20000822-1.c execution, -Os -flto
FAIL: gcc.c-torture/execute/20000910-1.c compilation, -O0 -fwhopr
UNRESOLVED: gcc.c-torture/execute/20000910-1.c execution, -O0 -fwhopr
FAIL: gcc.c-torture/execute/20000910-2.c compilation, -O0 -fwhopr
UNRESOLVED: gcc.c-torture/execute/20000910-2.c execution, -O0 -fwhopr
FAIL: gcc.c-torture/execute/20000914-1.c compilation, -O0 -fwhopr
UNRESOLVED: gcc.c-torture/execute/20000914-1.c execution, -O0 -fwhopr
FAIL: gcc.c-torture/execute/20000917-1.c compilation, -O2 -fwhopr
UNRESOLVED: gcc.c-torture/execute/20000917-1.c execution, -O2 -fwhopr
FAIL: gcc.c-torture/execute/20001024-1.c compilation, -O0 -fwhopr
UNRESOLVED: gcc.c-torture/execute/20001024-1.c execution, -O0 -fwhopr
FAIL: gcc.c-torture/execute/20001101.c compilation, -O2 -fwhopr
UNRESOLVED: gcc.c-torture/execute/20001101.c execution, -O2 -fwhopr
FAIL: gcc.c-torture/execute/20001111-1.c compilation, -O0 -fwhopr
UNRESOLVED: gcc.c-torture/execute/20001111-1.c execution, -O0 -fwhopr
FAIL: gcc.c-torture/execute/20001121-1.c compilation, -O2 -fwhopr
UNRESOLVED: gcc.c-torture/execute/20001121-1.c execution, -O2 -fwhopr
FAIL: gcc.c-torture/execute/20001203-1.c compilation, -O2 -fwhopr
UNRESOLVED: gcc.c-torture/execute/20001203-1.c execution, -O2 -fwhopr
FAIL: gcc.c-torture/execute/20001221-1.c compilation, -O0 -fwhopr
UNRESOLVED: gcc.c-torture/execute/20001221-1.c execution, -O0 -fwhopr
FAIL: gcc.c-torture/execute/20010106-1.c compilation, -O0 -fwhopr
UNRESOLVED: gcc.c-torture/execute/20010106-1.c execution, -O0 -fwhopr
FAIL: gcc.c-torture/execute/20010116-1.c compilation, -O0 -fwhopr
UNRESOLVED: gcc.c-torture/execute/20010116-1.c execution, -O0 -fwhopr
FAIL: gcc.c-torture/execute/20010119-1.c compilation, -O2 -fwhopr
UNRESOLVED: gcc.c-torture/execute/20010119-1.c execution, -O2 -fwhopr
FAIL: gcc.c-torture/execute/20010123-1.c compilation, -O2 -fwhopr
UNRESOLVED: gcc.c-torture/execute/20010123-1.c execution, -O2 -fwhopr
FAIL: gcc.c-torture/execute/20010129-1.c compilation, -O2 -fwhopr
UNRESOLVED: gcc.c-torture/execute/20010129-1.c execution, -O2 -fwhopr
FAIL: gcc.c-torture/execute/20010206-1.c compilation, -O0 -fwhopr
UNRESOLVED: gcc.c-torture/execute/20010206-1.c execution, -O0 -fwhopr
FAIL: gcc.c-torture/execute/20010329-1.c compilation, -O0 -fwhopr
UNRESOLVED: gcc.c-torture/execute/20010329-1.c execution, -O0 -fwhopr
FAIL: gcc.c-torture/execute/20010518-2.c compilation, -O0 -fwhopr
UNRESOLVED: gcc.c-torture/execute/20010518-2.c execution, -O0 -fwhopr
FAIL: gcc.c-torture/execute/20010910-1.c compilation, -O0 -fwhopr
UNRESOLVED: gcc.c-torture/execute/20010910-1.c execution, -O0 -fwhopr
FAIL: gcc.c-torture/execute/20010915-1.c compilation, -O0 -fwhopr
UNRESOLVED: gcc.c-torture/execute/20010915-1.c execution, -O0 -fwhopr
FAIL: gcc.c-torture/execute/20011008-3.c compilation, -O0 -fwhopr
UNRESOLVED: gcc.c-torture/execute/20011008-3.c execution, -O0 -fwhopr
FAIL: gcc.c-torture/execute/20011019-1.c compilation, -O0 -fwhopr
UNRESOLVED: gcc.c-torture/execute/20011019-1.c execution, -O0 -fwhopr
FAIL: gcc.c-torture/execute/20011024-1.c compilation, -O2 -fwhopr
UNRESOLVED: gcc.c-torture/execute/20011024-1.c execution, -O2 -fwhopr
FAIL: gcc.c-torture/execute/20011114-1.c compilation, -O0 -fwhopr
UNRESOLVED: gcc.c-torture/execute/20011114-1.c execution, -O0 -fwhopr
FAIL: gcc.c-torture/execute/20011126-1.c compilation, -O0 -fwhopr
UNRESOLVED: gcc.c-torture/execute/20011126-1.c execution, -O0 -fwhopr
FAIL: gcc.c-torture/execute/20011219-1.c compilation, -O2 -fwhopr
UNRESOLVED: gcc.c-torture/execute/20011219-1.c execution, -O2 -fwhopr
FAIL: gcc.c-torture/execute/20020103-1.c compilation, -O0 -fwhopr
UNRESOLVED: gcc.c-torture/execute/20020103-1.c execution, -O0 -fwhopr
FAIL: gcc.c-torture/execute/20020107-1.c compilation, -O2 -fwhopr
UNRESOLVED: gcc.c-torture/execute/20020107-1.c execution, -O2 -fwhopr
FAIL: gcc.c-torture/execute/20020108-1.c compilation, -O0 -fwhopr
UNRESOLVED: gcc.c-torture/execute/20020108-1.c execution, -O0 -fwhopr
FAIL: gcc.c-torture/execute/20020127-1.c compilation, -O2 -fwhopr
UNRESOLVED: gcc.c-torture/execute/20020127-1.c execution, -O2 -fwhopr
FAIL: gcc.c-torture/execute/20020129-1.c compilation, -O2 -fwhopr
UNRESOLVED: gcc.c-torture/execute/20020129-1.c execution, -O2 -fwhopr
FAIL: gcc.c-torture/execute/20020213-1.c compilation, -O0 -fwhopr
UNRESOLVED: gcc.c-torture/execute/20020213-1.c execution, -O0 -fwhopr
FAIL: gcc.c-torture/execute/20020328-1.c compilation, -O0 -fwhopr
UNRESOLVED: gcc.c-torture/execute/20020328-1.c execution, -O0 -fwhopr
FAIL: gcc.c-torture/execute/20020404-1.c compilation, -O0 -fwhopr
UNRESOLVED: gcc.c-torture/execute/20020404-1.c execution, -O0 -fwhopr
FAIL: gcc.c-torture/execute/20020412-1.c execution, -O0 -flto
FAIL: gcc.c-torture/execute/20020412-1.c execution, -O0 -fwhopr
FAIL: gcc.c-torture/execute/20020412-1.c execution, -O1 -flto
FAIL: gcc.c-torture/execute/20020412-1.c execution, -O2 -flto
FAIL: gcc.c-torture/execute/20020412-1.c compilation, -O2 -fwhopr
UNRESOLVED: gcc.c-torture/execute/20020412-1.c execution, -O2 -fwhopr
FAIL: gcc.c-torture/execute/20020412-1.c execution, -O3 -flto -fomit-frame-pointer
FAIL: gcc.c-torture/execute/20020412-1.c execution, -O3 -flto -fomit-frame-pointer -funroll-loops
FAIL: gcc.c-torture/execute/20020412-1.c execution, -O3 -flto -fomit-frame-pointer -funroll-all-loops -finline-functions
FAIL: gcc.c-torture/execute/20020412-1.c execution, -Os -flto
FAIL: gcc.c-torture/execute/20020413-1.c compilation, -O2 -fwhopr
UNRESOLVED: gcc.c-torture/execute/20020413-1.c execution, -O2 -fwhopr
FAIL: gcc.c-torture/execute/20020503-1.c compilation, -O2 -fwhopr
UNRESOLVED: gcc.c-torture/execute/20020503-1.c execution, -O2 -fwhopr
FAIL: gcc.c-torture/execute/20020508-1.c compilation, -O2 -fwhopr
UNRESOLVED: gcc.c-torture/execute/20020508-1.c execution, -O2 -fwhopr
FAIL: gcc.c-torture/execute/20020510-1.c compilation, -O2 -fwhopr
UNRESOLVED: gcc.c-torture/execute/20020510-1.c execution, -O2 -fwhopr
FAIL: gcc.c-torture/execute/20020615-1.c compilation, -O2 -fwhopr
UNRESOLVED: gcc.c-torture/execute/20020615-1.c execution, -O2 -fwhopr
FAIL: gcc.c-torture/execute/20020619-1.c execution, -O2 -flto
FAIL: gcc.c-torture/execute/20020619-1.c execution, -O2 -fwhopr
FAIL: gcc.c-torture/execute/20020619-1.c execution, -O3 -flto -fomit-frame-pointer
FAIL: gcc.c-torture/execute/20020619-1.c execution, -Os -flto
FAIL: gcc.c-torture/execute/20020720-1.c compilation, -O2 -fwhopr
UNRESOLVED: gcc.c-torture/execute/20020720-1.c execution, -O2 -fwhopr
FAIL: gcc.c-torture/execute/20020911-1.c compilation, -O0 -fwhopr
UNRESOLVED: gcc.c-torture/execute/20020911-1.c execution, -O0 -fwhopr
FAIL: gcc.c-torture/execute/20020916-1.c compilation, -O2 -fwhopr
UNRESOLVED: gcc.c-torture/execute/20020916-1.c execution, -O2 -fwhopr
FAIL: gcc.c-torture/execute/20021010-1.c compilation, -O0 -fwhopr
UNRESOLVED: gcc.c-torture/execute/20021010-1.c execution, -O0 -fwhopr
FAIL: gcc.c-torture/execute/20021011-1.c compilation, -O0 -fwhopr
UNRESOLVED: gcc.c-torture/execute/20021011-1.c execution, -O0 -fwhopr
FAIL: gcc.c-torture/execute/20021015-1.c compilation, -O0 -fwhopr
UNRESOLVED: gcc.c-torture/execute/20021015-1.c execution, -O0 -fwhopr
FAIL: gcc.c-torture/execute/20021119-1.c compilation, -O0 -fwhopr
UNRESOLVED: gcc.c-torture/execute/20021119-1.c execution, -O0 -fwhopr
FAIL: gcc.c-torture/execute/20021120-2.c compilation, -O2 -fwhopr
UNRESOLVED: gcc.c-torture/execute/20021120-2.c execution, -O2 -fwhopr
FAIL: gcc.c-torture/execute/20021127-1.c compilation, -O0 -fwhopr
UNRESOLVED: gcc.c-torture/execute/20021127-1.c execution, -O0 -fwhopr
FAIL: gcc.c-torture/execute/20030128-1.c compilation, -O2 -fwhopr
UNRESOLVED: gcc.c-torture/execute/20030128-1.c execution, -O2 -fwhopr
FAIL: gcc.c-torture/execute/20030209-1.c compilation, -O2 -fwhopr
UNRESOLVED: gcc.c-torture/execute/20030209-1.c execution, -O2 -fwhopr
FAIL: gcc.c-torture/execute/20030218-1.c compilation, -O2 -fwhopr
UNRESOLVED: gcc.c-torture/execute/20030218-1.c execution, -O2 -fwhopr
FAIL: gcc.c-torture/execute/20030313-1.c compilation, -O2 -fwhopr
UNRESOLVED: gcc.c-torture/execute/20030313-1.c execution, -O2 -fwhopr
FAIL: gcc.c-torture/execute/20030323-1.c compilation, -O0 -fwhopr
UNRESOLVED: gcc.c-torture/execute/20030323-1.c execution, -O0 -fwhopr
FAIL: gcc.c-torture/execute/20030330-1.c compilation, -O2 -fwhopr
UNRESOLVED: gcc.c-torture/execute/20030330-1.c execution, -O2 -fwhopr
FAIL: gcc.c-torture/execute/20030403-1.c compilation, -O2 -fwhopr
UNRESOLVED: gcc.c-torture/execute/20030403-1.c execution, -O2 -fwhopr
FAIL: gcc.c-torture/execute/20030501-1.c compilation, -O0 -flto (internal compiler error)
UNRESOLVED: gcc.c-torture/execute/20030501-1.c execution, -O0 -flto
FAIL: gcc.c-torture/execute/20030501-1.c compilation, -O0 -fwhopr (internal compiler error)
UNRESOLVED: gcc.c-torture/execute/20030501-1.c execution, -O0 -fwhopr
FAIL: gcc.c-torture/execute/20030501-1.c compilation, -O1 -flto (internal compiler error)
UNRESOLVED: gcc.c-torture/execute/20030501-1.c execution, -O1 -flto
FAIL: gcc.c-torture/execute/20030606-1.c compilation, -O0 -fwhopr
UNRESOLVED: gcc.c-torture/execute/20030606-1.c execution, -O0 -fwhopr
FAIL: gcc.c-torture/execute/20030626-1.c compilation, -O0 -fwhopr
UNRESOLVED: gcc.c-torture/execute/20030626-1.c execution, -O0 -fwhopr
FAIL: gcc.c-torture/execute/20030714-1.c compilation, -O0 -fwhopr
UNRESOLVED: gcc.c-torture/execute/20030714-1.c execution, -O0 -fwhopr
FAIL: gcc.c-torture/execute/20030717-1.c compilation, -O0 -fwhopr
UNRESOLVED: gcc.c-torture/execute/20030717-1.c execution, -O0 -fwhopr
FAIL: gcc.c-torture/execute/20030920-1.c compilation, -O0 -fwhopr
UNRESOLVED: gcc.c-torture/execute/20030920-1.c execution, -O0 -fwhopr
FAIL: gcc.c-torture/execute/20031010-1.c compilation, -O2 -fwhopr
UNRESOLVED: gcc.c-torture/execute/20031010-1.c execution, -O2 -fwhopr
FAIL: gcc.c-torture/execute/20031201-1.c compilation, -O2 -fwhopr
UNRESOLVED: gcc.c-torture/execute/20031201-1.c execution, -O2 -fwhopr
FAIL: gcc.c-torture/execute/20031211-2.c compilation, -O2 -fwhopr
UNRESOLVED: gcc.c-torture/execute/20031211-2.c execution, -O2 -fwhopr
FAIL: gcc.c-torture/execute/20031215-1.c compilation, -O2 -fwhopr
UNRESOLVED: gcc.c-torture/execute/20031215-1.c execution, -O2 -fwhopr
FAIL: gcc.c-torture/execute/20040208-1.c compilation, -O2 -fwhopr
UNRESOLVED: gcc.c-torture/execute/20040208-1.c execution, -O2 -fwhopr
FAIL: gcc.c-torture/execute/20040308-1.c compilation, -O0 -flto (internal compiler error)
UNRESOLVED: gcc.c-torture/execute/20040308-1.c execution, -O0 -flto
FAIL: gcc.c-torture/execute/20040308-1.c compilation, -O0 -fwhopr (internal compiler error)
UNRESOLVED: gcc.c-torture/execute/20040308-1.c execution, -O0 -fwhopr
FAIL: gcc.c-torture/execute/20040308-1.c compilation, -O1 -flto (internal compiler error)
UNRESOLVED: gcc.c-torture/execute/20040308-1.c execution, -O1 -flto
FAIL: gcc.c-torture/execute/20040308-1.c compilation, -O2 -flto (internal compiler error)
UNRESOLVED: gcc.c-torture/execute/20040308-1.c execution, -O2 -flto
FAIL: gcc.c-torture/execute/20040308-1.c compilation, -O2 -fwhopr (internal compiler error)
UNRESOLVED: gcc.c-torture/execute/20040308-1.c execution, -O2 -fwhopr
FAIL: gcc.c-torture/execute/20040308-1.c compilation, -O3 -flto -fomit-frame-pointer (internal compiler error)
UNRESOLVED: gcc.c-torture/execute/20040308-1.c execution, -O3 -flto -fomit-frame-pointer
FAIL: gcc.c-torture/execute/20040308-1.c compilation, -Os -flto (internal compiler error)
UNRESOLVED: gcc.c-torture/execute/20040308-1.c execution, -Os -flto
FAIL: gcc.c-torture/execute/20040311-1.c compilation, -O2 -fwhopr
UNRESOLVED: gcc.c-torture/execute/20040311-1.c execution, -O2 -fwhopr
FAIL: gcc.c-torture/execute/20040409-1.c compilation, -O2 -fwhopr
UNRESOLVED: gcc.c-torture/execute/20040409-1.c execution, -O2 -fwhopr
FAIL: gcc.c-torture/execute/20040520-1.c compilation, -O0 -flto (internal compiler error)
UNRESOLVED: gcc.c-torture/execute/20040520-1.c execution, -O0 -flto
FAIL: gcc.c-torture/execute/20040520-1.c compilation, -O0 -fwhopr (internal compiler error)
UNRESOLVED: gcc.c-torture/execute/20040520-1.c execution, -O0 -fwhopr
FAIL: gcc.c-torture/execute/20040520-1.c execution, -O1 -flto
FAIL: gcc.c-torture/execute/20040703-1.c compilation, -O0 -fwhopr
UNRESOLVED: gcc.c-torture/execute/20040703-1.c execution, -O0 -fwhopr
FAIL: gcc.c-torture/execute/20040705-1.c compilation, -O0 -fwhopr
UNRESOLVED: gcc.c-torture/execute/20040705-1.c execution, -O0 -fwhopr
FAIL: gcc.c-torture/execute/20040705-2.c compilation, -O2 -fwhopr
UNRESOLVED: gcc.c-torture/execute/20040705-2.c execution, -O2 -fwhopr
FAIL: gcc.c-torture/execute/20040709-1.c compilation, -O0 -fwhopr
UNRESOLVED: gcc.c-torture/execute/20040709-1.c execution, -O0 -fwhopr
FAIL: gcc.c-torture/execute/20040709-2.c compilation, -O0 -fwhopr
UNRESOLVED: gcc.c-torture/execute/20040709-2.c execution, -O0 -fwhopr
FAIL: gcc.c-torture/execute/20040917-1.c compilation, -O2 -fwhopr
UNRESOLVED: gcc.c-torture/execute/20040917-1.c execution, -O2 -fwhopr
FAIL: gcc.c-torture/execute/20041019-1.c compilation, -O0 -fwhopr
UNRESOLVED: gcc.c-torture/execute/20041019-1.c execution, -O0 -fwhopr
FAIL: gcc.c-torture/execute/20041113-1.c compilation, -O2 -fwhopr
UNRESOLVED: gcc.c-torture/execute/20041113-1.c execution, -O2 -fwhopr
FAIL: gcc.c-torture/execute/20041213-2.c compilation, -O2 -fwhopr
UNRESOLVED: gcc.c-torture/execute/20041213-2.c execution, -O2 -fwhopr
FAIL: gcc.c-torture/execute/20050104-1.c compilation, -O0 -fwhopr
UNRESOLVED: gcc.c-torture/execute/20050104-1.c execution, -O0 -fwhopr
FAIL: gcc.c-torture/execute/20050111-1.c compilation, -O0 -fwhopr
UNRESOLVED: gcc.c-torture/execute/20050111-1.c execution, -O0 -fwhopr
FAIL: gcc.c-torture/execute/20050119-2.c compilation, -O2 -fwhopr
UNRESOLVED: gcc.c-torture/execute/20050119-2.c execution, -O2 -fwhopr
FAIL: gcc.c-torture/execute/20050124-1.c compilation, -O0 -fwhopr
UNRESOLVED: gcc.c-torture/execute/20050124-1.c execution, -O0 -fwhopr
FAIL: gcc.c-torture/execute/20050607-1.c compilation, -O2 -fwhopr
UNRESOLVED: gcc.c-torture/execute/20050607-1.c execution, -O2 -fwhopr
FAIL: gcc.c-torture/execute/20051012-1.c compilation, -O2 -fwhopr
UNRESOLVED: gcc.c-torture/execute/20051012-1.c execution, -O2 -fwhopr
FAIL: gcc.c-torture/execute/20051110-1.c compilation, -O0 -fwhopr
UNRESOLVED: gcc.c-torture/execute/20051110-1.c execution, -O0 -fwhopr
FAIL: gcc.c-torture/execute/20051113-1.c compilation, -O0 -fwhopr
UNRESOLVED: gcc.c-torture/execute/20051113-1.c execution, -O0 -fwhopr
FAIL: gcc.c-torture/execute/20051215-1.c compilation, -O2 -fwhopr
UNRESOLVED: gcc.c-torture/execute/20051215-1.c execution, -O2 -fwhopr
FAIL: gcc.c-torture/execute/20060110-2.c compilation, -O0 -fwhopr
UNRESOLVED: gcc.c-torture/execute/20060110-2.c execution, -O0 -fwhopr
FAIL: gcc.c-torture/execute/20060420-1.c compilation, -O0 -fwhopr
UNRESOLVED: gcc.c-torture/execute/20060420-1.c execution, -O0 -fwhopr
FAIL: gcc.c-torture/execute/20060905-1.c compilation, -O0 -fwhopr
UNRESOLVED: gcc.c-torture/execute/20060905-1.c execution, -O0 -fwhopr
FAIL: gcc.c-torture/execute/20060929-1.c compilation, -O0 -fwhopr
UNRESOLVED: gcc.c-torture/execute/20060929-1.c execution, -O0 -fwhopr
FAIL: gcc.c-torture/execute/20060930-2.c compilation, -O0 -fwhopr
UNRESOLVED: gcc.c-torture/execute/20060930-2.c execution, -O0 -fwhopr
FAIL: gcc.c-torture/execute/20061101-1.c compilation, -O2 -fwhopr
UNRESOLVED: gcc.c-torture/execute/20061101-1.c execution, -O2 -fwhopr
FAIL: gcc.c-torture/execute/20061220-1.c compilation, -O0 -flto (internal compiler error)
UNRESOLVED: gcc.c-torture/execute/20061220-1.c execution, -O0 -flto
FAIL: gcc.c-torture/execute/20061220-1.c compilation, -O0 -fwhopr (internal compiler error)
UNRESOLVED: gcc.c-torture/execute/20061220-1.c execution, -O0 -fwhopr
FAIL: gcc.c-torture/execute/20061220-1.c compilation, -O1 -flto (internal compiler error)
UNRESOLVED: gcc.c-torture/execute/20061220-1.c execution, -O1 -flto
FAIL: gcc.c-torture/execute/20061220-1.c compilation, -O2 -flto (internal compiler error)
UNRESOLVED: gcc.c-torture/execute/20061220-1.c execution, -O2 -flto
FAIL: gcc.c-torture/execute/20061220-1.c compilation, -O2 -fwhopr (internal compiler error)
UNRESOLVED: gcc.c-torture/execute/20061220-1.c execution, -O2 -fwhopr
FAIL: gcc.c-torture/execute/20061220-1.c compilation, -O3 -flto -fomit-frame-pointer (internal compiler error)
UNRESOLVED: gcc.c-torture/execute/20061220-1.c execution, -O3 -flto -fomit-frame-pointer
FAIL: gcc.c-torture/execute/20061220-1.c compilation, -Os -flto (internal compiler error)
UNRESOLVED: gcc.c-torture/execute/20061220-1.c execution, -Os -flto
FAIL: gcc.c-torture/execute/20070201-1.c compilation, -O0 -fwhopr
UNRESOLVED: gcc.c-torture/execute/20070201-1.c execution, -O0 -fwhopr
FAIL: gcc.c-torture/execute/20070517-1.c compilation, -O2 -fwhopr
UNRESOLVED: gcc.c-torture/execute/20070517-1.c execution, -O2 -fwhopr
FAIL: gcc.c-torture/execute/20070623-1.c compilation, -O2 -fwhopr
UNRESOLVED: gcc.c-torture/execute/20070623-1.c execution, -O2 -fwhopr
FAIL: gcc.c-torture/execute/20070919-1.c compilation, -O0 -fwhopr
UNRESOLVED: gcc.c-torture/execute/20070919-1.c execution, -O0 -fwhopr
FAIL: gcc.c-torture/execute/20071018-1.c compilation, -O2 -fwhopr
UNRESOLVED: gcc.c-torture/execute/20071018-1.c execution, -O2 -fwhopr
FAIL: gcc.c-torture/execute/20071108-1.c compilation, -O0 -fwhopr
UNRESOLVED: gcc.c-torture/execute/20071108-1.c execution, -O0 -fwhopr
FAIL: gcc.c-torture/execute/20071202-1.c compilation, -O0 -fwhopr
UNRESOLVED: gcc.c-torture/execute/20071202-1.c execution, -O0 -fwhopr
FAIL: gcc.c-torture/execute/20071210-1.c compilation, -O2 -fwhopr
UNRESOLVED: gcc.c-torture/execute/20071210-1.c execution, -O2 -fwhopr
FAIL: gcc.c-torture/execute/20071216-1.c compilation, -O0 -fwhopr
UNRESOLVED: gcc.c-torture/execute/20071216-1.c execution, -O0 -fwhopr
FAIL: gcc.c-torture/execute/20080117-1.c compilation, -O0 -fwhopr
UNRESOLVED: gcc.c-torture/execute/20080117-1.c execution, -O0 -fwhopr
FAIL: gcc.c-torture/execute/20080222-1.c compilation, -O2 -fwhopr
UNRESOLVED: gcc.c-torture/execute/20080222-1.c execution, -O2 -fwhopr
FAIL: gcc.c-torture/execute/20080502-1.c compilation, -O0 -fwhopr
UNRESOLVED: gcc.c-torture/execute/20080502-1.c execution, -O0 -fwhopr
FAIL: gcc.c-torture/execute/20080529-1.c compilation, -O0 -fwhopr
UNRESOLVED: gcc.c-torture/execute/20080529-1.c execution, -O0 -fwhopr
FAIL: gcc.c-torture/execute/20080719-1.c compilation, -O2 -fwhopr
UNRESOLVED: gcc.c-torture/execute/20080719-1.c execution, -O2 -fwhopr
FAIL: gcc.c-torture/execute/20081112-1.c execution, -O2 -flto
FAIL: gcc.c-torture/execute/20081112-1.c execution, -O2 -fwhopr
FAIL: gcc.c-torture/execute/20081112-1.c execution, -O3 -flto -fomit-frame-pointer
FAIL: gcc.c-torture/execute/20081112-1.c execution, -Os -flto
FAIL: gcc.c-torture/execute/920302-1.c compilation, -O2 -fwhopr
UNRESOLVED: gcc.c-torture/execute/920302-1.c execution, -O2 -fwhopr
FAIL: gcc.c-torture/execute/920411-1.c execution, -O3 -flto -fomit-frame-pointer
FAIL: gcc.c-torture/execute/920411-1.c execution, -O3 -flto -fomit-frame-pointer -funroll-loops
FAIL: gcc.c-torture/execute/920411-1.c execution, -O3 -flto -fomit-frame-pointer -funroll-all-loops -finline-functions
FAIL: gcc.c-torture/execute/920415-1.c compilation, -O0 -flto
UNRESOLVED: gcc.c-torture/execute/920415-1.c execution, -O0 -flto
FAIL: gcc.c-torture/execute/920415-1.c compilation, -O0 -fwhopr
UNRESOLVED: gcc.c-torture/execute/920415-1.c execution, -O0 -fwhopr
FAIL: gcc.c-torture/execute/920415-1.c compilation, -O1 -flto (internal compiler error)
UNRESOLVED: gcc.c-torture/execute/920415-1.c execution, -O1 -flto
FAIL: gcc.c-torture/execute/920428-2.c compilation, -O0 -flto (internal compiler error)
UNRESOLVED: gcc.c-torture/execute/920428-2.c execution, -O0 -flto
FAIL: gcc.c-torture/execute/920428-2.c compilation, -O0 -fwhopr (internal compiler error)
UNRESOLVED: gcc.c-torture/execute/920428-2.c execution, -O0 -fwhopr
FAIL: gcc.c-torture/execute/920428-2.c compilation, -O1 -flto (internal compiler error)
UNRESOLVED: gcc.c-torture/execute/920428-2.c execution, -O1 -flto
FAIL: gcc.c-torture/execute/920428-2.c compilation, -O2 -flto (internal compiler error)
UNRESOLVED: gcc.c-torture/execute/920428-2.c execution, -O2 -flto
FAIL: gcc.c-torture/execute/920428-2.c compilation, -O2 -fwhopr (internal compiler error)
UNRESOLVED: gcc.c-torture/execute/920428-2.c execution, -O2 -fwhopr
FAIL: gcc.c-torture/execute/920428-2.c compilation, -O3 -flto -fomit-frame-pointer (internal compiler error)
UNRESOLVED: gcc.c-torture/execute/920428-2.c execution, -O3 -flto -fomit-frame-pointer
FAIL: gcc.c-torture/execute/920428-2.c compilation, -Os -flto (internal compiler error)
UNRESOLVED: gcc.c-torture/execute/920428-2.c execution, -Os -flto
FAIL: gcc.c-torture/execute/920501-2.c compilation, -O0 -fwhopr
UNRESOLVED: gcc.c-torture/execute/920501-2.c execution, -O0 -fwhopr
FAIL: gcc.c-torture/execute/920501-3.c compilation, -O0 -fwhopr
UNRESOLVED: gcc.c-torture/execute/920501-3.c execution, -O0 -fwhopr
FAIL: gcc.c-torture/execute/920501-4.c compilation, -O0 -fwhopr
UNRESOLVED: gcc.c-torture/execute/920501-4.c execution, -O0 -fwhopr
FAIL: gcc.c-torture/execute/920501-5.c compilation, -O0 -fwhopr
UNRESOLVED: gcc.c-torture/execute/920501-5.c execution, -O0 -fwhopr
FAIL: gcc.c-torture/execute/920501-6.c compilation, -O0 -fwhopr
UNRESOLVED: gcc.c-torture/execute/920501-6.c execution, -O0 -fwhopr
FAIL: gcc.c-torture/execute/920501-7.c compilation, -O0 -flto (internal compiler error)
UNRESOLVED: gcc.c-torture/execute/920501-7.c execution, -O0 -flto
FAIL: gcc.c-torture/execute/920501-7.c compilation, -O0 -fwhopr (internal compiler error)
UNRESOLVED: gcc.c-torture/execute/920501-7.c execution, -O0 -fwhopr
FAIL: gcc.c-torture/execute/920501-7.c compilation, -O1 -flto (internal compiler error)
UNRESOLVED: gcc.c-torture/execute/920501-7.c execution, -O1 -flto
FAIL: gcc.c-torture/execute/920501-7.c compilation, -O2 -flto (internal compiler error)
UNRESOLVED: gcc.c-torture/execute/920501-7.c execution, -O2 -flto
FAIL: gcc.c-torture/execute/920501-7.c compilation, -O2 -fwhopr (internal compiler error)
UNRESOLVED: gcc.c-torture/execute/920501-7.c execution, -O2 -fwhopr
FAIL: gcc.c-torture/execute/920501-7.c compilation, -O3 -flto -fomit-frame-pointer (internal compiler error)
UNRESOLVED: gcc.c-torture/execute/920501-7.c execution, -O3 -flto -fomit-frame-pointer
FAIL: gcc.c-torture/execute/920501-7.c compilation, -Os -flto (internal compiler error)
UNRESOLVED: gcc.c-torture/execute/920501-7.c execution, -Os -flto
FAIL: gcc.c-torture/execute/920501-8.c compilation, -O2 -fwhopr
UNRESOLVED: gcc.c-torture/execute/920501-8.c execution, -O2 -fwhopr
FAIL: gcc.c-torture/execute/920506-1.c compilation, -O0 -fwhopr
UNRESOLVED: gcc.c-torture/execute/920506-1.c execution, -O0 -fwhopr
FAIL: gcc.c-torture/execute/920520-1.c compilation, -O0 -fwhopr
UNRESOLVED: gcc.c-torture/execute/920520-1.c execution, -O0 -fwhopr
FAIL: gcc.c-torture/execute/920603-1.c compilation, -O2 -fwhopr
UNRESOLVED: gcc.c-torture/execute/920603-1.c execution, -O2 -fwhopr
FAIL: gcc.c-torture/execute/920612-1.c compilation, -O0 -fwhopr
UNRESOLVED: gcc.c-torture/execute/920612-1.c execution, -O0 -fwhopr
FAIL: gcc.c-torture/execute/920612-2.c compilation, -O0 -flto (internal compiler error)
UNRESOLVED: gcc.c-torture/execute/920612-2.c execution, -O0 -flto
FAIL: gcc.c-torture/execute/920612-2.c compilation, -O0 -fwhopr (internal compiler error)
UNRESOLVED: gcc.c-torture/execute/920612-2.c execution, -O0 -fwhopr
FAIL: gcc.c-torture/execute/920612-2.c compilation, -O1 -flto (internal compiler error)
UNRESOLVED: gcc.c-torture/execute/920612-2.c execution, -O1 -flto
FAIL: gcc.c-torture/execute/920612-2.c compilation, -O2 -fwhopr
UNRESOLVED: gcc.c-torture/execute/920612-2.c execution, -O2 -fwhopr
FAIL: gcc.c-torture/execute/920618-1.c compilation, -O2 -fwhopr
UNRESOLVED: gcc.c-torture/execute/920618-1.c execution, -O2 -fwhopr
FAIL: gcc.c-torture/execute/920710-1.c compilation, -O0 -fwhopr
UNRESOLVED: gcc.c-torture/execute/920710-1.c execution, -O0 -fwhopr
FAIL: gcc.c-torture/execute/920711-1.c compilation, -O2 -fwhopr
UNRESOLVED: gcc.c-torture/execute/920711-1.c execution, -O2 -fwhopr
FAIL: gcc.c-torture/execute/920721-2.c compilation, -O0 -fwhopr
UNRESOLVED: gcc.c-torture/execute/920721-2.c execution, -O0 -fwhopr
FAIL: gcc.c-torture/execute/920721-3.c compilation, -O2 -fwhopr
UNRESOLVED: gcc.c-torture/execute/920721-3.c execution, -O2 -fwhopr
FAIL: gcc.c-torture/execute/920721-4.c execution, -O0 -flto
FAIL: gcc.c-torture/execute/920721-4.c execution, -O0 -fwhopr
FAIL: gcc.c-torture/execute/920721-4.c compilation, -O1 -flto
UNRESOLVED: gcc.c-torture/execute/920721-4.c execution, -O1 -flto
FAIL: gcc.c-torture/execute/920721-4.c compilation, -O2 -flto
UNRESOLVED: gcc.c-torture/execute/920721-4.c execution, -O2 -flto
FAIL: gcc.c-torture/execute/920721-4.c compilation, -O2 -fwhopr
UNRESOLVED: gcc.c-torture/execute/920721-4.c execution, -O2 -fwhopr
FAIL: gcc.c-torture/execute/920721-4.c compilation, -O3 -flto -fomit-frame-pointer
UNRESOLVED: gcc.c-torture/execute/920721-4.c execution, -O3 -flto -fomit-frame-pointer
FAIL: gcc.c-torture/execute/920721-4.c compilation, -O3 -flto -fomit-frame-pointer -funroll-loops
UNRESOLVED: gcc.c-torture/execute/920721-4.c execution, -O3 -flto -fomit-frame-pointer -funroll-loops
FAIL: gcc.c-torture/execute/920721-4.c compilation, -O3 -flto -fomit-frame-pointer -funroll-all-loops -finline-functions
UNRESOLVED: gcc.c-torture/execute/920721-4.c execution, -O3 -flto -fomit-frame-pointer -funroll-all-loops -finline-functions
FAIL: gcc.c-torture/execute/920721-4.c compilation, -Os -flto
UNRESOLVED: gcc.c-torture/execute/920721-4.c execution, -Os -flto
FAIL: gcc.c-torture/execute/920731-1.c compilation, -O2 -fwhopr
UNRESOLVED: gcc.c-torture/execute/920731-1.c execution, -O2 -fwhopr
FAIL: gcc.c-torture/execute/920812-1.c compilation, -O2 -fwhopr
UNRESOLVED: gcc.c-torture/execute/920812-1.c execution, -O2 -fwhopr
FAIL: gcc.c-torture/execute/920908-1.c compilation, -O0 -fwhopr
UNRESOLVED: gcc.c-torture/execute/920908-1.c execution, -O0 -fwhopr
FAIL: gcc.c-torture/execute/920908-2.c compilation, -O2 -fwhopr
UNRESOLVED: gcc.c-torture/execute/920908-2.c execution, -O2 -fwhopr
FAIL: gcc.c-torture/execute/920922-1.c compilation, -O0 -fwhopr
UNRESOLVED: gcc.c-torture/execute/920922-1.c execution, -O0 -fwhopr
FAIL: gcc.c-torture/execute/921006-1.c compilation, -O0 -fwhopr
UNRESOLVED: gcc.c-torture/execute/921006-1.c execution, -O0 -fwhopr
FAIL: gcc.c-torture/execute/921007-1.c compilation, -O2 -fwhopr
UNRESOLVED: gcc.c-torture/execute/921007-1.c execution, -O2 -fwhopr
FAIL: gcc.c-torture/execute/921016-1.c compilation, -O2 -fwhopr
UNRESOLVED: gcc.c-torture/execute/921016-1.c execution, -O2 -fwhopr
FAIL: gcc.c-torture/execute/921017-1.c compilation, -O0 -flto (internal compiler error)
UNRESOLVED: gcc.c-torture/execute/921017-1.c execution, -O0 -flto
FAIL: gcc.c-torture/execute/921017-1.c compilation, -O0 -fwhopr (internal compiler error)
UNRESOLVED: gcc.c-torture/execute/921017-1.c execution, -O0 -fwhopr
FAIL: gcc.c-torture/execute/921017-1.c compilation, -O1 -flto (internal compiler error)
UNRESOLVED: gcc.c-torture/execute/921017-1.c execution, -O1 -flto
FAIL: gcc.c-torture/execute/921019-2.c compilation, -O0 -fwhopr
UNRESOLVED: gcc.c-torture/execute/921019-2.c execution, -O0 -fwhopr
FAIL: gcc.c-torture/execute/921104-1.c compilation, -O2 -fwhopr
UNRESOLVED: gcc.c-torture/execute/921104-1.c execution, -O2 -fwhopr
FAIL: gcc.c-torture/execute/921112-1.c compilation, -O0 -fwhopr
UNRESOLVED: gcc.c-torture/execute/921112-1.c execution, -O0 -fwhopr
FAIL: gcc.c-torture/execute/921204-1.c compilation, -O0 -fwhopr
UNRESOLVED: gcc.c-torture/execute/921204-1.c execution, -O0 -fwhopr
FAIL: gcc.c-torture/execute/921208-2.c compilation, -O0 -fwhopr
UNRESOLVED: gcc.c-torture/execute/921208-2.c execution, -O0 -fwhopr
FAIL: gcc.c-torture/execute/921215-1.c compilation, -O2 -flto (internal compiler error)
UNRESOLVED: gcc.c-torture/execute/921215-1.c execution, -O2 -flto
FAIL: gcc.c-torture/execute/921215-1.c compilation, -O2 -fwhopr (internal compiler error)
UNRESOLVED: gcc.c-torture/execute/921215-1.c execution, -O2 -fwhopr
FAIL: gcc.c-torture/execute/921215-1.c compilation, -O3 -flto -fomit-frame-pointer (internal compiler error)
UNRESOLVED: gcc.c-torture/execute/921215-1.c execution, -O3 -flto -fomit-frame-pointer
FAIL: gcc.c-torture/execute/921215-1.c compilation, -Os -flto (internal compiler error)
UNRESOLVED: gcc.c-torture/execute/921215-1.c execution, -Os -flto
FAIL: gcc.c-torture/execute/930106-1.c compilation, -O2 -fwhopr
UNRESOLVED: gcc.c-torture/execute/930106-1.c execution, -O2 -fwhopr
FAIL: gcc.c-torture/execute/930123-1.c compilation, -O0 -fwhopr
UNRESOLVED: gcc.c-torture/execute/930123-1.c execution, -O0 -fwhopr
FAIL: gcc.c-torture/execute/930429-1.c compilation, -O0 -fwhopr
UNRESOLVED: gcc.c-torture/execute/930429-1.c execution, -O0 -fwhopr
FAIL: gcc.c-torture/execute/930513-1.c compilation, -O2 -fwhopr
UNRESOLVED: gcc.c-torture/execute/930513-1.c execution, -O2 -fwhopr
FAIL: gcc.c-torture/execute/930513-2.c compilation, -O2 -fwhopr
UNRESOLVED: gcc.c-torture/execute/930513-2.c execution, -O2 -fwhopr
FAIL: gcc.c-torture/execute/930529-1.c compilation, -O2 -fwhopr
UNRESOLVED: gcc.c-torture/execute/930529-1.c execution, -O2 -fwhopr
FAIL: gcc.c-torture/execute/930603-3.c execution, -O3 -flto -fomit-frame-pointer
FAIL: gcc.c-torture/execute/930608-1.c compilation, -O0 -fwhopr
UNRESOLVED: gcc.c-torture/execute/930608-1.c execution, -O0 -fwhopr
FAIL: gcc.c-torture/execute/930621-1.c compilation, -O0 -fwhopr
UNRESOLVED: gcc.c-torture/execute/930621-1.c execution, -O0 -fwhopr
FAIL: gcc.c-torture/execute/930702-1.c compilation, -O2 -fwhopr
UNRESOLVED: gcc.c-torture/execute/930702-1.c execution, -O2 -fwhopr
FAIL: gcc.c-torture/execute/930718-1.c compilation, -O0 -fwhopr
UNRESOLVED: gcc.c-torture/execute/930718-1.c execution, -O0 -fwhopr
FAIL: gcc.c-torture/execute/930719-1.c compilation, -O2 -fwhopr
UNRESOLVED: gcc.c-torture/execute/930719-1.c execution, -O2 -fwhopr
FAIL: gcc.c-torture/execute/930725-1.c compilation, -O2 -fwhopr
UNRESOLVED: gcc.c-torture/execute/930725-1.c execution, -O2 -fwhopr
FAIL: gcc.c-torture/execute/930921-1.c compilation, -O0 -fwhopr
UNRESOLVED: gcc.c-torture/execute/930921-1.c execution, -O0 -fwhopr
FAIL: gcc.c-torture/execute/930929-1.c compilation, -O0 -fwhopr
UNRESOLVED: gcc.c-torture/execute/930929-1.c execution, -O0 -fwhopr
FAIL: gcc.c-torture/execute/930930-1.c compilation, -O2 -fwhopr
UNRESOLVED: gcc.c-torture/execute/930930-1.c execution, -O2 -fwhopr
FAIL: gcc.c-torture/execute/931004-10.c compilation, -O2 -fwhopr
UNRESOLVED: gcc.c-torture/execute/931004-10.c execution, -O2 -fwhopr
FAIL: gcc.c-torture/execute/931004-11.c compilation, -O2 -fwhopr
UNRESOLVED: gcc.c-torture/execute/931004-11.c execution, -O2 -fwhopr
FAIL: gcc.c-torture/execute/931004-4.c compilation, -O0 -fwhopr
UNRESOLVED: gcc.c-torture/execute/931004-4.c execution, -O0 -fwhopr
FAIL: gcc.c-torture/execute/931004-5.c compilation, -O0 -fwhopr
UNRESOLVED: gcc.c-torture/execute/931004-5.c execution, -O0 -fwhopr
FAIL: gcc.c-torture/execute/931004-9.c compilation, -O0 -fwhopr
UNRESOLVED: gcc.c-torture/execute/931004-9.c execution, -O0 -fwhopr
FAIL: gcc.c-torture/execute/931005-1.c compilation, -O2 -fwhopr
UNRESOLVED: gcc.c-torture/execute/931005-1.c execution, -O2 -fwhopr
FAIL: gcc.c-torture/execute/931017-1.c compilation, -O2 -fwhopr
UNRESOLVED: gcc.c-torture/execute/931017-1.c execution, -O2 -fwhopr
FAIL: gcc.c-torture/execute/931102-1.c compilation, -O0 -fwhopr
UNRESOLVED: gcc.c-torture/execute/931102-1.c execution, -O0 -fwhopr
FAIL: gcc.c-torture/execute/931102-2.c compilation, -O0 -fwhopr
UNRESOLVED: gcc.c-torture/execute/931102-2.c execution, -O0 -fwhopr
FAIL: gcc.c-torture/execute/941014-1.c compilation, -O2 -fwhopr
UNRESOLVED: gcc.c-torture/execute/941014-1.c execution, -O2 -fwhopr
FAIL: gcc.c-torture/execute/941015-1.c compilation, -O0 -fwhopr
UNRESOLVED: gcc.c-torture/execute/941015-1.c execution, -O0 -fwhopr
FAIL: gcc.c-torture/execute/941021-1.c compilation, -O2 -fwhopr
UNRESOLVED: gcc.c-torture/execute/941021-1.c execution, -O2 -fwhopr
FAIL: gcc.c-torture/execute/941031-1.c compilation, -O0 -fwhopr
UNRESOLVED: gcc.c-torture/execute/941031-1.c execution, -O0 -fwhopr
FAIL: gcc.c-torture/execute/950221-1.c compilation, -O0 -fwhopr
UNRESOLVED: gcc.c-torture/execute/950221-1.c execution, -O0 -fwhopr
FAIL: gcc.c-torture/execute/950322-1.c compilation, -O2 -fwhopr
UNRESOLVED: gcc.c-torture/execute/950322-1.c execution, -O2 -fwhopr
FAIL: gcc.c-torture/execute/950503-1.c compilation, -O2 -fwhopr
UNRESOLVED: gcc.c-torture/execute/950503-1.c execution, -O2 -fwhopr
FAIL: gcc.c-torture/execute/950512-1.c compilation, -O0 -fwhopr
UNRESOLVED: gcc.c-torture/execute/950512-1.c execution, -O0 -fwhopr
FAIL: gcc.c-torture/execute/950607-2.c compilation, -O0 -fwhopr
UNRESOLVED: gcc.c-torture/execute/950607-2.c execution, -O0 -fwhopr
FAIL: gcc.c-torture/execute/950612-1.c compilation, -O2 -fwhopr
UNRESOLVED: gcc.c-torture/execute/950612-1.c execution, -O2 -fwhopr
FAIL: gcc.c-torture/execute/950628-1.c compilation, -O0 -fwhopr
UNRESOLVED: gcc.c-torture/execute/950628-1.c execution, -O0 -fwhopr
FAIL: gcc.c-torture/execute/950704-1.c compilation, -O0 -fwhopr
UNRESOLVED: gcc.c-torture/execute/950704-1.c execution, -O0 -fwhopr
FAIL: gcc.c-torture/execute/950706-1.c compilation, -O2 -fwhopr
UNRESOLVED: gcc.c-torture/execute/950706-1.c execution, -O2 -fwhopr
FAIL: gcc.c-torture/execute/950809-1.c compilation, -O0 -fwhopr
UNRESOLVED: gcc.c-torture/execute/950809-1.c execution, -O0 -fwhopr
FAIL: gcc.c-torture/execute/950915-1.c compilation, -O0 -fwhopr
UNRESOLVED: gcc.c-torture/execute/950915-1.c execution, -O0 -fwhopr
FAIL: gcc.c-torture/execute/951115-1.c compilation, -O0 -fwhopr
UNRESOLVED: gcc.c-torture/execute/951115-1.c execution, -O0 -fwhopr
FAIL: gcc.c-torture/execute/951204-1.c compilation, -O2 -fwhopr
UNRESOLVED: gcc.c-torture/execute/951204-1.c execution, -O2 -fwhopr
FAIL: gcc.c-torture/execute/960218-1.c compilation, -O0 -fwhopr
UNRESOLVED: gcc.c-torture/execute/960218-1.c execution, -O0 -fwhopr
FAIL: gcc.c-torture/execute/960302-1.c compilation, -O0 -fwhopr
UNRESOLVED: gcc.c-torture/execute/960302-1.c execution, -O0 -fwhopr
FAIL: gcc.c-torture/execute/960311-3.c compilation, -O0 -fwhopr
UNRESOLVED: gcc.c-torture/execute/960311-3.c execution, -O0 -fwhopr
FAIL: gcc.c-torture/execute/960326-1.c compilation, -O2 -fwhopr
UNRESOLVED: gcc.c-torture/execute/960326-1.c execution, -O2 -fwhopr
FAIL: gcc.c-torture/execute/960416-1.c compilation, -O2 -fwhopr
UNRESOLVED: gcc.c-torture/execute/960416-1.c execution, -O2 -fwhopr
FAIL: gcc.c-torture/execute/960512-1.c compilation, -O2 -fwhopr
UNRESOLVED: gcc.c-torture/execute/960512-1.c execution, -O2 -fwhopr
FAIL: gcc.c-torture/execute/960521-1.c compilation, -O0 -fwhopr
UNRESOLVED: gcc.c-torture/execute/960521-1.c execution, -O0 -fwhopr
FAIL: gcc.c-torture/execute/961122-2.c compilation, -O0 -fwhopr
UNRESOLVED: gcc.c-torture/execute/961122-2.c execution, -O0 -fwhopr
FAIL: gcc.c-torture/execute/961125-1.c compilation, -O2 -fwhopr
UNRESOLVED: gcc.c-torture/execute/961125-1.c execution, -O2 -fwhopr
FAIL: gcc.c-torture/execute/970214-1.c compilation, -O2 -fwhopr
UNRESOLVED: gcc.c-torture/execute/970214-1.c execution, -O2 -fwhopr
FAIL: gcc.c-torture/execute/980424-1.c compilation, -O2 -fwhopr
UNRESOLVED: gcc.c-torture/execute/980424-1.c execution, -O2 -fwhopr
FAIL: gcc.c-torture/execute/980506-1.c compilation, -O2 -fwhopr
UNRESOLVED: gcc.c-torture/execute/980506-1.c execution, -O2 -fwhopr
FAIL: gcc.c-torture/execute/980506-3.c compilation, -O0 -fwhopr
UNRESOLVED: gcc.c-torture/execute/980506-3.c execution, -O0 -fwhopr
FAIL: gcc.c-torture/execute/980526-3.c compilation, -O2 -fwhopr
UNRESOLVED: gcc.c-torture/execute/980526-3.c execution, -O2 -fwhopr
FAIL: gcc.c-torture/execute/980602-2.c compilation, -O0 -fwhopr
UNRESOLVED: gcc.c-torture/execute/980602-2.c execution, -O0 -fwhopr
FAIL: gcc.c-torture/execute/980701-1.c compilation, -O0 -fwhopr
UNRESOLVED: gcc.c-torture/execute/980701-1.c execution, -O0 -fwhopr
FAIL: gcc.c-torture/execute/980707-1.c compilation, -O2 -fwhopr
UNRESOLVED: gcc.c-torture/execute/980707-1.c execution, -O2 -fwhopr
FAIL: gcc.c-torture/execute/990106-1.c compilation, -O0 -fwhopr
UNRESOLVED: gcc.c-torture/execute/990106-1.c execution, -O0 -fwhopr
FAIL: gcc.c-torture/execute/990222-1.c compilation, -O2 -fwhopr
UNRESOLVED: gcc.c-torture/execute/990222-1.c execution, -O2 -fwhopr
FAIL: gcc.c-torture/execute/990326-1.c compilation, -O2 -fwhopr
UNRESOLVED: gcc.c-torture/execute/990326-1.c execution, -O2 -fwhopr
FAIL: gcc.c-torture/execute/990404-1.c compilation, -O0 -fwhopr
UNRESOLVED: gcc.c-torture/execute/990404-1.c execution, -O0 -fwhopr
FAIL: gcc.c-torture/execute/990513-1.c compilation, -O0 -fwhopr
UNRESOLVED: gcc.c-torture/execute/990513-1.c execution, -O0 -fwhopr
FAIL: gcc.c-torture/execute/990524-1.c compilation, -O2 -fwhopr
UNRESOLVED: gcc.c-torture/execute/990524-1.c execution, -O2 -fwhopr
FAIL: gcc.c-torture/execute/990531-1.c compilation, -O0 -fwhopr
UNRESOLVED: gcc.c-torture/execute/990531-1.c execution, -O0 -fwhopr
FAIL: gcc.c-torture/execute/990804-1.c compilation, -O0 -fwhopr
UNRESOLVED: gcc.c-torture/execute/990804-1.c execution, -O0 -fwhopr
FAIL: gcc.c-torture/execute/990827-1.c compilation, -O0 -fwhopr
UNRESOLVED: gcc.c-torture/execute/990827-1.c execution, -O0 -fwhopr
FAIL: gcc.c-torture/execute/991030-1.c compilation, -O2 -fwhopr
UNRESOLVED: gcc.c-torture/execute/991030-1.c execution, -O2 -fwhopr
FAIL: gcc.c-torture/execute/991118-1.c compilation, -O2 -fwhopr
UNRESOLVED: gcc.c-torture/execute/991118-1.c execution, -O2 -fwhopr
FAIL: gcc.c-torture/execute/991202-2.c compilation, -O0 -fwhopr
UNRESOLVED: gcc.c-torture/execute/991202-2.c execution, -O0 -fwhopr
FAIL: gcc.c-torture/execute/991216-2.c compilation, -O2 -fwhopr
UNRESOLVED: gcc.c-torture/execute/991216-2.c execution, -O2 -fwhopr
FAIL: gcc.c-torture/execute/991221-1.c compilation, -O0 -fwhopr
UNRESOLVED: gcc.c-torture/execute/991221-1.c execution, -O0 -fwhopr
FAIL: gcc.c-torture/execute/991228-1.c compilation, -O2 -fwhopr
UNRESOLVED: gcc.c-torture/execute/991228-1.c execution, -O2 -fwhopr
FAIL: gcc.c-torture/execute/align-3.c compilation, -O0 -fwhopr
UNRESOLVED: gcc.c-torture/execute/align-3.c execution, -O0 -fwhopr
FAIL: gcc.c-torture/execute/anon-1.c compilation, -O2 -fwhopr
UNRESOLVED: gcc.c-torture/execute/anon-1.c execution, -O2 -fwhopr
FAIL: gcc.c-torture/execute/arith-rand-ll.c compilation, -O2 -fwhopr
UNRESOLVED: gcc.c-torture/execute/arith-rand-ll.c execution, -O2 -fwhopr
FAIL: gcc.c-torture/execute/arith-rand.c compilation, -O2 -fwhopr
UNRESOLVED: gcc.c-torture/execute/arith-rand.c execution, -O2 -fwhopr
FAIL: gcc.c-torture/execute/ashrdi-1.c compilation, -O2 -fwhopr
UNRESOLVED: gcc.c-torture/execute/ashrdi-1.c execution, -O2 -fwhopr
FAIL: gcc.c-torture/execute/bf-layout-1.c compilation, -O2 -fwhopr
UNRESOLVED: gcc.c-torture/execute/bf-layout-1.c execution, -O2 -fwhopr
FAIL: gcc.c-torture/execute/bf-sign-2.c compilation, -O0 -fwhopr
UNRESOLVED: gcc.c-torture/execute/bf-sign-2.c execution, -O0 -fwhopr
FAIL: gcc.c-torture/execute/bitfld-1.c compilation, -O2 -fwhopr
UNRESOLVED: gcc.c-torture/execute/bitfld-1.c execution, -O2 -fwhopr
FAIL: gcc.c-torture/execute/builtin-bitops-1.c compilation, -O2 -fwhopr
UNRESOLVED: gcc.c-torture/execute/builtin-bitops-1.c execution, -O2 -fwhopr
FAIL: gcc.c-torture/execute/builtin-constant.c compilation, -O0 -fwhopr
UNRESOLVED: gcc.c-torture/execute/builtin-constant.c execution, -O0 -fwhopr
FAIL: gcc.c-torture/execute/builtin-prefetch-2.c compilation, -O2 -fwhopr
UNRESOLVED: gcc.c-torture/execute/builtin-prefetch-2.c execution, -O2 -fwhopr
FAIL: gcc.c-torture/execute/builtin-prefetch-4.c compilation, -O0 -fwhopr
UNRESOLVED: gcc.c-torture/execute/builtin-prefetch-4.c execution, -O0 -fwhopr
FAIL: gcc.c-torture/execute/builtin-types-compatible-p.c compilation, -O2 -fwhopr
UNRESOLVED: gcc.c-torture/execute/builtin-types-compatible-p.c execution, -O2 -fwhopr
FAIL: gcc.c-torture/execute/cbrt.c execution, -O2 -flto
FAIL: gcc.c-torture/execute/cbrt.c execution, -O2 -fwhopr
FAIL: gcc.c-torture/execute/cbrt.c execution, -O3 -flto -fomit-frame-pointer
FAIL: gcc.c-torture/execute/cbrt.c execution, -Os -flto
FAIL: gcc.c-torture/execute/cmpdi-1.c compilation, -O2 -fwhopr
UNRESOLVED: gcc.c-torture/execute/cmpdi-1.c execution, -O2 -fwhopr
FAIL: gcc.c-torture/execute/comp-goto-2.c compilation, -O0 -flto (internal compiler error)
UNRESOLVED: gcc.c-torture/execute/comp-goto-2.c execution, -O0 -flto
FAIL: gcc.c-torture/execute/comp-goto-2.c compilation, -O0 -fwhopr (internal compiler error)
UNRESOLVED: gcc.c-torture/execute/comp-goto-2.c execution, -O0 -fwhopr
FAIL: gcc.c-torture/execute/comp-goto-2.c compilation, -O1 -flto (internal compiler error)
UNRESOLVED: gcc.c-torture/execute/comp-goto-2.c execution, -O1 -flto
FAIL: gcc.c-torture/execute/comp-goto-2.c compilation, -O2 -flto (internal compiler error)
UNRESOLVED: gcc.c-torture/execute/comp-goto-2.c execution, -O2 -flto
FAIL: gcc.c-torture/execute/comp-goto-2.c compilation, -O2 -fwhopr (internal compiler error)
UNRESOLVED: gcc.c-torture/execute/comp-goto-2.c execution, -O2 -fwhopr
FAIL: gcc.c-torture/execute/comp-goto-2.c compilation, -O3 -flto -fomit-frame-pointer (internal compiler error)
UNRESOLVED: gcc.c-torture/execute/comp-goto-2.c execution, -O3 -flto -fomit-frame-pointer
FAIL: gcc.c-torture/execute/comp-goto-2.c compilation, -Os -flto (internal compiler error)
UNRESOLVED: gcc.c-torture/execute/comp-goto-2.c execution, -Os -flto
FAIL: gcc.c-torture/execute/compare-2.c compilation, -O0 -fwhopr
UNRESOLVED: gcc.c-torture/execute/compare-2.c execution, -O0 -fwhopr
FAIL: gcc.c-torture/execute/complex-1.c compilation, -O2 -fwhopr
UNRESOLVED: gcc.c-torture/execute/complex-1.c execution, -O2 -fwhopr
FAIL: gcc.c-torture/execute/complex-4.c compilation, -O0 -fwhopr
UNRESOLVED: gcc.c-torture/execute/complex-4.c execution, -O0 -fwhopr
FAIL: gcc.c-torture/execute/complex-6.c compilation, -O2 -fwhopr
UNRESOLVED: gcc.c-torture/execute/complex-6.c execution, -O2 -fwhopr
FAIL: gcc.c-torture/execute/compndlit-1.c compilation, -O2 -fwhopr
UNRESOLVED: gcc.c-torture/execute/compndlit-1.c execution, -O2 -fwhopr
FAIL: gcc.c-torture/execute/conversion.c compilation, -O2 -fwhopr
UNRESOLVED: gcc.c-torture/execute/conversion.c execution, -O2 -fwhopr
FAIL: gcc.c-torture/execute/dbra-1.c compilation, -O2 -fwhopr
UNRESOLVED: gcc.c-torture/execute/dbra-1.c execution, -O2 -fwhopr
FAIL: gcc.c-torture/execute/divcmp-1.c compilation, -O2 -fwhopr
UNRESOLVED: gcc.c-torture/execute/divcmp-1.c execution, -O2 -fwhopr
FAIL: gcc.c-torture/execute/divcmp-3.c compilation, -O2 -fwhopr
UNRESOLVED: gcc.c-torture/execute/divcmp-3.c execution, -O2 -fwhopr
FAIL: gcc.c-torture/execute/divcmp-5.c compilation, -O0 -fwhopr
UNRESOLVED: gcc.c-torture/execute/divcmp-5.c execution, -O0 -fwhopr
FAIL: gcc.c-torture/execute/divconst-3.c compilation, -O0 -fwhopr
UNRESOLVED: gcc.c-torture/execute/divconst-3.c execution, -O0 -fwhopr
FAIL: gcc.c-torture/execute/eeprof-1.c compilation, -O2 -fwhopr
UNRESOLVED: gcc.c-torture/execute/eeprof-1.c execution, -O2 -fwhopr
FAIL: gcc.c-torture/execute/float-floor.c compilation, -O2 -fwhopr
UNRESOLVED: gcc.c-torture/execute/float-floor.c execution, -O2 -fwhopr
FAIL: gcc.c-torture/execute/gofast.c compilation, -O0 -fwhopr
UNRESOLVED: gcc.c-torture/execute/gofast.c execution, -O0 -fwhopr
FAIL: gcc.c-torture/execute/loop-1.c compilation, -O2 -fwhopr
UNRESOLVED: gcc.c-torture/execute/loop-1.c execution, -O2 -fwhopr
FAIL: gcc.c-torture/execute/loop-15.c compilation, -O0 -fwhopr
UNRESOLVED: gcc.c-torture/execute/loop-15.c execution, -O0 -fwhopr
FAIL: gcc.c-torture/execute/loop-2.c compilation, -O2 -fwhopr
UNRESOLVED: gcc.c-torture/execute/loop-2.c execution, -O2 -fwhopr
FAIL: gcc.c-torture/execute/loop-2e.c compilation, -O0 -fwhopr
UNRESOLVED: gcc.c-torture/execute/loop-2e.c execution, -O0 -fwhopr
FAIL: gcc.c-torture/execute/loop-6.c compilation, -O2 -fwhopr
UNRESOLVED: gcc.c-torture/execute/loop-6.c execution, -O2 -fwhopr
FAIL: gcc.c-torture/execute/loop-8.c compilation, -O2 -fwhopr
UNRESOLVED: gcc.c-torture/execute/loop-8.c execution, -O2 -fwhopr
FAIL: gcc.c-torture/execute/loop-ivopts-1.c compilation, -O2 -fwhopr
UNRESOLVED: gcc.c-torture/execute/loop-ivopts-1.c execution, -O2 -fwhopr
FAIL: gcc.c-torture/execute/lshrdi-1.c compilation, -O0 -fwhopr
UNRESOLVED: gcc.c-torture/execute/lshrdi-1.c execution, -O0 -fwhopr
FAIL: gcc.c-torture/execute/mod-1.c compilation, -O0 -fwhopr
UNRESOLVED: gcc.c-torture/execute/mod-1.c execution, -O0 -fwhopr
FAIL: gcc.c-torture/execute/nest-align-1.c compilation, -O0 -flto (internal compiler error)
UNRESOLVED: gcc.c-torture/execute/nest-align-1.c execution, -O0 -flto
FAIL: gcc.c-torture/execute/nest-align-1.c compilation, -O0 -fwhopr (internal compiler error)
UNRESOLVED: gcc.c-torture/execute/nest-align-1.c execution, -O0 -fwhopr
FAIL: gcc.c-torture/execute/nest-align-1.c compilation, -O1 -flto (internal compiler error)
UNRESOLVED: gcc.c-torture/execute/nest-align-1.c execution, -O1 -flto
FAIL: gcc.c-torture/execute/nest-stdar-1.c compilation, -O2 -fwhopr
UNRESOLVED: gcc.c-torture/execute/nest-stdar-1.c execution, -O2 -fwhopr
FAIL: gcc.c-torture/execute/nestfunc-3.c compilation, -O0 -flto (internal compiler error)
UNRESOLVED: gcc.c-torture/execute/nestfunc-3.c execution, -O0 -flto
FAIL: gcc.c-torture/execute/nestfunc-3.c compilation, -O0 -fwhopr (internal compiler error)
UNRESOLVED: gcc.c-torture/execute/nestfunc-3.c execution, -O0 -fwhopr
FAIL: gcc.c-torture/execute/nestfunc-3.c compilation, -O1 -flto (internal compiler error)
UNRESOLVED: gcc.c-torture/execute/nestfunc-3.c execution, -O1 -flto
FAIL: gcc.c-torture/execute/nestfunc-3.c compilation, -O2 -flto (internal compiler error)
UNRESOLVED: gcc.c-torture/execute/nestfunc-3.c execution, -O2 -flto
FAIL: gcc.c-torture/execute/nestfunc-3.c compilation, -O2 -fwhopr (internal compiler error)
UNRESOLVED: gcc.c-torture/execute/nestfunc-3.c execution, -O2 -fwhopr
FAIL: gcc.c-torture/execute/nestfunc-3.c compilation, -O3 -flto -fomit-frame-pointer (internal compiler error)
UNRESOLVED: gcc.c-torture/execute/nestfunc-3.c execution, -O3 -flto -fomit-frame-pointer
FAIL: gcc.c-torture/execute/nestfunc-3.c compilation, -O3 -flto -fomit-frame-pointer -funroll-loops (internal compiler error)
UNRESOLVED: gcc.c-torture/execute/nestfunc-3.c execution, -O3 -flto -fomit-frame-pointer -funroll-loops
FAIL: gcc.c-torture/execute/nestfunc-3.c compilation, -O3 -flto -fomit-frame-pointer -funroll-all-loops -finline-functions (internal compiler error)
UNRESOLVED: gcc.c-torture/execute/nestfunc-3.c execution, -O3 -flto -fomit-frame-pointer -funroll-all-loops -finline-functions
FAIL: gcc.c-torture/execute/nestfunc-3.c compilation, -Os -flto (internal compiler error)
UNRESOLVED: gcc.c-torture/execute/nestfunc-3.c execution, -Os -flto
FAIL: gcc.c-torture/execute/nestfunc-5.c compilation, -O0 -flto (internal compiler error)
UNRESOLVED: gcc.c-torture/execute/nestfunc-5.c execution, -O0 -flto
FAIL: gcc.c-torture/execute/nestfunc-5.c compilation, -O0 -fwhopr (internal compiler error)
UNRESOLVED: gcc.c-torture/execute/nestfunc-5.c execution, -O0 -fwhopr
FAIL: gcc.c-torture/execute/nestfunc-5.c compilation, -O1 -flto (internal compiler error)
UNRESOLVED: gcc.c-torture/execute/nestfunc-5.c execution, -O1 -flto
FAIL: gcc.c-torture/execute/nestfunc-5.c compilation, -O2 -flto (internal compiler error)
UNRESOLVED: gcc.c-torture/execute/nestfunc-5.c execution, -O2 -flto
FAIL: gcc.c-torture/execute/nestfunc-5.c compilation, -O2 -fwhopr (internal compiler error)
UNRESOLVED: gcc.c-torture/execute/nestfunc-5.c execution, -O2 -fwhopr
FAIL: gcc.c-torture/execute/nestfunc-5.c compilation, -O3 -flto -fomit-frame-pointer (internal compiler error)
UNRESOLVED: gcc.c-torture/execute/nestfunc-5.c execution, -O3 -flto -fomit-frame-pointer
FAIL: gcc.c-torture/execute/nestfunc-5.c compilation, -Os -flto (internal compiler error)
UNRESOLVED: gcc.c-torture/execute/nestfunc-5.c execution, -Os -flto
FAIL: gcc.c-torture/execute/nestfunc-6.c compilation, -O0 -flto (internal compiler error)
UNRESOLVED: gcc.c-torture/execute/nestfunc-6.c execution, -O0 -flto
FAIL: gcc.c-torture/execute/nestfunc-6.c compilation, -O0 -fwhopr (internal compiler error)
UNRESOLVED: gcc.c-torture/execute/nestfunc-6.c execution, -O0 -fwhopr
FAIL: gcc.c-torture/execute/nestfunc-6.c compilation, -O1 -flto (internal compiler error)
UNRESOLVED: gcc.c-torture/execute/nestfunc-6.c execution, -O1 -flto
FAIL: gcc.c-torture/execute/nestfunc-6.c compilation, -O2 -flto (internal compiler error)
UNRESOLVED: gcc.c-torture/execute/nestfunc-6.c execution, -O2 -flto
FAIL: gcc.c-torture/execute/nestfunc-6.c compilation, -O2 -fwhopr (internal compiler error)
UNRESOLVED: gcc.c-torture/execute/nestfunc-6.c execution, -O2 -fwhopr
FAIL: gcc.c-torture/execute/nestfunc-6.c compilation, -O3 -flto -fomit-frame-pointer (internal compiler error)
UNRESOLVED: gcc.c-torture/execute/nestfunc-6.c execution, -O3 -flto -fomit-frame-pointer
FAIL: gcc.c-torture/execute/nestfunc-6.c compilation, -Os -flto (internal compiler error)
UNRESOLVED: gcc.c-torture/execute/nestfunc-6.c execution, -Os -flto
FAIL: gcc.c-torture/execute/nestfunc-7.c compilation, -O0 -flto (internal compiler error)
UNRESOLVED: gcc.c-torture/execute/nestfunc-7.c execution, -O0 -flto
FAIL: gcc.c-torture/execute/nestfunc-7.c compilation, -O0 -fwhopr (internal compiler error)
UNRESOLVED: gcc.c-torture/execute/nestfunc-7.c execution, -O0 -fwhopr
FAIL: gcc.c-torture/execute/nestfunc-7.c compilation, -O1 -flto (internal compiler error)
UNRESOLVED: gcc.c-torture/execute/nestfunc-7.c execution, -O1 -flto
FAIL: gcc.c-torture/execute/nestfunc-7.c compilation, -O2 -flto (internal compiler error)
UNRESOLVED: gcc.c-torture/execute/nestfunc-7.c execution, -O2 -flto
FAIL: gcc.c-torture/execute/nestfunc-7.c compilation, -O2 -fwhopr (internal compiler error)
UNRESOLVED: gcc.c-torture/execute/nestfunc-7.c execution, -O2 -fwhopr
FAIL: gcc.c-torture/execute/nestfunc-7.c compilation, -O3 -flto -fomit-frame-pointer (internal compiler error)
UNRESOLVED: gcc.c-torture/execute/nestfunc-7.c execution, -O3 -flto -fomit-frame-pointer
FAIL: gcc.c-torture/execute/nestfunc-7.c compilation, -Os -flto (internal compiler error)
UNRESOLVED: gcc.c-torture/execute/nestfunc-7.c execution, -Os -flto
FAIL: gcc.c-torture/execute/packed-2.c compilation, -O0 -fwhopr
UNRESOLVED: gcc.c-torture/execute/packed-2.c execution, -O0 -fwhopr
FAIL: gcc.c-torture/execute/pr15262-1.c compilation, -O2 -fwhopr
UNRESOLVED: gcc.c-torture/execute/pr15262-1.c execution, -O2 -fwhopr
FAIL: gcc.c-torture/execute/pr15296.c compilation, -O0 -fwhopr
UNRESOLVED: gcc.c-torture/execute/pr15296.c execution, -O0 -fwhopr
FAIL: gcc.c-torture/execute/pr17078-1.c compilation, -O2 -fwhopr
UNRESOLVED: gcc.c-torture/execute/pr17078-1.c execution, -O2 -fwhopr
FAIL: gcc.c-torture/execute/pr17252.c execution, -O2 -flto
FAIL: gcc.c-torture/execute/pr17252.c execution, -O2 -fwhopr
FAIL: gcc.c-torture/execute/pr17252.c execution, -O3 -flto -fomit-frame-pointer
FAIL: gcc.c-torture/execute/pr17252.c execution, -Os -flto
FAIL: gcc.c-torture/execute/pr17377.c compilation, -O0 -fwhopr
UNRESOLVED: gcc.c-torture/execute/pr17377.c execution, -O0 -fwhopr
FAIL: gcc.c-torture/execute/pr19515.c compilation, -O0 -fwhopr
UNRESOLVED: gcc.c-torture/execute/pr19515.c execution, -O0 -fwhopr
FAIL: gcc.c-torture/execute/pr19689.c compilation, -O0 -fwhopr
UNRESOLVED: gcc.c-torture/execute/pr19689.c execution, -O0 -fwhopr
FAIL: gcc.c-torture/execute/pr20187-1.c compilation, -O2 -fwhopr
UNRESOLVED: gcc.c-torture/execute/pr20187-1.c execution, -O2 -fwhopr
FAIL: gcc.c-torture/execute/pr20601-1.c compilation, -O0 -fwhopr
UNRESOLVED: gcc.c-torture/execute/pr20601-1.c execution, -O0 -fwhopr
FAIL: gcc.c-torture/execute/pr21173.c compilation, -O0 -fwhopr
UNRESOLVED: gcc.c-torture/execute/pr21173.c execution, -O0 -fwhopr
FAIL: gcc.c-torture/execute/pr21964-1.c compilation, -O2 -fwhopr
UNRESOLVED: gcc.c-torture/execute/pr21964-1.c execution, -O2 -fwhopr
FAIL: gcc.c-torture/execute/pr22061-3.c compilation, -O0 -flto (internal compiler error)
UNRESOLVED: gcc.c-torture/execute/pr22061-3.c execution, -O0 -flto
FAIL: gcc.c-torture/execute/pr22061-3.c compilation, -O0 -fwhopr (internal compiler error)
UNRESOLVED: gcc.c-torture/execute/pr22061-3.c execution, -O0 -fwhopr
FAIL: gcc.c-torture/execute/pr22061-3.c compilation, -O1 -flto (internal compiler error)
UNRESOLVED: gcc.c-torture/execute/pr22061-3.c execution, -O1 -flto
FAIL: gcc.c-torture/execute/pr22061-3.c compilation, -O2 -fwhopr
UNRESOLVED: gcc.c-torture/execute/pr22061-3.c execution, -O2 -fwhopr
FAIL: gcc.c-torture/execute/pr22061-4.c compilation, -O0 -flto (internal compiler error)
UNRESOLVED: gcc.c-torture/execute/pr22061-4.c execution, -O0 -flto
FAIL: gcc.c-torture/execute/pr22061-4.c compilation, -O0 -fwhopr (internal compiler error)
UNRESOLVED: gcc.c-torture/execute/pr22061-4.c execution, -O0 -fwhopr
FAIL: gcc.c-torture/execute/pr22061-4.c compilation, -O1 -flto (internal compiler error)
UNRESOLVED: gcc.c-torture/execute/pr22061-4.c execution, -O1 -flto
FAIL: gcc.c-torture/execute/pr23135.c compilation, -O2 -fwhopr
UNRESOLVED: gcc.c-torture/execute/pr23135.c execution, -O2 -fwhopr
FAIL: gcc.c-torture/execute/pr23467.c compilation, -O0 -fwhopr
UNRESOLVED: gcc.c-torture/execute/pr23467.c execution, -O0 -fwhopr
FAIL: gcc.c-torture/execute/pr24135.c compilation, -O0 -flto (internal compiler error)
UNRESOLVED: gcc.c-torture/execute/pr24135.c execution, -O0 -flto
FAIL: gcc.c-torture/execute/pr24135.c compilation, -O0 -fwhopr (internal compiler error)
UNRESOLVED: gcc.c-torture/execute/pr24135.c execution, -O0 -fwhopr
FAIL: gcc.c-torture/execute/pr24135.c compilation, -O1 -flto (internal compiler error)
UNRESOLVED: gcc.c-torture/execute/pr24135.c execution, -O1 -flto
FAIL: gcc.c-torture/execute/pr24135.c compilation, -O2 -flto (internal compiler error)
UNRESOLVED: gcc.c-torture/execute/pr24135.c execution, -O2 -flto
FAIL: gcc.c-torture/execute/pr24135.c compilation, -O2 -fwhopr (internal compiler error)
UNRESOLVED: gcc.c-torture/execute/pr24135.c execution, -O2 -fwhopr
FAIL: gcc.c-torture/execute/pr24135.c compilation, -O3 -flto -fomit-frame-pointer (internal compiler error)
UNRESOLVED: gcc.c-torture/execute/pr24135.c execution, -O3 -flto -fomit-frame-pointer
FAIL: gcc.c-torture/execute/pr24135.c compilation, -O3 -flto -fomit-frame-pointer -funroll-loops (internal compiler error)
UNRESOLVED: gcc.c-torture/execute/pr24135.c execution, -O3 -flto -fomit-frame-pointer -funroll-loops
FAIL: gcc.c-torture/execute/pr24135.c compilation, -O3 -flto -fomit-frame-pointer -funroll-all-loops -finline-functions (internal compiler error)
UNRESOLVED: gcc.c-torture/execute/pr24135.c execution, -O3 -flto -fomit-frame-pointer -funroll-all-loops -finline-functions
FAIL: gcc.c-torture/execute/pr24135.c compilation, -Os -flto (internal compiler error)
UNRESOLVED: gcc.c-torture/execute/pr24135.c execution, -Os -flto
FAIL: gcc.c-torture/execute/pr24716.c compilation, -O0 -fwhopr
UNRESOLVED: gcc.c-torture/execute/pr24716.c execution, -O0 -fwhopr
FAIL: gcc.c-torture/execute/pr25125.c compilation, -O2 -fwhopr
UNRESOLVED: gcc.c-torture/execute/pr25125.c execution, -O2 -fwhopr
FAIL: gcc.c-torture/execute/pr27260.c compilation, -O0 -fwhopr
UNRESOLVED: gcc.c-torture/execute/pr27260.c execution, -O0 -fwhopr
FAIL: gcc.c-torture/execute/pr27364.c compilation, -O0 -fwhopr
UNRESOLVED: gcc.c-torture/execute/pr27364.c execution, -O0 -fwhopr
FAIL: gcc.c-torture/execute/pr28403.c compilation, -O0 -fwhopr
UNRESOLVED: gcc.c-torture/execute/pr28403.c execution, -O0 -fwhopr
FAIL: gcc.c-torture/execute/pr28982a.c compilation, -O0 -fwhopr
UNRESOLVED: gcc.c-torture/execute/pr28982a.c execution, -O0 -fwhopr
FAIL: gcc.c-torture/execute/pr28982b.c compilation, -O0 -fwhopr
UNRESOLVED: gcc.c-torture/execute/pr28982b.c execution, -O0 -fwhopr
FAIL: gcc.c-torture/execute/pr29006.c compilation, -O0 -fwhopr
UNRESOLVED: gcc.c-torture/execute/pr29006.c execution, -O0 -fwhopr
FAIL: gcc.c-torture/execute/pr29695-2.c compilation, -O0 -fwhopr
UNRESOLVED: gcc.c-torture/execute/pr29695-2.c execution, -O0 -fwhopr
FAIL: gcc.c-torture/execute/pr29797-2.c compilation, -O2 -fwhopr
UNRESOLVED: gcc.c-torture/execute/pr29797-2.c execution, -O2 -fwhopr
FAIL: gcc.c-torture/execute/pr30778.c compilation, -O0 -fwhopr
UNRESOLVED: gcc.c-torture/execute/pr30778.c execution, -O0 -fwhopr
FAIL: gcc.c-torture/execute/pr31169.c compilation, -O0 -fwhopr
UNRESOLVED: gcc.c-torture/execute/pr31169.c execution, -O0 -fwhopr
FAIL: gcc.c-torture/execute/pr31448.c compilation, -O2 -fwhopr
UNRESOLVED: gcc.c-torture/execute/pr31448.c execution, -O2 -fwhopr
FAIL: gcc.c-torture/execute/pr32500.c compilation, -O0 -fwhopr
UNRESOLVED: gcc.c-torture/execute/pr32500.c execution, -O0 -fwhopr
FAIL: gcc.c-torture/execute/pr33382.c compilation, -O2 -fwhopr
UNRESOLVED: gcc.c-torture/execute/pr33382.c execution, -O2 -fwhopr
FAIL: gcc.c-torture/execute/pr33779-1.c compilation, -O2 -fwhopr
UNRESOLVED: gcc.c-torture/execute/pr33779-1.c execution, -O2 -fwhopr
FAIL: gcc.c-torture/execute/pr33992.c compilation, -O0 -fwhopr
UNRESOLVED: gcc.c-torture/execute/pr33992.c execution, -O0 -fwhopr
FAIL: gcc.c-torture/execute/pr34070-2.c compilation, -O0 -fwhopr
UNRESOLVED: gcc.c-torture/execute/pr34070-2.c execution, -O0 -fwhopr
FAIL: gcc.c-torture/execute/pr34130.c compilation, -O0 -fwhopr
UNRESOLVED: gcc.c-torture/execute/pr34130.c execution, -O0 -fwhopr
FAIL: gcc.c-torture/execute/pr34130.c compilation, -O2 -fwhopr
UNRESOLVED: gcc.c-torture/execute/pr34130.c execution, -O2 -fwhopr
FAIL: gcc.c-torture/execute/pr34768-1.c compilation, -O0 -fwhopr
UNRESOLVED: gcc.c-torture/execute/pr34768-1.c execution, -O0 -fwhopr
FAIL: gcc.c-torture/execute/pr35231.c compilation, -O2 -fwhopr
UNRESOLVED: gcc.c-torture/execute/pr35231.c execution, -O2 -fwhopr
FAIL: gcc.c-torture/execute/pr35472.c compilation, -O2 -fwhopr
UNRESOLVED: gcc.c-torture/execute/pr35472.c execution, -O2 -fwhopr
FAIL: gcc.c-torture/execute/pr36034-1.c compilation, -O2 -fwhopr
UNRESOLVED: gcc.c-torture/execute/pr36034-1.c execution, -O2 -fwhopr
FAIL: gcc.c-torture/execute/pr36038.c compilation, -O0 -fwhopr
UNRESOLVED: gcc.c-torture/execute/pr36038.c execution, -O0 -fwhopr
FAIL: gcc.c-torture/execute/pr36093.c compilation, -O2 -fwhopr
UNRESOLVED: gcc.c-torture/execute/pr36093.c execution, -O2 -fwhopr
FAIL: gcc.c-torture/execute/pr36343.c compilation, -O0 -fwhopr
UNRESOLVED: gcc.c-torture/execute/pr36343.c execution, -O0 -fwhopr
FAIL: gcc.c-torture/execute/pr36765.c compilation, -O2 -fwhopr
UNRESOLVED: gcc.c-torture/execute/pr36765.c execution, -O2 -fwhopr
FAIL: gcc.c-torture/execute/pr37102.c compilation, -O0 -fwhopr
UNRESOLVED: gcc.c-torture/execute/pr37102.c execution, -O0 -fwhopr
FAIL: gcc.c-torture/execute/pr37924.c compilation, -O2 -fwhopr
UNRESOLVED: gcc.c-torture/execute/pr37924.c execution, -O2 -fwhopr
FAIL: gcc.c-torture/execute/pr38048-2.c compilation, -O0 -fwhopr
UNRESOLVED: gcc.c-torture/execute/pr38048-2.c execution, -O0 -fwhopr
FAIL: gcc.c-torture/execute/pr38051.c execution, -O2 -flto
FAIL: gcc.c-torture/execute/pr38051.c execution, -O2 -fwhopr
FAIL: gcc.c-torture/execute/pr38051.c execution, -O3 -flto -fomit-frame-pointer
FAIL: gcc.c-torture/execute/pr38051.c execution, -O3 -flto -fomit-frame-pointer -funroll-loops
FAIL: gcc.c-torture/execute/pr38051.c execution, -O3 -flto -fomit-frame-pointer -funroll-all-loops -finline-functions
FAIL: gcc.c-torture/execute/pr38051.c execution, -Os -flto
FAIL: gcc.c-torture/execute/pr38236.c compilation, -O2 -fwhopr
UNRESOLVED: gcc.c-torture/execute/pr38236.c execution, -O2 -fwhopr
FAIL: gcc.c-torture/execute/pr38819.c compilation, -O0 -fwhopr
UNRESOLVED: gcc.c-torture/execute/pr38819.c execution, -O0 -fwhopr
FAIL: gcc.c-torture/execute/pr39100.c compilation, -O2 -fwhopr
UNRESOLVED: gcc.c-torture/execute/pr39100.c execution, -O2 -fwhopr
FAIL: gcc.c-torture/execute/printf-1.c compilation, -O2 -fwhopr
UNRESOLVED: gcc.c-torture/execute/printf-1.c execution, -O2 -fwhopr
FAIL: gcc.c-torture/execute/pta-field-1.c compilation, -O0 -fwhopr
UNRESOLVED: gcc.c-torture/execute/pta-field-1.c execution, -O0 -fwhopr
FAIL: gcc.c-torture/execute/pure-1.c compilation, -O0 -fwhopr
UNRESOLVED: gcc.c-torture/execute/pure-1.c execution, -O0 -fwhopr
FAIL: gcc.c-torture/execute/scope-1.c compilation, -O0 -fwhopr
UNRESOLVED: gcc.c-torture/execute/scope-1.c execution, -O0 -fwhopr
FAIL: gcc.c-torture/execute/simd-1.c compilation, -O0 -fwhopr
UNRESOLVED: gcc.c-torture/execute/simd-1.c execution, -O0 -fwhopr
FAIL: gcc.c-torture/execute/simd-4.c compilation, -O0 -fwhopr
UNRESOLVED: gcc.c-torture/execute/simd-4.c execution, -O0 -fwhopr
FAIL: gcc.c-torture/execute/stdarg-1.c compilation, -O0 -fwhopr
UNRESOLVED: gcc.c-torture/execute/stdarg-1.c execution, -O0 -fwhopr
FAIL: gcc.c-torture/execute/stdarg-2.c compilation, -O2 -fwhopr
UNRESOLVED: gcc.c-torture/execute/stdarg-2.c execution, -O2 -fwhopr
FAIL: gcc.c-torture/execute/stdarg-4.c compilation, -O0 -fwhopr
UNRESOLVED: gcc.c-torture/execute/stdarg-4.c execution, -O0 -fwhopr
FAIL: gcc.c-torture/execute/strcpy-1.c compilation, -O0 -fwhopr
UNRESOLVED: gcc.c-torture/execute/strcpy-1.c execution, -O0 -fwhopr
FAIL: gcc.c-torture/execute/strct-pack-2.c compilation, -O0 -fwhopr
UNRESOLVED: gcc.c-torture/execute/strct-pack-2.c execution, -O0 -fwhopr
FAIL: gcc.c-torture/execute/strct-varg-1.c compilation, -O2 -fwhopr
UNRESOLVED: gcc.c-torture/execute/strct-varg-1.c execution, -O2 -fwhopr
FAIL: gcc.c-torture/execute/string-opt-5.c compilation, -O0 -fwhopr
UNRESOLVED: gcc.c-torture/execute/string-opt-5.c execution, -O0 -fwhopr
FAIL: gcc.c-torture/execute/strlen-1.c compilation, -O2 -fwhopr
UNRESOLVED: gcc.c-torture/execute/strlen-1.c execution, -O2 -fwhopr
FAIL: gcc.c-torture/execute/struct-aliasing-1.c compilation, -O0 -fwhopr
UNRESOLVED: gcc.c-torture/execute/struct-aliasing-1.c execution, -O0 -fwhopr
FAIL: gcc.c-torture/execute/struct-ini-2.c compilation, -O0 -fwhopr
UNRESOLVED: gcc.c-torture/execute/struct-ini-2.c execution, -O0 -fwhopr
FAIL: gcc.c-torture/execute/switch-1.c compilation, -O0 -fwhopr
UNRESOLVED: gcc.c-torture/execute/switch-1.c execution, -O0 -fwhopr
FAIL: gcc.c-torture/execute/unroll-1.c compilation, -O0 -fwhopr
UNRESOLVED: gcc.c-torture/execute/unroll-1.c execution, -O0 -fwhopr
FAIL: gcc.c-torture/execute/va-arg-1.c compilation, -O2 -fwhopr
UNRESOLVED: gcc.c-torture/execute/va-arg-1.c execution, -O2 -fwhopr
FAIL: gcc.c-torture/execute/va-arg-10.c compilation, -O0 -fwhopr
UNRESOLVED: gcc.c-torture/execute/va-arg-10.c execution, -O0 -fwhopr
FAIL: gcc.c-torture/execute/va-arg-11.c compilation, -O0 -fwhopr
UNRESOLVED: gcc.c-torture/execute/va-arg-11.c execution, -O0 -fwhopr
FAIL: gcc.c-torture/execute/va-arg-13.c compilation, -O2 -fwhopr
UNRESOLVED: gcc.c-torture/execute/va-arg-13.c execution, -O2 -fwhopr
FAIL: gcc.c-torture/execute/va-arg-16.c compilation, -O0 -fwhopr
UNRESOLVED: gcc.c-torture/execute/va-arg-16.c execution, -O0 -fwhopr
FAIL: gcc.c-torture/execute/va-arg-18.c compilation, -O2 -fwhopr
UNRESOLVED: gcc.c-torture/execute/va-arg-18.c execution, -O2 -fwhopr
FAIL: gcc.c-torture/execute/va-arg-22.c compilation, -O0 -fwhopr
UNRESOLVED: gcc.c-torture/execute/va-arg-22.c execution, -O0 -fwhopr
FAIL: gcc.c-torture/execute/va-arg-23.c compilation, -O0 -fwhopr
UNRESOLVED: gcc.c-torture/execute/va-arg-23.c execution, -O0 -fwhopr
FAIL: gcc.c-torture/execute/va-arg-26.c compilation, -O2 -fwhopr
UNRESOLVED: gcc.c-torture/execute/va-arg-26.c execution, -O2 -fwhopr
FAIL: gcc.c-torture/execute/va-arg-6.c compilation, -O0 -fwhopr
UNRESOLVED: gcc.c-torture/execute/va-arg-6.c execution, -O0 -fwhopr
FAIL: gcc.c-torture/execute/va-arg-8.c compilation, -O2 -fwhopr
UNRESOLVED: gcc.c-torture/execute/va-arg-8.c execution, -O2 -fwhopr
FAIL: gcc.c-torture/execute/va-arg-pack-1.c compilation, -O0 -fwhopr
UNRESOLVED: gcc.c-torture/execute/va-arg-pack-1.c execution, -O0 -fwhopr
FAIL: gcc.c-torture/execute/vector-1.c compilation, -O2 -fwhopr
UNRESOLVED: gcc.c-torture/execute/vector-1.c execution, -O2 -fwhopr
FAIL: gcc.c-torture/execute/vfprintf-1.c compilation, -O2 -fwhopr
UNRESOLVED: gcc.c-torture/execute/vfprintf-1.c execution, -O2 -fwhopr
FAIL: gcc.c-torture/execute/vprintf-1.c compilation, -O0 -fwhopr
UNRESOLVED: gcc.c-torture/execute/vprintf-1.c execution, -O0 -fwhopr
FAIL: gcc.c-torture/execute/vprintf-chk-1.c compilation, -O2 -fwhopr
UNRESOLVED: gcc.c-torture/execute/vprintf-chk-1.c execution, -O2 -fwhopr
FAIL: gcc.c-torture/execute/vrp-2.c compilation, -O2 -fwhopr
UNRESOLVED: gcc.c-torture/execute/vrp-2.c execution, -O2 -fwhopr
FAIL: gcc.c-torture/execute/vrp-5.c compilation, -O0 -fwhopr
UNRESOLVED: gcc.c-torture/execute/vrp-5.c execution, -O0 -fwhopr
FAIL: gcc.c-torture/execute/wchar_t-1.c compilation, -O0 -fwhopr
UNRESOLVED: gcc.c-torture/execute/wchar_t-1.c execution, -O0 -fwhopr
FAIL: gcc.c-torture/execute/ieee/20000320-1.c compilation, -O0 -fwhopr
UNRESOLVED: gcc.c-torture/execute/ieee/20000320-1.c execution, -O0 -fwhopr
FAIL: gcc.c-torture/execute/ieee/20010114-2.c compilation, -O0 -fwhopr
UNRESOLVED: gcc.c-torture/execute/ieee/20010114-2.c execution, -O0 -fwhopr
FAIL: gcc.c-torture/execute/ieee/920518-1.c compilation, -O2 -fwhopr
UNRESOLVED: gcc.c-torture/execute/ieee/920518-1.c execution, -O2 -fwhopr
FAIL: gcc.c-torture/execute/ieee/980619-1.c compilation, -O0 -fwhopr
UNRESOLVED: gcc.c-torture/execute/ieee/980619-1.c execution, -O0 -fwhopr
FAIL: gcc.c-torture/execute/ieee/compare-fp-2.c compilation, -O0 -fwhopr
UNRESOLVED: gcc.c-torture/execute/ieee/compare-fp-2.c execution, -O0 -fwhopr
FAIL: gcc.c-torture/execute/ieee/fp-cmp-7.c compilation, -O2 -fwhopr
UNRESOLVED: gcc.c-torture/execute/ieee/fp-cmp-7.c execution, -O2 -fwhopr
FAIL: gcc.c-torture/execute/ieee/mzero3.c compilation, -O2 -fwhopr
UNRESOLVED: gcc.c-torture/execute/ieee/mzero3.c execution, -O2 -fwhopr
FAIL: gcc.c-torture/execute/ieee/mzero5.c compilation, -O2 -fwhopr
UNRESOLVED: gcc.c-torture/execute/ieee/mzero5.c execution, -O2 -fwhopr
FAIL: gcc.c-torture/execute/ieee/pr36332.c compilation, -O0 -fwhopr
UNRESOLVED: gcc.c-torture/execute/ieee/pr36332.c execution, -O0 -fwhopr
FAIL: gcc.c-torture/execute/ieee/rbug.c compilation, -O0 -fwhopr
UNRESOLVED: gcc.c-torture/execute/ieee/rbug.c execution, -O0 -fwhopr
FAIL: gcc.dg/autopar/parallelization-1.c scan-tree-dump-times final_cleanup "loopfn" 5
FAIL: gcc.dg/20020425-1.c (test for excess errors)
FAIL: gcc.dg/builtin-apply4.c execution test
FAIL: gcc.dg/exceptions.c scan-assembler .cfi_personality
FAIL: gcc.dg/pr37106-1.c (internal compiler error)
FAIL: gcc.dg/pr37106-1.c (test for excess errors)
FAIL: gcc.dg/visibility-7.c (test for warnings, line 8)
FAIL: gcc.dg/visibility-7.c (test for excess errors)
FAIL: gcc.dg/lto/20081126 c_lto_20081126_0.o compile, -flto-single -shared
UNRESOLVED: gcc.dg/lto/20081126 c_lto_20081126_0.o-c_lto_20081126_0.o link -flto-single -shared
UNRESOLVED: gcc.dg/lto/20081126 c_lto_20081126_0.o-c_lto_20081126_0.o execute -flto-single -shared
FAIL: gcc.dg/lto/20081201-2 c_lto_20081201-2_0.o-c_lto_20081201-2_1.o link
UNRESOLVED: gcc.dg/lto/20081201-2 c_lto_20081201-2_0.o-c_lto_20081201-2_1.o execute -O3 -fwhopr
FAIL: gcc.dg/lto/20081204-2 c_lto_20081204-2_0.o compile, -w -flto-single -fPIC -shared
UNRESOLVED: gcc.dg/lto/20081204-2 c_lto_20081204-2_0.o-c_lto_20081204-2_0.o link -w -flto-single -fPIC -shared
UNRESOLVED: gcc.dg/lto/20081204-2 c_lto_20081204-2_0.o-c_lto_20081204-2_0.o execute -w -flto-single -fPIC -shared
FAIL: gcc.dg/lto/20090116 c_lto_20090116_0.o-c_lto_20090116_0.o link
UNRESOLVED: gcc.dg/lto/20090116 c_lto_20090116_0.o-c_lto_20090116_0.o execute -O1 -fwhopr -fPIC
FAIL: gcc.dg/lto/20090206-1 c_lto_20090206-1_0.o compile, -shared -fwhopr -msse2
UNRESOLVED: gcc.dg/lto/20090206-1 c_lto_20090206-1_0.o-c_lto_20090206-1_0.o link -shared -fwhopr
UNRESOLVED: gcc.dg/lto/20090206-1 c_lto_20090206-1_0.o-c_lto_20090206-1_0.o execute -shared -fwhopr
FAIL: gcc.dg/lto/20090218-1 c_lto_20090218-1_0.o-c_lto_20090218-1_1.o link
UNRESOLVED: gcc.dg/lto/20090218-1 c_lto_20090218-1_0.o-c_lto_20090218-1_1.o execute -O0 -fwhopr
FAIL: gcc.dg/matrix/matrix-1.c scan-ipa-dump-times matrix-reorg "Flattened 3 dimensions" 1: dump file does not exist
FAIL: gcc.dg/matrix/matrix-2.c scan-ipa-dump-times matrix-reorg "Flattened 2 dimensions" 1: dump file does not exist
FAIL: gcc.dg/matrix/matrix-5.c scan-ipa-dump-times matrix-reorg "Flattened" 0: dump file does not exist
FAIL: gcc.dg/matrix/matrix-6.c scan-ipa-dump-times matrix-reorg "Flattened 2 dimensions" 1: dump file does not exist
FAIL: gcc.dg/pch/counter-1.c -O0 -flto assembly comparison
FAIL: gcc.dg/pch/counter-1.c -O0 -fwhopr assembly comparison
FAIL: gcc.dg/pch/counter-1.c -O1 -flto assembly comparison
FAIL: gcc.dg/pch/counter-1.c -O2 -flto assembly comparison
FAIL: gcc.dg/pch/counter-1.c -O2 -fwhopr assembly comparison
FAIL: gcc.dg/pch/counter-1.c -O3 -flto -fomit-frame-pointer assembly comparison
FAIL: gcc.dg/pch/counter-1.c -Os -flto assembly comparison
FAIL: gcc.dg/pch/counter-3.c -O0 -flto assembly comparison
FAIL: gcc.dg/pch/counter-3.c -O0 -fwhopr assembly comparison
FAIL: gcc.dg/pch/counter-3.c -O1 -flto assembly comparison
FAIL: gcc.dg/pch/counter-3.c -O2 -flto assembly comparison
FAIL: gcc.dg/pch/counter-3.c -O2 -fwhopr assembly comparison
FAIL: gcc.dg/pch/counter-3.c -O3 -flto -fomit-frame-pointer assembly comparison
FAIL: gcc.dg/pch/counter-3.c -Os -flto assembly comparison
FAIL: gcc.dg/pch/cpp-3.c -O0 -flto assembly comparison
FAIL: gcc.dg/pch/cpp-3.c -O0 -fwhopr assembly comparison
FAIL: gcc.dg/pch/cpp-3.c -O1 -flto assembly comparison
FAIL: gcc.dg/pch/cpp-3.c -O2 -flto assembly comparison
FAIL: gcc.dg/pch/cpp-3.c -O2 -fwhopr assembly comparison
FAIL: gcc.dg/pch/cpp-3.c -O3 -flto -fomit-frame-pointer assembly comparison
FAIL: gcc.dg/pch/cpp-3.c -Os -flto assembly comparison
FAIL: gcc.dg/pch/decl-1.c -O0 -flto assembly comparison
FAIL: gcc.dg/pch/decl-1.c -O0 -fwhopr assembly comparison
FAIL: gcc.dg/pch/decl-1.c -O1 -flto assembly comparison
FAIL: gcc.dg/pch/decl-1.c -O2 -flto assembly comparison
FAIL: gcc.dg/pch/decl-1.c -O2 -fwhopr assembly comparison
FAIL: gcc.dg/pch/decl-1.c -O3 -flto -fomit-frame-pointer assembly comparison
FAIL: gcc.dg/pch/decl-1.c -Os -flto assembly comparison
FAIL: gcc.dg/pch/decl-2.c -O0 -flto assembly comparison
FAIL: gcc.dg/pch/decl-2.c -O0 -fwhopr assembly comparison
FAIL: gcc.dg/pch/decl-2.c -O1 -flto assembly comparison
FAIL: gcc.dg/pch/decl-2.c -O2 -flto assembly comparison
FAIL: gcc.dg/pch/decl-2.c -O2 -fwhopr assembly comparison
FAIL: gcc.dg/pch/decl-2.c -O3 -flto -fomit-frame-pointer assembly comparison
FAIL: gcc.dg/pch/decl-2.c -Os -flto assembly comparison
FAIL: gcc.dg/pch/decl-3.c -O0 -flto assembly comparison
FAIL: gcc.dg/pch/decl-3.c -O0 -fwhopr assembly comparison
FAIL: gcc.dg/pch/decl-3.c -O1 -flto assembly comparison
FAIL: gcc.dg/pch/decl-3.c -O2 -flto assembly comparison
FAIL: gcc.dg/pch/decl-3.c -O2 -fwhopr assembly comparison
FAIL: gcc.dg/pch/decl-3.c -O3 -flto -fomit-frame-pointer assembly comparison
FAIL: gcc.dg/pch/decl-3.c -Os -flto assembly comparison
FAIL: gcc.dg/pch/decl-4.c -O0 -flto assembly comparison
FAIL: gcc.dg/pch/decl-4.c -O0 -fwhopr assembly comparison
FAIL: gcc.dg/pch/decl-4.c -O1 -flto assembly comparison
FAIL: gcc.dg/pch/decl-4.c -O2 -flto assembly comparison
FAIL: gcc.dg/pch/decl-4.c -O2 -fwhopr assembly comparison
FAIL: gcc.dg/pch/decl-4.c -O3 -flto -fomit-frame-pointer assembly comparison
FAIL: gcc.dg/pch/decl-4.c -Os -flto assembly comparison
FAIL: gcc.dg/pch/empty.c -O0 -flto assembly comparison
FAIL: gcc.dg/pch/empty.c -O0 -fwhopr assembly comparison
FAIL: gcc.dg/pch/empty.c -O1 -flto assembly comparison
FAIL: gcc.dg/pch/empty.c -O2 -flto assembly comparison
FAIL: gcc.dg/pch/empty.c -O2 -fwhopr assembly comparison
FAIL: gcc.dg/pch/empty.c -O3 -flto -fomit-frame-pointer assembly comparison
FAIL: gcc.dg/pch/empty.c -Os -flto assembly comparison
FAIL: gcc.dg/pch/except-1.c -O0 -flto assembly comparison
FAIL: gcc.dg/pch/except-1.c -O0 -fwhopr assembly comparison
FAIL: gcc.dg/pch/except-1.c -O1 -flto assembly comparison
FAIL: gcc.dg/pch/except-1.c -O2 -flto assembly comparison
FAIL: gcc.dg/pch/except-1.c -O2 -fwhopr assembly comparison
FAIL: gcc.dg/pch/except-1.c -O3 -flto -fomit-frame-pointer assembly comparison
FAIL: gcc.dg/pch/except-1.c -Os -flto assembly comparison
FAIL: gcc.dg/pch/import-2.c -O0 -flto assembly comparison
FAIL: gcc.dg/pch/import-2.c -O0 -fwhopr assembly comparison
FAIL: gcc.dg/pch/import-2.c -O1 -flto assembly comparison
FAIL: gcc.dg/pch/import-2.c -O2 -flto assembly comparison
FAIL: gcc.dg/pch/import-2.c -O2 -fwhopr assembly comparison
FAIL: gcc.dg/pch/import-2.c -O3 -flto -fomit-frame-pointer assembly comparison
FAIL: gcc.dg/pch/import-2.c -Os -flto assembly comparison
FAIL: gcc.dg/pch/inline-1.c -O0 -flto assembly comparison
FAIL: gcc.dg/pch/inline-1.c -O0 -fwhopr assembly comparison
FAIL: gcc.dg/pch/inline-1.c -O1 -flto assembly comparison
FAIL: gcc.dg/pch/inline-1.c -O2 -flto assembly comparison
FAIL: gcc.dg/pch/inline-1.c -O2 -fwhopr assembly comparison
FAIL: gcc.dg/pch/inline-1.c -O3 -flto -fomit-frame-pointer assembly comparison
FAIL: gcc.dg/pch/inline-1.c -Os -flto assembly comparison
FAIL: gcc.dg/pch/inline-3.c -O0 -flto assembly comparison
FAIL: gcc.dg/pch/inline-3.c -O0 -fwhopr assembly comparison
FAIL: gcc.dg/pch/inline-3.c -O1 -flto assembly comparison
FAIL: gcc.dg/pch/inline-3.c -O2 -flto assembly comparison
FAIL: gcc.dg/pch/inline-3.c -O2 -fwhopr assembly comparison
FAIL: gcc.dg/pch/inline-3.c -O3 -flto -fomit-frame-pointer assembly comparison
FAIL: gcc.dg/pch/inline-3.c -Os -flto assembly comparison
FAIL: gcc.dg/pch/inline-4.c -O0 -flto assembly comparison
FAIL: gcc.dg/pch/inline-4.c -O0 -fwhopr assembly comparison
FAIL: gcc.dg/pch/inline-4.c -O1 -flto assembly comparison
FAIL: gcc.dg/pch/inline-4.c -O2 -flto assembly comparison
FAIL: gcc.dg/pch/inline-4.c -O2 -fwhopr assembly comparison
FAIL: gcc.dg/pch/inline-4.c -O3 -flto -fomit-frame-pointer assembly comparison
FAIL: gcc.dg/pch/inline-4.c -Os -flto assembly comparison
FAIL: gcc.dg/pch/macro-1.c -O0 -flto assembly comparison
FAIL: gcc.dg/pch/macro-1.c -O0 -fwhopr assembly comparison
FAIL: gcc.dg/pch/macro-1.c -O1 -flto assembly comparison
FAIL: gcc.dg/pch/macro-1.c -O2 -flto assembly comparison
FAIL: gcc.dg/pch/macro-1.c -O2 -fwhopr assembly comparison
FAIL: gcc.dg/pch/macro-1.c -O3 -flto -fomit-frame-pointer assembly comparison
FAIL: gcc.dg/pch/macro-1.c -Os -flto assembly comparison
FAIL: gcc.dg/pch/macro-2.c -O0 -flto assembly comparison
FAIL: gcc.dg/pch/macro-2.c -O0 -fwhopr assembly comparison
FAIL: gcc.dg/pch/macro-2.c -O1 -flto assembly comparison
FAIL: gcc.dg/pch/macro-2.c -O2 -flto assembly comparison
FAIL: gcc.dg/pch/macro-2.c -O2 -fwhopr assembly comparison
FAIL: gcc.dg/pch/macro-2.c -O3 -flto -fomit-frame-pointer assembly comparison
FAIL: gcc.dg/pch/macro-2.c -Os -flto assembly comparison
FAIL: gcc.dg/pch/macro-3.c -O0 -flto assembly comparison
FAIL: gcc.dg/pch/macro-3.c -O0 -fwhopr assembly comparison
FAIL: gcc.dg/pch/macro-3.c -O1 -flto assembly comparison
FAIL: gcc.dg/pch/macro-3.c -O2 -flto assembly comparison
FAIL: gcc.dg/pch/macro-3.c -O2 -fwhopr assembly comparison
FAIL: gcc.dg/pch/macro-3.c -O3 -flto -fomit-frame-pointer assembly comparison
FAIL: gcc.dg/pch/macro-3.c -Os -flto assembly comparison
FAIL: gcc.dg/pch/macro-4.c -O0 -flto assembly comparison
FAIL: gcc.dg/pch/macro-4.c -O0 -fwhopr assembly comparison
FAIL: gcc.dg/pch/macro-4.c -O1 -flto assembly comparison
FAIL: gcc.dg/pch/macro-4.c -O2 -flto assembly comparison
FAIL: gcc.dg/pch/macro-4.c -O2 -fwhopr assembly comparison
FAIL: gcc.dg/pch/macro-4.c -O3 -flto -fomit-frame-pointer assembly comparison
FAIL: gcc.dg/pch/macro-4.c -Os -flto assembly comparison
FAIL: gcc.dg/pch/save-temps-1.c -O0 -flto assembly comparison
FAIL: gcc.dg/pch/save-temps-1.c -O0 -fwhopr assembly comparison
FAIL: gcc.dg/pch/save-temps-1.c -O1 -flto assembly comparison
FAIL: gcc.dg/pch/save-temps-1.c -O2 -flto assembly comparison
FAIL: gcc.dg/pch/save-temps-1.c -O2 -fwhopr assembly comparison
FAIL: gcc.dg/pch/save-temps-1.c -O3 -flto -fomit-frame-pointer assembly comparison
FAIL: gcc.dg/pch/save-temps-1.c -Os -flto assembly comparison
FAIL: gcc.dg/pch/static-1.c -O0 -flto assembly comparison
FAIL: gcc.dg/pch/static-1.c -O0 -fwhopr assembly comparison
FAIL: gcc.dg/pch/static-2.c -O0 -flto assembly comparison
FAIL: gcc.dg/pch/static-2.c -O0 -fwhopr assembly comparison
FAIL: gcc.dg/pch/static-2.c -O1 -flto assembly comparison
FAIL: gcc.dg/pch/static-2.c -O2 -flto assembly comparison
FAIL: gcc.dg/pch/static-2.c -O2 -fwhopr assembly comparison
FAIL: gcc.dg/pch/static-2.c -O3 -flto -fomit-frame-pointer assembly comparison
FAIL: gcc.dg/pch/static-2.c -Os -flto assembly comparison
FAIL: gcc.dg/pch/static-3.c -O0 -flto assembly comparison
FAIL: gcc.dg/pch/static-3.c -O0 -fwhopr assembly comparison
FAIL: gcc.dg/pch/static-3.c -O1 -flto assembly comparison
FAIL: gcc.dg/pch/static-3.c -O2 -flto assembly comparison
FAIL: gcc.dg/pch/static-3.c -O2 -fwhopr assembly comparison
FAIL: gcc.dg/pch/static-3.c -O3 -flto -fomit-frame-pointer assembly comparison
FAIL: gcc.dg/pch/static-3.c -Os -flto assembly comparison
FAIL: gcc.dg/pch/struct-1.c -O0 -flto assembly comparison
FAIL: gcc.dg/pch/struct-1.c -O0 -fwhopr assembly comparison
FAIL: gcc.dg/pch/struct-1.c -O1 -flto assembly comparison
FAIL: gcc.dg/pch/struct-1.c -O2 -flto assembly comparison
FAIL: gcc.dg/pch/struct-1.c -O2 -fwhopr assembly comparison
FAIL: gcc.dg/pch/struct-1.c -O3 -flto -fomit-frame-pointer assembly comparison
FAIL: gcc.dg/pch/struct-1.c -Os -flto assembly comparison
FAIL: gcc.dg/pch/system-1.c -O0 -flto assembly comparison
FAIL: gcc.dg/pch/system-1.c -O0 -fwhopr assembly comparison
FAIL: gcc.dg/pch/system-1.c -O1 -flto assembly comparison
FAIL: gcc.dg/pch/system-1.c -O2 -flto assembly comparison
FAIL: gcc.dg/pch/system-1.c -O2 -fwhopr assembly comparison
FAIL: gcc.dg/pch/system-1.c -O3 -flto -fomit-frame-pointer assembly comparison
FAIL: gcc.dg/pch/system-1.c -Os -flto assembly comparison
FAIL: gcc.dg/pch/valid-1b.c -O0 -flto assembly comparison
FAIL: gcc.dg/pch/valid-1b.c -O0 -fwhopr assembly comparison
FAIL: gcc.dg/pch/valid-1b.c -O1 -flto assembly comparison
FAIL: gcc.dg/pch/valid-1b.c -O2 -flto assembly comparison
FAIL: gcc.dg/pch/valid-1b.c -O2 -fwhopr assembly comparison
FAIL: gcc.dg/pch/valid-1b.c -O3 -flto -fomit-frame-pointer assembly comparison
FAIL: gcc.dg/pch/valid-1b.c -Os -flto assembly comparison
FAIL: gcc.dg/struct/wo_prof_array_field.c scan-ipa-dump ipa_struct_reorg "Number of structures to transform is 1": dump file does not exist
FAIL: gcc.dg/struct/wo_prof_double_malloc.c scan-ipa-dump ipa_struct_reorg "Number of structures to transform is 1": dump file does not exist
FAIL: gcc.dg/struct/wo_prof_escape_str_init.c scan-ipa-dump ipa_struct_reorg "is initialized...Excluded": dump file does not exist
FAIL: gcc.dg/struct/wo_prof_escape_substr_array.c scan-ipa-dump ipa_struct_reorg "is a field in the structure": dump file does not exist
FAIL: gcc.dg/struct/wo_prof_escape_substr_pointer.c scan-ipa-dump ipa_struct_reorg "is a field in the structure": dump file does not exist
FAIL: gcc.dg/struct/wo_prof_escape_substr_value.c scan-ipa-dump ipa_struct_reorg "is a field in the structure": dump file does not exist
FAIL: gcc.dg/struct/wo_prof_global_array.c scan-ipa-dump ipa_struct_reorg "Number of structures to transform is 1": dump file does not exist
FAIL: gcc.dg/struct/wo_prof_global_var.c scan-ipa-dump ipa_struct_reorg "Number of structures to transform is 1": dump file does not exist
FAIL: gcc.dg/struct/wo_prof_local_array.c scan-ipa-dump ipa_struct_reorg "Number of structures to transform is 1": dump file does not exist
FAIL: gcc.dg/struct/wo_prof_local_var.c scan-ipa-dump ipa_struct_reorg "Number of structures to transform is 1": dump file does not exist
FAIL: gcc.dg/struct/wo_prof_malloc_size_var.c scan-ipa-dump ipa_struct_reorg "Number of structures to transform is 1": dump file does not exist
FAIL: gcc.dg/struct/wo_prof_single_str_global.c scan-ipa-dump ipa_struct_reorg "Number of structures to transform is 1": dump file does not exist
FAIL: gcc.dg/struct/wo_prof_single_str_local.c scan-ipa-dump ipa_struct_reorg "No structures to transform": dump file does not exist
FAIL: gcc.dg/struct/wo_prof_two_strs.c scan-ipa-dump ipa_struct_reorg "Number of structures to transform is 2": dump file does not exist
FAIL: gcc.dg/torture/builtin-attr-1.c -O0 -fwhopr (test for excess errors)
FAIL: gcc.dg/torture/builtin-convert-3.c -O2 -fwhopr (test for excess errors)
FAIL: gcc.dg/torture/builtin-integral-1.c -O0 -fwhopr (test for excess errors)
FAIL: gcc.dg/torture/builtin-math-4.c -O0 -fwhopr (test for excess errors)
FAIL: gcc.dg/torture/builtin-power-1.c -O0 -fwhopr (test for excess errors)
FAIL: gcc.dg/torture/complex-alias-1.c -O2 -fwhopr (test for excess errors)
FAIL: gcc.dg/torture/fp-int-convert-float128-timode.c -O0 -flto (internal compiler error)
FAIL: gcc.dg/torture/fp-int-convert-float128-timode.c -O0 -flto (test for excess errors)
WARNING: gcc.dg/torture/fp-int-convert-float128-timode.c -O0 -flto compilation failed to produce executable
FAIL: gcc.dg/torture/fp-int-convert-float128-timode.c -O0 -fwhopr (internal compiler error)
FAIL: gcc.dg/torture/fp-int-convert-float128-timode.c -O0 -fwhopr (test for excess errors)
WARNING: gcc.dg/torture/fp-int-convert-float128-timode.c -O0 -fwhopr compilation failed to produce executable
FAIL: gcc.dg/torture/fp-int-convert-float128-timode.c -O1 -flto (internal compiler error)
FAIL: gcc.dg/torture/fp-int-convert-float128-timode.c -O1 -flto (test for excess errors)
WARNING: gcc.dg/torture/fp-int-convert-float128-timode.c -O1 -flto compilation failed to produce executable
FAIL: gcc.dg/torture/fp-int-convert-float128-timode.c -O2 -flto (internal compiler error)
FAIL: gcc.dg/torture/fp-int-convert-float128-timode.c -O2 -flto (test for excess errors)
WARNING: gcc.dg/torture/fp-int-convert-float128-timode.c -O2 -flto compilation failed to produce executable
FAIL: gcc.dg/torture/fp-int-convert-float128-timode.c -O2 -fwhopr (internal compiler error)
FAIL: gcc.dg/torture/fp-int-convert-float128-timode.c -O2 -fwhopr (test for excess errors)
WARNING: gcc.dg/torture/fp-int-convert-float128-timode.c -O2 -fwhopr compilation failed to produce executable
FAIL: gcc.dg/torture/fp-int-convert-float128-timode.c -O3 -flto -fomit-frame-pointer (internal compiler error)
FAIL: gcc.dg/torture/fp-int-convert-float128-timode.c -O3 -flto -fomit-frame-pointer (test for excess errors)
WARNING: gcc.dg/torture/fp-int-convert-float128-timode.c -O3 -flto -fomit-frame-pointer compilation failed to produce executable
FAIL: gcc.dg/torture/fp-int-convert-float128-timode.c -Os -flto (internal compiler error)
FAIL: gcc.dg/torture/fp-int-convert-float128-timode.c -Os -flto (test for excess errors)
WARNING: gcc.dg/torture/fp-int-convert-float128-timode.c -Os -flto compilation failed to produce executable
FAIL: gcc.dg/torture/fp-int-convert-float128.c -O0 -fwhopr (test for excess errors)
FAIL: gcc.dg/torture/fp-int-convert-float128.c -O2 -fwhopr (test for excess errors)
FAIL: gcc.dg/torture/fp-int-convert-float80-timode.c -O0 -flto (internal compiler error)
FAIL: gcc.dg/torture/fp-int-convert-float80-timode.c -O0 -flto (test for excess errors)
WARNING: gcc.dg/torture/fp-int-convert-float80-timode.c -O0 -flto compilation failed to produce executable
FAIL: gcc.dg/torture/fp-int-convert-float80-timode.c -O0 -fwhopr (internal compiler error)
FAIL: gcc.dg/torture/fp-int-convert-float80-timode.c -O0 -fwhopr (test for excess errors)
WARNING: gcc.dg/torture/fp-int-convert-float80-timode.c -O0 -fwhopr compilation failed to produce executable
FAIL: gcc.dg/torture/fp-int-convert-float80-timode.c -O1 -flto (internal compiler error)
FAIL: gcc.dg/torture/fp-int-convert-float80-timode.c -O1 -flto (test for excess errors)
WARNING: gcc.dg/torture/fp-int-convert-float80-timode.c -O1 -flto compilation failed to produce executable
FAIL: gcc.dg/torture/fp-int-convert-float80-timode.c -O2 -flto (internal compiler error)
FAIL: gcc.dg/torture/fp-int-convert-float80-timode.c -O2 -flto (test for excess errors)
WARNING: gcc.dg/torture/fp-int-convert-float80-timode.c -O2 -flto compilation failed to produce executable
FAIL: gcc.dg/torture/fp-int-convert-float80-timode.c -O2 -fwhopr (internal compiler error)
FAIL: gcc.dg/torture/fp-int-convert-float80-timode.c -O2 -fwhopr (test for excess errors)
WARNING: gcc.dg/torture/fp-int-convert-float80-timode.c -O2 -fwhopr compilation failed to produce executable
FAIL: gcc.dg/torture/fp-int-convert-float80-timode.c -O3 -flto -fomit-frame-pointer (internal compiler error)
FAIL: gcc.dg/torture/fp-int-convert-float80-timode.c -O3 -flto -fomit-frame-pointer (test for excess errors)
WARNING: gcc.dg/torture/fp-int-convert-float80-timode.c -O3 -flto -fomit-frame-pointer compilation failed to produce executable
FAIL: gcc.dg/torture/fp-int-convert-float80-timode.c -Os -flto (internal compiler error)
FAIL: gcc.dg/torture/fp-int-convert-float80-timode.c -Os -flto (test for excess errors)
WARNING: gcc.dg/torture/fp-int-convert-float80-timode.c -Os -flto compilation failed to produce executable
FAIL: gcc.dg/torture/fp-int-convert-float80.c -O0 -fwhopr (test for excess errors)
FAIL: gcc.dg/torture/fp-int-convert-float80.c -O2 -fwhopr (test for excess errors)
FAIL: gcc.dg/torture/fp-int-convert-long-double.c -O0 -fwhopr (test for excess errors)
FAIL: gcc.dg/torture/fp-int-convert-timode.c -O0 -flto (internal compiler error)
FAIL: gcc.dg/torture/fp-int-convert-timode.c -O0 -flto (test for excess errors)
WARNING: gcc.dg/torture/fp-int-convert-timode.c -O0 -flto compilation failed to produce executable
FAIL: gcc.dg/torture/fp-int-convert-timode.c -O0 -fwhopr (internal compiler error)
FAIL: gcc.dg/torture/fp-int-convert-timode.c -O0 -fwhopr (test for excess errors)
WARNING: gcc.dg/torture/fp-int-convert-timode.c -O0 -fwhopr compilation failed to produce executable
FAIL: gcc.dg/torture/fp-int-convert-timode.c -O1 -flto (internal compiler error)
FAIL: gcc.dg/torture/fp-int-convert-timode.c -O1 -flto (test for excess errors)
WARNING: gcc.dg/torture/fp-int-convert-timode.c -O1 -flto compilation failed to produce executable
FAIL: gcc.dg/torture/fp-int-convert-timode.c -O2 -flto (internal compiler error)
FAIL: gcc.dg/torture/fp-int-convert-timode.c -O2 -flto (test for excess errors)
WARNING: gcc.dg/torture/fp-int-convert-timode.c -O2 -flto compilation failed to produce executable
FAIL: gcc.dg/torture/fp-int-convert-timode.c -O2 -fwhopr (internal compiler error)
FAIL: gcc.dg/torture/fp-int-convert-timode.c -O2 -fwhopr (test for excess errors)
WARNING: gcc.dg/torture/fp-int-convert-timode.c -O2 -fwhopr compilation failed to produce executable
FAIL: gcc.dg/torture/fp-int-convert-timode.c -O3 -flto -fomit-frame-pointer (internal compiler error)
FAIL: gcc.dg/torture/fp-int-convert-timode.c -O3 -flto -fomit-frame-pointer (test for excess errors)
WARNING: gcc.dg/torture/fp-int-convert-timode.c -O3 -flto -fomit-frame-pointer compilation failed to produce executable
FAIL: gcc.dg/torture/fp-int-convert-timode.c -Os -flto (internal compiler error)
FAIL: gcc.dg/torture/fp-int-convert-timode.c -Os -flto (test for excess errors)
WARNING: gcc.dg/torture/fp-int-convert-timode.c -Os -flto compilation failed to produce executable
FAIL: gcc.dg/torture/pr26258.c -O2 -fwhopr (test for excess errors)
FAIL: gcc.dg/torture/pr26630.c -O0 -fwhopr (test for excess errors)
FAIL: gcc.dg/torture/pr26898-1.c -O0 -fwhopr (test for excess errors)
FAIL: gcc.dg/torture/pr27116.c -O0 -fwhopr (test for excess errors)
FAIL: gcc.dg/torture/pr27302.c -O0 -fwhopr (test for excess errors)
FAIL: gcc.dg/torture/pr27743.c -O2 -fwhopr (test for excess errors)
FAIL: gcc.dg/torture/pr30364-1.c -O0 -fwhopr (test for excess errors)
FAIL: gcc.dg/torture/pr30375.c -O0 -fwhopr (test for excess errors)
FAIL: gcc.dg/torture/pr30665-2.c -O2 -fwhopr (test for excess errors)
FAIL: gcc.dg/torture/pr33560.c -O2 -fwhopr (test for excess errors)
FAIL: gcc.dg/torture/pr33870.c -O0 -fwhopr (test for excess errors)
FAIL: gcc.dg/torture/pr35833.c -O0 -fwhopr (test for excess errors)
FAIL: gcc.dg/torture/pr36373-1.c -O0 -fwhopr (test for excess errors)
FAIL: gcc.dg/torture/pr36373-3.c -O0 -fwhopr (test for excess errors)
FAIL: gcc.dg/torture/pr36373-6.c -O0 -fwhopr (test for excess errors)
FAIL: gcc.dg/torture/pr36373-9.c -O0 -fwhopr (test for excess errors)
FAIL: gcc.dg/torture/pr37731-2.c -O0 -fwhopr (test for excess errors)
FAIL: gcc.dg/torture/pr38405.c -O0 -fwhopr (test for excess errors)
FAIL: gcc.dg/torture/pta-ptrarith-1.c -O2 -fwhopr (test for excess errors)
FAIL: gcc.dg/torture/type-generic-1.c -O0 -fwhopr (test for excess errors)
XPASS: gcc.dg/tree-ssa/loop-1.c scan-assembler-times foo 5
FAIL: gcc.dg/tree-ssa/pr27236.c scan-tree-dump-times optimized "foo_read" 5
FAIL: gcc.dg/tree-ssa/tailrecursion-5.c scan-tree-dump-times optimized "\\msum\\M" 4
FAIL: gcc.dg/tree-ssa/tailrecursion-5.c scan-tree-dump-times optimized "\\mfac\\M" 4
FAIL: gcc.dg/tree-ssa/tailrecursion-5.c scan-tree-dump-times optimized "\\msq_sum\\M" 4
FAIL: gcc.dg/tree-ssa/tailrecursion-5.c scan-tree-dump-times optimized "\\mpow2m1\\M" 4
FAIL: gcc.dg/tree-ssa/tailrecursion-5.c scan-tree-dump-times optimized "\\mfib\\M" 5
=== gcc Summary ===
# of expected passes 57238
# of unexpected failures 886
# of unexpected successes 14
# of expected failures 249
# of unresolved testcases 510
# of unsupported tests 533
/usr/local/gcc/gcc-20090315/Build/gcc/xgcc version 4.4.0 20090218 (experimental) [lto revision 144868] (lto merged with rev 144262)
=== gnat tests ===
Running target unix
=== gnat Summary ===
# of expected passes 608
# of expected failures 6
=== obj-c++ tests ===
Running target unix
WARNING: obj-c++.dg/lookup-2.mm compilation failed to produce executable
WARNING: obj-c++.dg/try-catch-2.mm compilation failed to produce executable
WARNING: obj-c++.dg/try-catch-9.mm compilation failed to produce executable
=== obj-c++ Summary ===
# of expected passes 427
# of expected failures 21
# of unsupported tests 13
/usr/local/gcc/gcc-20090315/Build/gcc/testsuite/obj-c++/../../g++ version 4.4.0 20090218 (experimental) [lto revision 144868] (lto merged with rev 144262)
=== objc tests ===
Running target unix
FAIL: objc/execute/exceptions/catchall-1.m execution, -O0 -fgnu-runtime
FAIL: objc/execute/exceptions/catchall-1.m execution, -O1 -fgnu-runtime
FAIL: objc/execute/exceptions/catchall-1.m execution, -O2 -fgnu-runtime
FAIL: objc/execute/exceptions/catchall-1.m execution, -Os -fgnu-runtime
FAIL: objc/execute/exceptions/local-variables-1.m execution, -O0 -fgnu-runtime
FAIL: objc/execute/exceptions/local-variables-1.m execution, -O1 -fgnu-runtime
FAIL: objc/execute/exceptions/local-variables-1.m execution, -O2 -fgnu-runtime
FAIL: objc/execute/exceptions/local-variables-1.m execution, -Os -fgnu-runtime
FAIL: objc/execute/forward-1.m execution, -O0 -fgnu-runtime
FAIL: objc/execute/forward-1.m execution, -O1 -fgnu-runtime
FAIL: objc/execute/forward-1.m execution, -O2 -fgnu-runtime
FAIL: objc/execute/forward-1.m execution, -O3 -fomit-frame-pointer -fgnu-runtime
FAIL: objc/execute/forward-1.m execution, -O3 -fomit-frame-pointer -funroll-loops -fgnu-runtime
FAIL: objc/execute/forward-1.m execution, -O3 -fomit-frame-pointer -funroll-all-loops -finline-functions -fgnu-runtime
FAIL: objc/execute/forward-1.m execution, -O3 -g -fgnu-runtime
FAIL: objc/execute/forward-1.m execution, -Os -fgnu-runtime
FAIL: ./interface-1.h -O0 -flto (test for excess errors)
FAIL: objc.dg/pch/interface-1.m -O0 -flto -I. (test for excess errors)
FAIL: objc.dg/pch/interface-1.m -O0 -flto (test for excess errors)
FAIL: ./interface-1.h -O0 -fwhopr (test for excess errors)
FAIL: objc.dg/pch/interface-1.m -O0 -fwhopr -I. (test for excess errors)
FAIL: objc.dg/pch/interface-1.m -O0 -fwhopr (test for excess errors)
FAIL: ./interface-1.h -O1 -flto (test for excess errors)
FAIL: objc.dg/pch/interface-1.m -O1 -flto -I. (test for excess errors)
FAIL: objc.dg/pch/interface-1.m -O1 -flto (test for excess errors)
FAIL: ./interface-1.h -O2 -flto (test for excess errors)
FAIL: objc.dg/pch/interface-1.m -O2 -flto -I. (test for excess errors)
FAIL: objc.dg/pch/interface-1.m -O2 -flto (test for excess errors)
FAIL: ./interface-1.h -O2 -fwhopr (test for excess errors)
FAIL: objc.dg/pch/interface-1.m -O2 -fwhopr -I. (test for excess errors)
FAIL: objc.dg/pch/interface-1.m -O2 -fwhopr (test for excess errors)
FAIL: ./interface-1.h -O3 -flto -fomit-frame-pointer (test for excess errors)
FAIL: objc.dg/pch/interface-1.m -O3 -flto -fomit-frame-pointer -I. (test for excess errors)
FAIL: objc.dg/pch/interface-1.m -O3 -flto -fomit-frame-pointer (test for excess errors)
FAIL: ./interface-1.h -Os -flto (test for excess errors)
FAIL: objc.dg/pch/interface-1.m -Os -flto -I. (test for excess errors)
FAIL: objc.dg/pch/interface-1.m -Os -flto (test for excess errors)
=== objc Summary ===
# of expected passes 1799
# of unexpected failures 37
# of expected failures 7
# of unsupported tests 25
/usr/local/gcc/gcc-20090315/Build/gcc/xgcc version 4.4.0 20090218 (experimental) [lto revision 144868] (lto merged with rev 144262)
=== libffi tests ===
Running target unix
=== libffi Summary ===
# of expected passes 1389
# of unsupported tests 10
=== libgomp tests ===
Running target unix
FAIL: libgomp.c++/atomic-1.C -O0 -flto (internal compiler error)
FAIL: libgomp.c++/atomic-1.C -O0 -flto (test for excess errors)
WARNING: libgomp.c++/atomic-1.C -O0 -flto compilation failed to produce executable
FAIL: libgomp.c++/atomic-1.C -O0 -fwhopr (internal compiler error)
FAIL: libgomp.c++/atomic-1.C -O0 -fwhopr (test for excess errors)
WARNING: libgomp.c++/atomic-1.C -O0 -fwhopr compilation failed to produce executable
FAIL: libgomp.c++/atomic-1.C -O1 -flto (internal compiler error)
FAIL: libgomp.c++/atomic-1.C -O1 -flto (test for excess errors)
WARNING: libgomp.c++/atomic-1.C -O1 -flto compilation failed to produce executable
FAIL: libgomp.c++/atomic-1.C -O2 -flto (internal compiler error)
FAIL: libgomp.c++/atomic-1.C -O2 -flto (test for excess errors)
WARNING: libgomp.c++/atomic-1.C -O2 -flto compilation failed to produce executable
FAIL: libgomp.c++/atomic-1.C -O2 -fwhopr (internal compiler error)
FAIL: libgomp.c++/atomic-1.C -O2 -fwhopr (test for excess errors)
WARNING: libgomp.c++/atomic-1.C -O2 -fwhopr compilation failed to produce executable
FAIL: libgomp.c++/atomic-1.C -O3 -flto -fomit-frame-pointer (internal compiler error)
FAIL: libgomp.c++/atomic-1.C -O3 -flto -fomit-frame-pointer (test for excess errors)
WARNING: libgomp.c++/atomic-1.C -O3 -flto -fomit-frame-pointer compilation failed to produce executable
FAIL: libgomp.c++/atomic-1.C -O3 -flto -fomit-frame-pointer -funroll-loops (internal compiler error)
FAIL: libgomp.c++/atomic-1.C -O3 -flto -fomit-frame-pointer -funroll-loops (test for excess errors)
WARNING: libgomp.c++/atomic-1.C -O3 -flto -fomit-frame-pointer -funroll-loops compilation failed to produce executable
FAIL: libgomp.c++/atomic-1.C -O3 -flto -fomit-frame-pointer -funroll-all-loops -finline-functions (internal compiler error)
FAIL: libgomp.c++/atomic-1.C -O3 -flto -fomit-frame-pointer -funroll-all-loops -finline-functions (test for excess errors)
WARNING: libgomp.c++/atomic-1.C -O3 -flto -fomit-frame-pointer -funroll-all-loops -finline-functions compilation failed to produce executable
FAIL: libgomp.c++/atomic-1.C -Os -flto (internal compiler error)
FAIL: libgomp.c++/atomic-1.C -Os -flto (test for excess errors)
WARNING: libgomp.c++/atomic-1.C -Os -flto compilation failed to produce executable
FAIL: libgomp.c++/collapse-1.C -O0 -flto (internal compiler error)
FAIL: libgomp.c++/collapse-1.C -O0 -flto (test for excess errors)
WARNING: libgomp.c++/collapse-1.C -O0 -flto compilation failed to produce executable
FAIL: libgomp.c++/collapse-1.C -O0 -fwhopr (internal compiler error)
FAIL: libgomp.c++/collapse-1.C -O0 -fwhopr (test for excess errors)
WARNING: libgomp.c++/collapse-1.C -O0 -fwhopr compilation failed to produce executable
FAIL: libgomp.c++/collapse-1.C -O1 -flto (internal compiler error)
FAIL: libgomp.c++/collapse-1.C -O1 -flto (test for excess errors)
WARNING: libgomp.c++/collapse-1.C -O1 -flto compilation failed to produce executable
FAIL: libgomp.c++/collapse-1.C -O2 -flto (internal compiler error)
FAIL: libgomp.c++/collapse-1.C -O2 -flto (test for excess errors)
WARNING: libgomp.c++/collapse-1.C -O2 -flto compilation failed to produce executable
FAIL: libgomp.c++/collapse-1.C -O2 -fwhopr (internal compiler error)
FAIL: libgomp.c++/collapse-1.C -O2 -fwhopr (test for excess errors)
WARNING: libgomp.c++/collapse-1.C -O2 -fwhopr compilation failed to produce executable
FAIL: libgomp.c++/collapse-1.C -O3 -flto -fomit-frame-pointer (internal compiler error)
FAIL: libgomp.c++/collapse-1.C -O3 -flto -fomit-frame-pointer (test for excess errors)
WARNING: libgomp.c++/collapse-1.C -O3 -flto -fomit-frame-pointer compilation failed to produce executable
FAIL: libgomp.c++/collapse-1.C -O3 -flto -fomit-frame-pointer -funroll-loops (internal compiler error)
FAIL: libgomp.c++/collapse-1.C -O3 -flto -fomit-frame-pointer -funroll-loops (test for excess errors)
WARNING: libgomp.c++/collapse-1.C -O3 -flto -fomit-frame-pointer -funroll-loops compilation failed to produce executable
FAIL: libgomp.c++/collapse-1.C -O3 -flto -fomit-frame-pointer -funroll-all-loops -finline-functions (internal compiler error)
FAIL: libgomp.c++/collapse-1.C -O3 -flto -fomit-frame-pointer -funroll-all-loops -finline-functions (test for excess errors)
WARNING: libgomp.c++/collapse-1.C -O3 -flto -fomit-frame-pointer -funroll-all-loops -finline-functions compilation failed to produce executable
FAIL: libgomp.c++/collapse-1.C -Os -flto (internal compiler error)
FAIL: libgomp.c++/collapse-1.C -Os -flto (test for excess errors)
WARNING: libgomp.c++/collapse-1.C -Os -flto compilation failed to produce executable
FAIL: libgomp.c++/copyin-1.C -O0 -flto (internal compiler error)
FAIL: libgomp.c++/copyin-1.C -O0 -flto (test for excess errors)
WARNING: libgomp.c++/copyin-1.C -O0 -flto compilation failed to produce executable
FAIL: libgomp.c++/copyin-1.C -O0 -fwhopr (internal compiler error)
FAIL: libgomp.c++/copyin-1.C -O0 -fwhopr (test for excess errors)
WARNING: libgomp.c++/copyin-1.C -O0 -fwhopr compilation failed to produce executable
FAIL: libgomp.c++/copyin-1.C -O1 -flto (internal compiler error)
FAIL: libgomp.c++/copyin-1.C -O1 -flto (test for excess errors)
WARNING: libgomp.c++/copyin-1.C -O1 -flto compilation failed to produce executable
FAIL: libgomp.c++/copyin-1.C -O2 -flto (internal compiler error)
FAIL: libgomp.c++/copyin-1.C -O2 -flto (test for excess errors)
WARNING: libgomp.c++/copyin-1.C -O2 -flto compilation failed to produce executable
FAIL: libgomp.c++/copyin-1.C -O2 -fwhopr (internal compiler error)
FAIL: libgomp.c++/copyin-1.C -O2 -fwhopr (test for excess errors)
WARNING: libgomp.c++/copyin-1.C -O2 -fwhopr compilation failed to produce executable
FAIL: libgomp.c++/copyin-1.C -O3 -flto -fomit-frame-pointer (internal compiler error)
FAIL: libgomp.c++/copyin-1.C -O3 -flto -fomit-frame-pointer (test for excess errors)
WARNING: libgomp.c++/copyin-1.C -O3 -flto -fomit-frame-pointer compilation failed to produce executable
FAIL: libgomp.c++/copyin-1.C -O3 -flto -fomit-frame-pointer -funroll-loops (internal compiler error)
FAIL: libgomp.c++/copyin-1.C -O3 -flto -fomit-frame-pointer -funroll-loops (test for excess errors)
WARNING: libgomp.c++/copyin-1.C -O3 -flto -fomit-frame-pointer -funroll-loops compilation failed to produce executable
FAIL: libgomp.c++/copyin-1.C -O3 -flto -fomit-frame-pointer -funroll-all-loops -finline-functions (internal compiler error)
FAIL: libgomp.c++/copyin-1.C -O3 -flto -fomit-frame-pointer -funroll-all-loops -finline-functions (test for excess errors)
WARNING: libgomp.c++/copyin-1.C -O3 -flto -fomit-frame-pointer -funroll-all-loops -finline-functions compilation failed to produce executable
FAIL: libgomp.c++/copyin-1.C -Os -flto (internal compiler error)
FAIL: libgomp.c++/copyin-1.C -Os -flto (test for excess errors)
WARNING: libgomp.c++/copyin-1.C -Os -flto compilation failed to produce executable
FAIL: libgomp.c++/copyin-2.C -O0 -flto (internal compiler error)
FAIL: libgomp.c++/copyin-2.C -O0 -flto (test for excess errors)
WARNING: libgomp.c++/copyin-2.C -O0 -flto compilation failed to produce executable
FAIL: libgomp.c++/copyin-2.C -O0 -fwhopr (internal compiler error)
FAIL: libgomp.c++/copyin-2.C -O0 -fwhopr (test for excess errors)
WARNING: libgomp.c++/copyin-2.C -O0 -fwhopr compilation failed to produce executable
FAIL: libgomp.c++/copyin-2.C -O1 -flto (internal compiler error)
FAIL: libgomp.c++/copyin-2.C -O1 -flto (test for excess errors)
WARNING: libgomp.c++/copyin-2.C -O1 -flto compilation failed to produce executable
FAIL: libgomp.c++/copyin-2.C -O2 -flto (internal compiler error)
FAIL: libgomp.c++/copyin-2.C -O2 -flto (test for excess errors)
WARNING: libgomp.c++/copyin-2.C -O2 -flto compilation failed to produce executable
FAIL: libgomp.c++/copyin-2.C -O2 -fwhopr (internal compiler error)
FAIL: libgomp.c++/copyin-2.C -O2 -fwhopr (test for excess errors)
WARNING: libgomp.c++/copyin-2.C -O2 -fwhopr compilation failed to produce executable
FAIL: libgomp.c++/copyin-2.C -O3 -flto -fomit-frame-pointer (internal compiler error)
FAIL: libgomp.c++/copyin-2.C -O3 -flto -fomit-frame-pointer (test for excess errors)
WARNING: libgomp.c++/copyin-2.C -O3 -flto -fomit-frame-pointer compilation failed to produce executable
FAIL: libgomp.c++/copyin-2.C -O3 -flto -fomit-frame-pointer -funroll-loops (internal compiler error)
FAIL: libgomp.c++/copyin-2.C -O3 -flto -fomit-frame-pointer -funroll-loops (test for excess errors)
WARNING: libgomp.c++/copyin-2.C -O3 -flto -fomit-frame-pointer -funroll-loops compilation failed to produce executable
FAIL: libgomp.c++/copyin-2.C -O3 -flto -fomit-frame-pointer -funroll-all-loops -finline-functions (internal compiler error)
FAIL: libgomp.c++/copyin-2.C -O3 -flto -fomit-frame-pointer -funroll-all-loops -finline-functions (test for excess errors)
WARNING: libgomp.c++/copyin-2.C -O3 -flto -fomit-frame-pointer -funroll-all-loops -finline-functions compilation failed to produce executable
FAIL: libgomp.c++/copyin-2.C -Os -flto (internal compiler error)
FAIL: libgomp.c++/copyin-2.C -Os -flto (test for excess errors)
WARNING: libgomp.c++/copyin-2.C -Os -flto compilation failed to produce executable
FAIL: libgomp.c++/ctor-1.C -O0 -flto (internal compiler error)
FAIL: libgomp.c++/ctor-1.C -O0 -flto (test for excess errors)
WARNING: libgomp.c++/ctor-1.C -O0 -flto compilation failed to produce executable
FAIL: libgomp.c++/ctor-1.C -O0 -fwhopr (internal compiler error)
FAIL: libgomp.c++/ctor-1.C -O0 -fwhopr (test for excess errors)
WARNING: libgomp.c++/ctor-1.C -O0 -fwhopr compilation failed to produce executable
FAIL: libgomp.c++/ctor-1.C -O1 -flto (internal compiler error)
FAIL: libgomp.c++/ctor-1.C -O1 -flto (test for excess errors)
WARNING: libgomp.c++/ctor-1.C -O1 -flto compilation failed to produce executable
FAIL: libgomp.c++/ctor-1.C -O2 -flto (internal compiler error)
FAIL: libgomp.c++/ctor-1.C -O2 -flto (test for excess errors)
WARNING: libgomp.c++/ctor-1.C -O2 -flto compilation failed to produce executable
FAIL: libgomp.c++/ctor-1.C -O2 -fwhopr (internal compiler error)
FAIL: libgomp.c++/ctor-1.C -O2 -fwhopr (test for excess errors)
WARNING: libgomp.c++/ctor-1.C -O2 -fwhopr compilation failed to produce executable
FAIL: libgomp.c++/ctor-1.C -O3 -flto -fomit-frame-pointer (internal compiler error)
FAIL: libgomp.c++/ctor-1.C -O3 -flto -fomit-frame-pointer (test for excess errors)
WARNING: libgomp.c++/ctor-1.C -O3 -flto -fomit-frame-pointer compilation failed to produce executable
FAIL: libgomp.c++/ctor-1.C -O3 -flto -fomit-frame-pointer -funroll-loops (internal compiler error)
FAIL: libgomp.c++/ctor-1.C -O3 -flto -fomit-frame-pointer -funroll-loops (test for excess errors)
WARNING: libgomp.c++/ctor-1.C -O3 -flto -fomit-frame-pointer -funroll-loops compilation failed to produce executable
FAIL: libgomp.c++/ctor-1.C -O3 -flto -fomit-frame-pointer -funroll-all-loops -finline-functions (internal compiler error)
FAIL: libgomp.c++/ctor-1.C -O3 -flto -fomit-frame-pointer -funroll-all-loops -finline-functions (test for excess errors)
WARNING: libgomp.c++/ctor-1.C -O3 -flto -fomit-frame-pointer -funroll-all-loops -finline-functions compilation failed to produce executable
FAIL: libgomp.c++/ctor-1.C -Os -flto (internal compiler error)
FAIL: libgomp.c++/ctor-1.C -Os -flto (test for excess errors)
WARNING: libgomp.c++/ctor-1.C -Os -flto compilation failed to produce executable
FAIL: libgomp.c++/ctor-10.C -O2 -fwhopr (test for excess errors)
FAIL: libgomp.c++/ctor-11.C -O0 -flto (internal compiler error)
FAIL: libgomp.c++/ctor-11.C -O0 -flto (test for excess errors)
WARNING: libgomp.c++/ctor-11.C -O0 -flto compilation failed to produce executable
FAIL: libgomp.c++/ctor-11.C -O0 -fwhopr (internal compiler error)
FAIL: libgomp.c++/ctor-11.C -O0 -fwhopr (test for excess errors)
WARNING: libgomp.c++/ctor-11.C -O0 -fwhopr compilation failed to produce executable
FAIL: libgomp.c++/ctor-11.C -O1 -flto (internal compiler error)
FAIL: libgomp.c++/ctor-11.C -O1 -flto (test for excess errors)
WARNING: libgomp.c++/ctor-11.C -O1 -flto compilation failed to produce executable
FAIL: libgomp.c++/ctor-11.C -O2 -flto (internal compiler error)
FAIL: libgomp.c++/ctor-11.C -O2 -flto (test for excess errors)
WARNING: libgomp.c++/ctor-11.C -O2 -flto compilation failed to produce executable
FAIL: libgomp.c++/ctor-11.C -O2 -fwhopr (internal compiler error)
FAIL: libgomp.c++/ctor-11.C -O2 -fwhopr (test for excess errors)
WARNING: libgomp.c++/ctor-11.C -O2 -fwhopr compilation failed to produce executable
FAIL: libgomp.c++/ctor-11.C -O3 -flto -fomit-frame-pointer (internal compiler error)
FAIL: libgomp.c++/ctor-11.C -O3 -flto -fomit-frame-pointer (test for excess errors)
WARNING: libgomp.c++/ctor-11.C -O3 -flto -fomit-frame-pointer compilation failed to produce executable
FAIL: libgomp.c++/ctor-11.C -O3 -flto -fomit-frame-pointer -funroll-loops (internal compiler error)
FAIL: libgomp.c++/ctor-11.C -O3 -flto -fomit-frame-pointer -funroll-loops (test for excess errors)
WARNING: libgomp.c++/ctor-11.C -O3 -flto -fomit-frame-pointer -funroll-loops compilation failed to produce executable
FAIL: libgomp.c++/ctor-11.C -O3 -flto -fomit-frame-pointer -funroll-all-loops -finline-functions (internal compiler error)
FAIL: libgomp.c++/ctor-11.C -O3 -flto -fomit-frame-pointer -funroll-all-loops -finline-functions (test for excess errors)
WARNING: libgomp.c++/ctor-11.C -O3 -flto -fomit-frame-pointer -funroll-all-loops -finline-functions compilation failed to produce executable
FAIL: libgomp.c++/ctor-11.C -Os -flto (internal compiler error)
FAIL: libgomp.c++/ctor-11.C -Os -flto (test for excess errors)
WARNING: libgomp.c++/ctor-11.C -Os -flto compilation failed to produce executable
FAIL: libgomp.c++/ctor-12.C -O0 -flto (internal compiler error)
FAIL: libgomp.c++/ctor-12.C -O0 -flto (test for excess errors)
WARNING: libgomp.c++/ctor-12.C -O0 -flto compilation failed to produce executable
FAIL: libgomp.c++/ctor-12.C -O0 -fwhopr (internal compiler error)
FAIL: libgomp.c++/ctor-12.C -O0 -fwhopr (test for excess errors)
WARNING: libgomp.c++/ctor-12.C -O0 -fwhopr compilation failed to produce executable
FAIL: libgomp.c++/ctor-12.C -O1 -flto (internal compiler error)
FAIL: libgomp.c++/ctor-12.C -O1 -flto (test for excess errors)
WARNING: libgomp.c++/ctor-12.C -O1 -flto compilation failed to produce executable
FAIL: libgomp.c++/ctor-12.C -O2 -flto (internal compiler error)
FAIL: libgomp.c++/ctor-12.C -O2 -flto (test for excess errors)
WARNING: libgomp.c++/ctor-12.C -O2 -flto compilation failed to produce executable
FAIL: libgomp.c++/ctor-12.C -O2 -fwhopr (internal compiler error)
FAIL: libgomp.c++/ctor-12.C -O2 -fwhopr (test for excess errors)
WARNING: libgomp.c++/ctor-12.C -O2 -fwhopr compilation failed to produce executable
FAIL: libgomp.c++/ctor-12.C -O3 -flto -fomit-frame-pointer (internal compiler error)
FAIL: libgomp.c++/ctor-12.C -O3 -flto -fomit-frame-pointer (test for excess errors)
WARNING: libgomp.c++/ctor-12.C -O3 -flto -fomit-frame-pointer compilation failed to produce executable
FAIL: libgomp.c++/ctor-12.C -O3 -flto -fomit-frame-pointer -funroll-loops (internal compiler error)
FAIL: libgomp.c++/ctor-12.C -O3 -flto -fomit-frame-pointer -funroll-loops (test for excess errors)
WARNING: libgomp.c++/ctor-12.C -O3 -flto -fomit-frame-pointer -funroll-loops compilation failed to produce executable
FAIL: libgomp.c++/ctor-12.C -O3 -flto -fomit-frame-pointer -funroll-all-loops -finline-functions (internal compiler error)
FAIL: libgomp.c++/ctor-12.C -O3 -flto -fomit-frame-pointer -funroll-all-loops -finline-functions (test for excess errors)
WARNING: libgomp.c++/ctor-12.C -O3 -flto -fomit-frame-pointer -funroll-all-loops -finline-functions compilation failed to produce executable
FAIL: libgomp.c++/ctor-12.C -Os -flto (internal compiler error)
FAIL: libgomp.c++/ctor-12.C -Os -flto (test for excess errors)
WARNING: libgomp.c++/ctor-12.C -Os -flto compilation failed to produce executable
FAIL: libgomp.c++/ctor-2.C -O0 -flto (internal compiler error)
FAIL: libgomp.c++/ctor-2.C -O0 -flto (test for excess errors)
WARNING: libgomp.c++/ctor-2.C -O0 -flto compilation failed to produce executable
FAIL: libgomp.c++/ctor-2.C -O0 -fwhopr (internal compiler error)
FAIL: libgomp.c++/ctor-2.C -O0 -fwhopr (test for excess errors)
WARNING: libgomp.c++/ctor-2.C -O0 -fwhopr compilation failed to produce executable
FAIL: libgomp.c++/ctor-2.C -O1 -flto (internal compiler error)
FAIL: libgomp.c++/ctor-2.C -O1 -flto (test for excess errors)
WARNING: libgomp.c++/ctor-2.C -O1 -flto compilation failed to produce executable
FAIL: libgomp.c++/ctor-2.C -O2 -flto (internal compiler error)
FAIL: libgomp.c++/ctor-2.C -O2 -flto (test for excess errors)
WARNING: libgomp.c++/ctor-2.C -O2 -flto compilation failed to produce executable
FAIL: libgomp.c++/ctor-2.C -O2 -fwhopr (internal compiler error)
FAIL: libgomp.c++/ctor-2.C -O2 -fwhopr (test for excess errors)
WARNING: libgomp.c++/ctor-2.C -O2 -fwhopr compilation failed to produce executable
FAIL: libgomp.c++/ctor-2.C -O3 -flto -fomit-frame-pointer (internal compiler error)
FAIL: libgomp.c++/ctor-2.C -O3 -flto -fomit-frame-pointer (test for excess errors)
WARNING: libgomp.c++/ctor-2.C -O3 -flto -fomit-frame-pointer compilation failed to produce executable
FAIL: libgomp.c++/ctor-2.C -O3 -flto -fomit-frame-pointer -funroll-loops (internal compiler error)
FAIL: libgomp.c++/ctor-2.C -O3 -flto -fomit-frame-pointer -funroll-loops (test for excess errors)
WARNING: libgomp.c++/ctor-2.C -O3 -flto -fomit-frame-pointer -funroll-loops compilation failed to produce executable
FAIL: libgomp.c++/ctor-2.C -O3 -flto -fomit-frame-pointer -funroll-all-loops -finline-functions (internal compiler error)
FAIL: libgomp.c++/ctor-2.C -O3 -flto -fomit-frame-pointer -funroll-all-loops -finline-functions (test for excess errors)
WARNING: libgomp.c++/ctor-2.C -O3 -flto -fomit-frame-pointer -funroll-all-loops -finline-functions compilation failed to produce executable
FAIL: libgomp.c++/ctor-2.C -Os -flto (internal compiler error)
FAIL: libgomp.c++/ctor-2.C -Os -flto (test for excess errors)
WARNING: libgomp.c++/ctor-2.C -Os -flto compilation failed to produce executable
FAIL: libgomp.c++/ctor-3.C -O0 -flto (internal compiler error)
FAIL: libgomp.c++/ctor-3.C -O0 -flto (test for excess errors)
WARNING: libgomp.c++/ctor-3.C -O0 -flto compilation failed to produce executable
FAIL: libgomp.c++/ctor-3.C -O0 -fwhopr (internal compiler error)
FAIL: libgomp.c++/ctor-3.C -O0 -fwhopr (test for excess errors)
WARNING: libgomp.c++/ctor-3.C -O0 -fwhopr compilation failed to produce executable
FAIL: libgomp.c++/ctor-3.C -O1 -flto (internal compiler error)
FAIL: libgomp.c++/ctor-3.C -O1 -flto (test for excess errors)
WARNING: libgomp.c++/ctor-3.C -O1 -flto compilation failed to produce executable
FAIL: libgomp.c++/ctor-3.C -O2 -flto (internal compiler error)
FAIL: libgomp.c++/ctor-3.C -O2 -flto (test for excess errors)
WARNING: libgomp.c++/ctor-3.C -O2 -flto compilation failed to produce executable
FAIL: libgomp.c++/ctor-3.C -O2 -fwhopr (internal compiler error)
FAIL: libgomp.c++/ctor-3.C -O2 -fwhopr (test for excess errors)
WARNING: libgomp.c++/ctor-3.C -O2 -fwhopr compilation failed to produce executable
FAIL: libgomp.c++/ctor-3.C -O3 -flto -fomit-frame-pointer (internal compiler error)
FAIL: libgomp.c++/ctor-3.C -O3 -flto -fomit-frame-pointer (test for excess errors)
WARNING: libgomp.c++/ctor-3.C -O3 -flto -fomit-frame-pointer compilation failed to produce executable
FAIL: libgomp.c++/ctor-3.C -O3 -flto -fomit-frame-pointer -funroll-loops (internal compiler error)
FAIL: libgomp.c++/ctor-3.C -O3 -flto -fomit-frame-pointer -funroll-loops (test for excess errors)
WARNING: libgomp.c++/ctor-3.C -O3 -flto -fomit-frame-pointer -funroll-loops compilation failed to produce executable
FAIL: libgomp.c++/ctor-3.C -O3 -flto -fomit-frame-pointer -funroll-all-loops -finline-functions (internal compiler error)
FAIL: libgomp.c++/ctor-3.C -O3 -flto -fomit-frame-pointer -funroll-all-loops -finline-functions (test for excess errors)
WARNING: libgomp.c++/ctor-3.C -O3 -flto -fomit-frame-pointer -funroll-all-loops -finline-functions compilation failed to produce executable
FAIL: libgomp.c++/ctor-3.C -Os -flto (internal compiler error)
FAIL: libgomp.c++/ctor-3.C -Os -flto (test for excess errors)
WARNING: libgomp.c++/ctor-3.C -Os -flto compilation failed to produce executable
FAIL: libgomp.c++/ctor-4.C -O0 -flto (internal compiler error)
FAIL: libgomp.c++/ctor-4.C -O0 -flto (test for excess errors)
WARNING: libgomp.c++/ctor-4.C -O0 -flto compilation failed to produce executable
FAIL: libgomp.c++/ctor-4.C -O0 -fwhopr (internal compiler error)
FAIL: libgomp.c++/ctor-4.C -O0 -fwhopr (test for excess errors)
WARNING: libgomp.c++/ctor-4.C -O0 -fwhopr compilation failed to produce executable
FAIL: libgomp.c++/ctor-4.C -O1 -flto (internal compiler error)
FAIL: libgomp.c++/ctor-4.C -O1 -flto (test for excess errors)
WARNING: libgomp.c++/ctor-4.C -O1 -flto compilation failed to produce executable
FAIL: libgomp.c++/ctor-4.C -O2 -flto (internal compiler error)
FAIL: libgomp.c++/ctor-4.C -O2 -flto (test for excess errors)
WARNING: libgomp.c++/ctor-4.C -O2 -flto compilation failed to produce executable
FAIL: libgomp.c++/ctor-4.C -O2 -fwhopr (internal compiler error)
FAIL: libgomp.c++/ctor-4.C -O2 -fwhopr (test for excess errors)
WARNING: libgomp.c++/ctor-4.C -O2 -fwhopr compilation failed to produce executable
FAIL: libgomp.c++/ctor-4.C -O3 -flto -fomit-frame-pointer (internal compiler error)
FAIL: libgomp.c++/ctor-4.C -O3 -flto -fomit-frame-pointer (test for excess errors)
WARNING: libgomp.c++/ctor-4.C -O3 -flto -fomit-frame-pointer compilation failed to produce executable
FAIL: libgomp.c++/ctor-4.C -O3 -flto -fomit-frame-pointer -funroll-loops (internal compiler error)
FAIL: libgomp.c++/ctor-4.C -O3 -flto -fomit-frame-pointer -funroll-loops (test for excess errors)
WARNING: libgomp.c++/ctor-4.C -O3 -flto -fomit-frame-pointer -funroll-loops compilation failed to produce executable
FAIL: libgomp.c++/ctor-4.C -O3 -flto -fomit-frame-pointer -funroll-all-loops -finline-functions (internal compiler error)
FAIL: libgomp.c++/ctor-4.C -O3 -flto -fomit-frame-pointer -funroll-all-loops -finline-functions (test for excess errors)
WARNING: libgomp.c++/ctor-4.C -O3 -flto -fomit-frame-pointer -funroll-all-loops -finline-functions compilation failed to produce executable
FAIL: libgomp.c++/ctor-4.C -Os -flto (internal compiler error)
FAIL: libgomp.c++/ctor-4.C -Os -flto (test for excess errors)
WARNING: libgomp.c++/ctor-4.C -Os -flto compilation failed to produce executable
FAIL: libgomp.c++/ctor-5.C -O0 -flto (internal compiler error)
FAIL: libgomp.c++/ctor-5.C -O0 -flto (test for excess errors)
WARNING: libgomp.c++/ctor-5.C -O0 -flto compilation failed to produce executable
FAIL: libgomp.c++/ctor-5.C -O0 -fwhopr (internal compiler error)
FAIL: libgomp.c++/ctor-5.C -O0 -fwhopr (test for excess errors)
WARNING: libgomp.c++/ctor-5.C -O0 -fwhopr compilation failed to produce executable
FAIL: libgomp.c++/ctor-5.C -O1 -flto (internal compiler error)
FAIL: libgomp.c++/ctor-5.C -O1 -flto (test for excess errors)
WARNING: libgomp.c++/ctor-5.C -O1 -flto compilation failed to produce executable
FAIL: libgomp.c++/ctor-5.C -O2 -flto (internal compiler error)
FAIL: libgomp.c++/ctor-5.C -O2 -flto (test for excess errors)
WARNING: libgomp.c++/ctor-5.C -O2 -flto compilation failed to produce executable
FAIL: libgomp.c++/ctor-5.C -O2 -fwhopr (internal compiler error)
FAIL: libgomp.c++/ctor-5.C -O2 -fwhopr (test for excess errors)
WARNING: libgomp.c++/ctor-5.C -O2 -fwhopr compilation failed to produce executable
FAIL: libgomp.c++/ctor-5.C -O3 -flto -fomit-frame-pointer (internal compiler error)
FAIL: libgomp.c++/ctor-5.C -O3 -flto -fomit-frame-pointer (test for excess errors)
WARNING: libgomp.c++/ctor-5.C -O3 -flto -fomit-frame-pointer compilation failed to produce executable
FAIL: libgomp.c++/ctor-5.C -O3 -flto -fomit-frame-pointer -funroll-loops (internal compiler error)
FAIL: libgomp.c++/ctor-5.C -O3 -flto -fomit-frame-pointer -funroll-loops (test for excess errors)
WARNING: libgomp.c++/ctor-5.C -O3 -flto -fomit-frame-pointer -funroll-loops compilation failed to produce executable
FAIL: libgomp.c++/ctor-5.C -O3 -flto -fomit-frame-pointer -funroll-all-loops -finline-functions (internal compiler error)
FAIL: libgomp.c++/ctor-5.C -O3 -flto -fomit-frame-pointer -funroll-all-loops -finline-functions (test for excess errors)
WARNING: libgomp.c++/ctor-5.C -O3 -flto -fomit-frame-pointer -funroll-all-loops -finline-functions compilation failed to produce executable
FAIL: libgomp.c++/ctor-5.C -Os -flto (internal compiler error)
FAIL: libgomp.c++/ctor-5.C -Os -flto (test for excess errors)
WARNING: libgomp.c++/ctor-5.C -Os -flto compilation failed to produce executable
FAIL: libgomp.c++/ctor-6.C -O0 -flto (internal compiler error)
FAIL: libgomp.c++/ctor-6.C -O0 -flto (test for excess errors)
WARNING: libgomp.c++/ctor-6.C -O0 -flto compilation failed to produce executable
FAIL: libgomp.c++/ctor-6.C -O0 -fwhopr (internal compiler error)
FAIL: libgomp.c++/ctor-6.C -O0 -fwhopr (test for excess errors)
WARNING: libgomp.c++/ctor-6.C -O0 -fwhopr compilation failed to produce executable
FAIL: libgomp.c++/ctor-6.C -O1 -flto (internal compiler error)
FAIL: libgomp.c++/ctor-6.C -O1 -flto (test for excess errors)
WARNING: libgomp.c++/ctor-6.C -O1 -flto compilation failed to produce executable
FAIL: libgomp.c++/ctor-6.C -O2 -flto (internal compiler error)
FAIL: libgomp.c++/ctor-6.C -O2 -flto (test for excess errors)
WARNING: libgomp.c++/ctor-6.C -O2 -flto compilation failed to produce executable
FAIL: libgomp.c++/ctor-6.C -O2 -fwhopr (internal compiler error)
FAIL: libgomp.c++/ctor-6.C -O2 -fwhopr (test for excess errors)
WARNING: libgomp.c++/ctor-6.C -O2 -fwhopr compilation failed to produce executable
FAIL: libgomp.c++/ctor-6.C -O3 -flto -fomit-frame-pointer (internal compiler error)
FAIL: libgomp.c++/ctor-6.C -O3 -flto -fomit-frame-pointer (test for excess errors)
WARNING: libgomp.c++/ctor-6.C -O3 -flto -fomit-frame-pointer compilation failed to produce executable
FAIL: libgomp.c++/ctor-6.C -O3 -flto -fomit-frame-pointer -funroll-loops (internal compiler error)
FAIL: libgomp.c++/ctor-6.C -O3 -flto -fomit-frame-pointer -funroll-loops (test for excess errors)
WARNING: libgomp.c++/ctor-6.C -O3 -flto -fomit-frame-pointer -funroll-loops compilation failed to produce executable
FAIL: libgomp.c++/ctor-6.C -O3 -flto -fomit-frame-pointer -funroll-all-loops -finline-functions (internal compiler error)
FAIL: libgomp.c++/ctor-6.C -O3 -flto -fomit-frame-pointer -funroll-all-loops -finline-functions (test for excess errors)
WARNING: libgomp.c++/ctor-6.C -O3 -flto -fomit-frame-pointer -funroll-all-loops -finline-functions compilation failed to produce executable
FAIL: libgomp.c++/ctor-6.C -Os -flto (internal compiler error)
FAIL: libgomp.c++/ctor-6.C -Os -flto (test for excess errors)
WARNING: libgomp.c++/ctor-6.C -Os -flto compilation failed to produce executable
FAIL: libgomp.c++/ctor-7.C -O0 -flto (internal compiler error)
FAIL: libgomp.c++/ctor-7.C -O0 -flto (test for excess errors)
WARNING: libgomp.c++/ctor-7.C -O0 -flto compilation failed to produce executable
FAIL: libgomp.c++/ctor-7.C -O0 -fwhopr (internal compiler error)
FAIL: libgomp.c++/ctor-7.C -O0 -fwhopr (test for excess errors)
WARNING: libgomp.c++/ctor-7.C -O0 -fwhopr compilation failed to produce executable
FAIL: libgomp.c++/ctor-7.C -O1 -flto (internal compiler error)
FAIL: libgomp.c++/ctor-7.C -O1 -flto (test for excess errors)
WARNING: libgomp.c++/ctor-7.C -O1 -flto compilation failed to produce executable
FAIL: libgomp.c++/ctor-7.C -O2 -flto (internal compiler error)
FAIL: libgomp.c++/ctor-7.C -O2 -flto (test for excess errors)
WARNING: libgomp.c++/ctor-7.C -O2 -flto compilation failed to produce executable
FAIL: libgomp.c++/ctor-7.C -O2 -fwhopr (internal compiler error)
FAIL: libgomp.c++/ctor-7.C -O2 -fwhopr (test for excess errors)
WARNING: libgomp.c++/ctor-7.C -O2 -fwhopr compilation failed to produce executable
FAIL: libgomp.c++/ctor-7.C -O3 -flto -fomit-frame-pointer (internal compiler error)
FAIL: libgomp.c++/ctor-7.C -O3 -flto -fomit-frame-pointer (test for excess errors)
WARNING: libgomp.c++/ctor-7.C -O3 -flto -fomit-frame-pointer compilation failed to produce executable
FAIL: libgomp.c++/ctor-7.C -O3 -flto -fomit-frame-pointer -funroll-loops (internal compiler error)
FAIL: libgomp.c++/ctor-7.C -O3 -flto -fomit-frame-pointer -funroll-loops (test for excess errors)
WARNING: libgomp.c++/ctor-7.C -O3 -flto -fomit-frame-pointer -funroll-loops compilation failed to produce executable
FAIL: libgomp.c++/ctor-7.C -O3 -flto -fomit-frame-pointer -funroll-all-loops -finline-functions (internal compiler error)
FAIL: libgomp.c++/ctor-7.C -O3 -flto -fomit-frame-pointer -funroll-all-loops -finline-functions (test for excess errors)
WARNING: libgomp.c++/ctor-7.C -O3 -flto -fomit-frame-pointer -funroll-all-loops -finline-functions compilation failed to produce executable
FAIL: libgomp.c++/ctor-7.C -Os -flto (internal compiler error)
FAIL: libgomp.c++/ctor-7.C -Os -flto (test for excess errors)
WARNING: libgomp.c++/ctor-7.C -Os -flto compilation failed to produce executable
FAIL: libgomp.c++/for-6.C -O0 -flto (internal compiler error)
FAIL: libgomp.c++/for-6.C -O0 -flto (test for excess errors)
WARNING: libgomp.c++/for-6.C -O0 -flto compilation failed to produce executable
FAIL: libgomp.c++/for-6.C -O0 -fwhopr (internal compiler error)
FAIL: libgomp.c++/for-6.C -O0 -fwhopr (test for excess errors)
WARNING: libgomp.c++/for-6.C -O0 -fwhopr compilation failed to produce executable
FAIL: libgomp.c++/for-6.C -O1 -flto (internal compiler error)
FAIL: libgomp.c++/for-6.C -O1 -flto (test for excess errors)
WARNING: libgomp.c++/for-6.C -O1 -flto compilation failed to produce executable
FAIL: libgomp.c++/for-6.C -O2 -flto (internal compiler error)
FAIL: libgomp.c++/for-6.C -O2 -flto (test for excess errors)
WARNING: libgomp.c++/for-6.C -O2 -flto compilation failed to produce executable
FAIL: libgomp.c++/for-6.C -O2 -fwhopr (internal compiler error)
FAIL: libgomp.c++/for-6.C -O2 -fwhopr (test for excess errors)
WARNING: libgomp.c++/for-6.C -O2 -fwhopr compilation failed to produce executable
FAIL: libgomp.c++/for-6.C -O3 -flto -fomit-frame-pointer (internal compiler error)
FAIL: libgomp.c++/for-6.C -O3 -flto -fomit-frame-pointer (test for excess errors)
WARNING: libgomp.c++/for-6.C -O3 -flto -fomit-frame-pointer compilation failed to produce executable
FAIL: libgomp.c++/for-6.C -O3 -flto -fomit-frame-pointer -funroll-loops (internal compiler error)
FAIL: libgomp.c++/for-6.C -O3 -flto -fomit-frame-pointer -funroll-loops (test for excess errors)
WARNING: libgomp.c++/for-6.C -O3 -flto -fomit-frame-pointer -funroll-loops compilation failed to produce executable
FAIL: libgomp.c++/for-6.C -O3 -flto -fomit-frame-pointer -funroll-all-loops -finline-functions (internal compiler error)
FAIL: libgomp.c++/for-6.C -O3 -flto -fomit-frame-pointer -funroll-all-loops -finline-functions (test for excess errors)
WARNING: libgomp.c++/for-6.C -O3 -flto -fomit-frame-pointer -funroll-all-loops -finline-functions compilation failed to produce executable
FAIL: libgomp.c++/for-6.C -Os -flto (internal compiler error)
FAIL: libgomp.c++/for-6.C -Os -flto (test for excess errors)
WARNING: libgomp.c++/for-6.C -Os -flto compilation failed to produce executable
FAIL: libgomp.c++/for-7.C -O0 -flto (internal compiler error)
FAIL: libgomp.c++/for-7.C -O0 -flto (test for excess errors)
WARNING: libgomp.c++/for-7.C -O0 -flto compilation failed to produce executable
FAIL: libgomp.c++/for-7.C -O0 -fwhopr (internal compiler error)
FAIL: libgomp.c++/for-7.C -O0 -fwhopr (test for excess errors)
WARNING: libgomp.c++/for-7.C -O0 -fwhopr compilation failed to produce executable
FAIL: libgomp.c++/for-7.C -O1 -flto (internal compiler error)
FAIL: libgomp.c++/for-7.C -O1 -flto (test for excess errors)
WARNING: libgomp.c++/for-7.C -O1 -flto compilation failed to produce executable
FAIL: libgomp.c++/for-7.C -O2 -flto (internal compiler error)
FAIL: libgomp.c++/for-7.C -O2 -flto (test for excess errors)
WARNING: libgomp.c++/for-7.C -O2 -flto compilation failed to produce executable
FAIL: libgomp.c++/for-7.C -O2 -fwhopr (internal compiler error)
FAIL: libgomp.c++/for-7.C -O2 -fwhopr (test for excess errors)
WARNING: libgomp.c++/for-7.C -O2 -fwhopr compilation failed to produce executable
FAIL: libgomp.c++/for-7.C -O3 -flto -fomit-frame-pointer (internal compiler error)
FAIL: libgomp.c++/for-7.C -O3 -flto -fomit-frame-pointer (test for excess errors)
WARNING: libgomp.c++/for-7.C -O3 -flto -fomit-frame-pointer compilation failed to produce executable
FAIL: libgomp.c++/for-7.C -O3 -flto -fomit-frame-pointer -funroll-loops (internal compiler error)
FAIL: libgomp.c++/for-7.C -O3 -flto -fomit-frame-pointer -funroll-loops (test for excess errors)
WARNING: libgomp.c++/for-7.C -O3 -flto -fomit-frame-pointer -funroll-loops compilation failed to produce executable
FAIL: libgomp.c++/for-7.C -O3 -flto -fomit-frame-pointer -funroll-all-loops -finline-functions (internal compiler error)
FAIL: libgomp.c++/for-7.C -O3 -flto -fomit-frame-pointer -funroll-all-loops -finline-functions (test for excess errors)
WARNING: libgomp.c++/for-7.C -O3 -flto -fomit-frame-pointer -funroll-all-loops -finline-functions compilation failed to produce executable
FAIL: libgomp.c++/for-7.C -Os -flto (internal compiler error)
FAIL: libgomp.c++/for-7.C -Os -flto (test for excess errors)
WARNING: libgomp.c++/for-7.C -Os -flto compilation failed to produce executable
FAIL: libgomp.c++/loop-6.C -O0 -fwhopr (test for excess errors)
FAIL: libgomp.c++/loop-7.C -O0 -fwhopr (test for excess errors)
FAIL: libgomp.c++/loop-9.C -O0 -flto (internal compiler error)
FAIL: libgomp.c++/loop-9.C -O0 -flto (test for excess errors)
WARNING: libgomp.c++/loop-9.C -O0 -flto compilation failed to produce executable
FAIL: libgomp.c++/loop-9.C -O0 -fwhopr (internal compiler error)
FAIL: libgomp.c++/loop-9.C -O0 -fwhopr (test for excess errors)
WARNING: libgomp.c++/loop-9.C -O0 -fwhopr compilation failed to produce executable
FAIL: libgomp.c++/loop-9.C -O1 -flto (internal compiler error)
FAIL: libgomp.c++/loop-9.C -O1 -flto (test for excess errors)
WARNING: libgomp.c++/loop-9.C -O1 -flto compilation failed to produce executable
FAIL: libgomp.c++/loop-9.C -O2 -flto (internal compiler error)
FAIL: libgomp.c++/loop-9.C -O2 -flto (test for excess errors)
WARNING: libgomp.c++/loop-9.C -O2 -flto compilation failed to produce executable
FAIL: libgomp.c++/loop-9.C -O2 -fwhopr (internal compiler error)
FAIL: libgomp.c++/loop-9.C -O2 -fwhopr (test for excess errors)
WARNING: libgomp.c++/loop-9.C -O2 -fwhopr compilation failed to produce executable
FAIL: libgomp.c++/loop-9.C -O3 -flto -fomit-frame-pointer (internal compiler error)
FAIL: libgomp.c++/loop-9.C -O3 -flto -fomit-frame-pointer (test for excess errors)
WARNING: libgomp.c++/loop-9.C -O3 -flto -fomit-frame-pointer compilation failed to produce executable
FAIL: libgomp.c++/loop-9.C -O3 -flto -fomit-frame-pointer -funroll-loops (internal compiler error)
FAIL: libgomp.c++/loop-9.C -O3 -flto -fomit-frame-pointer -funroll-loops (test for excess errors)
WARNING: libgomp.c++/loop-9.C -O3 -flto -fomit-frame-pointer -funroll-loops compilation failed to produce executable
FAIL: libgomp.c++/loop-9.C -O3 -flto -fomit-frame-pointer -funroll-all-loops -finline-functions (internal compiler error)
FAIL: libgomp.c++/loop-9.C -O3 -flto -fomit-frame-pointer -funroll-all-loops -finline-functions (test for excess errors)
WARNING: libgomp.c++/loop-9.C -O3 -flto -fomit-frame-pointer -funroll-all-loops -finline-functions compilation failed to produce executable
FAIL: libgomp.c++/loop-9.C -Os -flto (internal compiler error)
FAIL: libgomp.c++/loop-9.C -Os -flto (test for excess errors)
WARNING: libgomp.c++/loop-9.C -Os -flto compilation failed to produce executable
FAIL: libgomp.c++/nested-1.C -O0 -flto (internal compiler error)
FAIL: libgomp.c++/nested-1.C -O0 -flto (test for excess errors)
WARNING: libgomp.c++/nested-1.C -O0 -flto compilation failed to produce executable
FAIL: libgomp.c++/nested-1.C -O0 -fwhopr (internal compiler error)
FAIL: libgomp.c++/nested-1.C -O0 -fwhopr (test for excess errors)
WARNING: libgomp.c++/nested-1.C -O0 -fwhopr compilation failed to produce executable
FAIL: libgomp.c++/nested-1.C -O1 -flto (internal compiler error)
FAIL: libgomp.c++/nested-1.C -O1 -flto (test for excess errors)
WARNING: libgomp.c++/nested-1.C -O1 -flto compilation failed to produce executable
FAIL: libgomp.c++/nested-1.C -O2 -flto (internal compiler error)
FAIL: libgomp.c++/nested-1.C -O2 -flto (test for excess errors)
WARNING: libgomp.c++/nested-1.C -O2 -flto compilation failed to produce executable
FAIL: libgomp.c++/nested-1.C -O2 -fwhopr (internal compiler error)
FAIL: libgomp.c++/nested-1.C -O2 -fwhopr (test for excess errors)
WARNING: libgomp.c++/nested-1.C -O2 -fwhopr compilation failed to produce executable
FAIL: libgomp.c++/nested-1.C -O3 -flto -fomit-frame-pointer (internal compiler error)
FAIL: libgomp.c++/nested-1.C -O3 -flto -fomit-frame-pointer (test for excess errors)
WARNING: libgomp.c++/nested-1.C -O3 -flto -fomit-frame-pointer compilation failed to produce executable
FAIL: libgomp.c++/nested-1.C -O3 -flto -fomit-frame-pointer -funroll-loops (internal compiler error)
FAIL: libgomp.c++/nested-1.C -O3 -flto -fomit-frame-pointer -funroll-loops (test for excess errors)
WARNING: libgomp.c++/nested-1.C -O3 -flto -fomit-frame-pointer -funroll-loops compilation failed to produce executable
FAIL: libgomp.c++/nested-1.C -O3 -flto -fomit-frame-pointer -funroll-all-loops -finline-functions (internal compiler error)
FAIL: libgomp.c++/nested-1.C -O3 -flto -fomit-frame-pointer -funroll-all-loops -finline-functions (test for excess errors)
WARNING: libgomp.c++/nested-1.C -O3 -flto -fomit-frame-pointer -funroll-all-loops -finline-functions compilation failed to produce executable
FAIL: libgomp.c++/nested-1.C -Os -flto (internal compiler error)
FAIL: libgomp.c++/nested-1.C -Os -flto (test for excess errors)
WARNING: libgomp.c++/nested-1.C -Os -flto compilation failed to produce executable
FAIL: libgomp.c++/pr24455.C -O0 -fwhopr (test for excess errors)
FAIL: libgomp.c++/pr26943.C -O0 -flto (internal compiler error)
FAIL: libgomp.c++/pr26943.C -O0 -flto (test for excess errors)
WARNING: libgomp.c++/pr26943.C -O0 -flto compilation failed to produce executable
FAIL: libgomp.c++/pr26943.C -O0 -fwhopr (internal compiler error)
FAIL: libgomp.c++/pr26943.C -O0 -fwhopr (test for excess errors)
WARNING: libgomp.c++/pr26943.C -O0 -fwhopr compilation failed to produce executable
FAIL: libgomp.c++/pr26943.C -O1 -flto (internal compiler error)
FAIL: libgomp.c++/pr26943.C -O1 -flto (test for excess errors)
WARNING: libgomp.c++/pr26943.C -O1 -flto compilation failed to produce executable
FAIL: libgomp.c++/pr26943.C -O2 -flto (internal compiler error)
FAIL: libgomp.c++/pr26943.C -O2 -flto (test for excess errors)
WARNING: libgomp.c++/pr26943.C -O2 -flto compilation failed to produce executable
FAIL: libgomp.c++/pr26943.C -O2 -fwhopr (internal compiler error)
FAIL: libgomp.c++/pr26943.C -O2 -fwhopr (test for excess errors)
WARNING: libgomp.c++/pr26943.C -O2 -fwhopr compilation failed to produce executable
FAIL: libgomp.c++/pr26943.C -O3 -flto -fomit-frame-pointer (internal compiler error)
FAIL: libgomp.c++/pr26943.C -O3 -flto -fomit-frame-pointer (test for excess errors)
WARNING: libgomp.c++/pr26943.C -O3 -flto -fomit-frame-pointer compilation failed to produce executable
FAIL: libgomp.c++/pr26943.C -O3 -flto -fomit-frame-pointer -funroll-loops (internal compiler error)
FAIL: libgomp.c++/pr26943.C -O3 -flto -fomit-frame-pointer -funroll-loops (test for excess errors)
WARNING: libgomp.c++/pr26943.C -O3 -flto -fomit-frame-pointer -funroll-loops compilation failed to produce executable
FAIL: libgomp.c++/pr26943.C -O3 -flto -fomit-frame-pointer -funroll-all-loops -finline-functions (internal compiler error)
FAIL: libgomp.c++/pr26943.C -O3 -flto -fomit-frame-pointer -funroll-all-loops -finline-functions (test for excess errors)
WARNING: libgomp.c++/pr26943.C -O3 -flto -fomit-frame-pointer -funroll-all-loops -finline-functions compilation failed to produce executable
FAIL: libgomp.c++/pr26943.C -Os -flto (internal compiler error)
FAIL: libgomp.c++/pr26943.C -Os -flto (test for excess errors)
WARNING: libgomp.c++/pr26943.C -Os -flto compilation failed to produce executable
FAIL: libgomp.c++/pr27337.C -O0 -flto (internal compiler error)
FAIL: libgomp.c++/pr27337.C -O0 -flto (test for excess errors)
WARNING: libgomp.c++/pr27337.C -O0 -flto compilation failed to produce executable
FAIL: libgomp.c++/pr27337.C -O0 -fwhopr (internal compiler error)
FAIL: libgomp.c++/pr27337.C -O0 -fwhopr (test for excess errors)
WARNING: libgomp.c++/pr27337.C -O0 -fwhopr compilation failed to produce executable
FAIL: libgomp.c++/pr27337.C -O1 -flto (internal compiler error)
FAIL: libgomp.c++/pr27337.C -O1 -flto (test for excess errors)
WARNING: libgomp.c++/pr27337.C -O1 -flto compilation failed to produce executable
FAIL: libgomp.c++/pr27337.C -O2 -flto (internal compiler error)
FAIL: libgomp.c++/pr27337.C -O2 -flto (test for excess errors)
WARNING: libgomp.c++/pr27337.C -O2 -flto compilation failed to produce executable
FAIL: libgomp.c++/pr27337.C -O2 -fwhopr (internal compiler error)
FAIL: libgomp.c++/pr27337.C -O2 -fwhopr (test for excess errors)
WARNING: libgomp.c++/pr27337.C -O2 -fwhopr compilation failed to produce executable
FAIL: libgomp.c++/pr27337.C -O3 -flto -fomit-frame-pointer (internal compiler error)
FAIL: libgomp.c++/pr27337.C -O3 -flto -fomit-frame-pointer (test for excess errors)
WARNING: libgomp.c++/pr27337.C -O3 -flto -fomit-frame-pointer compilation failed to produce executable
FAIL: libgomp.c++/pr27337.C -O3 -flto -fomit-frame-pointer -funroll-loops (internal compiler error)
FAIL: libgomp.c++/pr27337.C -O3 -flto -fomit-frame-pointer -funroll-loops (test for excess errors)
WARNING: libgomp.c++/pr27337.C -O3 -flto -fomit-frame-pointer -funroll-loops compilation failed to produce executable
FAIL: libgomp.c++/pr27337.C -O3 -flto -fomit-frame-pointer -funroll-all-loops -finline-functions (internal compiler error)
FAIL: libgomp.c++/pr27337.C -O3 -flto -fomit-frame-pointer -funroll-all-loops -finline-functions (test for excess errors)
WARNING: libgomp.c++/pr27337.C -O3 -flto -fomit-frame-pointer -funroll-all-loops -finline-functions compilation failed to produce executable
FAIL: libgomp.c++/pr27337.C -Os -flto (internal compiler error)
FAIL: libgomp.c++/pr27337.C -Os -flto (test for excess errors)
WARNING: libgomp.c++/pr27337.C -Os -flto compilation failed to produce executable
FAIL: libgomp.c++/pr30703.C -O0 -flto (internal compiler error)
FAIL: libgomp.c++/pr30703.C -O0 -flto (test for excess errors)
WARNING: libgomp.c++/pr30703.C -O0 -flto compilation failed to produce executable
FAIL: libgomp.c++/pr30703.C -O0 -fwhopr (internal compiler error)
FAIL: libgomp.c++/pr30703.C -O0 -fwhopr (test for excess errors)
WARNING: libgomp.c++/pr30703.C -O0 -fwhopr compilation failed to produce executable
FAIL: libgomp.c++/pr30703.C -O1 -flto (internal compiler error)
FAIL: libgomp.c++/pr30703.C -O1 -flto (test for excess errors)
WARNING: libgomp.c++/pr30703.C -O1 -flto compilation failed to produce executable
FAIL: libgomp.c++/pr30703.C -O2 -flto (internal compiler error)
FAIL: libgomp.c++/pr30703.C -O2 -flto (test for excess errors)
WARNING: libgomp.c++/pr30703.C -O2 -flto compilation failed to produce executable
FAIL: libgomp.c++/pr30703.C -O2 -fwhopr (internal compiler error)
FAIL: libgomp.c++/pr30703.C -O2 -fwhopr (test for excess errors)
WARNING: libgomp.c++/pr30703.C -O2 -fwhopr compilation failed to produce executable
FAIL: libgomp.c++/pr30703.C -O3 -flto -fomit-frame-pointer (internal compiler error)
FAIL: libgomp.c++/pr30703.C -O3 -flto -fomit-frame-pointer (test for excess errors)
WARNING: libgomp.c++/pr30703.C -O3 -flto -fomit-frame-pointer compilation failed to produce executable
FAIL: libgomp.c++/pr30703.C -O3 -flto -fomit-frame-pointer -funroll-loops (internal compiler error)
FAIL: libgomp.c++/pr30703.C -O3 -flto -fomit-frame-pointer -funroll-loops (test for excess errors)
WARNING: libgomp.c++/pr30703.C -O3 -flto -fomit-frame-pointer -funroll-loops compilation failed to produce executable
FAIL: libgomp.c++/pr30703.C -O3 -flto -fomit-frame-pointer -funroll-all-loops -finline-functions (internal compiler error)
FAIL: libgomp.c++/pr30703.C -O3 -flto -fomit-frame-pointer -funroll-all-loops -finline-functions (test for excess errors)
WARNING: libgomp.c++/pr30703.C -O3 -flto -fomit-frame-pointer -funroll-all-loops -finline-functions compilation failed to produce executable
FAIL: libgomp.c++/pr30703.C -Os -flto (internal compiler error)
FAIL: libgomp.c++/pr30703.C -Os -flto (test for excess errors)
WARNING: libgomp.c++/pr30703.C -Os -flto compilation failed to produce executable
FAIL: libgomp.c++/pr34513.C -O0 -flto (internal compiler error)
FAIL: libgomp.c++/pr34513.C -O0 -flto (test for excess errors)
WARNING: libgomp.c++/pr34513.C -O0 -flto compilation failed to produce executable
FAIL: libgomp.c++/pr34513.C -O0 -fwhopr (internal compiler error)
FAIL: libgomp.c++/pr34513.C -O0 -fwhopr (test for excess errors)
WARNING: libgomp.c++/pr34513.C -O0 -fwhopr compilation failed to produce executable
FAIL: libgomp.c++/pr34513.C -O1 -flto (internal compiler error)
FAIL: libgomp.c++/pr34513.C -O1 -flto (test for excess errors)
WARNING: libgomp.c++/pr34513.C -O1 -flto compilation failed to produce executable
FAIL: libgomp.c++/pr34513.C -O2 -flto (internal compiler error)
FAIL: libgomp.c++/pr34513.C -O2 -flto (test for excess errors)
WARNING: libgomp.c++/pr34513.C -O2 -flto compilation failed to produce executable
FAIL: libgomp.c++/pr34513.C -O2 -fwhopr (internal compiler error)
FAIL: libgomp.c++/pr34513.C -O2 -fwhopr (test for excess errors)
WARNING: libgomp.c++/pr34513.C -O2 -fwhopr compilation failed to produce executable
FAIL: libgomp.c++/pr34513.C -O3 -flto -fomit-frame-pointer (internal compiler error)
FAIL: libgomp.c++/pr34513.C -O3 -flto -fomit-frame-pointer (test for excess errors)
WARNING: libgomp.c++/pr34513.C -O3 -flto -fomit-frame-pointer compilation failed to produce executable
FAIL: libgomp.c++/pr34513.C -O3 -flto -fomit-frame-pointer -funroll-loops (internal compiler error)
FAIL: libgomp.c++/pr34513.C -O3 -flto -fomit-frame-pointer -funroll-loops (test for excess errors)
WARNING: libgomp.c++/pr34513.C -O3 -flto -fomit-frame-pointer -funroll-loops compilation failed to produce executable
FAIL: libgomp.c++/pr34513.C -O3 -flto -fomit-frame-pointer -funroll-all-loops -finline-functions (internal compiler error)
FAIL: libgomp.c++/pr34513.C -O3 -flto -fomit-frame-pointer -funroll-all-loops -finline-functions (test for excess errors)
WARNING: libgomp.c++/pr34513.C -O3 -flto -fomit-frame-pointer -funroll-all-loops -finline-functions compilation failed to produce executable
FAIL: libgomp.c++/pr34513.C -Os -flto (internal compiler error)
FAIL: libgomp.c++/pr34513.C -Os -flto (test for excess errors)
WARNING: libgomp.c++/pr34513.C -Os -flto compilation failed to produce executable
FAIL: libgomp.c++/pr35185.C -O0 -flto (internal compiler error)
FAIL: libgomp.c++/pr35185.C -O0 -flto (test for excess errors)
WARNING: libgomp.c++/pr35185.C -O0 -flto compilation failed to produce executable
FAIL: libgomp.c++/pr35185.C -O0 -fwhopr (internal compiler error)
FAIL: libgomp.c++/pr35185.C -O0 -fwhopr (test for excess errors)
WARNING: libgomp.c++/pr35185.C -O0 -fwhopr compilation failed to produce executable
FAIL: libgomp.c++/pr35185.C -O1 -flto (internal compiler error)
FAIL: libgomp.c++/pr35185.C -O1 -flto (test for excess errors)
WARNING: libgomp.c++/pr35185.C -O1 -flto compilation failed to produce executable
FAIL: libgomp.c++/pr35185.C -O2 -flto (internal compiler error)
FAIL: libgomp.c++/pr35185.C -O2 -flto (test for excess errors)
WARNING: libgomp.c++/pr35185.C -O2 -flto compilation failed to produce executable
FAIL: libgomp.c++/pr35185.C -O2 -fwhopr (internal compiler error)
FAIL: libgomp.c++/pr35185.C -O2 -fwhopr (test for excess errors)
WARNING: libgomp.c++/pr35185.C -O2 -fwhopr compilation failed to produce executable
FAIL: libgomp.c++/pr35185.C -O3 -flto -fomit-frame-pointer (internal compiler error)
FAIL: libgomp.c++/pr35185.C -O3 -flto -fomit-frame-pointer (test for excess errors)
WARNING: libgomp.c++/pr35185.C -O3 -flto -fomit-frame-pointer compilation failed to produce executable
FAIL: libgomp.c++/pr35185.C -O3 -flto -fomit-frame-pointer -funroll-loops (internal compiler error)
FAIL: libgomp.c++/pr35185.C -O3 -flto -fomit-frame-pointer -funroll-loops (test for excess errors)
WARNING: libgomp.c++/pr35185.C -O3 -flto -fomit-frame-pointer -funroll-loops compilation failed to produce executable
FAIL: libgomp.c++/pr35185.C -O3 -flto -fomit-frame-pointer -funroll-all-loops -finline-functions (internal compiler error)
FAIL: libgomp.c++/pr35185.C -O3 -flto -fomit-frame-pointer -funroll-all-loops -finline-functions (test for excess errors)
WARNING: libgomp.c++/pr35185.C -O3 -flto -fomit-frame-pointer -funroll-all-loops -finline-functions compilation failed to produce executable
FAIL: libgomp.c++/pr35185.C -Os -flto (internal compiler error)
FAIL: libgomp.c++/pr35185.C -Os -flto (test for excess errors)
WARNING: libgomp.c++/pr35185.C -Os -flto compilation failed to produce executable
FAIL: libgomp.c++/pr38650.C -O0 -flto (internal compiler error)
FAIL: libgomp.c++/pr38650.C -O0 -flto (test for excess errors)
WARNING: libgomp.c++/pr38650.C -O0 -flto compilation failed to produce executable
FAIL: libgomp.c++/pr38650.C -O0 -fwhopr (internal compiler error)
FAIL: libgomp.c++/pr38650.C -O0 -fwhopr (test for excess errors)
WARNING: libgomp.c++/pr38650.C -O0 -fwhopr compilation failed to produce executable
FAIL: libgomp.c++/pr38650.C -O1 -flto (internal compiler error)
FAIL: libgomp.c++/pr38650.C -O1 -flto (test for excess errors)
WARNING: libgomp.c++/pr38650.C -O1 -flto compilation failed to produce executable
FAIL: libgomp.c++/pr38650.C -O2 -flto (internal compiler error)
FAIL: libgomp.c++/pr38650.C -O2 -flto (test for excess errors)
WARNING: libgomp.c++/pr38650.C -O2 -flto compilation failed to produce executable
FAIL: libgomp.c++/pr38650.C -O2 -fwhopr (internal compiler error)
FAIL: libgomp.c++/pr38650.C -O2 -fwhopr (test for excess errors)
WARNING: libgomp.c++/pr38650.C -O2 -fwhopr compilation failed to produce executable
FAIL: libgomp.c++/pr38650.C -O3 -flto -fomit-frame-pointer (internal compiler error)
FAIL: libgomp.c++/pr38650.C -O3 -flto -fomit-frame-pointer (test for excess errors)
WARNING: libgomp.c++/pr38650.C -O3 -flto -fomit-frame-pointer compilation failed to produce executable
FAIL: libgomp.c++/pr38650.C -O3 -flto -fomit-frame-pointer -funroll-loops (internal compiler error)
FAIL: libgomp.c++/pr38650.C -O3 -flto -fomit-frame-pointer -funroll-loops (test for excess errors)
WARNING: libgomp.c++/pr38650.C -O3 -flto -fomit-frame-pointer -funroll-loops compilation failed to produce executable
FAIL: libgomp.c++/pr38650.C -O3 -flto -fomit-frame-pointer -funroll-all-loops -finline-functions (internal compiler error)
FAIL: libgomp.c++/pr38650.C -O3 -flto -fomit-frame-pointer -funroll-all-loops -finline-functions (test for excess errors)
WARNING: libgomp.c++/pr38650.C -O3 -flto -fomit-frame-pointer -funroll-all-loops -finline-functions compilation failed to produce executable
FAIL: libgomp.c++/pr38650.C -Os -flto (internal compiler error)
FAIL: libgomp.c++/pr38650.C -Os -flto (test for excess errors)
WARNING: libgomp.c++/pr38650.C -Os -flto compilation failed to produce executable
FAIL: libgomp.c++/task-2.C -O0 -flto (internal compiler error)
FAIL: libgomp.c++/task-2.C -O0 -flto (test for excess errors)
WARNING: libgomp.c++/task-2.C -O0 -flto compilation failed to produce executable
FAIL: libgomp.c++/task-2.C -O0 -fwhopr (internal compiler error)
FAIL: libgomp.c++/task-2.C -O0 -fwhopr (test for excess errors)
WARNING: libgomp.c++/task-2.C -O0 -fwhopr compilation failed to produce executable
FAIL: libgomp.c++/task-2.C -O1 -flto (internal compiler error)
FAIL: libgomp.c++/task-2.C -O1 -flto (test for excess errors)
WARNING: libgomp.c++/task-2.C -O1 -flto compilation failed to produce executable
FAIL: libgomp.c++/task-2.C -O2 -flto (internal compiler error)
FAIL: libgomp.c++/task-2.C -O2 -flto (test for excess errors)
WARNING: libgomp.c++/task-2.C -O2 -flto compilation failed to produce executable
FAIL: libgomp.c++/task-2.C -O2 -fwhopr (internal compiler error)
FAIL: libgomp.c++/task-2.C -O2 -fwhopr (test for excess errors)
WARNING: libgomp.c++/task-2.C -O2 -fwhopr compilation failed to produce executable
FAIL: libgomp.c++/task-2.C -O3 -flto -fomit-frame-pointer (internal compiler error)
FAIL: libgomp.c++/task-2.C -O3 -flto -fomit-frame-pointer (test for excess errors)
WARNING: libgomp.c++/task-2.C -O3 -flto -fomit-frame-pointer compilation failed to produce executable
FAIL: libgomp.c++/task-2.C -O3 -flto -fomit-frame-pointer -funroll-loops (internal compiler error)
FAIL: libgomp.c++/task-2.C -O3 -flto -fomit-frame-pointer -funroll-loops (test for excess errors)
WARNING: libgomp.c++/task-2.C -O3 -flto -fomit-frame-pointer -funroll-loops compilation failed to produce executable
FAIL: libgomp.c++/task-2.C -O3 -flto -fomit-frame-pointer -funroll-all-loops -finline-functions (internal compiler error)
FAIL: libgomp.c++/task-2.C -O3 -flto -fomit-frame-pointer -funroll-all-loops -finline-functions (test for excess errors)
WARNING: libgomp.c++/task-2.C -O3 -flto -fomit-frame-pointer -funroll-all-loops -finline-functions compilation failed to produce executable
FAIL: libgomp.c++/task-2.C -Os -flto (internal compiler error)
FAIL: libgomp.c++/task-2.C -Os -flto (test for excess errors)
WARNING: libgomp.c++/task-2.C -Os -flto compilation failed to produce executable
FAIL: libgomp.c++/task-3.C -O0 -flto (internal compiler error)
FAIL: libgomp.c++/task-3.C -O0 -flto (test for excess errors)
WARNING: libgomp.c++/task-3.C -O0 -flto compilation failed to produce executable
FAIL: libgomp.c++/task-3.C -O0 -fwhopr (internal compiler error)
FAIL: libgomp.c++/task-3.C -O0 -fwhopr (test for excess errors)
WARNING: libgomp.c++/task-3.C -O0 -fwhopr compilation failed to produce executable
FAIL: libgomp.c++/task-3.C -O1 -flto (internal compiler error)
FAIL: libgomp.c++/task-3.C -O1 -flto (test for excess errors)
WARNING: libgomp.c++/task-3.C -O1 -flto compilation failed to produce executable
FAIL: libgomp.c++/task-3.C -O2 -flto (internal compiler error)
FAIL: libgomp.c++/task-3.C -O2 -flto (test for excess errors)
WARNING: libgomp.c++/task-3.C -O2 -flto compilation failed to produce executable
FAIL: libgomp.c++/task-3.C -O2 -fwhopr (internal compiler error)
FAIL: libgomp.c++/task-3.C -O2 -fwhopr (test for excess errors)
WARNING: libgomp.c++/task-3.C -O2 -fwhopr compilation failed to produce executable
FAIL: libgomp.c++/task-3.C -O3 -flto -fomit-frame-pointer (internal compiler error)
FAIL: libgomp.c++/task-3.C -O3 -flto -fomit-frame-pointer (test for excess errors)
WARNING: libgomp.c++/task-3.C -O3 -flto -fomit-frame-pointer compilation failed to produce executable
FAIL: libgomp.c++/task-3.C -O3 -flto -fomit-frame-pointer -funroll-loops (internal compiler error)
FAIL: libgomp.c++/task-3.C -O3 -flto -fomit-frame-pointer -funroll-loops (test for excess errors)
WARNING: libgomp.c++/task-3.C -O3 -flto -fomit-frame-pointer -funroll-loops compilation failed to produce executable
FAIL: libgomp.c++/task-3.C -O3 -flto -fomit-frame-pointer -funroll-all-loops -finline-functions (internal compiler error)
FAIL: libgomp.c++/task-3.C -O3 -flto -fomit-frame-pointer -funroll-all-loops -finline-functions (test for excess errors)
WARNING: libgomp.c++/task-3.C -O3 -flto -fomit-frame-pointer -funroll-all-loops -finline-functions compilation failed to produce executable
FAIL: libgomp.c++/task-3.C -Os -flto (internal compiler error)
FAIL: libgomp.c++/task-3.C -Os -flto (test for excess errors)
WARNING: libgomp.c++/task-3.C -Os -flto compilation failed to produce executable
FAIL: libgomp.c++/task-5.C -O0 -flto (internal compiler error)
FAIL: libgomp.c++/task-5.C -O0 -flto (test for excess errors)
WARNING: libgomp.c++/task-5.C -O0 -flto compilation failed to produce executable
FAIL: libgomp.c++/task-5.C -O0 -fwhopr (internal compiler error)
FAIL: libgomp.c++/task-5.C -O0 -fwhopr (test for excess errors)
WARNING: libgomp.c++/task-5.C -O0 -fwhopr compilation failed to produce executable
FAIL: libgomp.c++/task-5.C -O1 -flto (internal compiler error)
FAIL: libgomp.c++/task-5.C -O1 -flto (test for excess errors)
WARNING: libgomp.c++/task-5.C -O1 -flto compilation failed to produce executable
FAIL: libgomp.c++/task-5.C -O2 -flto (internal compiler error)
FAIL: libgomp.c++/task-5.C -O2 -flto (test for excess errors)
WARNING: libgomp.c++/task-5.C -O2 -flto compilation failed to produce executable
FAIL: libgomp.c++/task-5.C -O2 -fwhopr (internal compiler error)
FAIL: libgomp.c++/task-5.C -O2 -fwhopr (test for excess errors)
WARNING: libgomp.c++/task-5.C -O2 -fwhopr compilation failed to produce executable
FAIL: libgomp.c++/task-5.C -O3 -flto -fomit-frame-pointer (internal compiler error)
FAIL: libgomp.c++/task-5.C -O3 -flto -fomit-frame-pointer (test for excess errors)
WARNING: libgomp.c++/task-5.C -O3 -flto -fomit-frame-pointer compilation failed to produce executable
FAIL: libgomp.c++/task-5.C -O3 -flto -fomit-frame-pointer -funroll-loops (internal compiler error)
FAIL: libgomp.c++/task-5.C -O3 -flto -fomit-frame-pointer -funroll-loops (test for excess errors)
WARNING: libgomp.c++/task-5.C -O3 -flto -fomit-frame-pointer -funroll-loops compilation failed to produce executable
FAIL: libgomp.c++/task-5.C -O3 -flto -fomit-frame-pointer -funroll-all-loops -finline-functions (internal compiler error)
FAIL: libgomp.c++/task-5.C -O3 -flto -fomit-frame-pointer -funroll-all-loops -finline-functions (test for excess errors)
WARNING: libgomp.c++/task-5.C -O3 -flto -fomit-frame-pointer -funroll-all-loops -finline-functions compilation failed to produce executable
FAIL: libgomp.c++/task-5.C -Os -flto (internal compiler error)
FAIL: libgomp.c++/task-5.C -Os -flto (test for excess errors)
WARNING: libgomp.c++/task-5.C -Os -flto compilation failed to produce executable
=== libgomp Summary ===
# of expected passes 639
# of unexpected failures 472
=== libjava tests ===
Running target unix
FAIL: TestClosureGC run
FAIL: getlocalvartable output
FAIL: Array_3 execution - source compiled test
FAIL: Array_3 -findirect-dispatch execution - source compiled test
FAIL: Array_3 -O3 execution - source compiled test
FAIL: Array_3 -O3 -findirect-dispatch execution - source compiled test
FAIL: Invoke_1 execution - source compiled test
FAIL: Invoke_1 -findirect-dispatch execution - source compiled test
FAIL: Invoke_1 -O3 execution - source compiled test
FAIL: Invoke_1 -O3 -findirect-dispatch execution - source compiled test
FAIL: Throw_3 -O3 output - source compiled test
FAIL: Throw_3 -O3 -findirect-dispatch output - source compiled test
FAIL: pr83 -findirect-dispatch execution - source compiled test
FAIL: pr83 -O3 -findirect-dispatch execution - source compiled test
=== libjava Summary ===
# of expected passes 2550
# of unexpected failures 14
# of untested testcases 11
=== libmudflap tests ===
Running target unix
FAIL: libmudflap.c++/fail24-frag.cxx (test for excess errors)
WARNING: libmudflap.c++/fail24-frag.cxx compilation failed to produce executable
FAIL: libmudflap.c++/pass27-frag.cxx (test for excess errors)
WARNING: libmudflap.c++/pass27-frag.cxx compilation failed to produce executable
FAIL: libmudflap.c++/pass28-frag.cxx (test for excess errors)
WARNING: libmudflap.c++/pass28-frag.cxx compilation failed to produce executable
FAIL: libmudflap.c++/pass31-frag.cxx (test for excess errors)
WARNING: libmudflap.c++/pass31-frag.cxx compilation failed to produce executable
FAIL: libmudflap.c++/pass41-frag.cxx (test for excess errors)
WARNING: libmudflap.c++/pass41-frag.cxx compilation failed to produce executable
FAIL: libmudflap.c++/pass55-frag.cxx (test for excess errors)
WARNING: libmudflap.c++/pass55-frag.cxx compilation failed to produce executable
FAIL: libmudflap.c++/pass57-frag.cxx (test for excess errors)
WARNING: libmudflap.c++/pass57-frag.cxx compilation failed to produce executable
FAIL: libmudflap.c++/pass58-frag.cxx (test for excess errors)
WARNING: libmudflap.c++/pass58-frag.cxx compilation failed to produce executable
FAIL: libmudflap.c++/pass60-frag.cxx (test for excess errors)
WARNING: libmudflap.c++/pass60-frag.cxx compilation failed to produce executable
FAIL: libmudflap.c++/fail24-frag.cxx ( -O) (test for excess errors)
WARNING: libmudflap.c++/fail24-frag.cxx ( -O) compilation failed to produce executable
FAIL: libmudflap.c++/pass27-frag.cxx ( -O) (test for excess errors)
WARNING: libmudflap.c++/pass27-frag.cxx ( -O) compilation failed to produce executable
FAIL: libmudflap.c++/pass28-frag.cxx ( -O) (test for excess errors)
WARNING: libmudflap.c++/pass28-frag.cxx ( -O) compilation failed to produce executable
FAIL: libmudflap.c++/pass31-frag.cxx ( -O) (test for excess errors)
WARNING: libmudflap.c++/pass31-frag.cxx ( -O) compilation failed to produce executable
FAIL: libmudflap.c++/pass41-frag.cxx ( -O) (test for excess errors)
WARNING: libmudflap.c++/pass41-frag.cxx ( -O) compilation failed to produce executable
FAIL: libmudflap.c++/pass55-frag.cxx ( -O) (test for excess errors)
WARNING: libmudflap.c++/pass55-frag.cxx ( -O) compilation failed to produce executable
FAIL: libmudflap.c++/pass57-frag.cxx ( -O) (test for excess errors)
WARNING: libmudflap.c++/pass57-frag.cxx ( -O) compilation failed to produce executable
FAIL: libmudflap.c++/pass58-frag.cxx ( -O) (test for excess errors)
WARNING: libmudflap.c++/pass58-frag.cxx ( -O) compilation failed to produce executable
FAIL: libmudflap.c++/pass60-frag.cxx ( -O) (test for excess errors)
WARNING: libmudflap.c++/pass60-frag.cxx ( -O) compilation failed to produce executable
FAIL: libmudflap.c++/fail24-frag.cxx (-O2) (test for excess errors)
WARNING: libmudflap.c++/fail24-frag.cxx (-O2) compilation failed to produce executable
FAIL: libmudflap.c++/pass27-frag.cxx (-O2) (test for excess errors)
WARNING: libmudflap.c++/pass27-frag.cxx (-O2) compilation failed to produce executable
FAIL: libmudflap.c++/pass28-frag.cxx (-O2) (test for excess errors)
WARNING: libmudflap.c++/pass28-frag.cxx (-O2) compilation failed to produce executable
FAIL: libmudflap.c++/pass31-frag.cxx (-O2) (test for excess errors)
WARNING: libmudflap.c++/pass31-frag.cxx (-O2) compilation failed to produce executable
FAIL: libmudflap.c++/pass41-frag.cxx (-O2) (test for excess errors)
WARNING: libmudflap.c++/pass41-frag.cxx (-O2) compilation failed to produce executable
FAIL: libmudflap.c++/pass55-frag.cxx (-O2) (test for excess errors)
WARNING: libmudflap.c++/pass55-frag.cxx (-O2) compilation failed to produce executable
FAIL: libmudflap.c++/pass57-frag.cxx (-O2) (test for excess errors)
WARNING: libmudflap.c++/pass57-frag.cxx (-O2) compilation failed to produce executable
FAIL: libmudflap.c++/pass58-frag.cxx (-O2) (test for excess errors)
WARNING: libmudflap.c++/pass58-frag.cxx (-O2) compilation failed to produce executable
FAIL: libmudflap.c++/pass60-frag.cxx (-O2) (test for excess errors)
WARNING: libmudflap.c++/pass60-frag.cxx (-O2) compilation failed to produce executable
FAIL: libmudflap.c++/fail24-frag.cxx (-O3) (test for excess errors)
WARNING: libmudflap.c++/fail24-frag.cxx (-O3) compilation failed to produce executable
FAIL: libmudflap.c++/pass27-frag.cxx (-O3) (test for excess errors)
WARNING: libmudflap.c++/pass27-frag.cxx (-O3) compilation failed to produce executable
FAIL: libmudflap.c++/pass28-frag.cxx (-O3) (test for excess errors)
WARNING: libmudflap.c++/pass28-frag.cxx (-O3) compilation failed to produce executable
FAIL: libmudflap.c++/pass31-frag.cxx (-O3) (test for excess errors)
WARNING: libmudflap.c++/pass31-frag.cxx (-O3) compilation failed to produce executable
FAIL: libmudflap.c++/pass41-frag.cxx (-O3) (test for excess errors)
WARNING: libmudflap.c++/pass41-frag.cxx (-O3) compilation failed to produce executable
FAIL: libmudflap.c++/pass55-frag.cxx (-O3) (test for excess errors)
WARNING: libmudflap.c++/pass55-frag.cxx (-O3) compilation failed to produce executable
FAIL: libmudflap.c++/pass57-frag.cxx (-O3) (test for excess errors)
WARNING: libmudflap.c++/pass57-frag.cxx (-O3) compilation failed to produce executable
FAIL: libmudflap.c++/pass58-frag.cxx (-O3) (test for excess errors)
WARNING: libmudflap.c++/pass58-frag.cxx (-O3) compilation failed to produce executable
FAIL: libmudflap.c++/pass60-frag.cxx (-O3) (test for excess errors)
WARNING: libmudflap.c++/pass60-frag.cxx (-O3) compilation failed to produce executable
FAIL: ctors-12 linkage
FAIL: ctors-21 linkage
WARNING: program timed out.
FAIL: ctors-12 execution
WARNING: program timed out.
FAIL: ctors-21 execution
FAIL: ctors-12 linkage -O2
FAIL: ctors-21 linkage -O2
WARNING: program timed out.
FAIL: ctors-12 execution -O2
WARNING: program timed out.
FAIL: ctors-21 execution -O2
FAIL: ctors-12 linkage -O3
FAIL: ctors-21 linkage -O3
WARNING: program timed out.
FAIL: ctors-12 execution -O3
WARNING: program timed out.
FAIL: ctors-21 execution -O3
=== libmudflap Summary ===
# of expected passes 1774
# of unexpected failures 48
=== libstdc++ tests ===
Running target unix
ERROR: tcl error sourcing /usr/local/gcc/gcc-20090315/libstdc++-v3/testsuite/libstdc++-abi/abi.exp.
ERROR: could not compile testsuite_character.cc
ERROR: could not compile testsuite_character.cc
ERROR: could not compile testsuite_character.cc
ERROR: could not compile testsuite_character.cc
ERROR: could not compile testsuite_character.cc
ERROR: tcl error sourcing /usr/local/gcc/gcc-20090315/libstdc++-v3/testsuite/libstdc++-dg/conformance.exp.
ERROR: tcl error sourcing /usr/local/gcc/gcc-20090315/libstdc++-v3/testsuite/libstdc++-dg/conformance.exp.
ERROR: tcl error sourcing /usr/local/gcc/gcc-20090315/libstdc++-v3/testsuite/libstdc++-dg/conformance.exp.
ERROR: tcl error sourcing /usr/local/gcc/gcc-20090315/libstdc++-v3/testsuite/libstdc++-dg/conformance.exp.
=== libstdc++ Summary ===
=== libstdc++ Summary ===
Compiler version: 4.4.0 20090218 (experimental) [lto revision 144868] (lto merged with rev 144262)
Platform: ia64-suse-linux-gnu
configure flags: --prefix=/usr --build=ia64-suse-linux --host=ia64-suse-linux --enable-shared --enable-threads --enable-__cxa_atexit --with-system-zlib --with-system-libunwind
More information about the Gcc-testresults
mailing list