Results for 4.3.3 (GCC) testsuite on i386-pc-solaris2.8

Tom G. Christensen tgc@jupiterrise.com
Fri Mar 13 19:53:00 GMT 2009


Built with:
GNU as 2.19.1
native ld (109148-42)
gmp 4.2.4
mpfr 2.3.2

Bootstrap compiler:
Reading specs from /opt/csw/gcc4/lib/gcc/i386-pc-solaris2.8/4.0.2/specs
Target: i386-pc-solaris2.8
Configured with: ../sources/gcc-4.0.2/configure --prefix=/opt/csw/gcc4 --with-local-prefix=/opt/csw --with-gnu-as --with-as=/opt/csw/bin/gas --without-gnu-ld --with-ld=/usr/ccs/bin/ld --enable-threads=posix --enable-shared --enable-multilib --enable-nls --with-included-gettext --with-libiconv-prefix=/opt/csw --with-x --enable-java-awt=xlib --with-system-zlib --enable-languages=c,c++,f95,java,objc,ada
Thread model: posix
gcc version 4.0.2

LAST_UPDATED: Obtained from SVN: tags/gcc_4_3_3_release revision 143643

		=== acats tests ===

		=== acats Summary ===
# of expected passes		2315
# of unexpected failures	0
Native configuration is i386-pc-solaris2.8

		=== g++ tests ===


Running target unix
XPASS: g++.dg/other/ucnid-1.C (test for excess errors)
FAIL: g++.dg/warn/miss-format-1.C printf attribute warning (test for warnings, line 15)
FAIL: g++.dg/warn/miss-format-1.C printf attribute warning 2 (test for warnings, line 40)
FAIL: g++.dg/torture/pr34099.C  -O0  execution test
FAIL: g++.dg/torture/pr34099.C  -O1  execution test
FAIL: g++.old-deja/g++.brendan/complex1.C execution test
XPASS: g++.old-deja/g++.oliva/dwarf2.C (test for excess errors)
XPASS: g++.old-deja/g++.oliva/dwarf3.C (test for excess errors)
FAIL: g++.old-deja/g++.other/headers1.C (test for excess errors)
WARNING: g++.old-deja/g++.other/headers1.C compilation failed to produce executable
XPASS: g++.old-deja/g++.other/init19.C execution test

		=== g++ Summary ===

# of expected passes		17488
# of unexpected failures	6
# of unexpected successes	4
# of expected failures		84
# of unsupported tests		172
/export/home/tgc/tmp/all_gas/gcc/testsuite/g++/../../g++  version 4.3.3 (GCC) 

		=== gcc tests ===


Running target unix
FAIL: gcc.c-torture/compile/limits-structnest.c  -O2  (test for excess errors)
FAIL: gcc.c-torture/compile/limits-structnest.c  -O3 -fomit-frame-pointer  (test for excess errors)
FAIL: gcc.c-torture/compile/limits-structnest.c  -O3 -g  (test for excess errors)
FAIL: gcc.c-torture/compile/limits-structnest.c  -Os  (test for excess errors)
FAIL: gcc.c-torture/execute/990127-2.c execution,  -O2 
FAIL: gcc.c-torture/execute/990127-2.c execution,  -Os 
FAIL: gcc.dg/builtins-8.c execution test
FAIL: gcc.dg/pthread-init-1.c (test for excess errors)
FAIL: gcc.dg/pthread-init-2.c (test for excess errors)
XPASS: gcc.dg/ucnid-2.c (test for excess errors)
XPASS: gcc.dg/ucnid-3.c (test for excess errors)
XPASS: gcc.dg/ucnid-4.c (test for excess errors)
FAIL: largefile.c -O0 -g (test for excess errors)
FAIL: gcc.dg/pch/largefile.c -O0 -g assembly comparison
FAIL: largefile.c  -O0  (test for excess errors)
FAIL: gcc.dg/pch/largefile.c  -O0  assembly comparison
FAIL: largefile.c  -O1  (test for excess errors)
FAIL: gcc.dg/pch/largefile.c  -O1  assembly comparison
FAIL: largefile.c  -O2  (test for excess errors)
FAIL: gcc.dg/pch/largefile.c  -O2  assembly comparison
FAIL: largefile.c  -O3 -fomit-frame-pointer  (test for excess errors)
FAIL: gcc.dg/pch/largefile.c  -O3 -fomit-frame-pointer  assembly comparison
FAIL: largefile.c  -O3 -g  (test for excess errors)
FAIL: gcc.dg/pch/largefile.c  -O3 -g  assembly comparison
FAIL: largefile.c  -Os  (test for excess errors)
FAIL: gcc.dg/pch/largefile.c  -Os  assembly comparison
FAIL: gcc.dg/torture/complex-alias-1.c  -O0  execution test
FAIL: gcc.dg/torture/complex-alias-1.c  -O1  execution test
XPASS: gcc.dg/tree-ssa/20040204-1.c scan-tree-dump-times optimized "link_error" 0
FAIL: gcc.dg/tree-ssa/ltrans-1.c scan-tree-dump-times ltrans "converted loop nest to perfect loop nest" 1
FAIL: gcc.dg/tree-ssa/ltrans-1.c scan-tree-dump-times ltrans "transformed loop" 1
FAIL: gcc.dg/tree-ssa/ltrans-4.c scan-tree-dump-times ltrans "transformed loop" 1
FAIL: gcc.dg/tree-ssa/ltrans-5.c scan-tree-dump-times ltrans "transformed loop" 1
FAIL: gcc.dg/tree-ssa/ltrans-6.c scan-tree-dump-times ltrans "transformed loop" 1
FAIL: gcc.dg/tree-ssa/ltrans-8.c scan-tree-dump-times ltrans "transformed loop" 1
FAIL: gcc.target/i386/abi-1.c scan-assembler xmm0
FAIL: gcc.target/i386/asm-2.c (internal compiler error)
FAIL: gcc.target/i386/asm-2.c (test for excess errors)
FAIL: gcc.target/i386/fastcall-sseregparm.c execution test
FAIL: gcc.target/i386/pr13685.c execution test
FAIL: gcc.target/i386/pr37191.c (test for excess errors)
FAIL: gcc.target/i386/reload-1.c (test for excess errors)
ERROR: gcc.target/i386/reload-1.c: error executing dg-final: no files matched glob pattern "reload-1.c.[0-9][0-9][0-9]r.csa"
UNRESOLVED: gcc.target/i386/reload-1.c: error executing dg-final: no files matched glob pattern "reload-1.c.[0-9][0-9][0-9]r.csa"
FAIL: gcc.target/i386/sse-13.c (test for excess errors)
FAIL: gcc.target/i386/sse-14.c (test for excess errors)
FAIL: gcc.target/i386/sse-17.c execution test
FAIL: gcc.target/i386/sse-3.c execution test
FAIL: gcc.target/i386/sse-recip-vec.c execution test
FAIL: gcc.target/i386/sse-recip.c execution test
FAIL: gcc.target/i386/sse5-haddX.c (test for excess errors)
WARNING: gcc.target/i386/sse5-haddX.c compilation failed to produce executable
FAIL: gcc.target/i386/sse5-hsubX.c (test for excess errors)
WARNING: gcc.target/i386/sse5-hsubX.c compilation failed to produce executable

		=== gcc Summary ===

# of expected passes		48392
# of unexpected failures	46
# of unexpected successes	4
# of expected failures		168
# of unresolved testcases	1
# of untested testcases		35
# of unsupported tests		337
/export/home/tgc/tmp/all_gas/gcc/xgcc  version 4.3.3 (GCC) 

		=== gfortran tests ===


Running target unix
FAIL: gfortran.dg/c_by_val_1.f  -O0  execution test
FAIL: gfortran.dg/c_by_val_1.f  -O1  execution test
FAIL: gfortran.dg/c_by_val_1.f  -O2  execution test
FAIL: gfortran.dg/c_by_val_1.f  -O3 -fomit-frame-pointer  execution test
FAIL: gfortran.dg/c_by_val_1.f  -O3 -fomit-frame-pointer -funroll-loops  execution test
FAIL: gfortran.dg/c_by_val_1.f  -O3 -fomit-frame-pointer -funroll-all-loops -finline-functions  execution test
FAIL: gfortran.dg/c_by_val_1.f  -O3 -g  execution test
FAIL: gfortran.dg/c_by_val_1.f  -Os  execution test
FAIL: gfortran.dg/f2c_2.f90  -O0  execution test
FAIL: gfortran.dg/f2c_2.f90  -O1  execution test
FAIL: gfortran.dg/f2c_2.f90  -O2  execution test
FAIL: gfortran.dg/f2c_2.f90  -O3 -fomit-frame-pointer  execution test
FAIL: gfortran.dg/f2c_2.f90  -O3 -fomit-frame-pointer -funroll-loops  execution test
FAIL: gfortran.dg/f2c_2.f90  -O3 -fomit-frame-pointer -funroll-all-loops -finline-functions  execution test
FAIL: gfortran.dg/f2c_2.f90  -O3 -g  execution test
FAIL: gfortran.dg/f2c_2.f90  -Os  execution test
FAIL: gfortran.dg/ltrans-7.f90  -O  scan-tree-dump-times ltrans "transformed loop" 1
FAIL: gfortran.dg/specifics_1.f90  -O0  execution test
FAIL: gfortran.dg/specifics_1.f90  -O1  execution test
FAIL: gfortran.dg/specifics_1.f90  -O2  execution test
FAIL: gfortran.dg/specifics_1.f90  -O3 -fomit-frame-pointer  execution test
FAIL: gfortran.dg/specifics_1.f90  -O3 -fomit-frame-pointer -funroll-loops  execution test
FAIL: gfortran.dg/specifics_1.f90  -O3 -fomit-frame-pointer -funroll-all-loops -finline-functions  execution test
FAIL: gfortran.dg/specifics_1.f90  -O3 -g  execution test
FAIL: gfortran.dg/specifics_1.f90  -Os  execution test
FAIL: gfortran.dg/value_4.f90  -O0  execution test
FAIL: gfortran.dg/value_4.f90  -O1  execution test
FAIL: gfortran.dg/value_4.f90  -O2  execution test
FAIL: gfortran.dg/value_4.f90  -O3 -fomit-frame-pointer  execution test
FAIL: gfortran.dg/value_4.f90  -O3 -fomit-frame-pointer -funroll-loops  execution test
FAIL: gfortran.dg/value_4.f90  -O3 -fomit-frame-pointer -funroll-all-loops -finline-functions  execution test
FAIL: gfortran.dg/value_4.f90  -O3 -g  execution test
FAIL: gfortran.dg/value_4.f90  -Os  execution test
FAIL: gfortran.fortran-torture/execute/specifics.f90 execution,  -O0 
FAIL: gfortran.fortran-torture/execute/specifics.f90 execution,  -O1 
FAIL: gfortran.fortran-torture/execute/specifics.f90 execution,  -O2 
FAIL: gfortran.fortran-torture/execute/specifics.f90 execution,  -O2 -fomit-frame-pointer -finline-functions 
FAIL: gfortran.fortran-torture/execute/specifics.f90 execution,  -O2 -fomit-frame-pointer -finline-functions -funroll-loops 
FAIL: gfortran.fortran-torture/execute/specifics.f90 execution,  -O2 -fbounds-check 
FAIL: gfortran.fortran-torture/execute/specifics.f90 execution,  -O3 -g 
FAIL: gfortran.fortran-torture/execute/specifics.f90 execution,  -Os 

		=== gfortran Summary ===

# of expected passes		24480
# of unexpected failures	41
# of expected failures		3
# of unsupported tests		136
/export/home/tgc/tmp/all_gas/gcc/testsuite/gfortran/../../gfortran  version 4.3.3 (GCC) 

		=== gnat tests ===


Running target unix

		=== gnat Summary ===

# of expected passes		374
# of expected failures		1
		=== obj-c++ tests ===


Running target unix
WARNING: obj-c++.dg/lookup-2.mm compilation failed to produce executable
WARNING: obj-c++.dg/try-catch-2.mm compilation failed to produce executable
WARNING: obj-c++.dg/try-catch-9.mm compilation failed to produce executable

		=== obj-c++ Summary ===

# of expected passes		437
# of expected failures		9
# of unsupported tests		13
/export/home/tgc/tmp/all_gas/gcc/testsuite/obj-c++/../../g++  version 4.3.3 (GCC) 

		=== objc tests ===


Running target unix

		=== objc Summary ===

# of expected passes		1812
# of expected failures		7
# of unsupported tests		24
/export/home/tgc/tmp/all_gas/gcc/xgcc  version 4.3.3 (GCC) 

		=== libffi tests ===


Running target unix

		=== libffi Summary ===

# of expected passes		1389
# of unsupported tests		10
		=== libgomp tests ===


Running target unix
FAIL: libgomp.fortran/crayptr2.f90  -O0  execution test
FAIL: libgomp.fortran/crayptr2.f90  -O1  execution test
FAIL: libgomp.fortran/crayptr2.f90  -O2  execution test
FAIL: libgomp.fortran/crayptr2.f90  -O3 -fomit-frame-pointer  execution test
FAIL: libgomp.fortran/crayptr2.f90  -O3 -fomit-frame-pointer -funroll-loops  execution test
FAIL: libgomp.fortran/crayptr2.f90  -O3 -fomit-frame-pointer -funroll-all-loops -finline-functions  execution test
FAIL: libgomp.fortran/crayptr2.f90  -O3 -g  execution test
FAIL: libgomp.fortran/crayptr2.f90  -Os  execution test
FAIL: libgomp.fortran/pr32550.f90  -O0  execution test
FAIL: libgomp.fortran/pr32550.f90  -O1  execution test
FAIL: libgomp.fortran/pr32550.f90  -O2  execution test
FAIL: libgomp.fortran/pr32550.f90  -O3 -fomit-frame-pointer  execution test
FAIL: libgomp.fortran/pr32550.f90  -O3 -fomit-frame-pointer -funroll-loops  execution test
FAIL: libgomp.fortran/pr32550.f90  -O3 -fomit-frame-pointer -funroll-all-loops -finline-functions  execution test
FAIL: libgomp.fortran/pr32550.f90  -O3 -g  execution test
FAIL: libgomp.fortran/pr32550.f90  -Os  execution test

		=== libgomp Summary ===

# of expected passes		1529
# of unexpected failures	16
# of unsupported tests		109
		=== libjava tests ===


Running target unix
FAIL: PR16923.c compilation
WARNING: program timed out.
FAIL: getstacktrace run
WARNING: program timed out.
FAIL: getallthreads run
FAIL: InvokeInterface execution - source compiled test
FAIL: InvokeInterface -O3 execution - source compiled test
WARNING: program timed out.
FAIL: PR18699 execution - source compiled test
WARNING: program timed out.
FAIL: PR18699 -findirect-dispatch execution - source compiled test
WARNING: program timed out.
FAIL: PR18699 -O3 execution - source compiled test
WARNING: program timed out.
FAIL: PR18699 -O3 -findirect-dispatch execution - source compiled test
WARNING: program timed out.
FAIL: PR27908 execution - source compiled test
WARNING: program timed out.
FAIL: PR27908 -findirect-dispatch execution - source compiled test
WARNING: program timed out.
FAIL: PR27908 -O3 execution - source compiled test
WARNING: program timed out.
FAIL: PR27908 -O3 -findirect-dispatch execution - source compiled test
FAIL: Process_3 execution - source compiled test
FAIL: Process_3 -findirect-dispatch execution - source compiled test
FAIL: Process_3 -O3 execution - source compiled test
FAIL: Process_3 -O3 -findirect-dispatch execution - source compiled test
FAIL: SyncTest -O3 -findirect-dispatch execution - source compiled test
FAIL: Thread_Monitor execution - source compiled test
FAIL: Thread_Monitor -findirect-dispatch execution - source compiled test
FAIL: Thread_Monitor -O3 execution - source compiled test
FAIL: Thread_Monitor -O3 -findirect-dispatch execution - source compiled test
FAIL: Throw_2 execution - source compiled test
FAIL: Throw_2 -findirect-dispatch execution - source compiled test
FAIL: Throw_2 -O3 execution - source compiled test
FAIL: Throw_2 -O3 -findirect-dispatch execution - source compiled test

		=== libjava Summary ===

# of expected passes		2512
# of unexpected failures	26
# of untested testcases		25
		=== libstdc++ tests ===


Running target unix
WARNING: program timed out.
FAIL: 23_containers/vector/bool/modifiers/insert/31370.cc execution test
FAIL: 26_numerics/complex/13450.cc execution test
FAIL: 27_io/basic_istream/extractors_arithmetic/char/12.cc execution test
FAIL: 27_io/basic_istream/extractors_arithmetic/wchar_t/12.cc execution test

		=== libstdc++ Summary ===

# of expected passes		4860
# of unexpected failures	4
# of expected failures		59
# of unsupported tests		369

Compiler version: 4.3.3 (GCC) 
Platform: i386-pc-solaris2.8
configure flags: --prefix=/usr/tgcware --with-local-prefix=/usr/tgcware --with-gnu-as --with-as=/opt/csw/bin/gas --without-gnu-ld --with-ld=/usr/ccs/bin/ld --enable-threads=posix --enable-shared --with-libiconv-prefix=/opt/csw --with-gmp=/opt/csw --with-mpfr=/opt/csw --disable-nls --enable-languages=c,ada,c++,fortran,objc,obj-c++,java --with-x --enable-java-awt=xlib --with-system-zlib



More information about the Gcc-testresults mailing list