Results for 4.4.0 20090312 (experimental) [trunk revision 144799] (GCC) testsuite on ia64-unknown-linux-gnu

Laurent GUERBY gcc41 guerby@gcc41.fsffrance.org
Fri Mar 13 15:24:00 GMT 2009


LAST_UPDATED: Thu Mar 12 00:34:15 UTC 2009 (revision 144799)

		=== acats tests ===

		=== acats Summary ===
# of expected passes		2315
# of unexpected failures	0
Native configuration is ia64-unknown-linux-gnu

		=== gcc tests ===


Running target unix
XPASS: gcc.c-torture/compile/pr11832.c  -O3 -fomit-frame-pointer  (test for excess errors)
XPASS: gcc.c-torture/compile/pr11832.c  -O3 -fomit-frame-pointer -funroll-loops  (test for excess errors)
XPASS: gcc.c-torture/compile/pr11832.c  -O3 -fomit-frame-pointer -funroll-all-loops -finline-functions  (test for excess errors)
XPASS: gcc.c-torture/compile/pr11832.c  -O3 -g  (test for excess errors)
XPASS: gcc.c-torture/compile/pr11832.c  -Os  (test for excess errors)
XPASS: gcc.c-torture/compile/pr33009.c  -O1  (test for excess errors)
XPASS: gcc.c-torture/compile/pr33009.c  -O2  (test for excess errors)
XPASS: gcc.c-torture/compile/pr33009.c  -O3 -fomit-frame-pointer  (test for excess errors)
XPASS: gcc.c-torture/compile/pr33009.c  -O3 -fomit-frame-pointer -funroll-loops  (test for excess errors)
XPASS: gcc.c-torture/compile/pr33009.c  -O3 -fomit-frame-pointer -funroll-all-loops -finline-functions  (test for excess errors)
XPASS: gcc.c-torture/compile/pr33009.c  -O3 -g  (test for excess errors)
XPASS: gcc.c-torture/compile/pr33009.c  -Os  (test for excess errors)
FAIL: gcc.dg/builtin-apply4.c execution test
FAIL: gcc.dg/pr37106-1.c (internal compiler error)
FAIL: gcc.dg/pr37106-1.c (test for excess errors)
XPASS: gcc.dg/tree-ssa/loop-1.c scan-assembler-times foo 5
FAIL: gcc.dg/tree-ssa/loop-31.c scan-tree-dump-times optimized " \\+ 2" 1

		=== gcc Summary ===

# of expected passes		49572
# of unexpected failures	4
# of unexpected successes	13
# of expected failures		245
# of unsupported tests		486
/home/guerby/build/gcc/xgcc  version 4.4.0 20090312 (experimental) [trunk revision 144799] (GCC) 

		=== gnat tests ===


Running target unix

		=== gnat Summary ===

# of expected passes		611
# of expected failures		6
		=== libgomp tests ===


Running target unix

		=== libgomp Summary ===

# of expected passes		250
		=== libmudflap tests ===


Running target unix

		=== libmudflap Summary ===

# of expected passes		1740
# of unsupported tests		2

Compiler version: 4.4.0 20090312 (experimental) [trunk revision 144799] (GCC) 
Platform: ia64-unknown-linux-gnu
configure flags: --prefix=/n/41/guerby/install-trunk --enable-languages=c,ada --enable-__cxa_atexit --disable-nls --enable-threads=posix --with-mpfr=/opt/cfarm/mpfr-2.3.2



More information about the Gcc-testresults mailing list