Results for 4.4.0 20090308 (experimental) [trunk revision 144713] (GCC) testsuite on armv5tel-unknown-linux-gnueabi
Laurent GUERBY gcc50
guerby@gcc50.fsffrance.org
Tue Mar 10 22:53:00 GMT 2009
LAST_UPDATED: Sun Mar 8 23:24:49 UTC 2009 (revision 144713)
Native configuration is armv5tel-unknown-linux-gnueabi
=== libgomp tests ===
Running target unix
=== libgomp Summary ===
# of expected passes 236
# of unsupported tests 7
=== libmudflap tests ===
Running target unix
=== libmudflap Summary ===
# of expected passes 1740
# of unsupported tests 2
=== gcc tests ===
Running target unix
FAIL: gcc.c-torture/compile/pr11832.c -O0 (internal compiler error)
FAIL: gcc.c-torture/compile/pr11832.c -O1 (internal compiler error)
FAIL: gcc.c-torture/compile/pr11832.c -O2 (internal compiler error)
FAIL: gcc.c-torture/compile/pr11832.c -O3 -fomit-frame-pointer (internal compiler error)
FAIL: gcc.c-torture/compile/pr11832.c -O3 -fomit-frame-pointer -funroll-loops (internal compiler error)
FAIL: gcc.c-torture/compile/pr11832.c -O3 -fomit-frame-pointer -funroll-all-loops -finline-functions (internal compiler error)
FAIL: gcc.c-torture/compile/pr11832.c -O3 -g (internal compiler error)
FAIL: gcc.c-torture/compile/pr11832.c -Os (internal compiler error)
FAIL: gcc.c-torture/compile/pr33009.c -O0 (internal compiler error)
FAIL: gcc.c-torture/compile/pr33009.c -O1 (internal compiler error)
FAIL: gcc.c-torture/compile/pr33009.c -O2 (internal compiler error)
FAIL: gcc.c-torture/compile/pr33009.c -O3 -fomit-frame-pointer (internal compiler error)
FAIL: gcc.c-torture/compile/pr33009.c -O3 -fomit-frame-pointer -funroll-loops (internal compiler error)
FAIL: gcc.c-torture/compile/pr33009.c -O3 -fomit-frame-pointer -funroll-all-loops -finline-functions (internal compiler error)
FAIL: gcc.c-torture/compile/pr33009.c -O3 -g (internal compiler error)
FAIL: gcc.c-torture/compile/pr33009.c -Os (internal compiler error)
WARNING: program timed out.
FAIL: gcc.c-torture/execute/builtin-bitops-1.c compilation, -O0
UNRESOLVED: gcc.c-torture/execute/builtin-bitops-1.c execution, -O0
WARNING: program timed out.
FAIL: gcc.c-torture/execute/builtin-bitops-1.c compilation, -O1
UNRESOLVED: gcc.c-torture/execute/builtin-bitops-1.c execution, -O1
WARNING: program timed out.
FAIL: gcc.c-torture/execute/builtin-bitops-1.c compilation, -O2
UNRESOLVED: gcc.c-torture/execute/builtin-bitops-1.c execution, -O2
WARNING: program timed out.
FAIL: gcc.c-torture/execute/builtin-bitops-1.c compilation, -O3 -fomit-frame-pointer
UNRESOLVED: gcc.c-torture/execute/builtin-bitops-1.c execution, -O3 -fomit-frame-pointer
WARNING: program timed out.
FAIL: gcc.c-torture/execute/builtin-bitops-1.c compilation, -O3 -fomit-frame-pointer -funroll-loops
UNRESOLVED: gcc.c-torture/execute/builtin-bitops-1.c execution, -O3 -fomit-frame-pointer -funroll-loops
WARNING: program timed out.
FAIL: gcc.c-torture/execute/builtin-bitops-1.c compilation, -O3 -fomit-frame-pointer -funroll-all-loops -finline-functions
UNRESOLVED: gcc.c-torture/execute/builtin-bitops-1.c execution, -O3 -fomit-frame-pointer -funroll-all-loops -finline-functions
WARNING: program timed out.
FAIL: gcc.c-torture/execute/builtin-bitops-1.c compilation, -O3 -g
UNRESOLVED: gcc.c-torture/execute/builtin-bitops-1.c execution, -O3 -g
WARNING: program timed out.
FAIL: gcc.c-torture/execute/builtin-bitops-1.c compilation, -Os
UNRESOLVED: gcc.c-torture/execute/builtin-bitops-1.c execution, -Os
WARNING: program timed out.
FAIL: tmpdir-gcc.dg-struct-layout-1/t026 c_compat_y_tst.o compile
UNRESOLVED: tmpdir-gcc.dg-struct-layout-1/t026 c_compat_x_tst.o-c_compat_y_tst.o link
UNRESOLVED: tmpdir-gcc.dg-struct-layout-1/t026 c_compat_x_tst.o-c_compat_y_tst.o execute
WARNING: program timed out.
FAIL: tmpdir-gcc.dg-struct-layout-1/t027 c_compat_x_tst.o compile
WARNING: program timed out.
FAIL: tmpdir-gcc.dg-struct-layout-1/t027 c_compat_y_tst.o compile
UNRESOLVED: tmpdir-gcc.dg-struct-layout-1/t027 c_compat_x_tst.o-c_compat_y_tst.o link
UNRESOLVED: tmpdir-gcc.dg-struct-layout-1/t027 c_compat_x_tst.o-c_compat_y_tst.o execute
WARNING: program timed out.
FAIL: tmpdir-gcc.dg-struct-layout-1/t028 c_compat_x_tst.o compile
WARNING: program timed out.
FAIL: tmpdir-gcc.dg-struct-layout-1/t028 c_compat_y_tst.o compile
UNRESOLVED: tmpdir-gcc.dg-struct-layout-1/t028 c_compat_x_tst.o-c_compat_y_tst.o link
UNRESOLVED: tmpdir-gcc.dg-struct-layout-1/t028 c_compat_x_tst.o-c_compat_y_tst.o execute
FAIL: gcc.dg/20021014-1.c (test for excess errors)
UNRESOLVED: gcc.dg/20021014-1.c compilation failed to produce executable
FAIL: gcc.dg/fshort-wchar.c (test for excess errors)
UNRESOLVED: gcc.dg/fshort-wchar.c compilation failed to produce executable
FAIL: gcc.dg/memcpy-1.c scan-tree-dump-times optimized "nasty_local" 0
FAIL: gcc.dg/nest.c (test for excess errors)
UNRESOLVED: gcc.dg/nest.c compilation failed to produce executable
FAIL: gcc.dg/nested-func-4.c (test for excess errors)
UNRESOLVED: gcc.dg/nested-func-4.c compilation failed to produce executable
FAIL: gcc.dg/pr32450.c (test for excess errors)
UNRESOLVED: gcc.dg/pr32450.c compilation failed to produce executable
FAIL: gcc.dg/uninit-13.c unconditional (test for warnings, line 8)
FAIL: gcc.dg/uninit-13.c (test for excess errors)
FAIL: largefile.c -O0 -g -I. (test for excess errors)
FAIL: gcc.dg/pch/largefile.c -O0 -g assembly comparison
FAIL: largefile.c -O0 -I. (test for excess errors)
FAIL: gcc.dg/pch/largefile.c -O0 assembly comparison
FAIL: largefile.c -O1 -I. (test for excess errors)
FAIL: gcc.dg/pch/largefile.c -O1 assembly comparison
FAIL: largefile.c -O2 -I. (test for excess errors)
FAIL: gcc.dg/pch/largefile.c -O2 assembly comparison
FAIL: largefile.c -O3 -fomit-frame-pointer -I. (test for excess errors)
FAIL: gcc.dg/pch/largefile.c -O3 -fomit-frame-pointer assembly comparison
FAIL: largefile.c -O3 -g -I. (test for excess errors)
FAIL: gcc.dg/pch/largefile.c -O3 -g assembly comparison
FAIL: largefile.c -Os -I. (test for excess errors)
FAIL: gcc.dg/pch/largefile.c -Os assembly comparison
FAIL: gcc.dg/tree-prof/bb-reorg.c compilation, -fprofile-use -D_PROFILE_USE
UNRESOLVED: gcc.dg/tree-prof/bb-reorg.c execution, -fprofile-use -D_PROFILE_USE
FAIL: gcc.dg/tree-prof/pr34999.c compilation, -fprofile-use -D_PROFILE_USE
UNRESOLVED: gcc.dg/tree-prof/pr34999.c execution, -fprofile-use -D_PROFILE_USE
FAIL: gcc.target/arm/neon/polytypes.c (test for excess errors)
FAIL: gcc.target/arm/neon/vget_lowf32.c scan-assembler vmov[ \\t]+[dD][0-9]+, [dD][0-9]+!?([ \\t]+@[a-zA-Z0-9 ]+)?\\n
FAIL: gcc.target/arm/neon/vget_lowp16.c scan-assembler vmov[ \\t]+[dD][0-9]+, [dD][0-9]+!?([ \\t]+@[a-zA-Z0-9 ]+)?\\n
FAIL: gcc.target/arm/neon/vget_lowp8.c scan-assembler vmov[ \\t]+[dD][0-9]+, [dD][0-9]+!?([ \\t]+@[a-zA-Z0-9 ]+)?\\n
FAIL: gcc.target/arm/neon/vget_lows16.c scan-assembler vmov[ \\t]+[dD][0-9]+, [dD][0-9]+!?([ \\t]+@[a-zA-Z0-9 ]+)?\\n
FAIL: gcc.target/arm/neon/vget_lows32.c scan-assembler vmov[ \\t]+[dD][0-9]+, [dD][0-9]+!?([ \\t]+@[a-zA-Z0-9 ]+)?\\n
FAIL: gcc.target/arm/neon/vget_lows64.c scan-assembler vmov[ \\t]+[dD][0-9]+, [dD][0-9]+!?([ \\t]+@[a-zA-Z0-9 ]+)?\\n
FAIL: gcc.target/arm/neon/vget_lows8.c scan-assembler vmov[ \\t]+[dD][0-9]+, [dD][0-9]+!?([ \\t]+@[a-zA-Z0-9 ]+)?\\n
FAIL: gcc.target/arm/neon/vget_lowu16.c scan-assembler vmov[ \\t]+[dD][0-9]+, [dD][0-9]+!?([ \\t]+@[a-zA-Z0-9 ]+)?\\n
FAIL: gcc.target/arm/neon/vget_lowu32.c scan-assembler vmov[ \\t]+[dD][0-9]+, [dD][0-9]+!?([ \\t]+@[a-zA-Z0-9 ]+)?\\n
FAIL: gcc.target/arm/neon/vget_lowu64.c scan-assembler vmov[ \\t]+[dD][0-9]+, [dD][0-9]+!?([ \\t]+@[a-zA-Z0-9 ]+)?\\n
FAIL: gcc.target/arm/neon/vget_lowu8.c scan-assembler vmov[ \\t]+[dD][0-9]+, [dD][0-9]+!?([ \\t]+@[a-zA-Z0-9 ]+)?\\n
WARNING: program timed out.
FAIL: gcc.target/arm/neon/vreinterpretf32_u16.c (test for excess errors)
WARNING: program timed out.
FAIL: gcc.target/arm/neon/vreinterpretp16_s16.c (test for excess errors)
WARNING: program timed out.
FAIL: gcc.target/arm/neon/vreinterpretp16_s32.c (test for excess errors)
WARNING: program timed out.
FAIL: gcc.target/arm/neon/vreinterpretp16_s64.c (test for excess errors)
WARNING: program timed out.
FAIL: gcc.target/arm/neon/vreinterpretp16_s8.c (test for excess errors)
WARNING: program timed out.
FAIL: gcc.target/arm/neon/vreinterpretp16_u16.c (test for excess errors)
WARNING: program timed out.
FAIL: gcc.target/arm/neon/vreinterpretp16_u32.c (test for excess errors)
WARNING: program timed out.
FAIL: gcc.target/arm/neon/vreinterpretp16_u64.c (test for excess errors)
WARNING: program timed out.
FAIL: gcc.target/arm/neon/vreinterpretp16_u8.c (test for excess errors)
WARNING: program timed out.
FAIL: gcc.target/arm/neon/vreinterpretp8_f32.c (test for excess errors)
WARNING: program timed out.
FAIL: gcc.target/arm/neon/vreinterpretp8_p16.c (test for excess errors)
WARNING: program timed out.
FAIL: gcc.target/arm/neon/vreinterpretp8_s16.c (test for excess errors)
WARNING: program timed out.
FAIL: gcc.target/arm/neon/vreinterpretp8_s32.c (test for excess errors)
WARNING: program timed out.
FAIL: gcc.target/arm/neon/vreinterpretp8_s64.c (test for excess errors)
WARNING: program timed out.
FAIL: gcc.target/arm/neon/vreinterpretp8_s8.c (test for excess errors)
WARNING: program timed out.
FAIL: gcc.target/arm/neon/vreinterpretp8_u16.c (test for excess errors)
WARNING: program timed out.
FAIL: gcc.target/arm/neon/vreinterpretp8_u32.c (test for excess errors)
WARNING: program timed out.
FAIL: gcc.target/arm/neon/vreinterpretp8_u64.c (test for excess errors)
WARNING: program timed out.
FAIL: gcc.target/arm/neon/vreinterpretp8_u8.c (test for excess errors)
WARNING: program timed out.
FAIL: gcc.target/arm/neon/vreinterprets16_f32.c (test for excess errors)
WARNING: program timed out.
FAIL: gcc.target/arm/neon/vreinterprets16_p16.c (test for excess errors)
WARNING: program timed out.
FAIL: gcc.target/arm/neon/vreinterprets16_p8.c (test for excess errors)
WARNING: program timed out.
FAIL: gcc.target/arm/neon/vreinterprets16_s32.c (test for excess errors)
WARNING: program timed out.
FAIL: gcc.target/arm/neon/vreinterprets16_s64.c (test for excess errors)
WARNING: program timed out.
FAIL: gcc.target/arm/neon/vreinterprets16_s8.c (test for excess errors)
WARNING: program timed out.
FAIL: gcc.target/arm/neon/vreinterprets16_u16.c (test for excess errors)
WARNING: program timed out.
FAIL: gcc.target/arm/neon/vreinterprets16_u32.c (test for excess errors)
WARNING: program timed out.
FAIL: gcc.target/arm/neon/vreinterprets16_u64.c (test for excess errors)
WARNING: program timed out.
FAIL: gcc.target/arm/neon/vreinterprets16_u8.c (test for excess errors)
WARNING: program timed out.
FAIL: gcc.target/arm/neon/vreinterprets32_f32.c (test for excess errors)
WARNING: program timed out.
FAIL: gcc.target/arm/neon/vreinterprets32_p16.c (test for excess errors)
WARNING: program timed out.
FAIL: gcc.target/arm/neon/vreinterprets32_p8.c (test for excess errors)
WARNING: program timed out.
FAIL: gcc.target/arm/neon/vreinterprets32_s16.c (test for excess errors)
WARNING: program timed out.
FAIL: gcc.target/arm/neon/vreinterprets32_s64.c (test for excess errors)
WARNING: program timed out.
FAIL: gcc.target/arm/neon/vreinterprets32_s8.c (test for excess errors)
WARNING: program timed out.
FAIL: gcc.target/arm/neon/vreinterprets32_u16.c (test for excess errors)
WARNING: program timed out.
FAIL: gcc.target/arm/neon/vreinterprets32_u32.c (test for excess errors)
WARNING: program timed out.
FAIL: gcc.target/arm/neon/vreinterprets32_u64.c (test for excess errors)
WARNING: program timed out.
FAIL: gcc.target/arm/neon/vreinterprets32_u8.c (test for excess errors)
WARNING: program timed out.
FAIL: gcc.target/arm/neon/vreinterprets64_f32.c (test for excess errors)
WARNING: program timed out.
FAIL: gcc.target/arm/neon/vreinterprets64_p16.c (test for excess errors)
WARNING: program timed out.
FAIL: gcc.target/arm/neon/vreinterprets64_p8.c (test for excess errors)
WARNING: program timed out.
FAIL: gcc.target/arm/neon/vreinterprets64_s16.c (test for excess errors)
WARNING: program timed out.
FAIL: gcc.target/arm/neon/vreinterprets64_s32.c (test for excess errors)
WARNING: program timed out.
FAIL: gcc.target/arm/neon/vreinterprets64_s8.c (test for excess errors)
WARNING: program timed out.
FAIL: gcc.target/arm/neon/vreinterprets64_u16.c (test for excess errors)
WARNING: program timed out.
FAIL: gcc.target/arm/neon/vreinterprets64_u32.c (test for excess errors)
WARNING: program timed out.
FAIL: gcc.target/arm/neon/vreinterprets64_u64.c (test for excess errors)
WARNING: program timed out.
FAIL: gcc.target/arm/neon/vreinterprets64_u8.c (test for excess errors)
WARNING: program timed out.
FAIL: gcc.target/arm/neon/vreinterprets8_f32.c (test for excess errors)
WARNING: program timed out.
FAIL: gcc.target/arm/neon/vreinterprets8_p16.c (test for excess errors)
WARNING: program timed out.
FAIL: gcc.target/arm/neon/vreinterprets8_p8.c (test for excess errors)
WARNING: program timed out.
FAIL: gcc.target/arm/neon/vreinterprets8_s16.c (test for excess errors)
WARNING: program timed out.
FAIL: gcc.target/arm/neon/vreinterprets8_s32.c (test for excess errors)
WARNING: program timed out.
FAIL: gcc.target/arm/neon/vreinterprets8_s64.c (test for excess errors)
WARNING: program timed out.
FAIL: gcc.target/arm/neon/vreinterprets8_u16.c (test for excess errors)
WARNING: program timed out.
FAIL: gcc.target/arm/neon/vreinterprets8_u32.c (test for excess errors)
WARNING: program timed out.
FAIL: gcc.target/arm/neon/vreinterprets8_u64.c (test for excess errors)
WARNING: program timed out.
FAIL: gcc.target/arm/neon/vreinterprets8_u8.c (test for excess errors)
WARNING: program timed out.
FAIL: gcc.target/arm/neon/vreinterpretu16_f32.c (test for excess errors)
WARNING: program timed out.
FAIL: gcc.target/arm/neon/vreinterpretu16_p16.c (test for excess errors)
WARNING: program timed out.
FAIL: gcc.target/arm/neon/vreinterpretu16_p8.c (test for excess errors)
WARNING: program timed out.
FAIL: gcc.target/arm/neon/vreinterpretu16_s16.c (test for excess errors)
WARNING: program timed out.
FAIL: gcc.target/arm/neon/vreinterpretu16_s32.c (test for excess errors)
WARNING: program timed out.
FAIL: gcc.target/arm/neon/vreinterpretu16_s64.c (test for excess errors)
WARNING: program timed out.
FAIL: gcc.target/arm/neon/vreinterpretu16_s8.c (test for excess errors)
WARNING: program timed out.
FAIL: gcc.target/arm/neon/vreinterpretu16_u32.c (test for excess errors)
WARNING: program timed out.
FAIL: gcc.target/arm/neon/vreinterpretu16_u64.c (test for excess errors)
WARNING: program timed out.
FAIL: gcc.target/arm/neon/vreinterpretu16_u8.c (test for excess errors)
WARNING: program timed out.
FAIL: gcc.target/arm/neon/vreinterpretu32_f32.c (test for excess errors)
WARNING: program timed out.
FAIL: gcc.target/arm/neon/vreinterpretu32_p16.c (test for excess errors)
WARNING: program timed out.
FAIL: gcc.target/arm/neon/vreinterpretu32_p8.c (test for excess errors)
WARNING: program timed out.
FAIL: gcc.target/arm/neon/vreinterpretu32_s16.c (test for excess errors)
WARNING: program timed out.
FAIL: gcc.target/arm/neon/vreinterpretu32_s32.c (test for excess errors)
WARNING: program timed out.
FAIL: gcc.target/arm/neon/vreinterpretu32_s64.c (test for excess errors)
WARNING: program timed out.
FAIL: gcc.target/arm/neon/vreinterpretu32_s8.c (test for excess errors)
WARNING: program timed out.
FAIL: gcc.target/arm/neon/vreinterpretu32_u16.c (test for excess errors)
WARNING: program timed out.
FAIL: gcc.target/arm/neon/vreinterpretu32_u64.c (test for excess errors)
WARNING: program timed out.
FAIL: gcc.target/arm/neon/vreinterpretu32_u8.c (test for excess errors)
WARNING: program timed out.
FAIL: gcc.target/arm/neon/vreinterpretu64_f32.c (test for excess errors)
WARNING: program timed out.
FAIL: gcc.target/arm/neon/vreinterpretu64_p16.c (test for excess errors)
WARNING: program timed out.
FAIL: gcc.target/arm/neon/vreinterpretu64_p8.c (test for excess errors)
WARNING: program timed out.
FAIL: gcc.target/arm/neon/vreinterpretu64_s16.c (test for excess errors)
WARNING: program timed out.
FAIL: gcc.target/arm/neon/vreinterpretu64_s32.c (test for excess errors)
WARNING: program timed out.
FAIL: gcc.target/arm/neon/vreinterpretu64_s64.c (test for excess errors)
=== gcc Summary ===
# of expected passes 53645
# of unexpected failures 150
# of expected failures 239
# of unresolved testcases 21
# of unsupported tests 566
/home/guerby/build/gcc/xgcc version 4.4.0 20090308 (experimental) [trunk revision 144713] (GCC)
Compiler version: 4.4.0 20090308 (experimental) [trunk revision 144713] (GCC)
Platform: armv5tel-unknown-linux-gnueabi
configure flags: --prefix=/n/50/guerby/install-trunk --enable-languages=c --enable-__cxa_atexit --disable-nls --enable-threads=posix --with-mpfr=/opt/cfarm/mpfr-2.3.2 --disable-multilib --enable-stage1-checking=release
More information about the Gcc-testresults
mailing list