Results for 4.4.0 20090310 (experimental) (GCC) testsuite on ia64-hp-hpux11.23
Steve Ellcey
sje@cup.hp.com
Tue Mar 10 12:28:00 GMT 2009
LAST_UPDATED:
Native configuration is ia64-hp-hpux11.23
=== g++ tests ===
Running target unix/-mlp64
=== g++ Summary for unix/-mlp64 ===
# of expected passes 18197
# of expected failures 146
# of unsupported tests 180
Running target unix/-milp32
=== g++ Summary for unix/-milp32 ===
# of expected passes 18231
# of expected failures 146
# of unsupported tests 178
=== g++ Summary ===
# of expected passes 36428
# of expected failures 292
# of unsupported tests 358
/proj/opensrc_nobackup/nightly2/build-ia64-hp-hpux11.23-trunk/obj_gcc/gcc/testsuite/g++/../../g++ version 4.4.0 20090310 (experimental) (GCC)
=== gcc tests ===
Running target unix/-mlp64
XPASS: gcc.c-torture/compile/pr11832.c -O3 -fomit-frame-pointer (test for excess errors)
XPASS: gcc.c-torture/compile/pr11832.c -O3 -fomit-frame-pointer -funroll-loops (test for excess errors)
XPASS: gcc.c-torture/compile/pr11832.c -O3 -fomit-frame-pointer -funroll-all-loops -finline-functions (test for excess errors)
XPASS: gcc.c-torture/compile/pr11832.c -O3 -g (test for excess errors)
XPASS: gcc.c-torture/compile/pr11832.c -Os (test for excess errors)
XPASS: gcc.c-torture/compile/pr33009.c -O1 (test for excess errors)
XPASS: gcc.c-torture/compile/pr33009.c -O2 (test for excess errors)
XPASS: gcc.c-torture/compile/pr33009.c -O3 -fomit-frame-pointer (test for excess errors)
XPASS: gcc.c-torture/compile/pr33009.c -O3 -fomit-frame-pointer -funroll-loops (test for excess errors)
XPASS: gcc.c-torture/compile/pr33009.c -O3 -fomit-frame-pointer -funroll-all-loops -finline-functions (test for excess errors)
XPASS: gcc.c-torture/compile/pr33009.c -O3 -g (test for excess errors)
XPASS: gcc.c-torture/compile/pr33009.c -Os (test for excess errors)
FAIL: gcc.dg/builtin-apply4.c execution test
FAIL: gcc.dg/pr37106-1.c (internal compiler error)
FAIL: gcc.dg/pr37106-1.c (test for excess errors)
FAIL: gcc.dg/tree-ssa/loop-31.c scan-tree-dump-times optimized " \\+ 2" 1
=== gcc Summary for unix/-mlp64 ===
# of expected passes 49402
# of unexpected failures 4
# of unexpected successes 12
# of expected failures 246
# of unsupported tests 544
Running target unix/-milp32
XPASS: gcc.c-torture/compile/pr11832.c -O3 -fomit-frame-pointer (test for excess errors)
XPASS: gcc.c-torture/compile/pr11832.c -O3 -fomit-frame-pointer -funroll-loops (test for excess errors)
XPASS: gcc.c-torture/compile/pr11832.c -O3 -fomit-frame-pointer -funroll-all-loops -finline-functions (test for excess errors)
XPASS: gcc.c-torture/compile/pr11832.c -O3 -g (test for excess errors)
XPASS: gcc.c-torture/compile/pr11832.c -Os (test for excess errors)
XPASS: gcc.c-torture/compile/pr33009.c -O1 (test for excess errors)
XPASS: gcc.c-torture/compile/pr33009.c -O2 (test for excess errors)
XPASS: gcc.c-torture/compile/pr33009.c -O3 -fomit-frame-pointer (test for excess errors)
XPASS: gcc.c-torture/compile/pr33009.c -O3 -g (test for excess errors)
XPASS: gcc.c-torture/compile/pr33009.c -Os (test for excess errors)
FAIL: gcc.dg/builtin-apply4.c execution test
FAIL: gcc.dg/pr37106-1.c (internal compiler error)
FAIL: gcc.dg/pr37106-1.c (test for excess errors)
=== gcc Summary for unix/-milp32 ===
# of expected passes 49389
# of unexpected failures 3
# of unexpected successes 10
# of expected failures 247
# of unsupported tests 554
=== gcc Summary ===
# of expected passes 98791
# of unexpected failures 7
# of unexpected successes 22
# of expected failures 493
# of unsupported tests 1098
/proj/opensrc_nobackup/nightly2/build-ia64-hp-hpux11.23-trunk/obj_gcc/gcc/xgcc version 4.4.0 20090310 (experimental) (GCC)
=== gfortran tests ===
Running target unix/-mlp64
FAIL: gfortran.dg/vect/pr39318.f90 -O (internal compiler error)
FAIL: gfortran.dg/vect/pr39318.f90 -O (test for excess errors)
=== gfortran Summary for unix/-mlp64 ===
# of expected passes 29294
# of unexpected failures 2
# of expected failures 18
# of unsupported tests 45
Running target unix/-milp32
FAIL: gfortran.dg/vect/pr39318.f90 -O (internal compiler error)
FAIL: gfortran.dg/vect/pr39318.f90 -O (test for excess errors)
=== gfortran Summary for unix/-milp32 ===
# of expected passes 29294
# of unexpected failures 2
# of expected failures 18
# of unsupported tests 45
=== gfortran Summary ===
# of expected passes 58588
# of unexpected failures 4
# of expected failures 36
# of unsupported tests 90
/proj/opensrc_nobackup/nightly2/build-ia64-hp-hpux11.23-trunk/obj_gcc/gcc/testsuite/gfortran/../../gfortran version 4.4.0 20090310 (experimental) (GCC)
=== libgomp tests ===
Running target unix/-mlp64
=== libgomp Summary for unix/-mlp64 ===
# of expected passes 2342
# of unsupported tests 2
Running target unix/-milp32
=== libgomp Summary for unix/-milp32 ===
# of expected passes 2342
# of unsupported tests 2
=== libgomp Summary ===
# of expected passes 4684
# of unsupported tests 4
=== libstdc++ tests ===
Running target unix/-mlp64
XPASS: 22_locale/collate/hash/char/1.cc (test for excess errors)
XPASS: 22_locale/collate/requirements/base_classes.cc (test for excess errors)
XPASS: 22_locale/collate/transform/wchar_t/28277.cc (test for excess errors)
XPASS: 22_locale/collate_byname/requirements/base_classes.cc (test for excess errors)
FAIL: ext/codecvt/wchar_t.cc execution test
=== libstdc++ Summary for unix/-mlp64 ===
# of expected passes 5400
# of unexpected failures 1
# of unexpected successes 4
# of expected failures 72
# of unsupported tests 558
Running target unix/-milp32
XPASS: 22_locale/collate/hash/char/1.cc (test for excess errors)
XPASS: 22_locale/collate/requirements/base_classes.cc (test for excess errors)
XPASS: 22_locale/collate/transform/wchar_t/28277.cc (test for excess errors)
XPASS: 22_locale/collate_byname/requirements/base_classes.cc (test for excess errors)
FAIL: ext/codecvt/wchar_t.cc execution test
=== libstdc++ Summary for unix/-milp32 ===
# of expected passes 5400
# of unexpected failures 1
# of unexpected successes 4
# of expected failures 72
# of unsupported tests 558
=== libstdc++ Summary ===
# of expected passes 10800
# of unexpected failures 2
# of unexpected successes 8
# of expected failures 144
# of unsupported tests 1116
Compiler version: 4.4.0 20090310 (experimental) (GCC)
Platform: ia64-hp-hpux11.23
configure flags: --host=ia64-hp-hpux11.23 --build=ia64-hp-hpux11.23 --prefix=/proj/opensrc/nightly2/gcc-ia64-hp-hpux11.23-trunk --with-local-prefix=/proj/opensrc/nightly2/gcc-ia64-hp-hpux11.23-trunk --disable-nls --with-gmp=/proj/opensrc/be/ia64-hp-hpux11.23 --with-mpfr=/proj/opensrc/be/ia64-hp-hpux11.23 --enable-libunwind-exceptions --enable-languages=c,c++,fortran
More information about the Gcc-testresults
mailing list