Results for 4.4.0 20090309 (experimental) [trunk revision 144720] (GCC) testsuite on i386-pc-solaris2.11

rob1weld@aol.com rob1weld@aol.com
Tue Mar 10 03:35:00 GMT 2009


# uname -a
SunOS opensolaris 5.11 snv_108 i86pc i386 i86pc

# isainfo -k
amd64

# /usr/local/bin/as --version
GNU assembler (GNU Binutils) 2.19.1

# /usr/local/bin/ld --version
GNU ld (GNU Binutils) 2.19.1

----------

LAST_UPDATED: Mon Mar  9 06:26:01 UTC 2009 (revision 144720)

        === acats tests ===

FAIL:   cb4007a
FAIL:   la14015

        === acats Summary ===

# of expected passes        2313
# of unexpected failures    2
Native configuration is i386-pc-solaris2.11


        === gcc tests ===

Running target unix
FAIL: gcc.dg/dfp/func-vararg-mixed-2.c (test for excess errors)
WARNING: gcc.dg/dfp/func-vararg-mixed-2.c compilation failed to produce 
executable
FAIL: gcc.dg/dfp/pr39034.c (test for excess errors)
WARNING: gcc.dg/dfp/pr39034.c compilation failed to produce executable
FAIL: gcc.dg/dfp/pr39035.c (test for excess errors)
WARNING: gcc.dg/dfp/pr39035.c compilation failed to produce executable
XPASS: gcc.dg/ucnid-2.c (test for excess errors)
XPASS: gcc.dg/ucnid-3.c (test for excess errors)
XPASS: gcc.dg/ucnid-4.c (test for excess errors)
FAIL: largefile.c -O0 -g -I. (test for excess errors)
FAIL: gcc.dg/pch/largefile.c -O0 -g assembly comparison
FAIL: largefile.c  -O0  -I. (test for excess errors)
FAIL: gcc.dg/pch/largefile.c  -O0  assembly comparison
FAIL: largefile.c  -O1  -I. (test for excess errors)
FAIL: gcc.dg/pch/largefile.c  -O1  assembly comparison
FAIL: largefile.c  -O2  -I. (test for excess errors)
FAIL: gcc.dg/pch/largefile.c  -O2  assembly comparison
FAIL: largefile.c  -O3 -fomit-frame-pointer  -I. (test for excess 
errors)
FAIL: gcc.dg/pch/largefile.c  -O3 -fomit-frame-pointer  assembly 
comparison
FAIL: largefile.c  -O3 -g  -I. (test for excess errors)
FAIL: gcc.dg/pch/largefile.c  -O3 -g  assembly comparison
FAIL: largefile.c  -Os  -I. (test for excess errors)
FAIL: gcc.dg/pch/largefile.c  -Os  assembly comparison
FAIL: gcc.dg/torture/fp-int-convert-float128-timode.c  -O0  (test for 
excess errors)
WARNING: gcc.dg/torture/fp-int-convert-float128-timode.c  -O0  
compilation failed to produce executable
FAIL: gcc.dg/torture/fp-int-convert-float128-timode.c  -O1  (test for 
excess errors)
WARNING: gcc.dg/torture/fp-int-convert-float128-timode.c  -O1  
compilation failed to produce executable
FAIL: gcc.dg/torture/fp-int-convert-float128-timode.c  -O2  (test for 
excess errors)
WARNING: gcc.dg/torture/fp-int-convert-float128-timode.c  -O2  
compilation failed to produce executable
FAIL: gcc.dg/torture/fp-int-convert-float128-timode.c  -O3 
-fomit-frame-pointer  (test for excess errors)
WARNING: gcc.dg/torture/fp-int-convert-float128-timode.c  -O3 
-fomit-frame-pointer  compilation failed to produce executable
FAIL: gcc.dg/torture/fp-int-convert-float128-timode.c  -O3 -g  (test 
for excess errors)
WARNING: gcc.dg/torture/fp-int-convert-float128-timode.c  -O3 -g  
compilation failed to produce executable
FAIL: gcc.dg/torture/fp-int-convert-float128-timode.c  -Os  (test for 
excess errors)
WARNING: gcc.dg/torture/fp-int-convert-float128-timode.c  -Os  
compilation failed to produce executable
FAIL: gcc.dg/torture/fp-int-convert-float128.c  -O0  (test for excess 
errors)
WARNING: gcc.dg/torture/fp-int-convert-float128.c  -O0  compilation 
failed to produce executable
FAIL: gcc.dg/torture/fp-int-convert-float128.c  -O1  (test for excess 
errors)
WARNING: gcc.dg/torture/fp-int-convert-float128.c  -O1  compilation 
failed to produce executable
FAIL: gcc.dg/torture/fp-int-convert-float128.c  -O2  (test for excess 
errors)
WARNING: gcc.dg/torture/fp-int-convert-float128.c  -O2  compilation 
failed to produce executable
FAIL: gcc.dg/torture/fp-int-convert-float128.c  -O3 
-fomit-frame-pointer  (test for excess errors)
WARNING: gcc.dg/torture/fp-int-convert-float128.c  -O3 
-fomit-frame-pointer  compilation failed to produce executable
FAIL: gcc.dg/torture/fp-int-convert-float128.c  -O3 -g  (test for 
excess errors)
WARNING: gcc.dg/torture/fp-int-convert-float128.c  -O3 -g  compilation 
failed to produce executable
FAIL: gcc.dg/torture/fp-int-convert-float128.c  -Os  (test for excess 
errors)
WARNING: gcc.dg/torture/fp-int-convert-float128.c  -Os  compilation 
failed to produce executable
FAIL: gcc.dg/torture/stackalign/builtin-apply-4.c  -O0  execution test
FAIL: gcc.dg/torture/stackalign/builtin-apply-4.c  -O1  execution test
FAIL: gcc.dg/torture/stackalign/builtin-apply-4.c  -O2  execution test
FAIL: gcc.dg/torture/stackalign/builtin-apply-4.c  -O3 
-fomit-frame-pointer  execution test
FAIL: gcc.dg/torture/stackalign/builtin-apply-4.c  -O3 -g  execution 
test
FAIL: gcc.dg/torture/stackalign/builtin-apply-4.c  -Os  execution test
FAIL: gcc.dg/torture/stackalign/builtin-apply-4.c  -O0  execution test
FAIL: gcc.dg/torture/stackalign/builtin-apply-4.c  -O1  execution test
FAIL: gcc.dg/torture/stackalign/builtin-apply-4.c  -O2  execution test
FAIL: gcc.dg/torture/stackalign/builtin-apply-4.c  -O3 
-fomit-frame-pointer  execution test
FAIL: gcc.dg/torture/stackalign/builtin-apply-4.c  -O3 -g  execution 
test
FAIL: gcc.dg/torture/stackalign/builtin-apply-4.c  -Os  execution test
FAIL: gcc.dg/torture/stackalign/builtin-apply-4.c  -O0  execution test
FAIL: gcc.dg/torture/stackalign/builtin-apply-4.c  -O1  execution test
FAIL: gcc.dg/torture/stackalign/builtin-apply-4.c  -O2  execution test
FAIL: gcc.dg/torture/stackalign/builtin-apply-4.c  -O3 
-fomit-frame-pointer  execution test
FAIL: gcc.dg/torture/stackalign/builtin-apply-4.c  -O3 -g  execution 
test
FAIL: gcc.dg/torture/stackalign/builtin-apply-4.c  -Os  execution test
FAIL: gcc.dg/torture/stackalign/builtin-apply-4.c  -O0  execution test
FAIL: gcc.dg/torture/stackalign/builtin-apply-4.c  -O1  execution test
FAIL: gcc.dg/torture/stackalign/builtin-apply-4.c  -O2  execution test
FAIL: gcc.dg/torture/stackalign/builtin-apply-4.c  -O3 
-fomit-frame-pointer  execution test
FAIL: gcc.dg/torture/stackalign/builtin-apply-4.c  -O3 -g  execution 
test
FAIL: gcc.dg/torture/stackalign/builtin-apply-4.c  -Os  execution test
FAIL: gcc.target/i386/abi-2.c scan-assembler-times ymm0 1
FAIL: gcc.target/i386/avx-vmovntdq-256-1.c (test for excess errors)
WARNING: gcc.target/i386/avx-vmovntdq-256-1.c compilation failed to 
produce executable
FAIL: gcc.target/i386/avx-vmovntpd-256-1.c (test for excess errors)
WARNING: gcc.target/i386/avx-vmovntpd-256-1.c compilation failed to 
produce executable
FAIL: gcc.target/i386/avx-vmovntps-256-1.c (test for excess errors)
WARNING: gcc.target/i386/avx-vmovntps-256-1.c compilation failed to 
produce executable
FAIL: gcc.target/i386/pr22076.c scan-assembler-times movq 3
FAIL: gcc.target/i386/pr22076.c scan-assembler-not movl
FAIL: gcc.target/i386/pr32065-2.c (test for excess errors)
WARNING: gcc.target/i386/pr32065-2.c compilation failed to produce 
executable

        === gcc Summary ===

# of expected passes        56248
# of unexpected failures    60
# of unexpected successes   3
# of expected failures      187
# of unsupported tests      498
/usr/share/src/gcc_build/gcc/xgcc  version 4.4.0 20090309 
(experimental) [trunk revision 144720] (GCC)


        === gfortran tests ===

Running target unix
FAIL: gfortran.dg/array_constructor_23.f  -O3 -fomit-frame-pointer  
execution test
FAIL: gfortran.dg/array_constructor_23.f  -O3 -fomit-frame-pointer 
-funroll-loops  execution test
FAIL: gfortran.dg/array_constructor_23.f  -O3 -fomit-frame-pointer 
-funroll-all-loops -finline-functions  execution test
FAIL: gfortran.dg/array_constructor_23.f  -O3 -g  execution test
FAIL: gfortran.dg/default_format_1.f90  -O0  execution test
FAIL: gfortran.dg/default_format_1.f90  -O1  execution test
FAIL: gfortran.dg/default_format_1.f90  -O2  execution test
FAIL: gfortran.dg/default_format_1.f90  -O3 -fomit-frame-pointer  
execution test
FAIL: gfortran.dg/default_format_1.f90  -O3 -fomit-frame-pointer 
-funroll-loops  execution test
FAIL: gfortran.dg/default_format_1.f90  -O3 -fomit-frame-pointer 
-funroll-all-loops -finline-functions  execution test
FAIL: gfortran.dg/default_format_1.f90  -O3 -g  execution test
FAIL: gfortran.dg/default_format_1.f90  -Os  execution test
FAIL: gfortran.dg/default_format_2.f90  -O0  execution test
FAIL: gfortran.dg/default_format_2.f90  -O1  execution test
FAIL: gfortran.dg/default_format_2.f90  -O2  execution test
FAIL: gfortran.dg/default_format_2.f90  -O3 -fomit-frame-pointer  
execution test
FAIL: gfortran.dg/default_format_2.f90  -O3 -fomit-frame-pointer 
-funroll-loops  execution test
FAIL: gfortran.dg/default_format_2.f90  -O3 -fomit-frame-pointer 
-funroll-all-loops -finline-functions  execution test
FAIL: gfortran.dg/default_format_2.f90  -O3 -g  execution test
FAIL: gfortran.dg/default_format_2.f90  -Os  execution test
FAIL: gfortran.dg/default_format_denormal_1.f90  -O0  execution test
FAIL: gfortran.dg/default_format_denormal_1.f90  -O1  execution test
FAIL: gfortran.dg/default_format_denormal_1.f90  -O2  execution test
FAIL: gfortran.dg/default_format_denormal_1.f90  -O3 
-fomit-frame-pointer  execution test
FAIL: gfortran.dg/default_format_denormal_1.f90  -O3 
-fomit-frame-pointer -funroll-loops  execution test
FAIL: gfortran.dg/default_format_denormal_1.f90  -O3 
-fomit-frame-pointer -funroll-all-loops -finline-functions  execution 
test
FAIL: gfortran.dg/default_format_denormal_1.f90  -O3 -g  execution test
FAIL: gfortran.dg/default_format_denormal_1.f90  -Os  execution test
FAIL: gfortran.dg/default_format_denormal_2.f90  -O0  execution test
FAIL: gfortran.dg/default_format_denormal_2.f90  -O1  execution test
FAIL: gfortran.dg/default_format_denormal_2.f90  -O2  execution test
FAIL: gfortran.dg/default_format_denormal_2.f90  -O3 
-fomit-frame-pointer  execution test
FAIL: gfortran.dg/default_format_denormal_2.f90  -O3 
-fomit-frame-pointer -funroll-loops  execution test
FAIL: gfortran.dg/default_format_denormal_2.f90  -O3 
-fomit-frame-pointer -funroll-all-loops -finline-functions  execution 
test
FAIL: gfortran.dg/default_format_denormal_2.f90  -O3 -g  execution test
FAIL: gfortran.dg/default_format_denormal_2.f90  -Os  execution test
FAIL: gfortran.dg/e_d_fmt.f90  -O0  execution test
FAIL: gfortran.dg/e_d_fmt.f90  -O1  execution test
FAIL: gfortran.dg/e_d_fmt.f90  -O2  execution test
FAIL: gfortran.dg/e_d_fmt.f90  -O3 -fomit-frame-pointer  execution test
FAIL: gfortran.dg/e_d_fmt.f90  -O3 -fomit-frame-pointer -funroll-loops  
execution test
FAIL: gfortran.dg/e_d_fmt.f90  -O3 -fomit-frame-pointer 
-funroll-all-loops -finline-functions  execution test
FAIL: gfortran.dg/e_d_fmt.f90  -O3 -g  execution test
FAIL: gfortran.dg/e_d_fmt.f90  -Os  execution test
FAIL: gfortran.dg/fmt_p_1.f90  -O0  execution test
FAIL: gfortran.dg/fmt_p_1.f90  -O1  execution test
FAIL: gfortran.dg/fmt_p_1.f90  -O2  execution test
FAIL: gfortran.dg/fmt_p_1.f90  -O3 -fomit-frame-pointer  execution test
FAIL: gfortran.dg/fmt_p_1.f90  -O3 -fomit-frame-pointer -funroll-loops  
execution test
FAIL: gfortran.dg/fmt_p_1.f90  -O3 -fomit-frame-pointer 
-funroll-all-loops -finline-functions  execution test
FAIL: gfortran.dg/fmt_p_1.f90  -O3 -g  execution test
FAIL: gfortran.dg/fmt_p_1.f90  -Os  execution test
FAIL: gfortran.dg/fmt_read_bz_bn.f90  -O0  execution test
FAIL: gfortran.dg/fmt_read_bz_bn.f90  -O1  execution test
FAIL: gfortran.dg/fmt_read_bz_bn.f90  -O2  execution test
FAIL: gfortran.dg/fmt_read_bz_bn.f90  -O3 -fomit-frame-pointer  
execution test
FAIL: gfortran.dg/fmt_read_bz_bn.f90  -O3 -fomit-frame-pointer 
-funroll-loops  execution test
FAIL: gfortran.dg/fmt_read_bz_bn.f90  -O3 -fomit-frame-pointer 
-funroll-all-loops -finline-functions  execution test
FAIL: gfortran.dg/fmt_read_bz_bn.f90  -O3 -g  execution test
FAIL: gfortran.dg/fmt_read_bz_bn.f90  -Os  execution test
FAIL: gfortran.dg/fmt_zero_digits.f90  -O0  execution test
FAIL: gfortran.dg/fmt_zero_digits.f90  -O1  execution test
FAIL: gfortran.dg/fmt_zero_digits.f90  -O2  execution test
FAIL: gfortran.dg/fmt_zero_digits.f90  -O3 -fomit-frame-pointer  
execution test
FAIL: gfortran.dg/fmt_zero_digits.f90  -O3 -fomit-frame-pointer 
-funroll-loops  execution test
FAIL: gfortran.dg/fmt_zero_digits.f90  -O3 -fomit-frame-pointer 
-funroll-all-loops -finline-functions  execution test
FAIL: gfortran.dg/fmt_zero_digits.f90  -O3 -g  execution test
FAIL: gfortran.dg/fmt_zero_digits.f90  -Os  execution test
FAIL: gfortran.dg/intrinsic_spread_1.f90  -O0  execution test
FAIL: gfortran.dg/intrinsic_spread_1.f90  -O1  execution test
FAIL: gfortran.dg/intrinsic_spread_1.f90  -O2  execution test
FAIL: gfortran.dg/intrinsic_spread_1.f90  -O3 -fomit-frame-pointer  
execution test
FAIL: gfortran.dg/intrinsic_spread_1.f90  -O3 -fomit-frame-pointer 
-funroll-loops  execution test
FAIL: gfortran.dg/intrinsic_spread_1.f90  -O3 -fomit-frame-pointer 
-funroll-all-loops -finline-functions  execution test
FAIL: gfortran.dg/intrinsic_spread_1.f90  -O3 -g  execution test
FAIL: gfortran.dg/intrinsic_spread_1.f90  -Os  execution test
FAIL: gfortran.dg/intrinsic_unpack_1.f90  -O0  execution test
FAIL: gfortran.dg/intrinsic_unpack_1.f90  -O1  execution test
FAIL: gfortran.dg/intrinsic_unpack_1.f90  -O2  execution test
FAIL: gfortran.dg/intrinsic_unpack_1.f90  -O3 -fomit-frame-pointer  
execution test
FAIL: gfortran.dg/intrinsic_unpack_1.f90  -O3 -fomit-frame-pointer 
-funroll-loops  execution test
FAIL: gfortran.dg/intrinsic_unpack_1.f90  -O3 -fomit-frame-pointer 
-funroll-all-loops -finline-functions  execution test
FAIL: gfortran.dg/intrinsic_unpack_1.f90  -O3 -g  execution test
FAIL: gfortran.dg/intrinsic_unpack_1.f90  -Os  execution test
FAIL: gfortran.dg/large_real_kind_1.f90  -O0  execution test
FAIL: gfortran.dg/large_real_kind_1.f90  -O1  execution test
FAIL: gfortran.dg/large_real_kind_1.f90  -O2  execution test
FAIL: gfortran.dg/large_real_kind_1.f90  -O3 -fomit-frame-pointer  
execution test
FAIL: gfortran.dg/large_real_kind_1.f90  -O3 -fomit-frame-pointer 
-funroll-loops  execution test
FAIL: gfortran.dg/large_real_kind_1.f90  -O3 -fomit-frame-pointer 
-funroll-all-loops -finline-functions  execution test
FAIL: gfortran.dg/large_real_kind_1.f90  -O3 -g  execution test
FAIL: gfortran.dg/large_real_kind_1.f90  -Os  execution test
FAIL: gfortran.dg/large_real_kind_form_io_2.f90  -O0  execution test
FAIL: gfortran.dg/large_real_kind_form_io_2.f90  -O1  execution test
FAIL: gfortran.dg/large_real_kind_form_io_2.f90  -O2  execution test
FAIL: gfortran.dg/large_real_kind_form_io_2.f90  -O3 
-fomit-frame-pointer  execution test
FAIL: gfortran.dg/large_real_kind_form_io_2.f90  -O3 
-fomit-frame-pointer -funroll-loops  execution test
FAIL: gfortran.dg/large_real_kind_form_io_2.f90  -O3 
-fomit-frame-pointer -funroll-all-loops -finline-functions  execution 
test
FAIL: gfortran.dg/large_real_kind_form_io_2.f90  -O3 -g  execution test
FAIL: gfortran.dg/large_real_kind_form_io_2.f90  -Os  execution test
FAIL: gfortran.dg/namelist_16.f90  -O0  execution test
FAIL: gfortran.dg/namelist_16.f90  -O1  execution test
FAIL: gfortran.dg/namelist_16.f90  -O2  execution test
FAIL: gfortran.dg/namelist_16.f90  -O3 -fomit-frame-pointer  execution 
test
FAIL: gfortran.dg/namelist_16.f90  -O3 -fomit-frame-pointer 
-funroll-loops  execution test
FAIL: gfortran.dg/namelist_16.f90  -O3 -fomit-frame-pointer 
-funroll-all-loops -finline-functions  execution test
FAIL: gfortran.dg/namelist_16.f90  -O3 -g  execution test
FAIL: gfortran.dg/namelist_16.f90  -Os  execution test
FAIL: gfortran.dg/output_exponents_1.f90  -O0  execution test
FAIL: gfortran.dg/output_exponents_1.f90  -O1  execution test
FAIL: gfortran.dg/output_exponents_1.f90  -O2  execution test
FAIL: gfortran.dg/output_exponents_1.f90  -O3 -fomit-frame-pointer  
execution test
FAIL: gfortran.dg/output_exponents_1.f90  -O3 -fomit-frame-pointer 
-funroll-loops  execution test
FAIL: gfortran.dg/output_exponents_1.f90  -O3 -fomit-frame-pointer 
-funroll-all-loops -finline-functions  execution test
FAIL: gfortran.dg/output_exponents_1.f90  -O3 -g  execution test
FAIL: gfortran.dg/output_exponents_1.f90  -Os  execution test

        === gfortran Summary ===

# of expected passes        29092
# of unexpected failures    116
# of expected failures      10
# of unsupported tests      113
/usr/share/src/gcc_build/gcc/testsuite/gfortran/../../gfortran  version 
4.4.0 20090309 (experimental) [trunk revision 144720] (GCC)


        === g++ tests ===

Running target unix
XPASS: g++.dg/other/ucnid-1.C (test for excess errors)
FAIL: g++.dg/tls/static-1.C execution test
XPASS: g++.old-deja/g++.oliva/dwarf2.C (test for excess errors)
XPASS: g++.old-deja/g++.oliva/dwarf3.C (test for excess errors)
XPASS: g++.old-deja/g++.other/init19.C execution test

        === g++ Summary ===

# of expected passes        19521
# of unexpected failures    1
# of unexpected successes   4
# of expected failures      141
# of unsupported tests      132
/usr/share/src/gcc_build/gcc/testsuite/g++/../../g++  version 4.4.0 
20090309 (experimental) [trunk revision 144720] (GCC)


        === gnat tests ===

Running target unix

        === gnat Summary ===

# of expected passes        609
# of expected failures      6


        === obj-c++ tests ===

Running target unix
XPASS: obj-c++.dg/comp-types-10.mm (test for excess errors)
WARNING: obj-c++.dg/lookup-2.mm compilation failed to produce executable
WARNING: obj-c++.dg/try-catch-2.mm compilation failed to produce 
executable
WARNING: obj-c++.dg/try-catch-9.mm compilation failed to produce 
executable

        === obj-c++ Summary ===

# of expected passes        436
# of unexpected successes   1
# of expected failures      9
# of unsupported tests      13
/usr/share/src/gcc_build/gcc/testsuite/obj-c++/../../g++  version 4.4.0 
20090309 (experimental) [trunk revision 144720] (GCC)


        === objc tests ===

Running target unix

        === objc Summary ===

# of expected passes        1830
# of expected failures      7
# of unsupported tests      24
/usr/share/src/gcc_build/gcc/xgcc  version 4.4.0 20090309 
(experimental) [trunk revision 144720] (GCC)


        === libffi tests ===

Running target unix

        === libffi Summary ===

# of expected passes        1389
# of unsupported tests      10


        === libgomp tests ===

Running target unix
FAIL: libgomp.c/copyin-1.c execution test
FAIL: libgomp.c/copyin-2.c execution test
FAIL: libgomp.c++/copyin-1.C  -O0  execution test
FAIL: libgomp.c++/copyin-1.C  -O1  execution test
FAIL: libgomp.c++/copyin-1.C  -O2  execution test
FAIL: libgomp.c++/copyin-1.C  -O3 -fomit-frame-pointer  execution test
FAIL: libgomp.c++/copyin-1.C  -O3 -fomit-frame-pointer -funroll-loops  
execution test
FAIL: libgomp.c++/copyin-1.C  -O3 -fomit-frame-pointer 
-funroll-all-loops -finline-functions  execution test
FAIL: libgomp.c++/copyin-1.C  -O3 -g  execution test
FAIL: libgomp.c++/copyin-1.C  -Os  execution test
FAIL: libgomp.c++/copyin-2.C  -O0  execution test
FAIL: libgomp.c++/copyin-2.C  -O1  execution test
FAIL: libgomp.c++/copyin-2.C  -O2  execution test
FAIL: libgomp.c++/copyin-2.C  -O3 -fomit-frame-pointer  execution test
FAIL: libgomp.c++/copyin-2.C  -O3 -fomit-frame-pointer -funroll-loops  
execution test
FAIL: libgomp.c++/copyin-2.C  -O3 -fomit-frame-pointer 
-funroll-all-loops -finline-functions  execution test
FAIL: libgomp.c++/copyin-2.C  -O3 -g  execution test
FAIL: libgomp.c++/copyin-2.C  -Os  execution test

        === libgomp Summary ===

# of expected passes        2324
# of unexpected failures    18
# of unsupported tests      2


        === libjava tests ===

Running target unix
FAIL: TestClosureGC run
FAIL: 
/usr/share/src/gcc_trunk/libjava/testsuite/libjava.jar/TestClosureGC.jar 
execution - gij test
FAIL: /usr/share/src/gcc_trunk/libjava/testsuite/libjava.jar/simple.jar 
execution - gij test
FAIL: PR15133 execution - gij test
FAIL: PR18116 execution - gij test
FAIL: PR28178 execution - gij test
FAIL: bytebuffer execution - gij test
FAIL: calls execution - gij test
FAIL: cxxtest execution - gij test
FAIL: directbuffer execution - gij test
FAIL: field execution - gij test
FAIL: final_method execution - gij test
FAIL: findclass execution - gij test
FAIL: findclass2 execution - gij test
FAIL: iface execution - gij test
FAIL: init execution - gij test
FAIL: invoke execution - gij test
FAIL: jniutf execution - gij test
FAIL: martin execution - gij test
FAIL: noclass execution - gij test
FAIL: overload execution - gij test
FAIL: pr11951 execution - gij test
FAIL: pr18278 execution - gij test
FAIL: pr23739 execution - gij test
FAIL: register execution - gij test
FAIL: register2 execution - gij test
FAIL: simple_int execution - gij test
FAIL: throwit execution - gij test
FAIL: virtual execution - gij test
FAIL: PR16923 run
FAIL: pr29812 execution - gij test
FAIL: getargssize run
FAIL: getlocalvartable run
FAIL: getstacktrace run
FAIL: ExtraClassLoader execution - source compiled test
FAIL: ExtraClassLoader -findirect-dispatch execution - source compiled 
test
FAIL: ExtraClassLoader -O3 execution - source compiled test
FAIL: ExtraClassLoader -O3 -findirect-dispatch execution - source 
compiled test
FAIL: ProxyTest execution - source compiled test
FAIL: ProxyTest -findirect-dispatch execution - source compiled test
FAIL: ProxyTest -O3 execution - source compiled test
FAIL: ProxyTest -O3 -findirect-dispatch execution - source compiled test
FAIL: TestProxy execution - source compiled test
FAIL: TestProxy -findirect-dispatch execution - source compiled test
FAIL: TestProxy -O3 execution - source compiled test
FAIL: TestProxy -O3 -findirect-dispatch execution - source compiled test
FAIL: Throw_2 execution - source compiled test
FAIL: Throw_2 -findirect-dispatch execution - source compiled test
FAIL: Throw_2 -O3 execution - source compiled test
FAIL: Throw_2 -O3 -findirect-dispatch execution - source compiled test
FAIL: 
/usr/share/src/gcc_build/i386-pc-solaris2.11/libjava/testsuite/TestEarlyG
C.exe execution - 
/usr/share/src/gcc_build/i386-pc-solaris2.11/libjava/testsuite/TestEarlyG
C.exe

        === libjava Summary ===

# of expected passes        2477
# of unexpected failures    51
# of untested testcases     51


        === libstdc++ tests ===

Running target unix
FAIL: ext/enc_filebuf/char/13598.cc execution test

        === libstdc++ Summary ===

# of expected passes        5741
# of unexpected failures    1
# of expected failures      80
# of unsupported tests      385

Compiler version: 4.4.0 20090309 (experimental) [trunk revision 144720] 
(GCC)
Platform: i386-pc-solaris2.11
configure flags: --prefix=/usr/local/gcc4 
--enable-languages=ada,c,c++,fortran,java,objc,obj-c++ --enable-shared 
--disable-static --enable-multilib --enable-decimal-float 
--with-long-double-128 --with-included-gettext 
--disable-stage1-checking --enable-checking=release --with-tune=k8 
--with-cpu=k8 --with-arch=k8 --with-gnu-as --with-as=/usr/local/bin/as 
--with-gnu-ld --with-ld=/usr/local/bin/ld --with-gmp=/usr/local 
--with-mpfr=/usr/local --without-ppl




More information about the Gcc-testresults mailing list