Results for 4.4.0 20090308 (experimental) [trunk revision 144705] (GCC) testsuite on hppa-unknown-linux-gnu
John David Anglin
dave@hiauly6.hia.nrc.ca
Mon Mar 9 18:19:00 GMT 2009
LAST_UPDATED: Sun Mar 8 03:07:23 UTC 2009 (revision 144705)
Native configuration is hppa-unknown-linux-gnu
=== g++ tests ===
Running target unix
=== g++ Summary ===
# of expected passes 18979
# of expected failures 140
# of unsupported tests 155
/home/dave/gnu/gcc-4.4/objdir/gcc/testsuite/g++/../../g++ version 4.4.0 20090308 (experimental) [trunk revision 144705] (GCC)
=== gcc tests ===
Running target unix
FAIL: gcc.dg/stmt-expr-label-1.c (test for errors, line 400)
FAIL: gcc.dg/stmt-expr-label-1.c (test for excess errors)
XPASS: gcc.dg/tree-ssa/loop-1.c scan-assembler-times foo 5
=== gcc Summary ===
# of expected passes 49168
# of unexpected failures 2
# of unexpected successes 1
# of expected failures 128
# of unsupported tests 512
/home/dave/gnu/gcc-4.4/objdir/gcc/xgcc version 4.4.0 20090308 (experimental) [trunk revision 144705] (GCC)
=== libgomp tests ===
Running target unix
=== libgomp Summary ===
# of expected passes 933
# of unsupported tests 7
=== libmudflap tests ===
Running target unix
FAIL: libmudflap.c++/pass41-frag.cxx execution test
FAIL: libmudflap.c++/pass41-frag.cxx (-static) execution test
FAIL: libmudflap.c++/pass41-frag.cxx (-O2) execution test
FAIL: libmudflap.c++/pass41-frag.cxx (-O3) execution test
=== libmudflap Summary ===
# of expected passes 1890
# of unexpected failures 4
=== libstdc++ tests ===
Running target unix
FAIL: 22_locale/time_get/get_date/wchar_t/4.cc execution test
FAIL: 26_numerics/complex/13450.cc (test for excess errors)
UNRESOLVED: 26_numerics/complex/13450.cc compilation failed to produce executable
FAIL: 26_numerics/complex/pow.cc (test for excess errors)
UNRESOLVED: 26_numerics/complex/pow.cc compilation failed to produce executable
XPASS: 26_numerics/headers/cmath/c99_classification_macros_c.cc (test for excess errors)
FAIL: tr1/8_c_compatibility/complex/overloads_float.cc (test for excess errors)
FAIL: tr1/8_c_compatibility/complex/overloads_int.cc (test for excess errors)
UNRESOLVED: tr1/8_c_compatibility/complex/overloads_int.cc compilation failed to produce executable
=== libstdc++ Summary ===
# of expected passes 6454
# of unexpected failures 5
# of unexpected successes 1
# of expected failures 80
# of unresolved testcases 3
# of unsupported tests 18
Compiler version: 4.4.0 20090308 (experimental) [trunk revision 144705] (GCC)
Platform: hppa-unknown-linux-gnu
configure flags: --with-gnu-as --with-gnu-ld --enable-shared --prefix=/home/dave/opt/gnu/gcc/gcc-4.4.0 --with-local-prefix=/home/dave/opt/gnu --enable-threads=posix --enable-__cxa_atexit --build=hppa-linux --enable-clocale=gnu --enable-java-gc=boehm --enable-java-awt=xlib --enable-languages=c,c++ --enable-stage1-languages=c,c++
More information about the Gcc-testresults
mailing list