Results for 4.4.0 20090307 (experimental) [trunk revision 144702] (GCC) gcc testsuite on powerpc-unknown-eabisim

Mike Stein mstein.lists@googlemail.com
Sun Mar 8 22:55:00 GMT 2009


Debian 4 on x86_64
cross tool versions:
GNU assembler (GNU Binutils) 2.19.51.20090228
GNU gdb (GDB) 6.8.50.20090228-cvs
GNU ld (GNU Binutils) 2.19.51.20090228

GNU Make 3.81
expect version 5.43.0
host gcc version: gcc (GCC) 4.4.0 20090307 (experimental) [trunk revision 144702]
LAST_UPDATED: Sat Mar  7 23:04:43 UTC 2009 (revision 144702)

Target is powerpc-unknown-eabisim
Host   is x86_64-unknown-linux-gnu

		=== gcc tests ===


Running target powerpc-sim
FAIL: gcc.c-torture/execute/nest-align-1.c execution,  -O0 
FAIL: gcc.c-torture/execute/nest-align-1.c execution,  -O1 
FAIL: gcc.c-torture/execute/nest-align-1.c execution,  -O2 
FAIL: gcc.c-torture/execute/nest-align-1.c execution,  -Os 
FAIL: gcc.c-torture/execute/ieee/inf-1.c execution,  -O0 
FAIL: gcc.dg/and-1.c scan-assembler-not nand
FAIL: gcc.dg/memcpy-1.c scan-tree-dump-times optimized "nasty_local" 0
FAIL: gcc.dg/tree-ssa/vrp47.c scan-tree-dump-times vrp1 "[xy][^ ]* !=" 0
FAIL: gcc.dg/tree-ssa/vrp47.c scan-tree-dump-times dom1 "x[^ ]* & y" 1
FAIL: gcc.dg/vect/vect-82.c execution test
FAIL: gcc.dg/vect/vect-83.c execution test
FAIL: gcc.target/powerpc/20020118-1.c execution test
FAIL: gcc.target/powerpc/ppc64-double-1.c scan-assembler-not stfd

		=== gcc Summary ===

# of expected passes		51056
# of unexpected failures	13
# of expected failures		201
# of unsupported tests		617
/home/mstein/sim/trunk/powerpc-eabisim/build/gcc/xgcc  version 4.4.0 20090307 (experimental) [trunk revision 144702] (GCC) 


Compiler version: 4.4.0 20090307 (experimental) [trunk revision 144702] (GCC) gcc 
Platform: powerpc-unknown-eabisim
configure flags: --target=powerpc-eabisim --prefix=/home/mstein/cross-local/powerpc-eabisim --enable-languages=c --disable-nls --disable-build-warnings --with-sysroot=/home/mstein/cross-local/powerpc-eabisim --with-build-sysroot=/home/mstein/cross-local/powerpc-eabisim --with-ld=/home/mstein/cross-local/powerpc-eabisim/usr/bin/ld --with-as=/home/mstein/cross-local/powerpc-eabisim/usr/bin/as --disable-libssp --with-mpfr=/opt/cfarm/mpfr-2.3.1



More information about the Gcc-testresults mailing list