Results for 4.4.0 20090308 (experimental) [trunk revision 144708] (GCC) testsuite on x86_64-unknown-linux-gnu
H.J. Lu Intel64
hjl@gnu-16.sc.intel.com
Sun Mar 8 18:53:00 GMT 2009
LAST_UPDATED: Sun Mar 8 14:54:58 UTC 2009 (revision 144708)
Native configuration is x86_64-unknown-linux-gnu
=== gcc tests ===
Running target emx-avx-sim/-m32
FAIL: gcc.c-torture/compile/limits-exprparen.c -O0 (test for excess errors)
FAIL: gcc.c-torture/compile/limits-exprparen.c -O1 (test for excess errors)
FAIL: gcc.c-torture/compile/limits-exprparen.c -O2 (test for excess errors)
FAIL: gcc.c-torture/compile/limits-exprparen.c -O3 -fomit-frame-pointer (test for excess errors)
FAIL: gcc.c-torture/compile/limits-exprparen.c -O3 -g (test for excess errors)
FAIL: gcc.c-torture/compile/limits-exprparen.c -Os (test for excess errors)
FAIL: gcc.dg/torture/stackalign/builtin-apply-4.c -O0 execution test
FAIL: gcc.dg/torture/stackalign/builtin-apply-4.c -O1 execution test
FAIL: gcc.dg/torture/stackalign/builtin-apply-4.c -O2 execution test
FAIL: gcc.dg/torture/stackalign/builtin-apply-4.c -O3 -fomit-frame-pointer execution test
FAIL: gcc.dg/torture/stackalign/builtin-apply-4.c -O3 -g execution test
FAIL: gcc.dg/torture/stackalign/builtin-apply-4.c -Os execution test
FAIL: gcc.dg/torture/stackalign/builtin-apply-4.c -O0 execution test
FAIL: gcc.dg/torture/stackalign/builtin-apply-4.c -O1 execution test
FAIL: gcc.dg/torture/stackalign/builtin-apply-4.c -O2 execution test
FAIL: gcc.dg/torture/stackalign/builtin-apply-4.c -O3 -fomit-frame-pointer execution test
FAIL: gcc.dg/torture/stackalign/builtin-apply-4.c -O3 -g execution test
FAIL: gcc.dg/torture/stackalign/builtin-apply-4.c -Os execution test
FAIL: gcc.dg/torture/stackalign/builtin-apply-4.c -O0 execution test
FAIL: gcc.dg/torture/stackalign/builtin-apply-4.c -O1 execution test
FAIL: gcc.dg/torture/stackalign/builtin-apply-4.c -O2 execution test
FAIL: gcc.dg/torture/stackalign/builtin-apply-4.c -O3 -fomit-frame-pointer execution test
FAIL: gcc.dg/torture/stackalign/builtin-apply-4.c -O3 -g execution test
FAIL: gcc.dg/torture/stackalign/builtin-apply-4.c -Os execution test
FAIL: gcc.dg/torture/stackalign/builtin-apply-4.c -O0 execution test
FAIL: gcc.dg/torture/stackalign/builtin-apply-4.c -O1 execution test
FAIL: gcc.dg/torture/stackalign/builtin-apply-4.c -O2 execution test
FAIL: gcc.dg/torture/stackalign/builtin-apply-4.c -O3 -fomit-frame-pointer execution test
FAIL: gcc.dg/torture/stackalign/builtin-apply-4.c -O3 -g execution test
FAIL: gcc.dg/torture/stackalign/builtin-apply-4.c -Os execution test
FAIL: gcc.misc-tests/i386-pf-none-1.c scan-assembler-not fetch
FAIL: gcc.misc-tests/i386-pf-none-1.c scan-assembler-not fetch
FAIL: gcc.misc-tests/i386-pf-none-1.c scan-assembler-not fetch
FAIL: gcc.misc-tests/i386-pf-none-1.c scan-assembler-not fetch
FAIL: gcc.misc-tests/i386-pf-none-1.c scan-assembler-not fetch
FAIL: gcc.misc-tests/i386-pf-none-1.c scan-assembler-not fetch
FAIL: gcc.misc-tests/i386-pf-none-1.c scan-assembler-not fetch
FAIL: gcc.misc-tests/i386-pf-none-1.c scan-assembler-not fetch
FAIL: gcc.misc-tests/i386-pf-none-1.c scan-assembler-not fetch
FAIL: gcc.misc-tests/i386-pf-none-1.c scan-assembler-not fetch
FAIL: gcc.misc-tests/i386-pf-none-1.c scan-assembler-not fetch
FAIL: gcc.misc-tests/i386-pf-none-1.c scan-assembler-not fetch
FAIL: gcc.misc-tests/i386-pf-none-1.c scan-assembler-not fetch
FAIL: gcc.misc-tests/i386-pf-none-1.c scan-assembler-not fetch
FAIL: gcc.misc-tests/i386-pf-3dnow-1.c scan-assembler-not prefetchnta
FAIL: gcc.misc-tests/i386-pf-3dnow-1.c scan-assembler-not prefetcht
FAIL: gcc.misc-tests/i386-pf-3dnow-1.c scan-assembler-not prefetchnta
FAIL: gcc.misc-tests/i386-pf-3dnow-1.c scan-assembler-not prefetcht
FAIL: gcc.misc-tests/i386-pf-3dnow-1.c scan-assembler-not prefetchnta
FAIL: gcc.misc-tests/i386-pf-3dnow-1.c scan-assembler-not prefetcht
FAIL: gcc.target/i386/defines-1.c (test for excess errors)
FAIL: gcc.target/i386/funcspec-1.c scan-assembler fsubs[ \\t]
FAIL: gcc.target/i386/funcspec-10.c scan-assembler-not cmov
FAIL: gcc.target/i386/funcspec-8.c (test for errors, line 27)
FAIL: gcc.target/i386/funcspec-8.c (test for errors, line 46)
FAIL: gcc.target/i386/funcspec-8.c (test for errors, line 65)
FAIL: gcc.target/i386/funcspec-8.c (test for errors, line 84)
FAIL: gcc.target/i386/funcspec-8.c (test for errors, line 103)
FAIL: gcc.target/i386/funcspec-8.c (test for errors, line 122)
FAIL: gcc.target/i386/funcspec-8.c (test for errors, line 141)
FAIL: gcc.target/i386/funcspec-8.c (test for errors, line 160)
FAIL: gcc.target/i386/funcspec-8.c (test for excess errors)
FAIL: gcc.target/i386/isa-10.c execution test
FAIL: gcc.target/i386/isa-11.c execution test
FAIL: gcc.target/i386/isa-12.c execution test
FAIL: gcc.target/i386/isa-13.c execution test
FAIL: gcc.target/i386/isa-14.c execution test
FAIL: gcc.target/i386/isa-4.c execution test
FAIL: gcc.target/i386/isa-5.c execution test
FAIL: gcc.target/i386/isa-6.c execution test
FAIL: gcc.target/i386/isa-7.c execution test
FAIL: gcc.target/i386/isa-8.c execution test
FAIL: gcc.target/i386/isa-9.c execution test
FAIL: gcc.target/i386/parity-1.c scan-assembler setnp
FAIL: gcc.target/i386/parity-2.c scan-assembler setnp
FAIL: gcc.target/i386/pr38824.c scan-assembler-not addps[^\\\\n]*%[er]
FAIL: gcc.target/i386/pr39162.c (test for warnings, line 7)
FAIL: gcc.target/i386/sse-21.c scan-assembler-not fisttp
FAIL: gcc.target/i386/sse-5.c (test for warnings, line 7)
FAIL: gcc.target/i386/ssefn-1.c scan-assembler-not movsd
FAIL: gcc.target/i386/ssefn-1.c scan-assembler-not mulsd
FAIL: gcc.target/i386/sseregparm-2.c (test for errors, line 7)
FAIL: gcc.target/i386/sseregparm-2.c (test for errors, line 8)
FAIL: gcc.target/i386/sseregparm-8.c (test for errors, line 13)
FAIL: gcc.target/i386/sseregparm-8.c (test for errors, line 14)
FAIL: gcc.target/i386/sseregparm-8.c (test for errors, line 15)
FAIL: gcc.target/i386/sseregparm-8.c (test for errors, line 16)
FAIL: gcc.target/i386/vecinit-1.c scan-assembler-not xor
FAIL: gcc.target/i386/vecinit-2.c scan-assembler-not xor
FAIL: gcc.target/i386/xorps-sse.c scan-assembler xorps[ \\t]
=== gcc Summary for emx-avx-sim/-m32 ===
Running target emx-avx-sim
FAIL: gcc.c-torture/compile/limits-exprparen.c -O0 (test for excess errors)
FAIL: gcc.c-torture/compile/limits-exprparen.c -O1 (test for excess errors)
FAIL: gcc.c-torture/compile/limits-exprparen.c -O2 (test for excess errors)
FAIL: gcc.c-torture/compile/limits-exprparen.c -O3 -fomit-frame-pointer (test for excess errors)
FAIL: gcc.c-torture/compile/limits-exprparen.c -O3 -g (test for excess errors)
FAIL: gcc.c-torture/compile/limits-exprparen.c -Os (test for excess errors)
FAIL: gcc.dg/tree-prof/bb-reorg.c compilation, -fprofile-use -D_PROFILE_USE
UNRESOLVED: gcc.dg/tree-prof/bb-reorg.c execution, -fprofile-use -D_PROFILE_USE
FAIL: gcc.dg/tree-prof/pr34999.c compilation, -fprofile-use -D_PROFILE_USE
UNRESOLVED: gcc.dg/tree-prof/pr34999.c execution, -fprofile-use -D_PROFILE_USE
FAIL: gcc.target/i386/amd64-abi-1.c (test for errors, line 5)
FAIL: gcc.target/i386/amd64-abi-3.c scan-assembler subq[\\\\t ]*\\\\\$88,[\\\\t ]*%rsp
FAIL: gcc.target/i386/amd64-abi-3.c scan-assembler-not subq[\\\\t ]*\\\\\$216,[\\\\t ]*%rsp
FAIL: gcc.target/i386/defines-1.c (test for excess errors)
FAIL: gcc.target/i386/funcspec-3.c scan-assembler call\\t(.*)sse42_pop_l
FAIL: gcc.target/i386/funcspec-3.c scan-assembler call\\t(.*)popcountdi2
FAIL: gcc.target/i386/funcspec-8.c (test for errors, line 27)
FAIL: gcc.target/i386/funcspec-8.c (test for errors, line 46)
FAIL: gcc.target/i386/funcspec-8.c (test for errors, line 65)
FAIL: gcc.target/i386/funcspec-8.c (test for errors, line 84)
FAIL: gcc.target/i386/funcspec-8.c (test for errors, line 103)
FAIL: gcc.target/i386/funcspec-8.c (test for errors, line 122)
FAIL: gcc.target/i386/funcspec-8.c (test for errors, line 141)
FAIL: gcc.target/i386/funcspec-8.c (test for errors, line 160)
FAIL: gcc.target/i386/funcspec-8.c (test for excess errors)
FAIL: gcc.target/i386/isa-10.c execution test
FAIL: gcc.target/i386/isa-11.c execution test
FAIL: gcc.target/i386/isa-12.c execution test
FAIL: gcc.target/i386/isa-13.c execution test
FAIL: gcc.target/i386/isa-14.c execution test
FAIL: gcc.target/i386/isa-4.c execution test
FAIL: gcc.target/i386/isa-5.c execution test
FAIL: gcc.target/i386/isa-6.c execution test
FAIL: gcc.target/i386/isa-7.c execution test
FAIL: gcc.target/i386/isa-8.c execution test
FAIL: gcc.target/i386/isa-9.c execution test
FAIL: gcc.target/i386/parity-1.c scan-assembler setnp
FAIL: gcc.target/i386/parity-2.c scan-assembler setnp
FAIL: gcc.target/i386/pr33524.c scan-assembler pperm
FAIL: gcc.target/i386/pr38824.c scan-assembler-not addps[^\\\\n]*%[er]
FAIL: gcc.target/i386/pr39162.c (test for warnings, line 7)
FAIL: gcc.target/i386/sse-21.c scan-assembler-not fisttp
FAIL: gcc.target/i386/vecinit-1.c scan-assembler-not xor
FAIL: gcc.target/i386/vecinit-2.c scan-assembler-not xor
FAIL: gcc.target/i386/xorps-sse.c scan-assembler xorps[ \\t]
=== gcc Summary for emx-avx-sim ===
=== gcc Summary ===
# of expected passes 112720
# of unexpected failures 133
# of expected failures 374
# of unresolved testcases 2
# of unsupported tests 1133
/export/build/gnu/gcc-avx/build-x86_64-linux/gcc/xgcc version 4.4.0 20090308 (experimental) [trunk revision 144708] (GCC)
=== gfortran tests ===
Running target emx-avx-sim/-m32
=== gfortran Summary for emx-avx-sim/-m32 ===
# of expected passes 3978
Running target emx-avx-sim
=== gfortran Summary for emx-avx-sim ===
# of expected passes 3978
=== gfortran Summary ===
# of expected passes 58577
# of expected failures 20
# of unsupported tests 141
/export/build/gnu/gcc-avx/build-x86_64-linux/gcc/testsuite/gfortran/../../gfortran version 4.4.0 20090308 (experimental) [trunk revision 144708] (GCC)
=== g++ tests ===
Running target emx-avx-sim/-m32
FAIL: g++.dg/other/new1.C (test for excess errors)
FAIL: g++.dg/parse/crash40.C (test for excess errors)
FAIL: g++.dg/parse/defarg12.C (test for excess errors)
FAIL: g++.dg/template/error15.C (test for excess errors)
=== g++ Summary for emx-avx-sim/-m32 ===
# of expected passes 6810
# of expected failures 28
# of unsupported tests 10
Running target emx-avx-sim
FAIL: g++.dg/other/new1.C (test for excess errors)
FAIL: g++.dg/parse/crash40.C (test for excess errors)
FAIL: g++.dg/parse/defarg12.C (test for excess errors)
FAIL: g++.dg/template/error15.C (test for excess errors)
=== g++ Summary for emx-avx-sim ===
# of expected passes 6763
# of expected failures 28
# of unsupported tests 20
=== g++ Summary ===
# of expected passes 38899
# of unexpected failures 8
# of expected failures 280
# of unsupported tests 348
/export/build/gnu/gcc-avx/build-x86_64-linux/gcc/testsuite/g++/../../g++ version 4.4.0 20090308 (experimental) [trunk revision 144708] (GCC)
=== objc tests ===
Running target emx-avx-sim/-m32
=== objc Summary for emx-avx-sim/-m32 ===
# of expected passes 2
Running target emx-avx-sim
FAIL: objc/execute/forward-1.m execution, -O0 -fgnu-runtime
FAIL: objc/execute/forward-1.m execution, -O1 -fgnu-runtime
FAIL: objc/execute/forward-1.m execution, -O2 -fgnu-runtime
FAIL: objc/execute/forward-1.m execution, -O3 -fomit-frame-pointer -fgnu-runtime
FAIL: objc/execute/forward-1.m execution, -O3 -fomit-frame-pointer -funroll-loops -fgnu-runtime
FAIL: objc/execute/forward-1.m execution, -O3 -fomit-frame-pointer -funroll-all-loops -finline-functions -fgnu-runtime
FAIL: objc/execute/forward-1.m execution, -O3 -g -fgnu-runtime
FAIL: objc/execute/forward-1.m execution, -Os -fgnu-runtime
=== objc Summary for emx-avx-sim ===
# of expected passes 2
=== objc Summary ===
# of expected passes 3652
# of unexpected failures 8
# of expected failures 14
# of unsupported tests 48
/export/build/gnu/gcc-avx/build-x86_64-linux/gcc/xgcc version 4.4.0 20090308 (experimental) [trunk revision 144708] (GCC)
=== libffi tests ===
Running target emx-avx-sim/-m32
=== libffi Summary for emx-avx-sim/-m32 ===
# of expected passes 24
Running target emx-avx-sim
=== libffi Summary for emx-avx-sim ===
# of expected passes 24
=== libffi Summary ===
# of expected passes 2778
# of unsupported tests 20
=== libgomp tests ===
Running target emx-avx-sim/-m32
=== libgomp Summary for emx-avx-sim/-m32 ===
# of expected passes 1399
Running target emx-avx-sim
=== libgomp Summary for emx-avx-sim ===
# of expected passes 1399
=== libgomp Summary ===
# of expected passes 4692
=== libjava tests ===
Running target emx-avx-sim/-m32
=== libjava Summary for emx-avx-sim/-m32 ===
Running target emx-avx-sim
=== libjava Summary for emx-avx-sim ===
=== libjava Summary ===
# of expected passes 5148
=== libmudflap tests ===
Running target emx-avx-sim/-m32
FAIL: externs-12 execution
FAIL: externs-21 execution
FAIL: externs-12 execution -static
FAIL: externs-21 execution -static
FAIL: externs-12 execution -O2
FAIL: externs-21 execution -O2
FAIL: externs-12 execution -O3
FAIL: externs-21 execution -O3
FAIL: libmudflap.c++/pass41-frag.cxx execution test
FAIL: libmudflap.c++/pass41-frag.cxx (-static) execution test
FAIL: libmudflap.c++/pass41-frag.cxx (-O2) execution test
FAIL: libmudflap.c++/pass41-frag.cxx (-O3) execution test
FAIL: ctors-12 execution
FAIL: ctors-21 execution
FAIL: ctors-12 execution -static
FAIL: ctors-21 execution -static
FAIL: ctors-12 execution -O2
FAIL: ctors-21 execution -O2
FAIL: ctors-12 execution -O3
FAIL: ctors-21 execution -O3
WARNING: program timed out.
FAIL: libmudflap.cth/pass40-frag.c execution test
FAIL: libmudflap.cth/pass40-frag.c output pattern test
WARNING: program timed out.
FAIL: libmudflap.cth/pass40-frag.c (-static -DSTATIC) execution test
FAIL: libmudflap.cth/pass40-frag.c (-static -DSTATIC) output pattern test
WARNING: program timed out.
FAIL: libmudflap.cth/pass40-frag.c (-O2) execution test
FAIL: libmudflap.cth/pass40-frag.c (-O2) output pattern test
WARNING: program timed out.
FAIL: libmudflap.cth/pass40-frag.c (-O3) execution test
FAIL: libmudflap.cth/pass40-frag.c (-O3) output pattern test
=== libmudflap Summary for emx-avx-sim/-m32 ===
# of expected passes 344
# of unexpected failures 8
Running target emx-avx-sim
FAIL: libmudflap.c++/pass41-frag.cxx execution test
FAIL: libmudflap.c++/pass41-frag.cxx (-static) execution test
FAIL: libmudflap.c++/pass41-frag.cxx (-O2) execution test
FAIL: libmudflap.c++/pass41-frag.cxx (-O3) execution test
WARNING: program timed out.
FAIL: libmudflap.cth/pass40-frag.c execution test
FAIL: libmudflap.cth/pass40-frag.c output pattern test
WARNING: program timed out.
FAIL: libmudflap.cth/pass40-frag.c (-O2) execution test
FAIL: libmudflap.cth/pass40-frag.c (-O2) output pattern test
=== libmudflap Summary for emx-avx-sim ===
# of expected passes 348
# of unexpected failures 4
=== libmudflap Summary ===
# of expected passes 3752
# of unexpected failures 36
=== libstdc++ tests ===
Running target emx-avx-sim/-m32
FAIL: 21_strings/basic_string/cons/char/1.cc execution test
FAIL: 21_strings/basic_string/cons/wchar_t/1.cc execution test
FAIL: 21_strings/basic_string/init-list.cc execution test
FAIL: 21_strings/basic_string/insert/char/1.cc execution test
FAIL: 21_strings/basic_string/insert/wchar_t/1.cc execution test
FAIL: 22_locale/locale/cons/12438.cc execution test
FAIL: 23_containers/map/init-list.cc execution test
FAIL: 23_containers/multimap/init-list.cc execution test
FAIL: 23_containers/multiset/init-list.cc execution test
FAIL: 23_containers/set/init-list.cc execution test
FAIL: 23_containers/unordered_map/init-list.cc execution test
FAIL: 23_containers/unordered_multimap/init-list.cc execution test
FAIL: 23_containers/unordered_multiset/init-list.cc execution test
FAIL: 23_containers/unordered_set/init-list.cc execution test
XPASS: 26_numerics/headers/cmath/c99_classification_macros_c.cc (test for excess errors)
FAIL: 26_numerics/valarray/init-list.cc execution test
FAIL: 27_io/ios_base/storage/1.cc execution test
FAIL: 27_io/ios_base/storage/2.cc execution test
FAIL: 27_io/ios_base/storage/3.cc execution test
FAIL: ext/pb_ds/regression/list_update_no_data_map_rand.cc execution test
FAIL: ext/vstring/init-list.cc execution test
=== libstdc++ Summary for emx-avx-sim/-m32 ===
# of expected passes 6441
# of unexpected failures 20
# of unexpected successes 1
# of expected failures 80
# of unsupported tests 18
Running target emx-avx-sim
FAIL: 21_strings/basic_string/cons/char/1.cc execution test
FAIL: 21_strings/basic_string/cons/wchar_t/1.cc execution test
FAIL: 21_strings/basic_string/init-list.cc execution test
FAIL: 21_strings/basic_string/insert/char/1.cc execution test
FAIL: 21_strings/basic_string/insert/wchar_t/1.cc execution test
FAIL: 22_locale/locale/cons/12438.cc execution test
FAIL: 23_containers/map/init-list.cc execution test
FAIL: 23_containers/multimap/init-list.cc execution test
FAIL: 23_containers/multiset/init-list.cc execution test
FAIL: 23_containers/set/init-list.cc execution test
FAIL: 23_containers/unordered_map/init-list.cc execution test
FAIL: 23_containers/unordered_multimap/init-list.cc execution test
FAIL: 23_containers/unordered_multiset/init-list.cc execution test
FAIL: 23_containers/unordered_set/init-list.cc execution test
XPASS: 26_numerics/headers/cmath/c99_classification_macros_c.cc (test for excess errors)
FAIL: 26_numerics/valarray/init-list.cc execution test
FAIL: 27_io/ios_base/storage/1.cc execution test
FAIL: 27_io/ios_base/storage/2.cc execution test
FAIL: 27_io/ios_base/storage/3.cc execution test
FAIL: ext/vstring/init-list.cc execution test
=== libstdc++ Summary for emx-avx-sim ===
# of expected passes 6448
# of unexpected failures 19
# of unexpected successes 1
# of expected failures 80
# of unsupported tests 15
=== libstdc++ Summary ===
# of expected passes 12891
# of unexpected failures 39
# of unexpected successes 2
# of expected failures 160
# of unsupported tests 33
Compiler version: 4.4.0 20090308 (experimental) [trunk revision 144708] (GCC)
Platform: x86_64-unknown-linux-gnu
configure flags: --enable-clocale=gnu --with-system-zlib --enable-checking=assert --with-demangler-in-ld --enable-shared --enable-threads=posix --enable-haifa --prefix=/usr/gcc-4.4 --with-local-prefix=/usr/local
More information about the Gcc-testresults
mailing list