Results for 4.3.4 20090306 (prerelease) [gcc-4_3-branch revision 144656] (GCC) testsuite on hppa2.0w-hp-hpux11.11
John David Anglin
dave@hiauly3.hia.nrc.ca
Sat Mar 7 02:26:00 GMT 2009
LAST_UPDATED: Fri Mar 6 01:12:56 UTC 2009 (revision 144656)
=== acats tests ===
FAIL: cxf3a01
=== acats Summary ===
# of expected passes 2314
# of unexpected failures 1
Native configuration is hppa2.0w-hp-hpux11.11
=== g++ tests ===
Running target unix
XPASS: g++.old-deja/g++.pt/static6.C (test for excess errors)
=== g++ Summary ===
# of expected passes 16566
# of unexpected successes 1
# of expected failures 84
# of unsupported tests 226
/mnt/gnu/gcc/objdir/gcc/testsuite/g++/../../g++ version 4.3.4 20090306 (prerelease) [gcc-4_3-branch revision 144656] (GCC)
=== gcc tests ===
Running target unix
XPASS: gcc.dg/cpp/cmdlne-dI-M.c scan-file (^|\\\\n)cmdlne-dI-M.*:[^\\\\n]*cmdlne-dI-M.c
XPASS: gcc.dg/cpp/cmdlne-dM-M.c scan-file (^|\\\\n)cmdlne-dM-M[^\\\\n]*:[^\\\\n]*cmdlne-dM-M.c
=== gcc Summary ===
# of expected passes 45403
# of unexpected successes 2
# of expected failures 91
# of untested testcases 35
# of unsupported tests 472
/mnt/gnu/gcc/objdir/gcc/xgcc version 4.3.4 20090306 (prerelease) [gcc-4_3-branch revision 144656] (GCC)
=== gfortran tests ===
Running target unix
=== gfortran Summary ===
# of expected passes 24514
# of expected failures 3
# of unsupported tests 162
/mnt/gnu/gcc/objdir/gcc/testsuite/gfortran/../../gfortran version 4.3.4 20090306 (prerelease) [gcc-4_3-branch revision 144656] (GCC)
=== gnat tests ===
Running target unix
=== gnat Summary ===
# of expected passes 375
# of expected failures 1
=== obj-c++ tests ===
Running target unix
WARNING: obj-c++.dg/lookup-2.mm compilation failed to produce executable
WARNING: obj-c++.dg/try-catch-2.mm compilation failed to produce executable
WARNING: obj-c++.dg/try-catch-9.mm compilation failed to produce executable
=== obj-c++ Summary ===
# of expected passes 435
# of expected failures 9
# of unsupported tests 14
/mnt/gnu/gcc/objdir/gcc/testsuite/obj-c++/../../g++ version 4.3.4 20090306 (prerelease) [gcc-4_3-branch revision 144656] (GCC)
=== objc tests ===
Running target unix
=== objc Summary ===
# of expected passes 1806
# of expected failures 7
# of unsupported tests 27
/mnt/gnu/gcc/objdir/gcc/xgcc version 4.3.4 20090306 (prerelease) [gcc-4_3-branch revision 144656] (GCC)
=== libffi tests ===
Running target unix
=== libffi Summary ===
# of expected passes 1389
# of unsupported tests 10
=== libgomp tests ===
Running target unix
FAIL: libgomp.fortran/vla6.f90 -O1 execution test
FAIL: libgomp.fortran/vla6.f90 -O3 -fomit-frame-pointer execution test
FAIL: libgomp.fortran/vla6.f90 -O3 -fomit-frame-pointer -funroll-all-loops -finline-functions execution test
FAIL: libgomp.fortran/vla6.f90 -O3 -g execution test
=== libgomp Summary ===
# of expected passes 1745
# of unexpected failures 4
# of unsupported tests 7
=== libjava tests ===
Running target unix
FAIL: LargeFile execution - source compiled test
FAIL: LargeFile -findirect-dispatch execution - source compiled test
FAIL: LargeFile -O3 execution - source compiled test
FAIL: LargeFile -O3 -findirect-dispatch execution - source compiled test
=== libjava Summary ===
# of expected passes 2554
# of unexpected failures 4
# of untested testcases 4
=== libstdc++ tests ===
Running target unix
=== libstdc++ Summary ===
# of expected passes 4898
# of expected failures 59
# of unsupported tests 345
Compiler version: 4.3.4 20090306 (prerelease) [gcc-4_3-branch revision 144656] (GCC)
Platform: hppa2.0w-hp-hpux11.11
configure flags: --with-gnu-as --with-as=/opt/gnu/bin/as --enable-shared --with-local-prefix=/opt/gnu --prefix=/opt/gnu/gcc/gcc-4.3.4 --with-gmp=/opt/gnu/gcc/gcc-4.3.4 --enable-threads=posix --enable-debug=no --disable-nls --enable-languages=c,c++,objc,fortran,java,ada,obj-c++
More information about the Gcc-testresults
mailing list