Results for 4.4.0 20090305 (experimental) (GCC) testsuite on x86_64-unknown-linux-gnu

Richard Guenther rguenther@suse.de
Thu Mar 5 16:40:00 GMT 2009


LAST_UPDATED: 
Native configuration is x86_64-unknown-linux-gnu

		=== gcc tests ===


Running target unix
FAIL: gcc.c-torture/compile/20001116-1.c  -O0  (test for excess errors)
FAIL: gcc.c-torture/compile/20001116-1.c  -O1  (test for excess errors)
FAIL: gcc.c-torture/compile/20001116-1.c  -O2  (test for excess errors)
FAIL: gcc.c-torture/compile/20001116-1.c  -O3 -fomit-frame-pointer  (test for excess errors)
FAIL: gcc.c-torture/compile/20001116-1.c  -O3 -g  (test for excess errors)
FAIL: gcc.c-torture/compile/20001116-1.c  -Os  (test for excess errors)
FAIL: gcc.c-torture/compile/limits-exprparen.c  -O0  (test for excess errors)
FAIL: gcc.c-torture/compile/limits-exprparen.c  -O1  (test for excess errors)
FAIL: gcc.c-torture/compile/limits-exprparen.c  -O2  (test for excess errors)
FAIL: gcc.c-torture/compile/limits-exprparen.c  -O3 -fomit-frame-pointer  (test for excess errors)
FAIL: gcc.c-torture/compile/limits-exprparen.c  -O3 -g  (test for excess errors)
FAIL: gcc.c-torture/compile/limits-exprparen.c  -Os  (test for excess errors)
FAIL: gcc.c-torture/compile/pr27528.c  -O1  (test for excess errors)
FAIL: gcc.c-torture/compile/pr27528.c  -O2  (test for excess errors)
FAIL: gcc.c-torture/compile/pr27528.c  -O3 -fomit-frame-pointer  (test for excess errors)
FAIL: gcc.c-torture/compile/pr27528.c  -O3 -g  (test for excess errors)
FAIL: gcc.c-torture/compile/pr27528.c  -Os  (test for excess errors)
FAIL: gcc.c-torture/execute/builtins/fputs.c execution,  -O1 
FAIL: gcc.c-torture/execute/builtins/fputs.c execution,  -O2 
FAIL: gcc.c-torture/execute/builtins/fputs.c execution,  -O3 -fomit-frame-pointer 
FAIL: gcc.c-torture/execute/builtins/fputs.c execution,  -O3 -g 
FAIL: gcc.c-torture/execute/builtins/memchr.c execution,  -O1 
FAIL: gcc.c-torture/execute/builtins/memchr.c execution,  -O2 
FAIL: gcc.c-torture/execute/builtins/memchr.c execution,  -O3 -fomit-frame-pointer 
FAIL: gcc.c-torture/execute/builtins/memchr.c execution,  -O3 -g 
FAIL: gcc.c-torture/execute/builtins/memchr.c execution,  -Os 
FAIL: gcc.c-torture/execute/builtins/memcpy-chk.c execution,  -O1 
FAIL: gcc.c-torture/execute/builtins/memcpy-chk.c execution,  -O2 
FAIL: gcc.c-torture/execute/builtins/memcpy-chk.c execution,  -O3 -fomit-frame-pointer 
FAIL: gcc.c-torture/execute/builtins/memcpy-chk.c execution,  -O3 -fomit-frame-pointer -funroll-loops 
FAIL: gcc.c-torture/execute/builtins/memcpy-chk.c execution,  -O3 -fomit-frame-pointer -funroll-all-loops -finline-functions 
FAIL: gcc.c-torture/execute/builtins/memcpy-chk.c execution,  -O3 -g 
FAIL: gcc.c-torture/execute/builtins/memcpy-chk.c execution,  -Os 
FAIL: gcc.c-torture/execute/builtins/memmove-chk.c execution,  -O1 
FAIL: gcc.c-torture/execute/builtins/memmove-chk.c execution,  -O2 
FAIL: gcc.c-torture/execute/builtins/memmove-chk.c execution,  -O3 -fomit-frame-pointer 
FAIL: gcc.c-torture/execute/builtins/memmove-chk.c execution,  -O3 -fomit-frame-pointer -funroll-loops 
FAIL: gcc.c-torture/execute/builtins/memmove-chk.c execution,  -O3 -fomit-frame-pointer -funroll-all-loops -finline-functions 
FAIL: gcc.c-torture/execute/builtins/memmove-chk.c execution,  -O3 -g 
FAIL: gcc.c-torture/execute/builtins/memmove-chk.c execution,  -Os 
FAIL: gcc.c-torture/execute/builtins/mempcpy-chk.c execution,  -O1 
FAIL: gcc.c-torture/execute/builtins/mempcpy-chk.c execution,  -O2 
FAIL: gcc.c-torture/execute/builtins/mempcpy-chk.c execution,  -O3 -fomit-frame-pointer 
FAIL: gcc.c-torture/execute/builtins/mempcpy-chk.c execution,  -O3 -fomit-frame-pointer -funroll-loops 
FAIL: gcc.c-torture/execute/builtins/mempcpy-chk.c execution,  -O3 -fomit-frame-pointer -funroll-all-loops -finline-functions 
FAIL: gcc.c-torture/execute/builtins/mempcpy-chk.c execution,  -O3 -g 
FAIL: gcc.c-torture/execute/builtins/mempcpy-chk.c execution,  -Os 
FAIL: gcc.c-torture/execute/builtins/memset-chk.c execution,  -O1 
FAIL: gcc.c-torture/execute/builtins/memset-chk.c execution,  -O2 
FAIL: gcc.c-torture/execute/builtins/memset-chk.c execution,  -O3 -fomit-frame-pointer 
FAIL: gcc.c-torture/execute/builtins/memset-chk.c execution,  -O3 -fomit-frame-pointer -funroll-loops 
FAIL: gcc.c-torture/execute/builtins/memset-chk.c execution,  -O3 -fomit-frame-pointer -funroll-all-loops -finline-functions 
FAIL: gcc.c-torture/execute/builtins/memset-chk.c execution,  -O3 -g 
FAIL: gcc.c-torture/execute/builtins/memset-chk.c execution,  -Os 
FAIL: gcc.c-torture/execute/builtins/snprintf-chk.c execution,  -O1 
FAIL: gcc.c-torture/execute/builtins/snprintf-chk.c execution,  -O2 
FAIL: gcc.c-torture/execute/builtins/snprintf-chk.c execution,  -O3 -fomit-frame-pointer 
FAIL: gcc.c-torture/execute/builtins/snprintf-chk.c execution,  -O3 -fomit-frame-pointer -funroll-loops 
FAIL: gcc.c-torture/execute/builtins/snprintf-chk.c execution,  -O3 -fomit-frame-pointer -funroll-all-loops -finline-functions 
FAIL: gcc.c-torture/execute/builtins/snprintf-chk.c execution,  -O3 -g 
FAIL: gcc.c-torture/execute/builtins/snprintf-chk.c execution,  -Os 
FAIL: gcc.c-torture/execute/builtins/sprintf-chk.c compilation,  -O1  (internal compiler error)
UNRESOLVED: gcc.c-torture/execute/builtins/sprintf-chk.c execution,  -O1 
FAIL: gcc.c-torture/execute/builtins/sprintf-chk.c compilation,  -O2  (internal compiler error)
UNRESOLVED: gcc.c-torture/execute/builtins/sprintf-chk.c execution,  -O2 
FAIL: gcc.c-torture/execute/builtins/sprintf-chk.c compilation,  -O3 -fomit-frame-pointer  (internal compiler error)
UNRESOLVED: gcc.c-torture/execute/builtins/sprintf-chk.c execution,  -O3 -fomit-frame-pointer 
FAIL: gcc.c-torture/execute/builtins/sprintf-chk.c compilation,  -O3 -fomit-frame-pointer -funroll-loops  (internal compiler error)
UNRESOLVED: gcc.c-torture/execute/builtins/sprintf-chk.c execution,  -O3 -fomit-frame-pointer -funroll-loops 
FAIL: gcc.c-torture/execute/builtins/sprintf-chk.c compilation,  -O3 -fomit-frame-pointer -funroll-all-loops -finline-functions  (internal compiler error)
UNRESOLVED: gcc.c-torture/execute/builtins/sprintf-chk.c execution,  -O3 -fomit-frame-pointer -funroll-all-loops -finline-functions 
FAIL: gcc.c-torture/execute/builtins/sprintf-chk.c compilation,  -O3 -g  (internal compiler error)
UNRESOLVED: gcc.c-torture/execute/builtins/sprintf-chk.c execution,  -O3 -g 
FAIL: gcc.c-torture/execute/builtins/sprintf-chk.c compilation,  -Os  (internal compiler error)
UNRESOLVED: gcc.c-torture/execute/builtins/sprintf-chk.c execution,  -Os 
FAIL: gcc.c-torture/execute/builtins/stpcpy-chk.c execution,  -O1 
FAIL: gcc.c-torture/execute/builtins/stpcpy-chk.c execution,  -O2 
FAIL: gcc.c-torture/execute/builtins/stpcpy-chk.c execution,  -O3 -fomit-frame-pointer 
FAIL: gcc.c-torture/execute/builtins/stpcpy-chk.c execution,  -O3 -fomit-frame-pointer -funroll-loops 
FAIL: gcc.c-torture/execute/builtins/stpcpy-chk.c execution,  -O3 -fomit-frame-pointer -funroll-all-loops -finline-functions 
FAIL: gcc.c-torture/execute/builtins/stpcpy-chk.c execution,  -O3 -g 
FAIL: gcc.c-torture/execute/builtins/stpcpy-chk.c execution,  -Os 
FAIL: gcc.c-torture/execute/builtins/strcat-chk.c execution,  -O1 
FAIL: gcc.c-torture/execute/builtins/strcat-chk.c execution,  -O2 
FAIL: gcc.c-torture/execute/builtins/strcat-chk.c execution,  -O3 -fomit-frame-pointer 
FAIL: gcc.c-torture/execute/builtins/strcat-chk.c execution,  -O3 -fomit-frame-pointer -funroll-loops 
FAIL: gcc.c-torture/execute/builtins/strcat-chk.c execution,  -O3 -fomit-frame-pointer -funroll-all-loops -finline-functions 
FAIL: gcc.c-torture/execute/builtins/strcat-chk.c execution,  -O3 -g 
FAIL: gcc.c-torture/execute/builtins/strcat-chk.c execution,  -Os 
FAIL: gcc.c-torture/execute/builtins/strcat.c execution,  -O1 
FAIL: gcc.c-torture/execute/builtins/strcat.c execution,  -O2 
FAIL: gcc.c-torture/execute/builtins/strcat.c execution,  -O3 -fomit-frame-pointer 
FAIL: gcc.c-torture/execute/builtins/strcat.c execution,  -O3 -fomit-frame-pointer -funroll-loops 
FAIL: gcc.c-torture/execute/builtins/strcat.c execution,  -O3 -fomit-frame-pointer -funroll-all-loops -finline-functions 
FAIL: gcc.c-torture/execute/builtins/strcat.c execution,  -O3 -g 
FAIL: gcc.c-torture/execute/builtins/strcat.c execution,  -Os 
FAIL: gcc.c-torture/execute/builtins/strchr.c execution,  -O1 
FAIL: gcc.c-torture/execute/builtins/strchr.c execution,  -O2 
FAIL: gcc.c-torture/execute/builtins/strchr.c execution,  -O3 -fomit-frame-pointer 
FAIL: gcc.c-torture/execute/builtins/strchr.c execution,  -O3 -g 
FAIL: gcc.c-torture/execute/builtins/strchr.c execution,  -Os 
FAIL: gcc.c-torture/execute/builtins/strcmp.c execution,  -Os 
FAIL: gcc.c-torture/execute/builtins/strcpy-chk.c execution,  -O1 
FAIL: gcc.c-torture/execute/builtins/strcpy-chk.c execution,  -O2 
FAIL: gcc.c-torture/execute/builtins/strcpy-chk.c execution,  -O3 -fomit-frame-pointer 
FAIL: gcc.c-torture/execute/builtins/strcpy-chk.c execution,  -O3 -fomit-frame-pointer -funroll-loops 
FAIL: gcc.c-torture/execute/builtins/strcpy-chk.c execution,  -O3 -fomit-frame-pointer -funroll-all-loops -finline-functions 
FAIL: gcc.c-torture/execute/builtins/strcpy-chk.c execution,  -O3 -g 
FAIL: gcc.c-torture/execute/builtins/strcpy-chk.c execution,  -Os 
FAIL: gcc.c-torture/execute/builtins/strcpy.c execution,  -O1 
FAIL: gcc.c-torture/execute/builtins/strcpy.c execution,  -O2 
FAIL: gcc.c-torture/execute/builtins/strcpy.c execution,  -O3 -fomit-frame-pointer 
FAIL: gcc.c-torture/execute/builtins/strcpy.c execution,  -O3 -g 
FAIL: gcc.c-torture/execute/builtins/strcspn.c execution,  -O1 
FAIL: gcc.c-torture/execute/builtins/strcspn.c execution,  -O2 
FAIL: gcc.c-torture/execute/builtins/strcspn.c execution,  -O3 -fomit-frame-pointer 
FAIL: gcc.c-torture/execute/builtins/strcspn.c execution,  -O3 -g 
FAIL: gcc.c-torture/execute/builtins/strcspn.c execution,  -Os 
FAIL: gcc.c-torture/execute/builtins/strlen-2.c execution,  -O2 
FAIL: gcc.c-torture/execute/builtins/strlen-2.c execution,  -O3 -fomit-frame-pointer 
FAIL: gcc.c-torture/execute/builtins/strlen-2.c execution,  -O3 -g 
FAIL: gcc.c-torture/execute/builtins/strlen-3.c execution,  -O2 
FAIL: gcc.c-torture/execute/builtins/strlen-3.c execution,  -O3 -fomit-frame-pointer 
FAIL: gcc.c-torture/execute/builtins/strlen-3.c execution,  -O3 -fomit-frame-pointer -funroll-loops 
FAIL: gcc.c-torture/execute/builtins/strlen-3.c execution,  -O3 -fomit-frame-pointer -funroll-all-loops -finline-functions 
FAIL: gcc.c-torture/execute/builtins/strlen-3.c execution,  -O3 -g 
FAIL: gcc.c-torture/execute/builtins/strlen.c execution,  -O2 
FAIL: gcc.c-torture/execute/builtins/strlen.c execution,  -O3 -fomit-frame-pointer 
FAIL: gcc.c-torture/execute/builtins/strlen.c execution,  -O3 -g 
FAIL: gcc.c-torture/execute/builtins/strncat-chk.c execution,  -O1 
FAIL: gcc.c-torture/execute/builtins/strncat-chk.c execution,  -O2 
FAIL: gcc.c-torture/execute/builtins/strncat-chk.c execution,  -O3 -fomit-frame-pointer 
FAIL: gcc.c-torture/execute/builtins/strncat-chk.c execution,  -O3 -fomit-frame-pointer -funroll-loops 
FAIL: gcc.c-torture/execute/builtins/strncat-chk.c execution,  -O3 -fomit-frame-pointer -funroll-all-loops -finline-functions 
FAIL: gcc.c-torture/execute/builtins/strncat-chk.c execution,  -O3 -g 
FAIL: gcc.c-torture/execute/builtins/strncat-chk.c execution,  -Os 
FAIL: gcc.c-torture/execute/builtins/strncat.c execution,  -O1 
FAIL: gcc.c-torture/execute/builtins/strncat.c execution,  -O2 
FAIL: gcc.c-torture/execute/builtins/strncat.c execution,  -O3 -fomit-frame-pointer 
FAIL: gcc.c-torture/execute/builtins/strncat.c execution,  -O3 -fomit-frame-pointer -funroll-loops 
FAIL: gcc.c-torture/execute/builtins/strncat.c execution,  -O3 -fomit-frame-pointer -funroll-all-loops -finline-functions 
FAIL: gcc.c-torture/execute/builtins/strncat.c execution,  -O3 -g 
FAIL: gcc.c-torture/execute/builtins/strncat.c execution,  -Os 
FAIL: gcc.c-torture/execute/builtins/strncmp.c execution,  -Os 
FAIL: gcc.c-torture/execute/builtins/strncpy-chk.c execution,  -O1 
FAIL: gcc.c-torture/execute/builtins/strncpy-chk.c execution,  -O2 
FAIL: gcc.c-torture/execute/builtins/strncpy-chk.c execution,  -O3 -fomit-frame-pointer 
FAIL: gcc.c-torture/execute/builtins/strncpy-chk.c execution,  -O3 -fomit-frame-pointer -funroll-loops 
FAIL: gcc.c-torture/execute/builtins/strncpy-chk.c execution,  -O3 -fomit-frame-pointer -funroll-all-loops -finline-functions 
FAIL: gcc.c-torture/execute/builtins/strncpy-chk.c execution,  -O3 -g 
FAIL: gcc.c-torture/execute/builtins/strncpy-chk.c execution,  -Os 
FAIL: gcc.c-torture/execute/builtins/strncpy.c execution,  -O1 
FAIL: gcc.c-torture/execute/builtins/strncpy.c execution,  -O2 
FAIL: gcc.c-torture/execute/builtins/strncpy.c execution,  -O3 -fomit-frame-pointer 
FAIL: gcc.c-torture/execute/builtins/strncpy.c execution,  -O3 -g 
FAIL: gcc.c-torture/execute/builtins/strncpy.c execution,  -Os 
FAIL: gcc.c-torture/execute/builtins/strpcpy.c execution,  -O1 
FAIL: gcc.c-torture/execute/builtins/strpcpy.c execution,  -O2 
FAIL: gcc.c-torture/execute/builtins/strpcpy.c execution,  -O3 -fomit-frame-pointer 
FAIL: gcc.c-torture/execute/builtins/strpcpy.c execution,  -O3 -g 
FAIL: gcc.c-torture/execute/builtins/strpcpy.c execution,  -Os 
FAIL: gcc.c-torture/execute/builtins/strrchr.c execution,  -O1 
FAIL: gcc.c-torture/execute/builtins/strrchr.c execution,  -O2 
FAIL: gcc.c-torture/execute/builtins/strrchr.c execution,  -O3 -fomit-frame-pointer 
FAIL: gcc.c-torture/execute/builtins/strrchr.c execution,  -O3 -g 
FAIL: gcc.c-torture/execute/builtins/strrchr.c execution,  -Os 
FAIL: gcc.c-torture/execute/builtins/strstr-asm.c execution,  -O1 
FAIL: gcc.c-torture/execute/builtins/strstr-asm.c execution,  -O2 
FAIL: gcc.c-torture/execute/builtins/strstr-asm.c execution,  -O3 -fomit-frame-pointer 
FAIL: gcc.c-torture/execute/builtins/strstr-asm.c execution,  -O3 -g 
FAIL: gcc.c-torture/execute/builtins/strstr-asm.c execution,  -Os 
FAIL: gcc.c-torture/execute/builtins/strstr.c execution,  -O1 
FAIL: gcc.c-torture/execute/builtins/strstr.c execution,  -O2 
FAIL: gcc.c-torture/execute/builtins/strstr.c execution,  -O3 -fomit-frame-pointer 
FAIL: gcc.c-torture/execute/builtins/strstr.c execution,  -O3 -g 
FAIL: gcc.c-torture/execute/builtins/strstr.c execution,  -Os 
FAIL: gcc.c-torture/execute/builtins/vsnprintf-chk.c execution,  -O1 
FAIL: gcc.c-torture/execute/builtins/vsnprintf-chk.c execution,  -O2 
FAIL: gcc.c-torture/execute/builtins/vsnprintf-chk.c execution,  -O3 -fomit-frame-pointer 
FAIL: gcc.c-torture/execute/builtins/vsnprintf-chk.c execution,  -O3 -fomit-frame-pointer -funroll-loops 
FAIL: gcc.c-torture/execute/builtins/vsnprintf-chk.c execution,  -O3 -fomit-frame-pointer -funroll-all-loops -finline-functions 
FAIL: gcc.c-torture/execute/builtins/vsnprintf-chk.c execution,  -O3 -g 
FAIL: gcc.c-torture/execute/builtins/vsnprintf-chk.c execution,  -Os 
FAIL: gcc.c-torture/execute/builtins/vsprintf-chk.c execution,  -O1 
FAIL: gcc.c-torture/execute/builtins/vsprintf-chk.c execution,  -O2 
FAIL: gcc.c-torture/execute/builtins/vsprintf-chk.c execution,  -O3 -fomit-frame-pointer 
FAIL: gcc.c-torture/execute/builtins/vsprintf-chk.c execution,  -O3 -fomit-frame-pointer -funroll-loops 
FAIL: gcc.c-torture/execute/builtins/vsprintf-chk.c execution,  -O3 -fomit-frame-pointer -funroll-all-loops -finline-functions 
FAIL: gcc.c-torture/execute/builtins/vsprintf-chk.c execution,  -O3 -g 
FAIL: gcc.c-torture/execute/builtins/vsprintf-chk.c execution,  -Os 
FAIL: gcc.c-torture/execute/20041114-1.c compilation,  -O1 
UNRESOLVED: gcc.c-torture/execute/20041114-1.c execution,  -O1 
FAIL: gcc.c-torture/execute/20041114-1.c compilation,  -O2 
UNRESOLVED: gcc.c-torture/execute/20041114-1.c execution,  -O2 
FAIL: gcc.c-torture/execute/20041114-1.c compilation,  -O3 -fomit-frame-pointer 
UNRESOLVED: gcc.c-torture/execute/20041114-1.c execution,  -O3 -fomit-frame-pointer 
FAIL: gcc.c-torture/execute/20041114-1.c compilation,  -O3 -g 
UNRESOLVED: gcc.c-torture/execute/20041114-1.c execution,  -O3 -g 
FAIL: gcc.c-torture/execute/20041114-1.c compilation,  -Os 
UNRESOLVED: gcc.c-torture/execute/20041114-1.c execution,  -Os 
FAIL: gcc.c-torture/execute/930526-1.c compilation,  -O3 -fomit-frame-pointer  (internal compiler error)
UNRESOLVED: gcc.c-torture/execute/930526-1.c execution,  -O3 -fomit-frame-pointer 
FAIL: gcc.c-torture/execute/930526-1.c compilation,  -O3 -fomit-frame-pointer -funroll-loops  (internal compiler error)
UNRESOLVED: gcc.c-torture/execute/930526-1.c execution,  -O3 -fomit-frame-pointer -funroll-loops 
FAIL: gcc.c-torture/execute/930526-1.c compilation,  -O3 -fomit-frame-pointer -funroll-all-loops -finline-functions  (internal compiler error)
UNRESOLVED: gcc.c-torture/execute/930526-1.c execution,  -O3 -fomit-frame-pointer -funroll-all-loops -finline-functions 
FAIL: gcc.c-torture/execute/930526-1.c compilation,  -O3 -g  (internal compiler error)
UNRESOLVED: gcc.c-torture/execute/930526-1.c execution,  -O3 -g 
FAIL: gcc.c-torture/execute/loop-2e.c compilation,  -O3 -fomit-frame-pointer  (internal compiler error)
UNRESOLVED: gcc.c-torture/execute/loop-2e.c execution,  -O3 -fomit-frame-pointer 
FAIL: gcc.c-torture/execute/loop-2e.c compilation,  -O3 -fomit-frame-pointer -funroll-loops  (internal compiler error)
UNRESOLVED: gcc.c-torture/execute/loop-2e.c execution,  -O3 -fomit-frame-pointer -funroll-loops 
FAIL: gcc.c-torture/execute/loop-2e.c compilation,  -O3 -fomit-frame-pointer -funroll-all-loops -finline-functions  (internal compiler error)
UNRESOLVED: gcc.c-torture/execute/loop-2e.c execution,  -O3 -fomit-frame-pointer -funroll-all-loops -finline-functions 
FAIL: gcc.c-torture/execute/loop-2e.c compilation,  -O3 -g  (internal compiler error)
UNRESOLVED: gcc.c-torture/execute/loop-2e.c execution,  -O3 -g 
FAIL: gcc.c-torture/execute/pr28982a.c compilation,  -O3 -fomit-frame-pointer  (internal compiler error)
UNRESOLVED: gcc.c-torture/execute/pr28982a.c execution,  -O3 -fomit-frame-pointer 
FAIL: gcc.c-torture/execute/pr28982a.c compilation,  -O3 -fomit-frame-pointer -funroll-loops  (internal compiler error)
UNRESOLVED: gcc.c-torture/execute/pr28982a.c execution,  -O3 -fomit-frame-pointer -funroll-loops 
FAIL: gcc.c-torture/execute/pr28982a.c compilation,  -O3 -fomit-frame-pointer -funroll-all-loops -finline-functions  (internal compiler error)
UNRESOLVED: gcc.c-torture/execute/pr28982a.c execution,  -O3 -fomit-frame-pointer -funroll-all-loops -finline-functions 
FAIL: gcc.c-torture/execute/pr28982a.c compilation,  -O3 -g  (internal compiler error)
UNRESOLVED: gcc.c-torture/execute/pr28982a.c execution,  -O3 -g 
FAIL: gcc.c-torture/execute/pr28982b.c compilation,  -O3 -fomit-frame-pointer  (internal compiler error)
UNRESOLVED: gcc.c-torture/execute/pr28982b.c execution,  -O3 -fomit-frame-pointer 
FAIL: gcc.c-torture/execute/pr28982b.c compilation,  -O3 -fomit-frame-pointer -funroll-loops  (internal compiler error)
UNRESOLVED: gcc.c-torture/execute/pr28982b.c execution,  -O3 -fomit-frame-pointer -funroll-loops 
FAIL: gcc.c-torture/execute/pr28982b.c compilation,  -O3 -fomit-frame-pointer -funroll-all-loops -finline-functions  (internal compiler error)
UNRESOLVED: gcc.c-torture/execute/pr28982b.c execution,  -O3 -fomit-frame-pointer -funroll-all-loops -finline-functions 
FAIL: gcc.c-torture/execute/pr28982b.c compilation,  -O3 -g  (internal compiler error)
UNRESOLVED: gcc.c-torture/execute/pr28982b.c execution,  -O3 -g 
FAIL: gcc.c-torture/execute/pr36093.c execution,  -O3 -fomit-frame-pointer 
FAIL: gcc.c-torture/execute/pr36093.c execution,  -O3 -fomit-frame-pointer -funroll-loops 
FAIL: gcc.c-torture/execute/pr36093.c execution,  -O3 -fomit-frame-pointer -funroll-all-loops -finline-functions 
FAIL: gcc.c-torture/execute/pr36093.c execution,  -O3 -g 
FAIL: gcc.dg/autopar/reduc-1char.c scan-tree-dump-times parloops "Detected reduction" 3
FAIL: gcc.dg/autopar/reduc-1char.c scan-tree-dump-times parloops "SUCCESS: may be parallelized" 3
FAIL: gcc.dg/autopar/reduc-1short.c scan-tree-dump-times parloops "Detected reduction" 3
FAIL: gcc.dg/autopar/reduc-1short.c scan-tree-dump-times parloops "SUCCESS: may be parallelized" 3
FAIL: gcc.dg/Warray-bounds.c  (test for warnings, line 60)
FAIL: gcc.dg/Warray-bounds.c  (test for warnings, line 66)
FAIL: gcc.dg/Warray-bounds.c  (test for warnings, line 72)
FAIL: gcc.dg/Warray-bounds.c  (test for warnings, line 73)
FAIL: gcc.dg/Wstrict-overflow-1.c correct warning (test for warnings, line 12)
FAIL: gcc.dg/Wstrict-overflow-12.c correct warning (test for warnings, line 13)
FAIL: gcc.dg/Wstrict-overflow-13.c correct warning (test for warnings, line 14)
FAIL: gcc.dg/Wstrict-overflow-14.c  (test for warnings, line 13)
FAIL: gcc.dg/Wstrict-overflow-15.c  (test for warnings, line 13)
FAIL: gcc.dg/Wstrict-overflow-21.c correct warning (test for warnings, line 8)
FAIL: gcc.dg/Wstrict-overflow-22.c correct warning (test for warnings, line 12)
FAIL: gcc.dg/Wstrict-overflow-3.c correct warning (test for warnings, line 12)
FAIL: gcc.dg/Wstrict-overflow-5.c correct warning (test for warnings, line 12)
FAIL: gcc.dg/Wstrict-overflow-7.c correct warning (test for warnings, line 9)
FAIL: gcc.dg/Wstrict-overflow-9.c correct warning (test for warnings, line 9)
FAIL: gcc.dg/builtin-object-size-1.c execution test
FAIL: gcc.dg/builtin-object-size-2.c execution test
FAIL: gcc.dg/builtin-object-size-3.c execution test
FAIL: gcc.dg/builtin-object-size-4.c execution test
FAIL: gcc.dg/builtin-object-size-5.c scan-assembler-not abort
FAIL: gcc.dg/builtin-stringop-chk-1.c memcpy (test for warnings, line 24)
FAIL: gcc.dg/builtin-stringop-chk-1.c mempcpy (test for warnings, line 26)
FAIL: gcc.dg/builtin-stringop-chk-1.c memmove (test for warnings, line 28)
FAIL: gcc.dg/builtin-stringop-chk-1.c memset (test for warnings, line 30)
FAIL: gcc.dg/builtin-stringop-chk-1.c strcpy (test for warnings, line 32)
FAIL: gcc.dg/builtin-stringop-chk-1.c stpcpy (test for warnings, line 34)
FAIL: gcc.dg/builtin-stringop-chk-1.c strncpy (test for warnings, line 36)
FAIL: gcc.dg/builtin-stringop-chk-1.c strncpy (test for warnings, line 38)
FAIL: gcc.dg/builtin-stringop-chk-1.c strcat (test for warnings, line 42)
FAIL: gcc.dg/builtin-stringop-chk-1.c sprintf (test for warnings, line 45)
FAIL: gcc.dg/builtin-stringop-chk-1.c sprintf (test for warnings, line 47)
FAIL: gcc.dg/builtin-stringop-chk-1.c snprintf (test for warnings, line 53)
FAIL: gcc.dg/builtin-stringop-chk-1.c vsprintf (test for warnings, line 58)
FAIL: gcc.dg/builtin-stringop-chk-1.c vsnprintf (test for warnings, line 65)
FAIL: gcc.dg/builtin-stringop-chk-1.c strcpy (test for warnings, line 70)
FAIL: gcc.dg/builtin-stringop-chk-1.c memset (test for warnings, line 74)
FAIL: gcc.dg/builtin-stringop-chk-1.c memset (test for warnings, line 77)
FAIL: gcc.dg/builtin-stringop-chk-1.c memset (test for warnings, line 101)
FAIL: gcc.dg/builtin-stringop-chk-2.c memcpy (test for warnings, line 118)
FAIL: gcc.dg/builtin-strncat-chk-1.c  (test for warnings, line 27)
FAIL: gcc.dg/builtin-strncat-chk-1.c  (test for warnings, line 31)
FAIL: gcc.dg/builtin-strncat-chk-1.c  (test for warnings, line 35)
FAIL: gcc.dg/builtin-strncat-chk-1.c  (test for warnings, line 37)
FAIL: gcc.dg/compare4.c (test for excess errors)
FAIL: gcc.dg/compare8.c  (test for bogus messages, line 7)
FAIL: gcc.dg/compare8.c  (test for bogus messages, line 19)
FAIL: gcc.dg/fold-bitand-3.c scan-tree-dump-times original "& 3" 0
FAIL: gcc.dg/fold-bitand-3.c scan-tree-dump-times original "return 1" 2
FAIL: gcc.dg/fold-bitand-4.c scan-tree-dump-times original "return 12" 1
FAIL: gcc.dg/fold-bitand-4.c scan-tree-dump-times original "& 15" 1
FAIL: gcc.dg/fold-bitand-4.c scan-tree-dump-times original "return 0" 2
FAIL: gcc.dg/fold-compare-1.c scan-tree-dump-times original "c == d" 1
FAIL: gcc.dg/fold-compare-1.c scan-tree-dump-times original "e == -5" 1
FAIL: gcc.dg/fold-compare-2.c scan-tree-dump-times vrp1 "Removing basic block" 2
FAIL: gcc.dg/fold-compare-3.c scan-tree-dump-times cfg "this_comparison_is_false" 0
FAIL: gcc.dg/fold-compare-3.c scan-tree-dump-times cfg "if " 12
FAIL: gcc.dg/fold-mod-1.c scan-tree-dump-times gimple " & 7" 3
FAIL: gcc.dg/fold-plusmult.c scan-tree-dump-times original "<a> \\* 4" 2
FAIL: gcc.dg/fold-xor-2.c scan-tree-dump-times gimple "b \\^ a" 3
FAIL: gcc.dg/fwrapv-2.c execution test
FAIL: gcc.dg/memcpy-2.c  (test for warnings, line 10)
FAIL: gcc.dg/memcpy-2.c scan-assembler __memcpy_chk
FAIL: gcc.dg/no-strict-overflow-7.c scan-tree-dump final_cleanup "[+][ ]*1000"
FAIL: gcc.dg/pointer-arith-10.c scan-tree-dump original "p +"
FAIL: gcc.dg/pr11492.c  (test for bogus messages, line 8)
FAIL: gcc.dg/pr15784-4.c scan-tree-dump optimized "~x;"
FAIL: gcc.dg/pr15784-4.c scan-tree-dump optimized "-x;"
FAIL: gcc.dg/pr15785-1.c (test for excess errors)
FAIL: gcc.dg/pr20130-1.c scan-tree-dump-times gimple "-a" 3
FAIL: gcc.dg/pr20922-1.c scan-tree-dump-times gimple " = 0" 7
FAIL: gcc.dg/pr20922-3.c scan-tree-dump-times gimple " = 1" 6
FAIL: gcc.dg/pr20922-4.c scan-tree-dump-times gimple " = 0" 7
FAIL: gcc.dg/pr20922-6.c scan-tree-dump-times gimple " = 1" 6
FAIL: gcc.dg/pr23295.c scan-tree-dump gimple "-5 - i"
FAIL: gcc.dg/pr27132.c scan-tree-dump gimple "i \\+ 1"
FAIL: gcc.dg/pr30951.c (test for excess errors)
FAIL: gcc.dg/pr34027-2.c scan-tree-dump gimple "n % m"
FAIL: gcc.dg/pr37289.c scan-tree-dump original "-\\(long unsigned int\\) x"
FAIL: gcc.dg/pr38245-2.c scan-tree-dump-not optimized "link_error"
FAIL: gcc.dg/pr38957.c  (test for warnings, line 8)
FAIL: gcc.dg/strict-overflow-1.c scan-tree-dump-not final_cleanup "-*5"
FAIL: gcc.dg/strict-overflow-2.c scan-tree-dump-not final_cleanup "100"
FAIL: gcc.dg/strict-overflow-3.c scan-tree-dump-not final_cleanup "1000"
FAIL: gcc.dg/strict-overflow-4.c scan-tree-dump-times final_cleanup ">|<" 2
FAIL: gcc.dg/strict-overflow-5.c scan-tree-dump optimized "return 3"
FAIL: gcc.dg/format/nul-2.c   ignored (test for warnings, line )
FAIL: gcc.dg/format/nul-2.c  -DWIDE  ignored (test for warnings, line )
FAIL: gcc.dg/format/plus-1.c   wrong number of args (test for warnings, line 14)
FAIL: gcc.dg/format/plus-1.c   zero-length string (test for warnings, line 15)
FAIL: gcc.dg/format/plus-1.c   (test for excess errors)
FAIL: gcc.dg/format/plus-1.c  -DWIDE  wrong number of args (test for warnings, line 14)
FAIL: gcc.dg/format/plus-1.c  -DWIDE  zero-length string (test for warnings, line 15)
FAIL: gcc.dg/format/plus-1.c  -DWIDE  (test for excess errors)
FAIL: gcc.dg/gomp/atomic-10.c scan-tree-dump-times ompexp "__sync_fetch_and_add" 4
FAIL: gcc.dg/gomp/atomic-3.c scan-tree-dump-times ompexp "xyzzy, 4" 1
FAIL: gcc.dg/gomp/atomic-9.c scan-tree-dump-times ompexp "__sync_fetch_and_add" 1
FAIL: gcc.dg/gomp/block-7.c (internal compiler error)
FAIL: gcc.dg/gomp/block-7.c  (test for errors, line 9)
FAIL: gcc.dg/gomp/block-7.c  (test for errors, line 10)
FAIL: gcc.dg/gomp/block-7.c  (test for errors, line 11)
FAIL: gcc.dg/gomp/block-7.c  (test for errors, line 15)
FAIL: gcc.dg/gomp/block-7.c  (test for errors, line 16)
FAIL: gcc.dg/gomp/block-7.c  (test for errors, line 17)
FAIL: gcc.dg/gomp/block-7.c (test for excess errors)
FAIL: gcc.dg/gomp/for-1.c (internal compiler error)
FAIL: gcc.dg/gomp/for-1.c (test for excess errors)
FAIL: gcc.dg/gomp/for-11.c (internal compiler error)
FAIL: gcc.dg/gomp/for-11.c (test for excess errors)
FAIL: gcc.dg/gomp/for-17.c (internal compiler error)
FAIL: gcc.dg/gomp/for-17.c (test for excess errors)
FAIL: gcc.dg/gomp/for-18.c (internal compiler error)
FAIL: gcc.dg/gomp/for-18.c (test for excess errors)
FAIL: gcc.dg/gomp/for-19.c (internal compiler error)
FAIL: gcc.dg/gomp/for-19.c (test for excess errors)
FAIL: gcc.dg/gomp/for-19.c scan-tree-dump-times gimple "shared\\(a\\)" 2: dump file does not exist
FAIL: gcc.dg/graphite/block-1.c scan-tree-dump-times graphite "will be loop blocked" 2
FAIL: gcc.dg/graphite/scop-0.c scan-tree-dump-times graphite "number of SCoPs: 1" 1
FAIL: gcc.dg/graphite/scop-1.c scan-tree-dump-times graphite "number of SCoPs: 3" 1
FAIL: gcc.dg/graphite/scop-10.c scan-tree-dump-times graphite "number of SCoPs: 3" 1
FAIL: gcc.dg/graphite/scop-13.c scan-tree-dump-times graphite "number of SCoPs: 2" 1
FAIL: gcc.dg/graphite/scop-2.c scan-tree-dump-times graphite "number of SCoPs: 4" 1
FAIL: gcc.dg/graphite/scop-3.c scan-tree-dump-times graphite "number of SCoPs: 3" 1
FAIL: gcc.dg/graphite/scop-4.c scan-tree-dump-times graphite "number of SCoPs: 2" 1
FAIL: gcc.dg/graphite/scop-6.c scan-tree-dump-times graphite "number of SCoPs: 3" 1
FAIL: gcc.dg/graphite/scop-7.c scan-tree-dump-times graphite "number of SCoPs: 3" 1
FAIL: gcc.dg/graphite/scop-8.c scan-tree-dump-times graphite "number of SCoPs: 2" 1
FAIL: gcc.dg/graphite/scop-9.c scan-tree-dump-times graphite "number of SCoPs: 2" 1
FAIL: gcc.dg/matrix/matrix-1.c scan-ipa-dump-times matrix-reorg "Flattened 3 dimensions" 1
FAIL: gcc.dg/matrix/matrix-2.c scan-ipa-dump-times matrix-reorg "Flattened 2 dimensions" 1
FAIL: gcc.dg/matrix/matrix-3.c scan-ipa-dump-times matrix-reorg "Flattened 2 dimensions" 1
FAIL: gcc.dg/matrix/matrix-6.c scan-ipa-dump-times matrix-reorg "Flattened 2 dimensions" 1
FAIL: gcc.dg/matrix/transpose-1.c scan-ipa-dump-times matrix-reorg "Flattened 3 dimensions" 1
FAIL: gcc.dg/matrix/transpose-1.c scan-ipa-dump-times matrix-reorg "Transposed" 3
FAIL: gcc.dg/matrix/transpose-2.c scan-ipa-dump-times matrix-reorg "Flattened 3 dimensions" 1
FAIL: gcc.dg/matrix/transpose-3.c scan-ipa-dump-times matrix-reorg "Flattened 2 dimensions" 1
FAIL: gcc.dg/matrix/transpose-3.c scan-ipa-dump-times matrix-reorg "Transposed" 2
FAIL: gcc.dg/matrix/transpose-4.c scan-ipa-dump-times matrix-reorg "Flattened 3 dimensions" 1
FAIL: gcc.dg/matrix/transpose-4.c scan-ipa-dump-times matrix-reorg "Transposed" 2
FAIL: gcc.dg/matrix/transpose-5.c scan-ipa-dump-times matrix-reorg "Flattened 3 dimensions" 1
FAIL: gcc.dg/matrix/transpose-6.c scan-ipa-dump-times matrix-reorg "Flattened 3 dimensions" 1
FAIL: gcc.dg/struct/wo_prof_array_field.c scan-ipa-dump ipa_struct_reorg "Number of structures to transform is 1"
FAIL: gcc.dg/struct/wo_prof_double_malloc.c scan-ipa-dump ipa_struct_reorg "Number of structures to transform is 1"
FAIL: gcc.dg/struct/wo_prof_global_var.c scan-ipa-dump ipa_struct_reorg "Number of structures to transform is 1"
FAIL: gcc.dg/struct/wo_prof_local_var.c scan-ipa-dump ipa_struct_reorg "Number of structures to transform is 1"
FAIL: gcc.dg/struct/wo_prof_malloc_size_var.c scan-ipa-dump ipa_struct_reorg "Number of structures to transform is 1"
FAIL: gcc.dg/struct/wo_prof_two_strs.c scan-ipa-dump ipa_struct_reorg "Number of structures to transform is 2"
FAIL: gcc.dg/struct/w_prof_global_var.c scan-ipa-dump ipa_struct_reorg "Number of structures to transform is 1"
FAIL: gcc.dg/struct/w_prof_local_var.c scan-ipa-dump ipa_struct_reorg "Number of structures to transform is 1"
FAIL: gcc.dg/struct/w_prof_two_strs.c scan-ipa-dump ipa_struct_reorg "Number of structures to transform is 2"
FAIL: gcc.dg/torture/builtin-symmetric-1.c  -O0  (test for excess errors)
FAIL: gcc.dg/torture/builtin-symmetric-1.c  -O1  (test for excess errors)
FAIL: gcc.dg/torture/builtin-symmetric-1.c  -O2  (test for excess errors)
FAIL: gcc.dg/torture/builtin-symmetric-1.c  -O3 -fomit-frame-pointer  (test for excess errors)
FAIL: gcc.dg/torture/builtin-symmetric-1.c  -O3 -fomit-frame-pointer -funroll-loops  (test for excess errors)
FAIL: gcc.dg/torture/builtin-symmetric-1.c  -O3 -fomit-frame-pointer -funroll-all-loops -finline-functions  (test for excess errors)
FAIL: gcc.dg/torture/builtin-symmetric-1.c  -O3 -g  (test for excess errors)
FAIL: gcc.dg/torture/builtin-symmetric-1.c  -Os  (test for excess errors)
FAIL: gcc.dg/torture/pr26898-1.c  -O0  (test for excess errors)
FAIL: gcc.dg/torture/pr27302-2.c  -O0  (test for excess errors)
WARNING: gcc.dg/torture/pr27302-2.c  -O0  compilation failed to produce executable
FAIL: gcc.dg/torture/pr27302-2.c  -O1  (test for excess errors)
WARNING: gcc.dg/torture/pr27302-2.c  -O1  compilation failed to produce executable
FAIL: gcc.dg/torture/pr27302-2.c  -O2  (test for excess errors)
WARNING: gcc.dg/torture/pr27302-2.c  -O2  compilation failed to produce executable
FAIL: gcc.dg/torture/pr27302-2.c  -O3 -fomit-frame-pointer  (test for excess errors)
WARNING: gcc.dg/torture/pr27302-2.c  -O3 -fomit-frame-pointer  compilation failed to produce executable
FAIL: gcc.dg/torture/pr27302-2.c  -O3 -g  (test for excess errors)
WARNING: gcc.dg/torture/pr27302-2.c  -O3 -g  compilation failed to produce executable
FAIL: gcc.dg/torture/pr27302-2.c  -Os  (test for excess errors)
WARNING: gcc.dg/torture/pr27302-2.c  -Os  compilation failed to produce executable
FAIL: gcc.dg/tree-prof/bb-reorg.c compilation,  -fprofile-use -D_PROFILE_USE
UNRESOLVED: gcc.dg/tree-prof/bb-reorg.c execution,    -fprofile-use -D_PROFILE_USE
FAIL: gcc.dg/tree-prof/pr34999.c compilation,  -fprofile-use -D_PROFILE_USE
UNRESOLVED: gcc.dg/tree-prof/pr34999.c execution,    -fprofile-use -D_PROFILE_USE
FAIL: gcc.dg/tree-ssa/20030824-1.c scan-tree-dump-times optimized "[xy] \\+ [xy]" 1
FAIL: gcc.dg/tree-ssa/20030824-2.c scan-tree-dump-times optimized "return [xy] \\+ [xy]" 1
FAIL: gcc.dg/tree-ssa/20031022-1.c scan-tree-dump-times dom1 "entry_exit_blocks.1..pred" 1
FAIL: gcc.dg/tree-ssa/20031216-1.c scan-tree-dump-times optimized "link_error" 0
FAIL: gcc.dg/tree-ssa/20040514-2.c scan-tree-dump-times phiopt1 "ABS_EXPR " 1
FAIL: gcc.dg/tree-ssa/20040514-2.c scan-tree-dump-times phiopt1 "if " 0
FAIL: gcc.dg/tree-ssa/20040518-2.c scan-tree-dump-times phiopt1 "straightline" 1
FAIL: gcc.dg/tree-ssa/20040518-2.c scan-tree-dump-times phiopt1 "ABS_EXPR" 1
FAIL: gcc.dg/tree-ssa/alias-11.c scan-tree-dump optimized "return \\*p\\.a \\+ a.0.;"
FAIL: gcc.dg/tree-ssa/alias-6.c scan-tree-dump optimized "return \\*p\\.a \\+ a.0.;"
FAIL: gcc.dg/tree-ssa/complex-3.c scan-tree-dump-times optimized "IMAGPART_EXPR" 1
FAIL: gcc.dg/tree-ssa/divide-1.c scan-tree-dump-times optimized "a / -10" 1
FAIL: gcc.dg/tree-ssa/divide-2.c scan-tree-dump-times optimized "-10 / a" 1
FAIL: gcc.dg/tree-ssa/divide-3.c scan-tree-dump-times optimized "a / 10" 0
FAIL: gcc.dg/tree-ssa/divide-3.c scan-tree-dump-times optimized "a / -10" 1
FAIL: gcc.dg/tree-ssa/forwprop-1.c scan-tree-dump-times forwprop1 "t\\[i.*\\] =.* 1;" 1
FAIL: gcc.dg/tree-ssa/forwprop-2.c scan-tree-dump-times forwprop1 "t\\[i.*\\] =.* 1;" 1
FAIL: gcc.dg/tree-ssa/forwprop-3.c scan-tree-dump forwprop1 "Replaced .p_. < q_.. with .1."
FAIL: gcc.dg/tree-ssa/ldist-11.c scan-tree-dump-times ldist "distributed: split to 2 loops" 1
FAIL: gcc.dg/tree-ssa/ldist-11.c scan-tree-dump-times ldist "generated memset zero" 1
FAIL: gcc.dg/tree-ssa/loop-15.c scan-tree-dump-times optimized "\\+" 0
FAIL: gcc.dg/tree-ssa/loop-15.c scan-tree-dump-times optimized "n \\* n" 1
FAIL: gcc.dg/tree-ssa/loop-15.c scan-tree-dump-times optimized "if " 1
FAIL: gcc.dg/tree-ssa/loop-17.c scan-tree-dump sccp "set_nb_iterations_in_loop = 1"
FAIL: gcc.dg/tree-ssa/loop-18.c scan-tree-dump-times optimized "MEM" 1
FAIL: gcc.dg/tree-ssa/loop-2.c scan-tree-dump-times optimized " \\+ 17" 1
FAIL: gcc.dg/tree-ssa/loop-2.c scan-tree-dump-times optimized "iter" 0
FAIL: gcc.dg/tree-ssa/loop-2.c scan-tree-dump-times optimized "100" 0
FAIL: gcc.dg/tree-ssa/loop-22.c scan-tree-dump-times final_cleanup "/" 0
FAIL: gcc.dg/tree-ssa/loop-24.c scan-tree-dump-times empty "Removing empty loop" 4
FAIL: gcc.dg/tree-ssa/loop-26.c scan-tree-dump-times empty "Removing empty loop" 2
FAIL: gcc.dg/tree-ssa/loop-35.c scan-tree-dump-times lim "Executing store motion of" 8
FAIL: gcc.dg/tree-ssa/ltrans-1.c scan-tree-dump-times ltrans "converted loop nest to perfect loop nest" 1
FAIL: gcc.dg/tree-ssa/ltrans-1.c scan-tree-dump-times ltrans "transformed loop" 1
FAIL: gcc.dg/tree-ssa/ltrans-4.c scan-tree-dump-times ltrans "transformed loop" 1
FAIL: gcc.dg/tree-ssa/ltrans-6.c scan-tree-dump-times ltrans "transformed loop" 1
FAIL: gcc.dg/tree-ssa/ltrans-8.c scan-tree-dump-times ltrans "transformed loop" 1
FAIL: gcc.dg/tree-ssa/pr14490-1.c scan-tree-dump-times gimple "<= 9" 1
FAIL: gcc.dg/tree-ssa/pr14490-3.c scan-tree-dump-times gimple "< -10" 1
FAIL: gcc.dg/tree-ssa/pr14814.c scan-tree-dump-times forwprop2 "&" 0
FAIL: gcc.dg/tree-ssa/pr15791-1.c (test for excess errors)
FAIL: gcc.dg/tree-ssa/pr15791-5.c scan-tree-dump-times gimple "i == j" 1
FAIL: gcc.dg/tree-ssa/pr19590.c scan-tree-dump-times ivopts "= 0;" 1
FAIL: gcc.dg/tree-ssa/pr20470.c scan-tree-dump-times gimple "ABS_EXPR" 1
FAIL: gcc.dg/tree-ssa/pr21658.c scan-tree-dump-times ccp1 "Folded into: if " 1
FAIL: gcc.dg/tree-ssa/pr21985.c scan-tree-dump-times optimized "foo \\([0-9]*\\)" 2
FAIL: gcc.dg/tree-ssa/pr23294.c scan-tree-dump-times optimized "a \\* 5" 3
FAIL: gcc.dg/tree-ssa/pr23294.c scan-tree-dump-times optimized "\\) \\* 2" 3
FAIL: gcc.dg/tree-ssa/pr26899.c scan-tree-dump gimple "j >= i"
FAIL: gcc.dg/tree-ssa/pr32044.c scan-tree-dump-times empty "Removing empty loop" 2
FAIL: gcc.dg/tree-ssa/pr32044.c scan-tree-dump-times final_cleanup "/" 0
FAIL: gcc.dg/tree-ssa/predcom-1.c scan-tree-dump-times pcom "Unrolling 2 times." 2
FAIL: gcc.dg/tree-ssa/predcom-1.c scan-tree-dump-times pcom "looparound ref" 1
FAIL: gcc.dg/tree-ssa/predcom-2.c scan-tree-dump-times pcom "Unrolling 2 times." 2
FAIL: gcc.dg/tree-ssa/predcom-3.c scan-tree-dump-times pcom "Unrolling 3 times." 1
FAIL: gcc.dg/tree-ssa/predcom-4.c scan-tree-dump-times pcom "Combination" 1
FAIL: gcc.dg/tree-ssa/predcom-4.c scan-tree-dump-times pcom "Unrolling 3 times." 1
FAIL: gcc.dg/tree-ssa/reassoc-1.c scan-tree-dump-times optimized "b \\+ a" 1
FAIL: gcc.dg/tree-ssa/reassoc-14.c scan-tree-dump-times reassoc1 "\\*" 4
FAIL: gcc.dg/tree-ssa/reassoc-15.c scan-tree-dump-times reassoc1 "\\*" 4
FAIL: gcc.dg/tree-ssa/reassoc-18.c scan-tree-dump-times reassoc1 "\\*" 2
FAIL: gcc.dg/tree-ssa/reassoc-2.c scan-tree-dump-times optimized "return 0" 1
FAIL: gcc.dg/tree-ssa/reassoc-6.c scan-tree-dump-times reassoc1 "\\+ 8" 1
FAIL: gcc.dg/tree-ssa/reassoc-7.c scan-tree-dump-times reassoc1 "\\+ 15" 1
FAIL: gcc.dg/tree-ssa/reassoc-9.c scan-tree-dump-times reassoc1 "= 20" 1
FAIL: gcc.dg/tree-ssa/ssa-ccp-16.c scan-tree-dump-times ccp1 "return 0;" 2
FAIL: gcc.dg/tree-ssa/ssa-ccp-23.c scan-tree-dump ccp1 "a.i\\[1\\]"
FAIL: gcc.dg/tree-ssa/ssa-fre-16.c scan-tree-dump-not fre "link_error"
FAIL: gcc.dg/tree-ssa/ssa-pre-22.c scan-tree-dump pre "Eliminated: 1"
FAIL: gcc.dg/tree-ssa/ssa-sccvn-1.c scan-tree-dump-times fre "Eliminated: 2" 1
FAIL: gcc.dg/tree-ssa/ssa-sccvn-2.c scan-tree-dump-times fre "Eliminated: 3" 1
FAIL: gcc.dg/tree-ssa/ssa-sccvn-4.c scan-tree-dump-times fre "Eliminated: 5" 1
FAIL: gcc.dg/tree-ssa/tailrecursion-5.c scan-tree-dump-times optimized "\\msum\\M" 4
FAIL: gcc.dg/tree-ssa/tailrecursion-5.c scan-tree-dump-times optimized "\\mfac\\M" 4
FAIL: gcc.dg/tree-ssa/tailrecursion-5.c scan-tree-dump-times optimized "\\msq_sum\\M" 4
FAIL: gcc.dg/tree-ssa/tailrecursion-5.c scan-tree-dump-times optimized "\\mpow2m1\\M" 4
FAIL: gcc.dg/tree-ssa/tailrecursion-5.c scan-tree-dump-times optimized "\\mfib\\M" 5
FAIL: gcc.dg/tree-ssa/vector-1.c scan-tree-dump-times gimple "BIT_FIELD_REF" 4
FAIL: gcc.dg/tree-ssa/vector-3.c scan-tree-dump-times final_cleanup "0.0" 1
FAIL: gcc.dg/tree-ssa/vrp11.c scan-tree-dump-times vrp1 "Folding predicate.*to 1" 1
FAIL: gcc.dg/tree-ssa/vrp12.c (test for excess errors)
FAIL: gcc.dg/tree-ssa/vrp13.c (test for excess errors)
WARNING: gcc.dg/tree-ssa/vrp13.c compilation failed to produce executable
FAIL: gcc.dg/tree-ssa/vrp35.c scan-tree-dump vrp1 "Folding predicate j_.* == 10 to 0"
FAIL: gcc.dg/tree-ssa/vrp39.c (test for excess errors)
FAIL: gcc.dg/tree-ssa/vrp42.c (test for excess errors)
FAIL: gcc.dg/tree-ssa/vrp44.c (test for excess errors)
FAIL: gcc.dg/tree-ssa/vrp45.c (test for excess errors)
FAIL: gcc.dg/vect/costmodel/i386/costmodel-vect-reduc-1char.c scan-tree-dump-times vect "vectorized 3 loops" 1
FAIL: gcc.dg/vect/costmodel/i386/costmodel-fast-math-vect-pr29925.c scan-tree-dump-times vect "vectorized 1 loops" 1
FAIL: gcc.dg/vect/costmodel/x86_64/costmodel-vect-reduc-1char.c scan-tree-dump-times vect "vectorized 3 loops" 1
FAIL: gcc.dg/vect/costmodel/x86_64/costmodel-fast-math-vect-pr29925.c scan-tree-dump-times vect "vectorized 1 loops" 1
FAIL: gcc.dg/vect/pr16105.c scan-tree-dump-times vect "vectorized 1 loops" 1
FAIL: gcc.dg/vect/pr25413a.c scan-tree-dump-times vect "vectorized 1 loops" 1
FAIL: gcc.dg/vect/pr31699.c scan-tree-dump-times vect "vectorized 1 loops" 2
FAIL: gcc.dg/vect/pr33804.c scan-tree-dump-times vect "vectorized 1 loops" 1
FAIL: gcc.dg/vect/pr33804.c scan-tree-dump-times vect "vectorizing stmts using SLP" 1
FAIL: gcc.dg/vect/pr33953.c scan-tree-dump-times vect "vectorized 1 loops" 1
FAIL: gcc.dg/vect/pr33953.c scan-tree-dump-times vect "vectorizing stmts using SLP" 1
FAIL: gcc.dg/vect/pr36630.c scan-tree-dump-times vect "vectorized 1 loops" 1
FAIL: gcc.dg/vect/pr37539.c scan-tree-dump-times vect "vectorized 1 loops" 2
FAIL: gcc.dg/vect/vect-1.c scan-tree-dump-times vect "vectorized 4 loops" 1
XPASS: gcc.dg/vect/vect-1.c scan-tree-dump-times vect "vectorized 3 loops" 1
FAIL: gcc.dg/vect/vect-103.c scan-tree-dump-times vect "vectorized 1 loops" 1
FAIL: gcc.dg/vect/vect-103.c scan-tree-dump-times vect "dependence distance modulo vf == 0" 1
FAIL: gcc.dg/vect/vect-104.c scan-tree-dump-times vect "possible dependence between data-refs" 1
FAIL: gcc.dg/vect/vect-105.c scan-tree-dump-times vect "vectorized 1 loops" 1
FAIL: gcc.dg/vect/vect-106.c scan-tree-dump-times vect "vectorized 2 loops" 1
FAIL: gcc.dg/vect/vect-107.c scan-tree-dump-times vect "vectorized 1 loops" 1
XPASS: gcc.dg/vect/vect-107.c scan-tree-dump-times vect "vectorized 0 loops" 1
FAIL: gcc.dg/vect/vect-109.c scan-tree-dump-times vect "not vectorized: unsupported unaligned store" 2
FAIL: gcc.dg/vect/vect-112.c scan-tree-dump-times vect "vectorized 1 loops" 1
FAIL: gcc.dg/vect/vect-27.c scan-tree-dump-times vect "vectorized 2 loops" 1
FAIL: gcc.dg/vect/vect-27.c scan-tree-dump-times vect "Vectorizing an unaligned access" 1
FAIL: gcc.dg/vect/vect-28.c scan-tree-dump-times vect "vectorized 1 loops" 1
FAIL: gcc.dg/vect/vect-28.c scan-tree-dump-times vect "Alignment of access forced using peeling" 1
FAIL: gcc.dg/vect/vect-29.c scan-tree-dump-times vect "vectorized 2 loops" 1
FAIL: gcc.dg/vect/vect-29.c scan-tree-dump-times vect "Vectorizing an unaligned access" 1
FAIL: gcc.dg/vect/vect-36.c scan-tree-dump-times vect "vectorized 1 loops" 1
FAIL: gcc.dg/vect/vect-40.c scan-tree-dump-times vect "vectorized 1 loops" 1
FAIL: gcc.dg/vect/vect-42.c scan-tree-dump-times vect "vectorized 1 loops" 1
FAIL: gcc.dg/vect/vect-42.c scan-tree-dump-times vect "Vectorizing an unaligned access" 2
FAIL: gcc.dg/vect/vect-42.c scan-tree-dump-times vect "Alignment of access forced using peeling" 1
FAIL: gcc.dg/vect/vect-44.c scan-tree-dump-times vect "vectorized 1 loops" 1
FAIL: gcc.dg/vect/vect-44.c scan-tree-dump-times vect "Vectorizing an unaligned access" 2
FAIL: gcc.dg/vect/vect-44.c scan-tree-dump-times vect "Alignment of access forced using peeling" 1
FAIL: gcc.dg/vect/vect-46.c scan-tree-dump-times vect "vectorized 1 loops" 1
FAIL: gcc.dg/vect/vect-48.c scan-tree-dump-times vect "vectorized 1 loops" 1
FAIL: gcc.dg/vect/vect-48.c scan-tree-dump-times vect "Vectorizing an unaligned access" 2
FAIL: gcc.dg/vect/vect-5.c scan-tree-dump-times vect "vectorized 2 loops" 1
FAIL: gcc.dg/vect/vect-50.c scan-tree-dump-times vect "vectorized 1 loops" 1
FAIL: gcc.dg/vect/vect-50.c scan-tree-dump-times vect "Vectorizing an unaligned access" 2
FAIL: gcc.dg/vect/vect-50.c scan-tree-dump-times vect "Alignment of access forced using peeling" 1
FAIL: gcc.dg/vect/vect-52.c scan-tree-dump-times vect "vectorized 1 loops" 1
FAIL: gcc.dg/vect/vect-52.c scan-tree-dump-times vect "Vectorizing an unaligned access" 2
FAIL: gcc.dg/vect/vect-54.c scan-tree-dump-times vect "vectorized 1 loops" 1
FAIL: gcc.dg/vect/vect-54.c scan-tree-dump-times vect "Alignment of access forced using peeling" 1
FAIL: gcc.dg/vect/vect-56.c scan-tree-dump-times vect "vectorized 1 loops" 1
FAIL: gcc.dg/vect/vect-56.c scan-tree-dump-times vect "Vectorizing an unaligned access" 2
FAIL: gcc.dg/vect/vect-58.c scan-tree-dump-times vect "vectorized 1 loops" 1
FAIL: gcc.dg/vect/vect-58.c scan-tree-dump-times vect "Alignment of access forced using peeling" 1
FAIL: gcc.dg/vect/vect-6.c scan-tree-dump-times vect "vectorized 2 loops" 1
FAIL: gcc.dg/vect/vect-60.c scan-tree-dump-times vect "vectorized 1 loops" 1
FAIL: gcc.dg/vect/vect-60.c scan-tree-dump-times vect "Vectorizing an unaligned access" 2
FAIL: gcc.dg/vect/vect-62.c scan-tree-dump-times vect "vectorized 1 loops" 1
FAIL: gcc.dg/vect/vect-64.c scan-tree-dump-times vect "vectorized 3 loops" 1
FAIL: gcc.dg/vect/vect-66.c scan-tree-dump-times vect "vectorized 1 loops" 3
FAIL: gcc.dg/vect/vect-67.c scan-tree-dump-times vect "vectorized 1 loops" 1
XPASS: gcc.dg/vect/vect-7.c scan-tree-dump-times vect "vectorized 2 loops" 1
FAIL: gcc.dg/vect/vect-72.c scan-tree-dump-times vect "vectorized 1 loops" 1
FAIL: gcc.dg/vect/vect-72.c scan-tree-dump-times vect "Vectorizing an unaligned access" 1
FAIL: gcc.dg/vect/vect-73.c scan-tree-dump-times vect "vectorized 1 loops" 1
FAIL: gcc.dg/vect/vect-74.c scan-tree-dump-times vect "vectorized 1 loops" 1
FAIL: gcc.dg/vect/vect-75.c scan-tree-dump-times vect "vectorized 1 loops" 1
FAIL: gcc.dg/vect/vect-75.c scan-tree-dump-times vect "Vectorizing an unaligned access" 1
FAIL: gcc.dg/vect/vect-76.c scan-tree-dump-times vect "vectorized 3 loops" 1
FAIL: gcc.dg/vect/vect-77-alignchecks.c scan-tree-dump-times vect "vectorized 1 loops" 1
FAIL: gcc.dg/vect/vect-77-alignchecks.c scan-tree-dump-times vect "Vectorizing an unaligned access" 1
FAIL: gcc.dg/vect/vect-77-global.c scan-tree-dump-times vect "vectorized 1 loops" 1
FAIL: gcc.dg/vect/vect-77-global.c scan-tree-dump-times vect "Vectorizing an unaligned access" 1
FAIL: gcc.dg/vect/vect-77.c scan-tree-dump-times vect "vectorized 1 loops" 1
FAIL: gcc.dg/vect/vect-78-alignchecks.c scan-tree-dump-times vect "vectorized 1 loops" 1
FAIL: gcc.dg/vect/vect-78-alignchecks.c scan-tree-dump-times vect "Vectorizing an unaligned access" 1
FAIL: gcc.dg/vect/vect-78-global.c scan-tree-dump-times vect "vectorized 1 loops" 1
FAIL: gcc.dg/vect/vect-78-global.c scan-tree-dump-times vect "Vectorizing an unaligned access" 1
FAIL: gcc.dg/vect/vect-78.c scan-tree-dump-times vect "vectorized 1 loops" 1
FAIL: gcc.dg/vect/vect-80.c scan-tree-dump-times vect "vectorized 1 loops" 1
FAIL: gcc.dg/vect/vect-85.c scan-tree-dump-times vect "vectorized 1 loops" 1
FAIL: gcc.dg/vect/vect-87.c scan-tree-dump-times vect "vectorized 1 loops" 1
FAIL: gcc.dg/vect/vect-87.c scan-tree-dump-times vect "Alignment of access forced using peeling" 1
FAIL: gcc.dg/vect/vect-88.c scan-tree-dump-times vect "vectorized 1 loops" 1
FAIL: gcc.dg/vect/vect-88.c scan-tree-dump-times vect "Alignment of access forced using peeling" 1
FAIL: gcc.dg/vect/vect-91.c scan-tree-dump-times vect "vectorized 1 loops" 3
FAIL: gcc.dg/vect/vect-91.c scan-tree-dump-times vect "accesses have the same alignment." 3
FAIL: gcc.dg/vect/vect-91.c scan-tree-dump-times vect "Alignment of access forced using peeling" 3
FAIL: gcc.dg/vect/vect-92.c scan-tree-dump-times vect "vectorized 1 loops" 3
FAIL: gcc.dg/vect/vect-92.c scan-tree-dump-times vect "Alignment of access forced using peeling" 3
FAIL: gcc.dg/vect/vect-93.c scan-tree-dump-times vect "vectorized 2 loops" 2
FAIL: gcc.dg/vect/vect-93.c scan-tree-dump-times vect "Alignment of access forced using peeling" 3
FAIL: gcc.dg/vect/vect-93.c scan-tree-dump-times vect "Vectorizing an unaligned access" 1
FAIL: gcc.dg/vect/vect-95.c scan-tree-dump-times vect "vectorized 1 loops" 1
FAIL: gcc.dg/vect/vect-95.c scan-tree-dump-times vect "Vectorizing an unaligned access" 2
FAIL: gcc.dg/vect/vect-95.c scan-tree-dump-times vect "Alignment of access forced using versioning" 2
FAIL: gcc.dg/vect/vect-97.c scan-tree-dump-times vect "vectorized 2 loops" 1
FAIL: gcc.dg/vect/vect-98.c scan-tree-dump-times vect "vectorized 1 loops" 1
XPASS: gcc.dg/vect/vect-98.c scan-tree-dump-times vect "vectorized 1 loops" 0
FAIL: gcc.dg/vect/vect-all.c scan-tree-dump-times vect "vectorized 10 loops" 1
FAIL: gcc.dg/vect/vect-iv-1.c scan-tree-dump-times vect "vectorized 1 loops" 1
FAIL: gcc.dg/vect/vect-iv-11.c scan-tree-dump-times vect "vectorized 1 loops" 1
FAIL: gcc.dg/vect/vect-iv-2.c scan-tree-dump-times vect "vectorized 1 loops" 1
FAIL: gcc.dg/vect/vect-iv-3.c scan-tree-dump-times vect "vectorized 1 loops" 1
FAIL: gcc.dg/vect/vect-iv-6.c scan-tree-dump-times vect "vectorized 1 loops" 1
FAIL: gcc.dg/vect/vect-iv-9.c scan-tree-dump-times vect "vectorized 1 loops" 2
FAIL: gcc.dg/vect/vect-multitypes-1.c scan-tree-dump-times vect "vectorized 1 loops" 1
FAIL: gcc.dg/vect/vect-multitypes-1.c scan-tree-dump-times vect "Alignment of access forced using peeling" 1
FAIL: gcc.dg/vect/vect-multitypes-1.c scan-tree-dump-times vect "Vectorizing an unaligned access" 2
FAIL: gcc.dg/vect/vect-multitypes-10.c scan-tree-dump-times vect "vectorized 1 loops" 2
FAIL: gcc.dg/vect/vect-multitypes-11.c scan-tree-dump-times vect "vectorized 1 loops" 2
FAIL: gcc.dg/vect/vect-multitypes-12.c scan-tree-dump-times vect "vectorized 1 loops" 2
FAIL: gcc.dg/vect/vect-multitypes-13.c scan-tree-dump-times vect "vectorized 1 loops" 2
FAIL: gcc.dg/vect/vect-multitypes-16.c scan-tree-dump-times vect "vectorized 1 loops" 1
FAIL: gcc.dg/vect/vect-multitypes-3.c scan-tree-dump-times vect "vectorized 1 loops" 1
FAIL: gcc.dg/vect/vect-multitypes-3.c scan-tree-dump-times vect "Vectorizing an unaligned access" 3
FAIL: gcc.dg/vect/vect-multitypes-4.c scan-tree-dump-times vect "vectorized 1 loops" 1
FAIL: gcc.dg/vect/vect-multitypes-4.c scan-tree-dump-times vect "Alignment of access forced using peeling" 1
FAIL: gcc.dg/vect/vect-multitypes-4.c scan-tree-dump-times vect "Vectorizing an unaligned access" 4
FAIL: gcc.dg/vect/vect-multitypes-6.c scan-tree-dump-times vect "vectorized 1 loops" 1
FAIL: gcc.dg/vect/vect-multitypes-6.c scan-tree-dump-times vect "Vectorizing an unaligned access" 6
FAIL: gcc.dg/vect/vect-multitypes-9.c scan-tree-dump-times vect "vectorized 1 loops" 2
FAIL: gcc.dg/vect/vect-outer-1.c scan-tree-dump-times vect "strided access in outer loop" 1
FAIL: gcc.dg/vect/vect-outer-1a.c scan-tree-dump-times vect "unexpected pattern" 1
FAIL: gcc.dg/vect/vect-outer-1b.c scan-tree-dump-times vect "strided access in outer loop" 1
FAIL: gcc.dg/vect/vect-outer-2b.c scan-tree-dump-times vect "strided access in outer loop." 1
FAIL: gcc.dg/vect/vect-outer-2c.c scan-tree-dump-times vect "OUTER LOOP VECTORIZED" 1
FAIL: gcc.dg/vect/vect-outer-3b.c scan-tree-dump-times vect "strided access in outer loop" 2
FAIL: gcc.dg/vect/vect-outer-3c.c scan-tree-dump-times vect "OUTER LOOP VECTORIZED" 1
FAIL: gcc.dg/vect/vect-outer-4.c scan-tree-dump-times vect "OUTER LOOP VECTORIZED" 1
FAIL: gcc.dg/vect/vect-outer-4.c scan-tree-dump-times vect "zero step in outer loop." 1
FAIL: gcc.dg/vect/vect-outer-4a.c scan-tree-dump-times vect "OUTER LOOP VECTORIZED" 1
FAIL: gcc.dg/vect/vect-outer-4b.c scan-tree-dump-times vect "OUTER LOOP VECTORIZED" 1
FAIL: gcc.dg/vect/vect-outer-4c.c scan-tree-dump-times vect "OUTER LOOP VECTORIZED" 1
FAIL: gcc.dg/vect/vect-outer-4c.c scan-tree-dump-times vect "zero step in outer loop." 1
FAIL: gcc.dg/vect/vect-outer-4d.c scan-tree-dump-times vect "OUTER LOOP VECTORIZED" 1
FAIL: gcc.dg/vect/vect-outer-4f.c scan-tree-dump-times vect "vect_recog_widen_sum_pattern: not allowed" 1
FAIL: gcc.dg/vect/vect-outer-4g.c scan-tree-dump-times vect "vect_recog_widen_sum_pattern: not allowed" 1
FAIL: gcc.dg/vect/vect-outer-4i.c scan-tree-dump-times vect "OUTER LOOP VECTORIZED" 1
FAIL: gcc.dg/vect/vect-outer-4j.c scan-tree-dump-times vect "OUTER LOOP VECTORIZED" 1
FAIL: gcc.dg/vect/vect-outer-4k.c scan-tree-dump-times vect "vect_recog_widen_sum_pattern: not allowed" 1
FAIL: gcc.dg/vect/vect-outer-4l.c scan-tree-dump-times vect "vect_recog_widen_sum_pattern: not allowed" 1
FAIL: gcc.dg/vect/vect-outer-5.c scan-tree-dump-times vect "OUTER LOOP VECTORIZED" 1
FAIL: gcc.dg/vect/vect-outer-5.c scan-tree-dump-times vect "zero step in outer loop." 1
FAIL: gcc.dg/vect/vect-outer-6.c scan-tree-dump-times vect "OUTER LOOP VECTORIZED" 1
FAIL: gcc.dg/vect/vect-outer-6.c scan-tree-dump-times vect "zero step in outer loop." 1
FAIL: gcc.dg/vect/vect-outer-fir-lb.c scan-tree-dump-times vect "OUTER LOOP VECTORIZED" 1
FAIL: gcc.dg/vect/vect-outer-fir.c scan-tree-dump-times vect "OUTER LOOP VECTORIZED" 1
FAIL: gcc.dg/vect/vect-reduc-1char.c scan-tree-dump-times vect "vectorized 3 loops" 1
FAIL: gcc.dg/vect/vect-reduc-1short.c scan-tree-dump-times vect "vectorized 3 loops" 1
FAIL: gcc.dg/vect/vect-reduc-2.c scan-tree-dump-times vect "vectorized 3 loops" 1
FAIL: gcc.dg/vect/vect-reduc-dot-s16a.c scan-tree-dump-times vect "vect_recog_dot_prod_pattern: detected" 1
FAIL: gcc.dg/vect/vect-reduc-dot-s8a.c scan-tree-dump-times vect "vect_recog_dot_prod_pattern: detected" 1
FAIL: gcc.dg/vect/vect-reduc-dot-s8a.c scan-tree-dump-times vect "vect_recog_widen_mult_pattern: detected" 1
FAIL: gcc.dg/vect/vect-reduc-dot-s8b.c scan-tree-dump-times vect "vect_recog_widen_mult_pattern: detected" 1
XPASS: gcc.dg/vect/vect-reduc-dot-s8b.c scan-tree-dump-times vect "vectorized 1 loops" 1
FAIL: gcc.dg/vect/vect-reduc-dot-u8a.c scan-tree-dump-times vect "vect_recog_dot_prod_pattern: detected" 1
FAIL: gcc.dg/vect/vect-reduc-dot-u8b.c scan-tree-dump-times vect "vect_recog_dot_prod_pattern: detected" 1
FAIL: gcc.dg/vect/vect-reduc-dot-u8b.c scan-tree-dump-times vect "vectorized 1 loops" 1
FAIL: gcc.dg/vect/vect-reduc-pattern-1c.c scan-tree-dump-times vect "vect_recog_widen_sum_pattern: detected" 1
FAIL: gcc.dg/vect/vect-reduc-pattern-1c.c scan-tree-dump-times vect "vectorized 1 loops" 1
FAIL: gcc.dg/vect/vect-reduc-pattern-2a.c scan-tree-dump-times vect "vect_recog_widen_sum_pattern: detected" 1
FAIL: gcc.dg/vect/vect-reduc-pattern-2a.c scan-tree-dump-times vect "vectorized 1 loops" 1
FAIL: gcc.dg/vect/vect-reduc-pattern-2b.c scan-tree-dump-times vect "vect_recog_widen_sum_pattern: detected" 1
FAIL: gcc.dg/vect/vect-strided-float.c scan-tree-dump-times vect "vectorized 1 loops" 1
XPASS: gcc.dg/vect/vect-strided-float.c scan-tree-dump-times vect "vectorized 0 loops" 1
FAIL: gcc.dg/vect/vect-strided-store-u32-i2.c scan-tree-dump-times vect "vectorized 1 loops" 1
XPASS: gcc.dg/vect/vect-strided-store-u32-i2.c scan-tree-dump-times vect "vectorized 0 loops" 1
FAIL: gcc.dg/vect/vect-vfa-01.c scan-tree-dump-times vect "vectorized 1 loops" 1
FAIL: gcc.dg/vect/vect-vfa-02.c scan-tree-dump-times vect "vectorized 1 loops" 1
FAIL: gcc.dg/vect/vect-vfa-04.c scan-tree-dump-times vect "vectorized 1 loops" 1
FAIL: gcc.dg/vect/vect-vfa-slp.c scan-tree-dump-times vect "vectorized 1 loops" 1
FAIL: gcc.dg/vect/vect-widen-mult-s16.c scan-tree-dump-times vect "vectorized 1 loops" 1
FAIL: gcc.dg/vect/vect-widen-mult-s8.c scan-tree-dump-times vect "vectorized 1 loops" 1
FAIL: gcc.dg/vect/vect-widen-mult-sum.c scan-tree-dump-times vect "vect_recog_widen_mult_pattern: detected" 1
FAIL: gcc.dg/vect/slp-1.c scan-tree-dump-times vect "vectorized 4 loops" 1
FAIL: gcc.dg/vect/slp-1.c scan-tree-dump-times vect "vectorizing stmts using SLP" 4
FAIL: gcc.dg/vect/slp-10.c scan-tree-dump-times vect "vectorized 3 loops" 1
FAIL: gcc.dg/vect/slp-10.c scan-tree-dump-times vect "vectorizing stmts using SLP" 3
FAIL: gcc.dg/vect/slp-11.c scan-tree-dump-times vect "vectorized 3 loops" 1
FAIL: gcc.dg/vect/slp-12a.c scan-tree-dump-times vect "vectorized 2 loops" 1
FAIL: gcc.dg/vect/slp-12a.c scan-tree-dump-times vect "vectorizing stmts using SLP" 2
FAIL: gcc.dg/vect/slp-12b.c scan-tree-dump-times vect "vectorized 1 loops" 1
FAIL: gcc.dg/vect/slp-12b.c scan-tree-dump-times vect "vectorizing stmts using SLP" 1
FAIL: gcc.dg/vect/slp-13.c scan-tree-dump-times vect "vectorizing stmts using SLP" 1
FAIL: gcc.dg/vect/slp-14.c scan-tree-dump-times vect "vectorized 1 loops" 1
FAIL: gcc.dg/vect/slp-14.c scan-tree-dump-times vect "vectorizing stmts using SLP" 2
FAIL: gcc.dg/vect/slp-15.c scan-tree-dump-times vect "vectorized 1 loops" 1
FAIL: gcc.dg/vect/slp-15.c scan-tree-dump-times vect "vectorizing stmts using SLP" 2
FAIL: gcc.dg/vect/slp-16.c scan-tree-dump-times vect "vectorized 1 loops" 1
FAIL: gcc.dg/vect/slp-16.c scan-tree-dump-times vect "vectorizing stmts using SLP" 2
FAIL: gcc.dg/vect/slp-17.c scan-tree-dump-times vect "vectorized 1 loops" 1
FAIL: gcc.dg/vect/slp-17.c scan-tree-dump-times vect "vectorizing stmts using SLP" 2
FAIL: gcc.dg/vect/slp-2.c scan-tree-dump-times vect "vectorized 4 loops" 1
FAIL: gcc.dg/vect/slp-2.c scan-tree-dump-times vect "vectorizing stmts using SLP" 4
FAIL: gcc.dg/vect/slp-20.c scan-tree-dump-times vect "vectorized 2 loops" 1
FAIL: gcc.dg/vect/slp-20.c scan-tree-dump-times vect "vectorizing stmts using SLP" 4
FAIL: gcc.dg/vect/slp-22.c scan-tree-dump-times vect "vectorized 2 loops" 1
FAIL: gcc.dg/vect/slp-22.c scan-tree-dump-times vect "vectorizing stmts using SLP" 6
FAIL: gcc.dg/vect/slp-24.c scan-tree-dump-times vect "vectorized 1 loops" 1
FAIL: gcc.dg/vect/slp-24.c scan-tree-dump-times vect "vectorizing stmts using SLP" 2
FAIL: gcc.dg/vect/slp-25.c scan-tree-dump-times vect "vectorized 2 loops" 1
FAIL: gcc.dg/vect/slp-25.c scan-tree-dump-times vect "Alignment of access forced using peeling" 2
FAIL: gcc.dg/vect/slp-28.c scan-tree-dump-times vect "vectorized 1 loops" 1
FAIL: gcc.dg/vect/slp-28.c scan-tree-dump-times vect "vectorizing stmts using SLP" 1
FAIL: gcc.dg/vect/slp-3.c scan-tree-dump-times vect "vectorized 3 loops" 1
FAIL: gcc.dg/vect/slp-3.c scan-tree-dump-times vect "vectorizing stmts using SLP" 3
FAIL: gcc.dg/vect/slp-33.c scan-tree-dump-times vect "vectorized 3 loops" 1
FAIL: gcc.dg/vect/slp-33.c scan-tree-dump-times vect "vectorizing stmts using SLP" 3
FAIL: gcc.dg/vect/slp-34.c scan-tree-dump-times vect "vectorized 1 loops" 1
FAIL: gcc.dg/vect/slp-34.c scan-tree-dump-times vect "vectorizing stmts using SLP" 2
FAIL: gcc.dg/vect/slp-4.c scan-tree-dump-times vect "vectorized 3 loops" 1
FAIL: gcc.dg/vect/slp-4.c scan-tree-dump-times vect "vectorizing stmts using SLP" 3
FAIL: gcc.dg/vect/slp-5.c scan-tree-dump-times vect "vectorized 3 loops" 1
FAIL: gcc.dg/vect/slp-5.c scan-tree-dump-times vect "vectorizing stmts using SLP" 3
FAIL: gcc.dg/vect/slp-6.c scan-tree-dump-times vect "vectorized 3 loops" 1
FAIL: gcc.dg/vect/slp-6.c scan-tree-dump-times vect "vectorizing stmts using SLP" 3
FAIL: gcc.dg/vect/slp-7.c scan-tree-dump-times vect "vectorized 3 loops" 1
FAIL: gcc.dg/vect/slp-7.c scan-tree-dump-times vect "vectorizing stmts using SLP" 3
FAIL: gcc.dg/vect/slp-8.c scan-tree-dump-times vect "vectorized 1 loops" 1
FAIL: gcc.dg/vect/slp-8.c scan-tree-dump-times vect "vectorizing stmts using SLP" 1
FAIL: gcc.dg/vect/slp-9.c scan-tree-dump-times vect "vectorizing stmts using SLP" 1
FAIL: gcc.dg/vect/slp-multitypes-1.c scan-tree-dump-times vect "vectorized 1 loops" 1
FAIL: gcc.dg/vect/slp-multitypes-1.c scan-tree-dump-times vect "vectorizing stmts using SLP" 2
FAIL: gcc.dg/vect/slp-multitypes-10.c scan-tree-dump-times vect "vectorized 1 loops" 1
FAIL: gcc.dg/vect/slp-multitypes-10.c scan-tree-dump-times vect "vectorizing stmts using SLP" 1
FAIL: gcc.dg/vect/slp-multitypes-11.c scan-tree-dump-times vect "vectorized 1 loops" 1
FAIL: gcc.dg/vect/slp-multitypes-11.c scan-tree-dump-times vect "vectorizing stmts using SLP" 1
FAIL: gcc.dg/vect/slp-multitypes-12.c scan-tree-dump-times vect "vectorized 1 loops" 1
FAIL: gcc.dg/vect/slp-multitypes-12.c scan-tree-dump-times vect "vectorizing stmts using SLP" 3
FAIL: gcc.dg/vect/slp-multitypes-2.c scan-tree-dump-times vect "vectorized 1 loops" 1
FAIL: gcc.dg/vect/slp-multitypes-2.c scan-tree-dump-times vect "vectorizing stmts using SLP" 2
FAIL: gcc.dg/vect/slp-multitypes-3.c scan-tree-dump-times vect "vectorized 1 loops" 1
FAIL: gcc.dg/vect/slp-multitypes-3.c scan-tree-dump-times vect "vectorizing stmts using SLP" 2
FAIL: gcc.dg/vect/slp-multitypes-4.c scan-tree-dump-times vect "vectorized 1 loops" 1
FAIL: gcc.dg/vect/slp-multitypes-4.c scan-tree-dump-times vect "vectorizing stmts using SLP" 1
FAIL: gcc.dg/vect/slp-multitypes-5.c scan-tree-dump-times vect "vectorized 1 loops" 1
FAIL: gcc.dg/vect/slp-multitypes-5.c scan-tree-dump-times vect "vectorizing stmts using SLP" 1
FAIL: gcc.dg/vect/slp-multitypes-6.c scan-tree-dump-times vect "vectorized 1 loops" 1
FAIL: gcc.dg/vect/slp-multitypes-6.c scan-tree-dump-times vect "vectorizing stmts using SLP" 1
FAIL: gcc.dg/vect/slp-multitypes-7.c scan-tree-dump-times vect "vectorized 1 loops" 1
FAIL: gcc.dg/vect/slp-multitypes-7.c scan-tree-dump-times vect "vectorizing stmts using SLP" 1
FAIL: gcc.dg/vect/slp-multitypes-8.c scan-tree-dump-times vect "vectorized 1 loops" 1
FAIL: gcc.dg/vect/slp-multitypes-8.c scan-tree-dump-times vect "vectorizing stmts using SLP" 1
FAIL: gcc.dg/vect/slp-multitypes-9.c scan-tree-dump-times vect "vectorized 1 loops" 1
FAIL: gcc.dg/vect/slp-multitypes-9.c scan-tree-dump-times vect "vectorizing stmts using SLP" 1
FAIL: gcc.dg/vect/slp-widen-mult-s16.c scan-tree-dump-times vect "vectorizing stmts using SLP" 1
FAIL: gcc.dg/vect/slp-widen-mult-u8.c scan-tree-dump-times vect "vectorized 1 loops" 1
FAIL: gcc.dg/vect/slp-widen-mult-u8.c scan-tree-dump-times vect "vectorizing stmts using SLP" 1
FAIL: gcc.dg/vect/no-vfa-vect-101.c scan-tree-dump-times vect "can't determine dependence" 1
FAIL: gcc.dg/vect/no-vfa-vect-102.c scan-tree-dump-times vect "possible dependence between data-refs" 1
FAIL: gcc.dg/vect/no-vfa-vect-102a.c scan-tree-dump-times vect "possible dependence between data-refs" 1
FAIL: gcc.dg/vect/no-vfa-vect-37.c scan-tree-dump-times vect "can't determine dependence between" 2
FAIL: gcc.dg/vect/no-vfa-vect-43.c scan-tree-dump-times vect "vectorized 1 loops" 1
FAIL: gcc.dg/vect/no-vfa-vect-79.c scan-tree-dump-times vect "can't determine dependence between" 1
FAIL: gcc.dg/vect/no-vfa-vect-depend-1.c scan-tree-dump-times vect "vectorized 1 loops" 1
FAIL: gcc.dg/vect/no-vfa-vect-depend-1.c scan-tree-dump-times vect "dependence distance >= VF or negative" 1
FAIL: gcc.dg/vect/no-vfa-vect-dv-2.c scan-tree-dump-times vect "vectorized 3 loops" 1
FAIL: gcc.dg/vect/no-vfa-vect-dv-2.c scan-tree-dump-times vect "accesses have the same alignment." 2
FAIL: gcc.dg/vect/fast-math-pr35982.c scan-tree-dump-times vect "vectorized 1 loops" 1
XPASS: gcc.dg/vect/fast-math-pr35982.c scan-tree-dump-times vect "vectorized 0 loops" 1
FAIL: gcc.dg/vect/fast-math-vect-pr29925.c scan-tree-dump-times vect "vectorized 1 loops" 1
FAIL: gcc.dg/vect/no-math-errno-slp-32.c scan-tree-dump vect "pattern recognized"
FAIL: gcc.dg/vect/no-section-anchors-vect-36.c scan-tree-dump-times vect "vectorized 1 loops" 1
FAIL: gcc.dg/vect/no-section-anchors-vect-64.c scan-tree-dump-times vect "vectorized 3 loops" 1
FAIL: gcc.dg/vect/no-section-anchors-vect-64.c scan-tree-dump-times vect "Alignment of access forced using peeling" 2
FAIL: gcc.dg/vect/no-section-anchors-vect-66.c scan-tree-dump-times vect "vectorized 3 loops" 1
FAIL: gcc.dg/vect/no-section-anchors-vect-66.c scan-tree-dump-times vect "Alignment of access forced using peeling" 1
FAIL: gcc.dg/vect/no-scevccp-vect-iv-1.c scan-tree-dump-times vect "vectorized 1 loops" 1
FAIL: gcc.dg/vect/no-scevccp-outer-13.c scan-tree-dump-times vect "OUTER LOOP VECTORIZED." 1
FAIL: gcc.dg/vect/no-scevccp-outer-14.c scan-tree-dump-times vect "OUTER LOOP VECTORIZED." 1
FAIL: gcc.dg/vect/no-scevccp-outer-15.c scan-tree-dump-times vect "OUTER LOOP VECTORIZED." 1
FAIL: gcc.dg/vect/no-scevccp-outer-16.c scan-tree-dump-times vect "OUTER LOOP VECTORIZED." 1
FAIL: gcc.dg/vect/no-scevccp-outer-17.c scan-tree-dump-times vect "OUTER LOOP VECTORIZED." 1
FAIL: gcc.dg/vect/no-scevccp-outer-18.c scan-tree-dump-times vect "OUTER LOOP VECTORIZED." 1
FAIL: gcc.dg/vect/no-scevccp-outer-19.c scan-tree-dump-times vect "OUTER LOOP VECTORIZED." 1
FAIL: gcc.dg/vect/no-scevccp-outer-21.c scan-tree-dump-times vect "OUTER LOOP VECTORIZED." 1
FAIL: gcc.dg/vect/no-scevccp-outer-22.c scan-tree-dump-times vect "OUTER LOOP VECTORIZED." 1
FAIL: gcc.dg/vect/no-scevccp-outer-3.c scan-tree-dump-times vect "OUTER LOOP VECTORIZED." 1
FAIL: gcc.dg/vect/no-scevccp-outer-5.c scan-tree-dump-times vect "OUTER LOOP VECTORIZED." 1
FAIL: gcc.dg/vect/no-scevccp-outer-6.c scan-tree-dump-times vect "OUTER LOOP VECTORIZED." 1
FAIL: gcc.dg/vect/no-scevccp-outer-7.c scan-tree-dump-times vect "OUTER LOOP VECTORIZED." 1
FAIL: gcc.dg/vect/no-scevccp-outer-9a.c scan-tree-dump-times vect "OUTER LOOP VECTORIZED." 1
FAIL: gcc.dg/vect/no-scevccp-outer-9b.c scan-tree-dump-times vect "OUTER LOOP VECTORIZED." 1
FAIL: gcc.dg/vect/no-scevccp-noreassoc-outer-3.c scan-tree-dump-times vect "OUTER LOOP VECTORIZED." 1
FAIL: gcc.dg/vect/no-scevccp-noreassoc-outer-4.c scan-tree-dump-times vect "OUTER LOOP VECTORIZED." 1
FAIL: gcc.dg/vect/no-scevccp-noreassoc-outer-5.c scan-tree-dump-times vect "OUTER LOOP VECTORIZED." 1
FAIL: gcc.dg/vect/no-scevccp-slp-30.c scan-tree-dump-times vect "vectorized 1 loops" 1
FAIL: gcc.dg/vect/no-scevccp-slp-30.c scan-tree-dump-times vect "vectorizing stmts using SLP" 1
FAIL: gcc.dg/vect/no-tree-pre-slp-29.c scan-tree-dump-times vect "vectorized 1 loops" 2
FAIL: gcc.dg/vect/no-tree-pre-slp-29.c scan-tree-dump-times vect "vectorizing stmts using SLP" 2
FAIL: gcc.dg/vect/O3-vect-pr34223.c scan-tree-dump-times vect "vectorized 1 loops" 1
FAIL: gcc.target/i386/pr30315.c scan-assembler-times cmp 4
FAIL: gcc.target/i386/sse5-imul32widen-vector.c scan-assembler pmacsdqh

		=== gcc Summary ===

# of expected passes		54287
# of unexpected failures	750
# of unexpected successes	8
# of expected failures		181
# of unresolved testcases	30
# of unsupported tests		1287
/space/rguenther/obj2/gcc/xgcc  version 4.4.0 20090305 (experimental) (GCC) 

		=== libgomp tests ===


Running target unix
FAIL: libgomp.c/appendix-a/a.21.1.c (internal compiler error)
FAIL: libgomp.c/appendix-a/a.21.1.c (test for excess errors)
WARNING: libgomp.c/appendix-a/a.21.1.c compilation failed to produce executable
FAIL: libgomp.c/loop-4.c (internal compiler error)
FAIL: libgomp.c/loop-4.c (test for excess errors)
WARNING: libgomp.c/loop-4.c compilation failed to produce executable
FAIL: libgomp.c/loop-5.c (internal compiler error)
FAIL: libgomp.c/loop-5.c (test for excess errors)
WARNING: libgomp.c/loop-5.c compilation failed to produce executable
FAIL: libgomp.c/loop-6.c (internal compiler error)
FAIL: libgomp.c/loop-6.c (test for excess errors)
WARNING: libgomp.c/loop-6.c compilation failed to produce executable
FAIL: libgomp.c/loop-7.c (internal compiler error)
FAIL: libgomp.c/loop-7.c (test for excess errors)
WARNING: libgomp.c/loop-7.c compilation failed to produce executable
FAIL: libgomp.c/nestedfn-6.c (internal compiler error)
FAIL: libgomp.c/nestedfn-6.c (test for excess errors)
WARNING: libgomp.c/nestedfn-6.c compilation failed to produce executable
FAIL: libgomp.c/omp-loop01.c (internal compiler error)
FAIL: libgomp.c/omp-loop01.c (test for excess errors)
WARNING: libgomp.c/omp-loop01.c compilation failed to produce executable
FAIL: libgomp.c/pr33880.c (internal compiler error)
FAIL: libgomp.c/pr33880.c (test for excess errors)
WARNING: libgomp.c/pr33880.c compilation failed to produce executable
FAIL: libgomp.c/pr35196.c (internal compiler error)
FAIL: libgomp.c/pr35196.c (test for excess errors)
WARNING: libgomp.c/pr35196.c compilation failed to produce executable
FAIL: libgomp.c/pr35625.c (internal compiler error)
FAIL: libgomp.c/pr35625.c (test for excess errors)
WARNING: libgomp.c/pr35625.c compilation failed to produce executable
FAIL: libgomp.c/pr38650.c (test for excess errors)
WARNING: libgomp.c/pr38650.c compilation failed to produce executable

		=== libgomp Summary ===

# of expected passes		228
# of unexpected failures	21
		=== libmudflap tests ===


Running target unix

		=== libmudflap Summary ===

# of expected passes		1740
# of unsupported tests		2

Compiler version: 4.4.0 20090305 (experimental) (GCC) 
Platform: x86_64-unknown-linux-gnu
configure flags: --disable-nls --enable-languages=c --disable-multilib



More information about the Gcc-testresults mailing list