Results for 4.4.0 20090305 (experimental) (GCC) testsuite on x86_64-unknown-linux-gnu
Diego Novillo
dnovillo@google.com
Thu Mar 5 10:57:00 GMT 2009
LAST_UPDATED:
Native configuration is x86_64-unknown-linux-gnu
=== g++ tests ===
Running target unix
FAIL: g++.dg/eh/gcsec1.C execution test
=== g++ Summary ===
# of expected passes 19268
# of unexpected failures 1
# of expected failures 140
# of unsupported tests 250
/usr/local/google/dnovillo/perf/sbox/gcc/local.x86_64/bld/gcc/testsuite/g++/../../g++ version 4.4.0 20090305 (experimental) (GCC)
=== gcc tests ===
Running target unix
FAIL: gcc.dg/special/gcsec-1.c (test for excess errors)
WARNING: gcc.dg/special/gcsec-1.c compilation failed to produce executable
FAIL: gcc.dg/tree-prof/bb-reorg.c compilation, -fprofile-use -D_PROFILE_USE
UNRESOLVED: gcc.dg/tree-prof/bb-reorg.c execution, -fprofile-use -D_PROFILE_USE
FAIL: gcc.dg/tree-prof/pr34999.c compilation, -fprofile-use -D_PROFILE_USE
UNRESOLVED: gcc.dg/tree-prof/pr34999.c execution, -fprofile-use -D_PROFILE_USE
=== gcc Summary ===
# of expected passes 55221
# of unexpected failures 3
# of expected failures 187
# of unresolved testcases 2
# of unsupported tests 1171
/usr/local/google/dnovillo/perf/sbox/gcc/local.x86_64/bld/gcc/xgcc version 4.4.0 20090305 (experimental) (GCC)
=== gfortran tests ===
Running target unix
FAIL: gfortran.dg/csqrt_2.f -O0 execution test
FAIL: gfortran.dg/csqrt_2.f -O1 execution test
FAIL: gfortran.dg/csqrt_2.f -O2 execution test
FAIL: gfortran.dg/csqrt_2.f -O3 -fomit-frame-pointer execution test
FAIL: gfortran.dg/csqrt_2.f -O3 -fomit-frame-pointer -funroll-loops execution test
FAIL: gfortran.dg/csqrt_2.f -O3 -fomit-frame-pointer -funroll-all-loops -finline-functions execution test
FAIL: gfortran.dg/csqrt_2.f -O3 -g execution test
FAIL: gfortran.dg/csqrt_2.f -Os execution test
=== gfortran Summary ===
# of expected passes 29337
# of unexpected failures 8
# of expected failures 10
# of unsupported tests 44
/usr/local/google/dnovillo/perf/sbox/gcc/local.x86_64/bld/gcc/testsuite/gfortran/../../gfortran version 4.4.0 20090305 (experimental) (GCC)
=== obj-c++ tests ===
Running target unix
WARNING: obj-c++.dg/lookup-2.mm compilation failed to produce executable
WARNING: obj-c++.dg/try-catch-2.mm compilation failed to produce executable
WARNING: obj-c++.dg/try-catch-9.mm compilation failed to produce executable
=== obj-c++ Summary ===
# of expected passes 427
# of expected failures 21
# of unsupported tests 13
/usr/local/google/dnovillo/perf/sbox/gcc/local.x86_64/bld/gcc/testsuite/obj-c++/../../g++ version 4.4.0 20090305 (experimental) (GCC)
=== objc tests ===
Running target unix
FAIL: objc/execute/forward-1.m execution, -O0 -fgnu-runtime
FAIL: objc/execute/forward-1.m execution, -O1 -fgnu-runtime
FAIL: objc/execute/forward-1.m execution, -O2 -fgnu-runtime
FAIL: objc/execute/forward-1.m execution, -O3 -fomit-frame-pointer -fgnu-runtime
FAIL: objc/execute/forward-1.m execution, -O3 -fomit-frame-pointer -funroll-loops -fgnu-runtime
FAIL: objc/execute/forward-1.m execution, -O3 -fomit-frame-pointer -funroll-all-loops -finline-functions -fgnu-runtime
FAIL: objc/execute/forward-1.m execution, -O3 -g -fgnu-runtime
FAIL: objc/execute/forward-1.m execution, -Os -fgnu-runtime
=== objc Summary ===
# of expected passes 1822
# of unexpected failures 8
# of expected failures 7
# of unsupported tests 24
/usr/local/google/dnovillo/perf/sbox/gcc/local.x86_64/bld/gcc/xgcc version 4.4.0 20090305 (experimental) (GCC)
=== libgomp tests ===
Running target unix
=== libgomp Summary ===
# of expected passes 2346
=== libmudflap tests ===
Running target unix
FAIL: libmudflap.c/fail17-frag.c (-static) (test for excess errors)
WARNING: libmudflap.c/fail17-frag.c (-static) compilation failed to produce executable
FAIL: libmudflap.c/fail23-frag.c (-static) (test for excess errors)
WARNING: libmudflap.c/fail23-frag.c (-static) compilation failed to produce executable
FAIL: libmudflap.c/fail25-frag.c (-static) (test for excess errors)
WARNING: libmudflap.c/fail25-frag.c (-static) compilation failed to produce executable
FAIL: libmudflap.c/fail4-frag.c (-static) (test for excess errors)
WARNING: libmudflap.c/fail4-frag.c (-static) compilation failed to produce executable
FAIL: libmudflap.c/fail5-frag.c (-static) (test for excess errors)
WARNING: libmudflap.c/fail5-frag.c (-static) compilation failed to produce executable
FAIL: libmudflap.c/fail6-frag.c (-static) (test for excess errors)
WARNING: libmudflap.c/fail6-frag.c (-static) compilation failed to produce executable
FAIL: libmudflap.c/fail7-frag.c (-static) (test for excess errors)
WARNING: libmudflap.c/fail7-frag.c (-static) compilation failed to produce executable
FAIL: libmudflap.c/fail8-frag.c (-static) (test for excess errors)
WARNING: libmudflap.c/fail8-frag.c (-static) compilation failed to produce executable
FAIL: libmudflap.c/fail9-frag.c (-static) (test for excess errors)
WARNING: libmudflap.c/fail9-frag.c (-static) compilation failed to produce executable
FAIL: libmudflap.c/heap-scalestress.c (-static) (test for excess errors)
WARNING: libmudflap.c/heap-scalestress.c (-static) compilation failed to produce executable
FAIL: libmudflap.c/hook-allocstuff.c (-static) (test for excess errors)
WARNING: libmudflap.c/hook-allocstuff.c (-static) compilation failed to produce executable
FAIL: libmudflap.c/pass-stratcliff.c (-static) (test for excess errors)
WARNING: libmudflap.c/pass-stratcliff.c (-static) compilation failed to produce executable
FAIL: libmudflap.c/pass30-frag.c (-static) (test for excess errors)
WARNING: libmudflap.c/pass30-frag.c (-static) compilation failed to produce executable
FAIL: libmudflap.c/pass30-frag.c (-static) (test for excess errors)
WARNING: libmudflap.c/pass30-frag.c (-static) compilation failed to produce executable
FAIL: libmudflap.c/pass4-frag.c (-static) (test for excess errors)
WARNING: libmudflap.c/pass4-frag.c (-static) compilation failed to produce executable
FAIL: libmudflap.c/pass4-frag.c (-static) (test for excess errors)
WARNING: libmudflap.c/pass4-frag.c (-static) compilation failed to produce executable
FAIL: libmudflap.c/pass45-frag.c (-static) (test for excess errors)
WARNING: libmudflap.c/pass45-frag.c (-static) compilation failed to produce executable
FAIL: libmudflap.c/pass45-frag.c (-static) (test for excess errors)
WARNING: libmudflap.c/pass45-frag.c (-static) compilation failed to produce executable
FAIL: libmudflap.c/pass46-frag.c (-static) (test for excess errors)
WARNING: libmudflap.c/pass46-frag.c (-static) compilation failed to produce executable
FAIL: libmudflap.c/pass46-frag.c (-static) (test for excess errors)
WARNING: libmudflap.c/pass46-frag.c (-static) compilation failed to produce executable
FAIL: libmudflap.c/pass47-frag.c (-static) (test for excess errors)
WARNING: libmudflap.c/pass47-frag.c (-static) compilation failed to produce executable
FAIL: libmudflap.c/pass47-frag.c (-static) (test for excess errors)
WARNING: libmudflap.c/pass47-frag.c (-static) compilation failed to produce executable
FAIL: libmudflap.c/pass49-frag.c (-static) (test for excess errors)
WARNING: libmudflap.c/pass49-frag.c (-static) compilation failed to produce executable
FAIL: libmudflap.c/pass49-frag.c (-static) (test for excess errors)
WARNING: libmudflap.c/pass49-frag.c (-static) compilation failed to produce executable
FAIL: libmudflap.c/pass5-frag.c (-static) (test for excess errors)
WARNING: libmudflap.c/pass5-frag.c (-static) compilation failed to produce executable
FAIL: libmudflap.c/pass5-frag.c (-static) (test for excess errors)
WARNING: libmudflap.c/pass5-frag.c (-static) compilation failed to produce executable
FAIL: libmudflap.c/pass51-frag.c (-static) (test for excess errors)
WARNING: libmudflap.c/pass51-frag.c (-static) compilation failed to produce executable
FAIL: libmudflap.c/pass51-frag.c (-static) (test for excess errors)
WARNING: libmudflap.c/pass51-frag.c (-static) compilation failed to produce executable
FAIL: libmudflap.c/pass52-frag.c (-static) (test for excess errors)
WARNING: libmudflap.c/pass52-frag.c (-static) compilation failed to produce executable
FAIL: libmudflap.c/pass52-frag.c (-static) (test for excess errors)
WARNING: libmudflap.c/pass52-frag.c (-static) compilation failed to produce executable
FAIL: libmudflap.c/pass6-frag.c (-static) (test for excess errors)
WARNING: libmudflap.c/pass6-frag.c (-static) compilation failed to produce executable
FAIL: libmudflap.c/pass6-frag.c (-static) (test for excess errors)
WARNING: libmudflap.c/pass6-frag.c (-static) compilation failed to produce executable
FAIL: libmudflap.c/pass7-frag.c (-static) (test for excess errors)
WARNING: libmudflap.c/pass7-frag.c (-static) compilation failed to produce executable
FAIL: libmudflap.c/pass7-frag.c (-static) (test for excess errors)
WARNING: libmudflap.c/pass7-frag.c (-static) compilation failed to produce executable
FAIL: libmudflap.c/pass8-frag.c (-static) (test for excess errors)
WARNING: libmudflap.c/pass8-frag.c (-static) compilation failed to produce executable
FAIL: libmudflap.c/pass8-frag.c (-static) (test for excess errors)
WARNING: libmudflap.c/pass8-frag.c (-static) compilation failed to produce executable
FAIL: libmudflap.c/pass9-frag.c (-static) (test for excess errors)
WARNING: libmudflap.c/pass9-frag.c (-static) compilation failed to produce executable
FAIL: libmudflap.c/pass9-frag.c (-static) (test for excess errors)
WARNING: libmudflap.c/pass9-frag.c (-static) compilation failed to produce executable
FAIL: libmudflap.c++/pass41-frag.cxx execution test
FAIL: libmudflap.c++/fail24-frag.cxx (-static) (test for excess errors)
WARNING: libmudflap.c++/fail24-frag.cxx (-static) compilation failed to produce executable
FAIL: libmudflap.c++/pass31-frag.cxx (-static) (test for excess errors)
WARNING: libmudflap.c++/pass31-frag.cxx (-static) compilation failed to produce executable
FAIL: libmudflap.c++/pass41-frag.cxx (-static) execution test
FAIL: libmudflap.c++/pass41-frag.cxx (-O2) execution test
FAIL: libmudflap.c++/pass41-frag.cxx (-O3) execution test
FAIL: libmudflap.cth/pass37-frag.c (-static -DSTATIC) (test for excess errors)
FAIL: libmudflap.cth/pass39-frag.c (-static -DSTATIC) (test for excess errors)
FAIL: libmudflap.cth/pass40-frag.c (-static -DSTATIC) (test for excess errors)
FAIL: libmudflap.cth/pass59-frag.c (-static -DSTATIC) (test for excess errors)
=== libmudflap Summary ===
# of expected passes 1790
# of unexpected failures 48
Compiler version: 4.4.0 20090305 (experimental) (GCC)
Platform: x86_64-unknown-linux-gnu
configure flags: --prefix=/home/dnovillo/perf/sbox/gcc/local.x86_64/inst --srcdir=/home/dnovillo/perf/sbox/gcc/local.x86_64/src --with-gmp=/home/dnovillo/x86_64 --with-mpfr=/home/dnovillo/x86_64 --with-sysroot=/usr/grte --enable-languages=c++,fortran,objc,obj-c++
More information about the Gcc-testresults
mailing list