Results for 4.4.0 20090304 (experimental) [trunk revision 144613] (GCC) testsuite on x86_64-unknown-linux-gnu

Joey Ye jye2@shgcc-2.sh.intel.com
Thu Mar 5 01:31:00 GMT 2009


LAST_UPDATED: Wed Mar  4 17:46:50 UTC 2009 (revision 144613)

Native configuration is x86_64-unknown-linux-gnu

		=== g++ tests ===


Running target unix/-m32

		=== g++ Summary for unix/-m32 ===

# of expected passes		19561
# of expected failures		140
# of unsupported tests		100

Running target unix

		=== g++ Summary for unix ===

# of expected passes		19248
# of expected failures		140
# of unsupported tests		250

		=== g++ Summary ===

# of expected passes		38809
# of expected failures		280
# of unsupported tests		350
/home/jye2/gcc/build-daily/gcc/testsuite/g++/../../g++  version 4.4.0 20090304 (experimental) [trunk revision 144613] (GCC) 

		=== gcc tests ===


Running target unix/-m32

		=== gcc Summary for unix/-m32 ===

# of expected passes		55459
# of expected failures		187
# of unsupported tests		973

Running target unix
FAIL: gcc.dg/tree-prof/bb-reorg.c compilation,  -fprofile-use -D_PROFILE_USE
UNRESOLVED: gcc.dg/tree-prof/bb-reorg.c execution,    -fprofile-use -D_PROFILE_USE
FAIL: gcc.dg/tree-prof/pr34999.c compilation,  -fprofile-use -D_PROFILE_USE
UNRESOLVED: gcc.dg/tree-prof/pr34999.c execution,    -fprofile-use -D_PROFILE_USE

		=== gcc Summary for unix ===

# of expected passes		55032
# of unexpected failures	2
# of expected failures		187
# of unresolved testcases	2
# of unsupported tests		1267

		=== gcc Summary ===

# of expected passes		110491
# of unexpected failures	2
# of expected failures		374
# of unresolved testcases	2
# of unsupported tests		2240
/home/jye2/gcc/build-daily/gcc/xgcc  version 4.4.0 20090304 (experimental) [trunk revision 144613] (GCC) 

		=== gfortran tests ===


Running target unix/-m32

		=== gfortran Summary for unix/-m32 ===

# of expected passes		29232
# of expected failures		10
# of unsupported tests		97

Running target unix

		=== gfortran Summary for unix ===

# of expected passes		29345
# of expected failures		10
# of unsupported tests		44

		=== gfortran Summary ===

# of expected passes		58577
# of expected failures		20
# of unsupported tests		141
/home/jye2/gcc/build-daily/gcc/testsuite/gfortran/../../gfortran  version 4.4.0 20090304 (experimental) [trunk revision 144613] (GCC) 

		=== objc tests ===


Running target unix/-m32

		=== objc Summary for unix/-m32 ===

# of expected passes		1830
# of expected failures		7
# of unsupported tests		24

Running target unix
FAIL: objc/execute/forward-1.m execution,  -O0 -fgnu-runtime
FAIL: objc/execute/forward-1.m execution,  -O1 -fgnu-runtime
FAIL: objc/execute/forward-1.m execution,  -O2 -fgnu-runtime
FAIL: objc/execute/forward-1.m execution,  -O3 -fomit-frame-pointer -fgnu-runtime
FAIL: objc/execute/forward-1.m execution,  -O3 -fomit-frame-pointer -funroll-loops -fgnu-runtime
FAIL: objc/execute/forward-1.m execution,  -O3 -fomit-frame-pointer -funroll-all-loops -finline-functions -fgnu-runtime
FAIL: objc/execute/forward-1.m execution,  -O3 -g -fgnu-runtime
FAIL: objc/execute/forward-1.m execution,  -Os -fgnu-runtime

		=== objc Summary for unix ===

# of expected passes		1822
# of unexpected failures	8
# of expected failures		7
# of unsupported tests		24

		=== objc Summary ===

# of expected passes		3652
# of unexpected failures	8
# of expected failures		14
# of unsupported tests		48
/home/jye2/gcc/build-daily/gcc/xgcc  version 4.4.0 20090304 (experimental) [trunk revision 144613] (GCC) 

		=== libffi tests ===


Running target unix/-m32

		=== libffi Summary for unix/-m32 ===

# of expected passes		1389
# of unsupported tests		10

Running target unix

		=== libffi Summary for unix ===

# of expected passes		1389
# of unsupported tests		10

		=== libffi Summary ===

# of expected passes		2778
# of unsupported tests		20
		=== libgomp tests ===


Running target unix/-m32

		=== libgomp Summary for unix/-m32 ===

# of expected passes		2346

Running target unix

		=== libgomp Summary for unix ===

# of expected passes		2346

		=== libgomp Summary ===

# of expected passes		4692
		=== libjava tests ===


Running target unix/-m32

		=== libjava Summary for unix/-m32 ===

# of expected passes		2574

Running target unix

		=== libjava Summary for unix ===

# of expected passes		2574

		=== libjava Summary ===

# of expected passes		5148
		=== libmudflap tests ===


Running target unix/-m32
FAIL: libmudflap.c++/pass41-frag.cxx execution test
FAIL: libmudflap.c++/pass41-frag.cxx (-static) execution test
FAIL: libmudflap.c++/pass41-frag.cxx (-O2) execution test
FAIL: libmudflap.c++/pass41-frag.cxx (-O3) execution test

		=== libmudflap Summary for unix/-m32 ===

# of expected passes		1890
# of unexpected failures	4

Running target unix
FAIL: libmudflap.c++/pass41-frag.cxx execution test
FAIL: libmudflap.c++/pass41-frag.cxx (-static) execution test
FAIL: libmudflap.c++/pass41-frag.cxx (-O2) execution test
FAIL: libmudflap.c++/pass41-frag.cxx (-O3) execution test

		=== libmudflap Summary for unix ===

# of expected passes		1890
# of unexpected failures	4

		=== libmudflap Summary ===

# of expected passes		3780
# of unexpected failures	8
		=== libstdc++ tests ===


Running target unix/-m32
XPASS: 26_numerics/headers/cmath/c99_classification_macros_c.cc (test for excess errors)

		=== libstdc++ Summary for unix/-m32 ===

# of expected passes		6462
# of unexpected successes	1
# of expected failures		80
# of unsupported tests		18

Running target unix
XPASS: 26_numerics/headers/cmath/c99_classification_macros_c.cc (test for excess errors)

		=== libstdc++ Summary for unix ===

# of expected passes		6468
# of unexpected successes	1
# of expected failures		80
# of unsupported tests		15

		=== libstdc++ Summary ===

# of expected passes		12930
# of unexpected successes	2
# of expected failures		160
# of unsupported tests		33

Compiler version: 4.4.0 20090304 (experimental) [trunk revision 144613] (GCC) 
Platform: x86_64-unknown-linux-gnu
configure flags: --enable-clocale=gnu --with-system-zlib --enable-decimal-float=bid --with-demangler-in-ld --enable-shared --enable-threads=posix --enable-haifa --enable-checking=assert



More information about the Gcc-testresults mailing list