Results for 4.4.0 20090302 (experimental) [trunk revision 144555] (GCC) gcc testsuite on arm-unknown-elf

Mike Stein mstein.lists@googlemail.com
Tue Mar 3 22:56:00 GMT 2009


Debian 4 on x86_64
cross tool versions:
GNU assembler (GNU Binutils) 2.18.50.20080405
GNU gdb 6.8.50.20080405-cvs
GNU ld (GNU Binutils) 2.18.50.20080405

GNU Make 3.81
expect version 5.43.0
host gcc version: gcc (GCC) 4.4.0 20090302 (experimental) [trunk revision 144555]
LAST_UPDATED: Mon Mar  2 23:03:22 UTC 2009 (revision 144555)

Target is arm-unknown-elf
Host   is x86_64-unknown-linux-gnu

		=== gcc tests ===


Running target arm-sim
FAIL: gcc.c-torture/compile/pr11832.c  -O0  (internal compiler error)
FAIL: gcc.c-torture/compile/pr11832.c  -O1  (internal compiler error)
FAIL: gcc.c-torture/compile/pr11832.c  -O2  (internal compiler error)
FAIL: gcc.c-torture/compile/pr11832.c  -O3 -fomit-frame-pointer  (internal compiler error)
FAIL: gcc.c-torture/compile/pr11832.c  -O3 -fomit-frame-pointer -funroll-loops  (internal compiler error)
FAIL: gcc.c-torture/compile/pr11832.c  -O3 -fomit-frame-pointer -funroll-all-loops -finline-functions  (internal compiler error)
FAIL: gcc.c-torture/compile/pr11832.c  -O3 -g  (internal compiler error)
FAIL: gcc.c-torture/compile/pr11832.c  -Os  (internal compiler error)
FAIL: gcc.c-torture/compile/pr33009.c  -O0  (internal compiler error)
FAIL: gcc.c-torture/compile/pr33009.c  -O1  (internal compiler error)
FAIL: gcc.c-torture/compile/pr33009.c  -O2  (internal compiler error)
FAIL: gcc.c-torture/compile/pr33009.c  -O3 -fomit-frame-pointer  (internal compiler error)
FAIL: gcc.c-torture/compile/pr33009.c  -O3 -fomit-frame-pointer -funroll-loops  (internal compiler error)
FAIL: gcc.c-torture/compile/pr33009.c  -O3 -fomit-frame-pointer -funroll-all-loops -finline-functions  (internal compiler error)
FAIL: gcc.c-torture/compile/pr33009.c  -O3 -g  (internal compiler error)
FAIL: gcc.c-torture/compile/pr33009.c  -Os  (internal compiler error)
FAIL: gcc.dg/cpp/_Pragma6.c -fno-show-column (test for excess errors)
FAIL: gcc.dg/bitfld-17.c (test for excess errors)
FAIL: gcc.dg/bitfld-18.c (test for excess errors)
FAIL: gcc.dg/intmax_t-1.c  (test for errors, line )
FAIL: gcc.dg/memcpy-1.c scan-tree-dump-times optimized "nasty_local" 0
FAIL: gcc.dg/tls/alias-1.c (test for excess errors)
FAIL: gcc.dg/tls/opt-2.c (test for excess errors)
FAIL: gcc.dg/vect/vect-1.c scan-tree-dump-times vect "vectorized 3 loops" 1
FAIL: gcc.dg/vect/vect-75.c scan-tree-dump-times vect "Alignment of access forced using versioning" 1
FAIL: gcc.dg/vect/vect-77-alignchecks.c scan-tree-dump-times vect "Alignment of access forced using versioning." 1
FAIL: gcc.dg/vect/vect-78-alignchecks.c scan-tree-dump-times vect "Alignment of access forced using versioning." 1
FAIL: gcc.dg/vect/vect-96.c scan-tree-dump-times vect "Alignment of access forced using versioning." 1
FAIL: gcc.dg/vect/vect-complex-1.c scan-tree-dump-times vect "vectorized 1 loops" 1
FAIL: gcc.dg/vect/vect-complex-1.c scan-tree-dump-times vect "vectorizing stmts using SLP" 1
XPASS: gcc.dg/vect/vect-iv-6.c scan-tree-dump-times vect "vectorized 1 loops" 1
FAIL: gcc.dg/vect/vect-multitypes-3.c scan-tree-dump-times vect "Alignment of access forced using versioning" 3
FAIL: gcc.dg/vect/vect-multitypes-6.c scan-tree-dump-times vect "vectorized 1 loops" 1
FAIL: gcc.dg/vect/vect-multitypes-6.c scan-tree-dump-times vect "Alignment of access forced using versioning" 6
FAIL: gcc.dg/vect/slp-10.c scan-tree-dump-times vect "vectorized 2 loops" 1
FAIL: gcc.dg/vect/slp-10.c scan-tree-dump-times vect "vectorizing stmts using SLP" 2
FAIL: gcc.dg/vect/slp-12a.c scan-tree-dump-times vect "vectorized 1 loops" 1
FAIL: gcc.dg/vect/slp-12a.c scan-tree-dump-times vect "vectorizing stmts using SLP" 1
FAIL: gcc.dg/vect/slp-13.c scan-tree-dump-times vect "vectorizing stmts using SLP" 1
FAIL: gcc.dg/vect/slp-19.c scan-tree-dump-times vect "vectorized 1 loops" 1
FAIL: gcc.dg/vect/slp-19.c scan-tree-dump-times vect "vectorizing stmts using SLP" 1
FAIL: gcc.dg/vect/slp-33.c scan-tree-dump-times vect "vectorized 2 loops" 1
FAIL: gcc.dg/vect/slp-33.c scan-tree-dump-times vect "vectorizing stmts using SLP" 2
FAIL: gcc.dg/vect/slp-4.c scan-tree-dump-times vect "vectorized 3 loops" 1
FAIL: gcc.dg/vect/slp-4.c scan-tree-dump-times vect "vectorizing stmts using SLP" 3
FAIL: gcc.dg/vect/slp-5.c scan-tree-dump-times vect "vectorized 3 loops" 1
FAIL: gcc.dg/vect/slp-5.c scan-tree-dump-times vect "vectorizing stmts using SLP" 3
FAIL: gcc.dg/vect/slp-7.c scan-tree-dump-times vect "vectorized 2 loops" 1
FAIL: gcc.dg/vect/slp-7.c scan-tree-dump-times vect "vectorizing stmts using SLP" 2
FAIL: gcc.dg/vect/no-vfa-vect-43.c scan-tree-dump-times vect "Alignment of access forced using versioning" 1
FAIL: gcc.target/arm/neon/polytypes.c (test for excess errors)
FAIL: gcc.target/arm/neon/vRshrQ_ns16.c (test for excess errors)
FAIL: gcc.target/arm/neon/vRshrQ_ns16.c scan-assembler vrshr.s16[ \\t]+[qQ][0-9]+, [qQ][0-9]+, #[0-9]+!?([ \\t]+@[a-zA-Z0-9 ]+)?\\n
FAIL: gcc.target/arm/neon/vRshrQ_ns32.c (test for excess errors)
FAIL: gcc.target/arm/neon/vRshrQ_ns32.c scan-assembler vrshr.s32[ \\t]+[qQ][0-9]+, [qQ][0-9]+, #[0-9]+!?([ \\t]+@[a-zA-Z0-9 ]+)?\\n
FAIL: gcc.target/arm/neon/vRshrQ_ns64.c (test for excess errors)
FAIL: gcc.target/arm/neon/vRshrQ_ns64.c scan-assembler vrshr.s64[ \\t]+[qQ][0-9]+, [qQ][0-9]+, #[0-9]+!?([ \\t]+@[a-zA-Z0-9 ]+)?\\n
FAIL: gcc.target/arm/neon/vRshrQ_ns8.c (test for excess errors)
FAIL: gcc.target/arm/neon/vRshrQ_ns8.c scan-assembler vrshr.s8[ \\t]+[qQ][0-9]+, [qQ][0-9]+, #[0-9]+!?([ \\t]+@[a-zA-Z0-9 ]+)?\\n
FAIL: gcc.target/arm/neon/vRshrQ_nu16.c (test for excess errors)
FAIL: gcc.target/arm/neon/vRshrQ_nu16.c scan-assembler vrshr.u16[ \\t]+[qQ][0-9]+, [qQ][0-9]+, #[0-9]+!?([ \\t]+@[a-zA-Z0-9 ]+)?\\n
FAIL: gcc.target/arm/neon/vRshrQ_nu32.c (test for excess errors)
FAIL: gcc.target/arm/neon/vRshrQ_nu32.c scan-assembler vrshr.u32[ \\t]+[qQ][0-9]+, [qQ][0-9]+, #[0-9]+!?([ \\t]+@[a-zA-Z0-9 ]+)?\\n
FAIL: gcc.target/arm/neon/vRshrQ_nu64.c (test for excess errors)
FAIL: gcc.target/arm/neon/vRshrQ_nu64.c scan-assembler vrshr.u64[ \\t]+[qQ][0-9]+, [qQ][0-9]+, #[0-9]+!?([ \\t]+@[a-zA-Z0-9 ]+)?\\n
FAIL: gcc.target/arm/neon/vRshrQ_nu8.c (test for excess errors)
FAIL: gcc.target/arm/neon/vRshrQ_nu8.c scan-assembler vrshr.u8[ \\t]+[qQ][0-9]+, [qQ][0-9]+, #[0-9]+!?([ \\t]+@[a-zA-Z0-9 ]+)?\\n
FAIL: gcc.target/arm/neon/vRshr_ns16.c (test for excess errors)
FAIL: gcc.target/arm/neon/vRshr_ns16.c scan-assembler vrshr.s16[ \\t]+[dD][0-9]+, [dD][0-9]+, #[0-9]+!?([ \\t]+@[a-zA-Z0-9 ]+)?\\n
FAIL: gcc.target/arm/neon/vRshr_ns32.c (test for excess errors)
FAIL: gcc.target/arm/neon/vRshr_ns32.c scan-assembler vrshr.s32[ \\t]+[dD][0-9]+, [dD][0-9]+, #[0-9]+!?([ \\t]+@[a-zA-Z0-9 ]+)?\\n
FAIL: gcc.target/arm/neon/vRshr_ns64.c (test for excess errors)
FAIL: gcc.target/arm/neon/vRshr_ns64.c scan-assembler vrshr.s64[ \\t]+[dD][0-9]+, [dD][0-9]+, #[0-9]+!?([ \\t]+@[a-zA-Z0-9 ]+)?\\n
FAIL: gcc.target/arm/neon/vRshr_ns8.c (test for excess errors)
FAIL: gcc.target/arm/neon/vRshr_ns8.c scan-assembler vrshr.s8[ \\t]+[dD][0-9]+, [dD][0-9]+, #[0-9]+!?([ \\t]+@[a-zA-Z0-9 ]+)?\\n
FAIL: gcc.target/arm/neon/vRshr_nu16.c (test for excess errors)
FAIL: gcc.target/arm/neon/vRshr_nu16.c scan-assembler vrshr.u16[ \\t]+[dD][0-9]+, [dD][0-9]+, #[0-9]+!?([ \\t]+@[a-zA-Z0-9 ]+)?\\n
FAIL: gcc.target/arm/neon/vRshr_nu32.c (test for excess errors)
FAIL: gcc.target/arm/neon/vRshr_nu32.c scan-assembler vrshr.u32[ \\t]+[dD][0-9]+, [dD][0-9]+, #[0-9]+!?([ \\t]+@[a-zA-Z0-9 ]+)?\\n
FAIL: gcc.target/arm/neon/vRshr_nu64.c (test for excess errors)
FAIL: gcc.target/arm/neon/vRshr_nu64.c scan-assembler vrshr.u64[ \\t]+[dD][0-9]+, [dD][0-9]+, #[0-9]+!?([ \\t]+@[a-zA-Z0-9 ]+)?\\n
FAIL: gcc.target/arm/neon/vRshr_nu8.c (test for excess errors)
FAIL: gcc.target/arm/neon/vRshr_nu8.c scan-assembler vrshr.u8[ \\t]+[dD][0-9]+, [dD][0-9]+, #[0-9]+!?([ \\t]+@[a-zA-Z0-9 ]+)?\\n
FAIL: gcc.target/arm/neon/vRshrn_ns16.c (test for excess errors)
FAIL: gcc.target/arm/neon/vRshrn_ns16.c scan-assembler vrshrn.i16[ \\t]+[dD][0-9]+, [qQ][0-9]+, #[0-9]+!?([ \\t]+@[a-zA-Z0-9 ]+)?\\n
FAIL: gcc.target/arm/neon/vRshrn_ns32.c (test for excess errors)
FAIL: gcc.target/arm/neon/vRshrn_ns32.c scan-assembler vrshrn.i32[ \\t]+[dD][0-9]+, [qQ][0-9]+, #[0-9]+!?([ \\t]+@[a-zA-Z0-9 ]+)?\\n
FAIL: gcc.target/arm/neon/vRshrn_ns64.c (test for excess errors)
FAIL: gcc.target/arm/neon/vRshrn_ns64.c scan-assembler vrshrn.i64[ \\t]+[dD][0-9]+, [qQ][0-9]+, #[0-9]+!?([ \\t]+@[a-zA-Z0-9 ]+)?\\n
FAIL: gcc.target/arm/neon/vRshrn_nu16.c (test for excess errors)
FAIL: gcc.target/arm/neon/vRshrn_nu16.c scan-assembler vrshrn.i16[ \\t]+[dD][0-9]+, [qQ][0-9]+, #[0-9]+!?([ \\t]+@[a-zA-Z0-9 ]+)?\\n
FAIL: gcc.target/arm/neon/vRshrn_nu32.c (test for excess errors)
FAIL: gcc.target/arm/neon/vRshrn_nu32.c scan-assembler vrshrn.i32[ \\t]+[dD][0-9]+, [qQ][0-9]+, #[0-9]+!?([ \\t]+@[a-zA-Z0-9 ]+)?\\n
FAIL: gcc.target/arm/neon/vRshrn_nu64.c (test for excess errors)
FAIL: gcc.target/arm/neon/vRshrn_nu64.c scan-assembler vrshrn.i64[ \\t]+[dD][0-9]+, [qQ][0-9]+, #[0-9]+!?([ \\t]+@[a-zA-Z0-9 ]+)?\\n
FAIL: gcc.target/arm/neon/vRsraQ_ns16.c (test for excess errors)
FAIL: gcc.target/arm/neon/vRsraQ_ns16.c scan-assembler vrsra.s16[ \\t]+[qQ][0-9]+, [qQ][0-9]+, #[0-9]+!?([ \\t]+@[a-zA-Z0-9 ]+)?\\n
FAIL: gcc.target/arm/neon/vRsraQ_ns32.c (test for excess errors)
FAIL: gcc.target/arm/neon/vRsraQ_ns32.c scan-assembler vrsra.s32[ \\t]+[qQ][0-9]+, [qQ][0-9]+, #[0-9]+!?([ \\t]+@[a-zA-Z0-9 ]+)?\\n
FAIL: gcc.target/arm/neon/vRsraQ_ns64.c (test for excess errors)
FAIL: gcc.target/arm/neon/vRsraQ_ns64.c scan-assembler vrsra.s64[ \\t]+[qQ][0-9]+, [qQ][0-9]+, #[0-9]+!?([ \\t]+@[a-zA-Z0-9 ]+)?\\n
FAIL: gcc.target/arm/neon/vRsraQ_ns8.c (test for excess errors)
FAIL: gcc.target/arm/neon/vRsraQ_ns8.c scan-assembler vrsra.s8[ \\t]+[qQ][0-9]+, [qQ][0-9]+, #[0-9]+!?([ \\t]+@[a-zA-Z0-9 ]+)?\\n
FAIL: gcc.target/arm/neon/vRsraQ_nu16.c (test for excess errors)
FAIL: gcc.target/arm/neon/vRsraQ_nu16.c scan-assembler vrsra.u16[ \\t]+[qQ][0-9]+, [qQ][0-9]+, #[0-9]+!?([ \\t]+@[a-zA-Z0-9 ]+)?\\n
FAIL: gcc.target/arm/neon/vRsraQ_nu32.c (test for excess errors)
FAIL: gcc.target/arm/neon/vRsraQ_nu32.c scan-assembler vrsra.u32[ \\t]+[qQ][0-9]+, [qQ][0-9]+, #[0-9]+!?([ \\t]+@[a-zA-Z0-9 ]+)?\\n
FAIL: gcc.target/arm/neon/vRsraQ_nu64.c (test for excess errors)
FAIL: gcc.target/arm/neon/vRsraQ_nu64.c scan-assembler vrsra.u64[ \\t]+[qQ][0-9]+, [qQ][0-9]+, #[0-9]+!?([ \\t]+@[a-zA-Z0-9 ]+)?\\n
FAIL: gcc.target/arm/neon/vRsraQ_nu8.c (test for excess errors)
FAIL: gcc.target/arm/neon/vRsraQ_nu8.c scan-assembler vrsra.u8[ \\t]+[qQ][0-9]+, [qQ][0-9]+, #[0-9]+!?([ \\t]+@[a-zA-Z0-9 ]+)?\\n
FAIL: gcc.target/arm/neon/vRsra_ns16.c (test for excess errors)
FAIL: gcc.target/arm/neon/vRsra_ns16.c scan-assembler vrsra.s16[ \\t]+[dD][0-9]+, [dD][0-9]+, #[0-9]+!?([ \\t]+@[a-zA-Z0-9 ]+)?\\n
FAIL: gcc.target/arm/neon/vRsra_ns32.c (test for excess errors)
FAIL: gcc.target/arm/neon/vRsra_ns32.c scan-assembler vrsra.s32[ \\t]+[dD][0-9]+, [dD][0-9]+, #[0-9]+!?([ \\t]+@[a-zA-Z0-9 ]+)?\\n
FAIL: gcc.target/arm/neon/vRsra_ns64.c (test for excess errors)
FAIL: gcc.target/arm/neon/vRsra_ns64.c scan-assembler vrsra.s64[ \\t]+[dD][0-9]+, [dD][0-9]+, #[0-9]+!?([ \\t]+@[a-zA-Z0-9 ]+)?\\n
FAIL: gcc.target/arm/neon/vRsra_ns8.c (test for excess errors)
FAIL: gcc.target/arm/neon/vRsra_ns8.c scan-assembler vrsra.s8[ \\t]+[dD][0-9]+, [dD][0-9]+, #[0-9]+!?([ \\t]+@[a-zA-Z0-9 ]+)?\\n
FAIL: gcc.target/arm/neon/vRsra_nu16.c (test for excess errors)
FAIL: gcc.target/arm/neon/vRsra_nu16.c scan-assembler vrsra.u16[ \\t]+[dD][0-9]+, [dD][0-9]+, #[0-9]+!?([ \\t]+@[a-zA-Z0-9 ]+)?\\n
FAIL: gcc.target/arm/neon/vRsra_nu32.c (test for excess errors)
FAIL: gcc.target/arm/neon/vRsra_nu32.c scan-assembler vrsra.u32[ \\t]+[dD][0-9]+, [dD][0-9]+, #[0-9]+!?([ \\t]+@[a-zA-Z0-9 ]+)?\\n
FAIL: gcc.target/arm/neon/vRsra_nu64.c (test for excess errors)
FAIL: gcc.target/arm/neon/vRsra_nu64.c scan-assembler vrsra.u64[ \\t]+[dD][0-9]+, [dD][0-9]+, #[0-9]+!?([ \\t]+@[a-zA-Z0-9 ]+)?\\n
FAIL: gcc.target/arm/neon/vRsra_nu8.c (test for excess errors)
FAIL: gcc.target/arm/neon/vRsra_nu8.c scan-assembler vrsra.u8[ \\t]+[dD][0-9]+, [dD][0-9]+, #[0-9]+!?([ \\t]+@[a-zA-Z0-9 ]+)?\\n
FAIL: gcc.target/arm/neon/vcvtQ_nf32_s32.c (test for excess errors)
FAIL: gcc.target/arm/neon/vcvtQ_nf32_s32.c scan-assembler vcvt.f32.s32[ \\t]+[qQ][0-9]+, [qQ][0-9]+, #[0-9]+!?([ \\t]+@[a-zA-Z0-9 ]+)?\\n
FAIL: gcc.target/arm/neon/vcvtQ_nf32_u32.c (test for excess errors)
FAIL: gcc.target/arm/neon/vcvtQ_nf32_u32.c scan-assembler vcvt.f32.u32[ \\t]+[qQ][0-9]+, [qQ][0-9]+, #[0-9]+!?([ \\t]+@[a-zA-Z0-9 ]+)?\\n
FAIL: gcc.target/arm/neon/vcvtQ_ns32_f32.c (test for excess errors)
FAIL: gcc.target/arm/neon/vcvtQ_ns32_f32.c scan-assembler vcvt.s32.f32[ \\t]+[qQ][0-9]+, [qQ][0-9]+, #[0-9]+!?([ \\t]+@[a-zA-Z0-9 ]+)?\\n
FAIL: gcc.target/arm/neon/vcvtQ_nu32_f32.c (test for excess errors)
FAIL: gcc.target/arm/neon/vcvtQ_nu32_f32.c scan-assembler vcvt.u32.f32[ \\t]+[qQ][0-9]+, [qQ][0-9]+, #[0-9]+!?([ \\t]+@[a-zA-Z0-9 ]+)?\\n
FAIL: gcc.target/arm/neon/vcvt_nf32_s32.c (test for excess errors)
FAIL: gcc.target/arm/neon/vcvt_nf32_s32.c scan-assembler vcvt.f32.s32[ \\t]+[dD][0-9]+, [dD][0-9]+, #[0-9]+!?([ \\t]+@[a-zA-Z0-9 ]+)?\\n
FAIL: gcc.target/arm/neon/vcvt_nf32_u32.c (test for excess errors)
FAIL: gcc.target/arm/neon/vcvt_nf32_u32.c scan-assembler vcvt.f32.u32[ \\t]+[dD][0-9]+, [dD][0-9]+, #[0-9]+!?([ \\t]+@[a-zA-Z0-9 ]+)?\\n
FAIL: gcc.target/arm/neon/vcvt_ns32_f32.c (test for excess errors)
FAIL: gcc.target/arm/neon/vcvt_ns32_f32.c scan-assembler vcvt.s32.f32[ \\t]+[dD][0-9]+, [dD][0-9]+, #[0-9]+!?([ \\t]+@[a-zA-Z0-9 ]+)?\\n
FAIL: gcc.target/arm/neon/vcvt_nu32_f32.c (test for excess errors)
FAIL: gcc.target/arm/neon/vcvt_nu32_f32.c scan-assembler vcvt.u32.f32[ \\t]+[dD][0-9]+, [dD][0-9]+, #[0-9]+!?([ \\t]+@[a-zA-Z0-9 ]+)?\\n
FAIL: gcc.target/arm/neon/vdupQ_lanef32.c (test for excess errors)
FAIL: gcc.target/arm/neon/vdupQ_lanef32.c scan-assembler vdup.32[ \\t]+[qQ][0-9]+, [dD][0-9]+\\\\[[0-9]+\\\\]!?([ \\t]+@[a-zA-Z0-9 ]+)?\\n
FAIL: gcc.target/arm/neon/vdupQ_lanep16.c (test for excess errors)
FAIL: gcc.target/arm/neon/vdupQ_lanep16.c scan-assembler vdup.16[ \\t]+[qQ][0-9]+, [dD][0-9]+\\\\[[0-9]+\\\\]!?([ \\t]+@[a-zA-Z0-9 ]+)?\\n
FAIL: gcc.target/arm/neon/vdupQ_lanep8.c (test for excess errors)
FAIL: gcc.target/arm/neon/vdupQ_lanep8.c scan-assembler vdup.8[ \\t]+[qQ][0-9]+, [dD][0-9]+\\\\[[0-9]+\\\\]!?([ \\t]+@[a-zA-Z0-9 ]+)?\\n
FAIL: gcc.target/arm/neon/vdupQ_lanes16.c (test for excess errors)
FAIL: gcc.target/arm/neon/vdupQ_lanes16.c scan-assembler vdup.16[ \\t]+[qQ][0-9]+, [dD][0-9]+\\\\[[0-9]+\\\\]!?([ \\t]+@[a-zA-Z0-9 ]+)?\\n
FAIL: gcc.target/arm/neon/vdupQ_lanes32.c (test for excess errors)
FAIL: gcc.target/arm/neon/vdupQ_lanes32.c scan-assembler vdup.32[ \\t]+[qQ][0-9]+, [dD][0-9]+\\\\[[0-9]+\\\\]!?([ \\t]+@[a-zA-Z0-9 ]+)?\\n
FAIL: gcc.target/arm/neon/vdupQ_lanes64.c (test for excess errors)
FAIL: gcc.target/arm/neon/vdupQ_lanes8.c (test for excess errors)
FAIL: gcc.target/arm/neon/vdupQ_lanes8.c scan-assembler vdup.8[ \\t]+[qQ][0-9]+, [dD][0-9]+\\\\[[0-9]+\\\\]!?([ \\t]+@[a-zA-Z0-9 ]+)?\\n
FAIL: gcc.target/arm/neon/vdupQ_laneu16.c (test for excess errors)
FAIL: gcc.target/arm/neon/vdupQ_laneu16.c scan-assembler vdup.16[ \\t]+[qQ][0-9]+, [dD][0-9]+\\\\[[0-9]+\\\\]!?([ \\t]+@[a-zA-Z0-9 ]+)?\\n
FAIL: gcc.target/arm/neon/vdupQ_laneu32.c (test for excess errors)
FAIL: gcc.target/arm/neon/vdupQ_laneu32.c scan-assembler vdup.32[ \\t]+[qQ][0-9]+, [dD][0-9]+\\\\[[0-9]+\\\\]!?([ \\t]+@[a-zA-Z0-9 ]+)?\\n
FAIL: gcc.target/arm/neon/vdupQ_laneu64.c (test for excess errors)
FAIL: gcc.target/arm/neon/vdupQ_laneu8.c (test for excess errors)
FAIL: gcc.target/arm/neon/vdupQ_laneu8.c scan-assembler vdup.8[ \\t]+[qQ][0-9]+, [dD][0-9]+\\\\[[0-9]+\\\\]!?([ \\t]+@[a-zA-Z0-9 ]+)?\\n
FAIL: gcc.target/arm/neon/vdupQ_np16.c (internal compiler error)
FAIL: gcc.target/arm/neon/vdupQ_np16.c (test for excess errors)
FAIL: gcc.target/arm/neon/vdupQ_np16.c scan-assembler vdup.16[ \\t]+[qQ][0-9]+, [rR][0-9]+!?([ \\t]+@[a-zA-Z0-9 ]+)?\\n
FAIL: gcc.target/arm/neon/vdupQ_np8.c (internal compiler error)
FAIL: gcc.target/arm/neon/vdupQ_np8.c (test for excess errors)
FAIL: gcc.target/arm/neon/vdupQ_np8.c scan-assembler vdup.8[ \\t]+[qQ][0-9]+, [rR][0-9]+!?([ \\t]+@[a-zA-Z0-9 ]+)?\\n
FAIL: gcc.target/arm/neon/vdupQ_ns16.c (internal compiler error)
FAIL: gcc.target/arm/neon/vdupQ_ns16.c (test for excess errors)
FAIL: gcc.target/arm/neon/vdupQ_ns16.c scan-assembler vdup.16[ \\t]+[qQ][0-9]+, [rR][0-9]+!?([ \\t]+@[a-zA-Z0-9 ]+)?\\n
FAIL: gcc.target/arm/neon/vdupQ_ns8.c (internal compiler error)
FAIL: gcc.target/arm/neon/vdupQ_ns8.c (test for excess errors)
FAIL: gcc.target/arm/neon/vdupQ_ns8.c scan-assembler vdup.8[ \\t]+[qQ][0-9]+, [rR][0-9]+!?([ \\t]+@[a-zA-Z0-9 ]+)?\\n
FAIL: gcc.target/arm/neon/vdupQ_nu16.c (internal compiler error)
FAIL: gcc.target/arm/neon/vdupQ_nu16.c (test for excess errors)
FAIL: gcc.target/arm/neon/vdupQ_nu16.c scan-assembler vdup.16[ \\t]+[qQ][0-9]+, [rR][0-9]+!?([ \\t]+@[a-zA-Z0-9 ]+)?\\n
FAIL: gcc.target/arm/neon/vdupQ_nu8.c (internal compiler error)
FAIL: gcc.target/arm/neon/vdupQ_nu8.c (test for excess errors)
FAIL: gcc.target/arm/neon/vdupQ_nu8.c scan-assembler vdup.8[ \\t]+[qQ][0-9]+, [rR][0-9]+!?([ \\t]+@[a-zA-Z0-9 ]+)?\\n
FAIL: gcc.target/arm/neon/vdup_lanef32.c (test for excess errors)
FAIL: gcc.target/arm/neon/vdup_lanef32.c scan-assembler vdup.32[ \\t]+[dD][0-9]+, [dD][0-9]+\\\\[[0-9]+\\\\]!?([ \\t]+@[a-zA-Z0-9 ]+)?\\n
FAIL: gcc.target/arm/neon/vdup_lanep16.c (test for excess errors)
FAIL: gcc.target/arm/neon/vdup_lanep16.c scan-assembler vdup.16[ \\t]+[dD][0-9]+, [dD][0-9]+\\\\[[0-9]+\\\\]!?([ \\t]+@[a-zA-Z0-9 ]+)?\\n
FAIL: gcc.target/arm/neon/vdup_lanep8.c (test for excess errors)
FAIL: gcc.target/arm/neon/vdup_lanep8.c scan-assembler vdup.8[ \\t]+[dD][0-9]+, [dD][0-9]+\\\\[[0-9]+\\\\]!?([ \\t]+@[a-zA-Z0-9 ]+)?\\n
FAIL: gcc.target/arm/neon/vdup_lanes16.c (test for excess errors)
FAIL: gcc.target/arm/neon/vdup_lanes16.c scan-assembler vdup.16[ \\t]+[dD][0-9]+, [dD][0-9]+\\\\[[0-9]+\\\\]!?([ \\t]+@[a-zA-Z0-9 ]+)?\\n
FAIL: gcc.target/arm/neon/vdup_lanes32.c (test for excess errors)
FAIL: gcc.target/arm/neon/vdup_lanes32.c scan-assembler vdup.32[ \\t]+[dD][0-9]+, [dD][0-9]+\\\\[[0-9]+\\\\]!?([ \\t]+@[a-zA-Z0-9 ]+)?\\n
FAIL: gcc.target/arm/neon/vdup_lanes64.c (internal compiler error)
FAIL: gcc.target/arm/neon/vdup_lanes64.c (test for excess errors)
FAIL: gcc.target/arm/neon/vdup_lanes8.c (test for excess errors)
FAIL: gcc.target/arm/neon/vdup_lanes8.c scan-assembler vdup.8[ \\t]+[dD][0-9]+, [dD][0-9]+\\\\[[0-9]+\\\\]!?([ \\t]+@[a-zA-Z0-9 ]+)?\\n
FAIL: gcc.target/arm/neon/vdup_laneu16.c (test for excess errors)
FAIL: gcc.target/arm/neon/vdup_laneu16.c scan-assembler vdup.16[ \\t]+[dD][0-9]+, [dD][0-9]+\\\\[[0-9]+\\\\]!?([ \\t]+@[a-zA-Z0-9 ]+)?\\n
FAIL: gcc.target/arm/neon/vdup_laneu32.c (test for excess errors)
FAIL: gcc.target/arm/neon/vdup_laneu32.c scan-assembler vdup.32[ \\t]+[dD][0-9]+, [dD][0-9]+\\\\[[0-9]+\\\\]!?([ \\t]+@[a-zA-Z0-9 ]+)?\\n
FAIL: gcc.target/arm/neon/vdup_laneu64.c (internal compiler error)
FAIL: gcc.target/arm/neon/vdup_laneu64.c (test for excess errors)
FAIL: gcc.target/arm/neon/vdup_laneu8.c (test for excess errors)
FAIL: gcc.target/arm/neon/vdup_laneu8.c scan-assembler vdup.8[ \\t]+[dD][0-9]+, [dD][0-9]+\\\\[[0-9]+\\\\]!?([ \\t]+@[a-zA-Z0-9 ]+)?\\n
FAIL: gcc.target/arm/neon/vdup_np16.c (internal compiler error)
FAIL: gcc.target/arm/neon/vdup_np16.c (test for excess errors)
FAIL: gcc.target/arm/neon/vdup_np16.c scan-assembler vdup.16[ \\t]+[dD][0-9]+, [rR][0-9]+!?([ \\t]+@[a-zA-Z0-9 ]+)?\\n
FAIL: gcc.target/arm/neon/vdup_np8.c (internal compiler error)
FAIL: gcc.target/arm/neon/vdup_np8.c (test for excess errors)
FAIL: gcc.target/arm/neon/vdup_np8.c scan-assembler vdup.8[ \\t]+[dD][0-9]+, [rR][0-9]+!?([ \\t]+@[a-zA-Z0-9 ]+)?\\n
FAIL: gcc.target/arm/neon/vdup_ns16.c (internal compiler error)
FAIL: gcc.target/arm/neon/vdup_ns16.c (test for excess errors)
FAIL: gcc.target/arm/neon/vdup_ns16.c scan-assembler vdup.16[ \\t]+[dD][0-9]+, [rR][0-9]+!?([ \\t]+@[a-zA-Z0-9 ]+)?\\n
FAIL: gcc.target/arm/neon/vdup_ns8.c (internal compiler error)
FAIL: gcc.target/arm/neon/vdup_ns8.c (test for excess errors)
FAIL: gcc.target/arm/neon/vdup_ns8.c scan-assembler vdup.8[ \\t]+[dD][0-9]+, [rR][0-9]+!?([ \\t]+@[a-zA-Z0-9 ]+)?\\n
FAIL: gcc.target/arm/neon/vdup_nu16.c (internal compiler error)
FAIL: gcc.target/arm/neon/vdup_nu16.c (test for excess errors)
FAIL: gcc.target/arm/neon/vdup_nu16.c scan-assembler vdup.16[ \\t]+[dD][0-9]+, [rR][0-9]+!?([ \\t]+@[a-zA-Z0-9 ]+)?\\n
FAIL: gcc.target/arm/neon/vdup_nu8.c (internal compiler error)
FAIL: gcc.target/arm/neon/vdup_nu8.c (test for excess errors)
FAIL: gcc.target/arm/neon/vdup_nu8.c scan-assembler vdup.8[ \\t]+[dD][0-9]+, [rR][0-9]+!?([ \\t]+@[a-zA-Z0-9 ]+)?\\n
FAIL: gcc.target/arm/neon/vextQf32.c (test for excess errors)
FAIL: gcc.target/arm/neon/vextQf32.c scan-assembler vext.32[ \\t]+[qQ][0-9]+, [qQ][0-9]+, [qQ][0-9]+, #[0-9]+!?([ \\t]+@[a-zA-Z0-9 ]+)?\\n
FAIL: gcc.target/arm/neon/vextQp16.c (test for excess errors)
FAIL: gcc.target/arm/neon/vextQp16.c scan-assembler vext.16[ \\t]+[qQ][0-9]+, [qQ][0-9]+, [qQ][0-9]+, #[0-9]+!?([ \\t]+@[a-zA-Z0-9 ]+)?\\n
FAIL: gcc.target/arm/neon/vextQp8.c (test for excess errors)
FAIL: gcc.target/arm/neon/vextQp8.c scan-assembler vext.8[ \\t]+[qQ][0-9]+, [qQ][0-9]+, [qQ][0-9]+, #[0-9]+!?([ \\t]+@[a-zA-Z0-9 ]+)?\\n
FAIL: gcc.target/arm/neon/vextQs16.c (test for excess errors)
FAIL: gcc.target/arm/neon/vextQs16.c scan-assembler vext.16[ \\t]+[qQ][0-9]+, [qQ][0-9]+, [qQ][0-9]+, #[0-9]+!?([ \\t]+@[a-zA-Z0-9 ]+)?\\n
FAIL: gcc.target/arm/neon/vextQs32.c (test for excess errors)
FAIL: gcc.target/arm/neon/vextQs32.c scan-assembler vext.32[ \\t]+[qQ][0-9]+, [qQ][0-9]+, [qQ][0-9]+, #[0-9]+!?([ \\t]+@[a-zA-Z0-9 ]+)?\\n
FAIL: gcc.target/arm/neon/vextQs64.c (test for excess errors)
FAIL: gcc.target/arm/neon/vextQs64.c scan-assembler vext.64[ \\t]+[qQ][0-9]+, [qQ][0-9]+, [qQ][0-9]+, #[0-9]+!?([ \\t]+@[a-zA-Z0-9 ]+)?\\n
FAIL: gcc.target/arm/neon/vextQs8.c (test for excess errors)
FAIL: gcc.target/arm/neon/vextQs8.c scan-assembler vext.8[ \\t]+[qQ][0-9]+, [qQ][0-9]+, [qQ][0-9]+, #[0-9]+!?([ \\t]+@[a-zA-Z0-9 ]+)?\\n
FAIL: gcc.target/arm/neon/vextQu16.c (test for excess errors)
FAIL: gcc.target/arm/neon/vextQu16.c scan-assembler vext.16[ \\t]+[qQ][0-9]+, [qQ][0-9]+, [qQ][0-9]+, #[0-9]+!?([ \\t]+@[a-zA-Z0-9 ]+)?\\n
FAIL: gcc.target/arm/neon/vextQu32.c (test for excess errors)
FAIL: gcc.target/arm/neon/vextQu32.c scan-assembler vext.32[ \\t]+[qQ][0-9]+, [qQ][0-9]+, [qQ][0-9]+, #[0-9]+!?([ \\t]+@[a-zA-Z0-9 ]+)?\\n
FAIL: gcc.target/arm/neon/vextQu64.c (test for excess errors)
FAIL: gcc.target/arm/neon/vextQu64.c scan-assembler vext.64[ \\t]+[qQ][0-9]+, [qQ][0-9]+, [qQ][0-9]+, #[0-9]+!?([ \\t]+@[a-zA-Z0-9 ]+)?\\n
FAIL: gcc.target/arm/neon/vextQu8.c (test for excess errors)
FAIL: gcc.target/arm/neon/vextQu8.c scan-assembler vext.8[ \\t]+[qQ][0-9]+, [qQ][0-9]+, [qQ][0-9]+, #[0-9]+!?([ \\t]+@[a-zA-Z0-9 ]+)?\\n
FAIL: gcc.target/arm/neon/vextf32.c (test for excess errors)
FAIL: gcc.target/arm/neon/vextf32.c scan-assembler vext.32[ \\t]+[dD][0-9]+, [dD][0-9]+, [dD][0-9]+, #[0-9]+!?([ \\t]+@[a-zA-Z0-9 ]+)?\\n
FAIL: gcc.target/arm/neon/vextp16.c (test for excess errors)
FAIL: gcc.target/arm/neon/vextp16.c scan-assembler vext.16[ \\t]+[dD][0-9]+, [dD][0-9]+, [dD][0-9]+, #[0-9]+!?([ \\t]+@[a-zA-Z0-9 ]+)?\\n
FAIL: gcc.target/arm/neon/vextp8.c (test for excess errors)
FAIL: gcc.target/arm/neon/vextp8.c scan-assembler vext.8[ \\t]+[dD][0-9]+, [dD][0-9]+, [dD][0-9]+, #[0-9]+!?([ \\t]+@[a-zA-Z0-9 ]+)?\\n
FAIL: gcc.target/arm/neon/vexts16.c (test for excess errors)
FAIL: gcc.target/arm/neon/vexts16.c scan-assembler vext.16[ \\t]+[dD][0-9]+, [dD][0-9]+, [dD][0-9]+, #[0-9]+!?([ \\t]+@[a-zA-Z0-9 ]+)?\\n
FAIL: gcc.target/arm/neon/vexts32.c (test for excess errors)
FAIL: gcc.target/arm/neon/vexts32.c scan-assembler vext.32[ \\t]+[dD][0-9]+, [dD][0-9]+, [dD][0-9]+, #[0-9]+!?([ \\t]+@[a-zA-Z0-9 ]+)?\\n
FAIL: gcc.target/arm/neon/vexts64.c (test for excess errors)
FAIL: gcc.target/arm/neon/vexts64.c scan-assembler vext.64[ \\t]+[dD][0-9]+, [dD][0-9]+, [dD][0-9]+, #[0-9]+!?([ \\t]+@[a-zA-Z0-9 ]+)?\\n
FAIL: gcc.target/arm/neon/vexts8.c (test for excess errors)
FAIL: gcc.target/arm/neon/vexts8.c scan-assembler vext.8[ \\t]+[dD][0-9]+, [dD][0-9]+, [dD][0-9]+, #[0-9]+!?([ \\t]+@[a-zA-Z0-9 ]+)?\\n
FAIL: gcc.target/arm/neon/vextu16.c (test for excess errors)
FAIL: gcc.target/arm/neon/vextu16.c scan-assembler vext.16[ \\t]+[dD][0-9]+, [dD][0-9]+, [dD][0-9]+, #[0-9]+!?([ \\t]+@[a-zA-Z0-9 ]+)?\\n
FAIL: gcc.target/arm/neon/vextu32.c (test for excess errors)
FAIL: gcc.target/arm/neon/vextu32.c scan-assembler vext.32[ \\t]+[dD][0-9]+, [dD][0-9]+, [dD][0-9]+, #[0-9]+!?([ \\t]+@[a-zA-Z0-9 ]+)?\\n
FAIL: gcc.target/arm/neon/vextu64.c (test for excess errors)
FAIL: gcc.target/arm/neon/vextu64.c scan-assembler vext.64[ \\t]+[dD][0-9]+, [dD][0-9]+, [dD][0-9]+, #[0-9]+!?([ \\t]+@[a-zA-Z0-9 ]+)?\\n
FAIL: gcc.target/arm/neon/vextu8.c (test for excess errors)
FAIL: gcc.target/arm/neon/vextu8.c scan-assembler vext.8[ \\t]+[dD][0-9]+, [dD][0-9]+, [dD][0-9]+, #[0-9]+!?([ \\t]+@[a-zA-Z0-9 ]+)?\\n
FAIL: gcc.target/arm/neon/vgetQ_lanef32.c (internal compiler error)
FAIL: gcc.target/arm/neon/vgetQ_lanef32.c (test for excess errors)
FAIL: gcc.target/arm/neon/vgetQ_lanef32.c scan-assembler vmov.32[ \\t]+[rR][0-9]+, [dD][0-9]+\\\\[[0-9]+\\\\]!?([ \\t]+@[a-zA-Z0-9 ]+)?\\n
FAIL: gcc.target/arm/neon/vgetQ_lanep16.c (internal compiler error)
FAIL: gcc.target/arm/neon/vgetQ_lanep16.c (test for excess errors)
FAIL: gcc.target/arm/neon/vgetQ_lanep16.c scan-assembler vmov.u16[ \\t]+[rR][0-9]+, [dD][0-9]+\\\\[[0-9]+\\\\]!?([ \\t]+@[a-zA-Z0-9 ]+)?\\n
FAIL: gcc.target/arm/neon/vgetQ_lanep8.c (internal compiler error)
FAIL: gcc.target/arm/neon/vgetQ_lanep8.c (test for excess errors)
FAIL: gcc.target/arm/neon/vgetQ_lanep8.c scan-assembler vmov.u8[ \\t]+[rR][0-9]+, [dD][0-9]+\\\\[[0-9]+\\\\]!?([ \\t]+@[a-zA-Z0-9 ]+)?\\n
FAIL: gcc.target/arm/neon/vgetQ_lanes16.c (internal compiler error)
FAIL: gcc.target/arm/neon/vgetQ_lanes16.c (test for excess errors)
FAIL: gcc.target/arm/neon/vgetQ_lanes16.c scan-assembler vmov.s16[ \\t]+[rR][0-9]+, [dD][0-9]+\\\\[[0-9]+\\\\]!?([ \\t]+@[a-zA-Z0-9 ]+)?\\n
FAIL: gcc.target/arm/neon/vgetQ_lanes32.c (internal compiler error)
FAIL: gcc.target/arm/neon/vgetQ_lanes32.c (test for excess errors)
FAIL: gcc.target/arm/neon/vgetQ_lanes32.c scan-assembler vmov.32[ \\t]+[rR][0-9]+, [dD][0-9]+\\\\[[0-9]+\\\\]!?([ \\t]+@[a-zA-Z0-9 ]+)?\\n
FAIL: gcc.target/arm/neon/vgetQ_lanes64.c (test for excess errors)
FAIL: gcc.target/arm/neon/vgetQ_lanes64.c scan-assembler vmov[ \\t]+[rR][0-9]+, [rR][0-9]+, [dD][0-9]+!?([ \\t]+@[a-zA-Z0-9 ]+)?\\n
FAIL: gcc.target/arm/neon/vgetQ_lanes8.c (internal compiler error)
FAIL: gcc.target/arm/neon/vgetQ_lanes8.c (test for excess errors)
FAIL: gcc.target/arm/neon/vgetQ_lanes8.c scan-assembler vmov.s8[ \\t]+[rR][0-9]+, [dD][0-9]+\\\\[[0-9]+\\\\]!?([ \\t]+@[a-zA-Z0-9 ]+)?\\n
FAIL: gcc.target/arm/neon/vgetQ_laneu16.c (internal compiler error)
FAIL: gcc.target/arm/neon/vgetQ_laneu16.c (test for excess errors)
FAIL: gcc.target/arm/neon/vgetQ_laneu16.c scan-assembler vmov.u16[ \\t]+[rR][0-9]+, [dD][0-9]+\\\\[[0-9]+\\\\]!?([ \\t]+@[a-zA-Z0-9 ]+)?\\n
FAIL: gcc.target/arm/neon/vgetQ_laneu32.c (internal compiler error)
FAIL: gcc.target/arm/neon/vgetQ_laneu32.c (test for excess errors)
FAIL: gcc.target/arm/neon/vgetQ_laneu32.c scan-assembler vmov.32[ \\t]+[rR][0-9]+, [dD][0-9]+\\\\[[0-9]+\\\\]!?([ \\t]+@[a-zA-Z0-9 ]+)?\\n
FAIL: gcc.target/arm/neon/vgetQ_laneu64.c (test for excess errors)
FAIL: gcc.target/arm/neon/vgetQ_laneu64.c scan-assembler vmov[ \\t]+[rR][0-9]+, [rR][0-9]+, [dD][0-9]+!?([ \\t]+@[a-zA-Z0-9 ]+)?\\n
FAIL: gcc.target/arm/neon/vgetQ_laneu8.c (internal compiler error)
FAIL: gcc.target/arm/neon/vgetQ_laneu8.c (test for excess errors)
FAIL: gcc.target/arm/neon/vgetQ_laneu8.c scan-assembler vmov.u8[ \\t]+[rR][0-9]+, [dD][0-9]+\\\\[[0-9]+\\\\]!?([ \\t]+@[a-zA-Z0-9 ]+)?\\n
FAIL: gcc.target/arm/neon/vget_lanef32.c (internal compiler error)
FAIL: gcc.target/arm/neon/vget_lanef32.c (test for excess errors)
FAIL: gcc.target/arm/neon/vget_lanef32.c scan-assembler vmov.32[ \\t]+[rR][0-9]+, [dD][0-9]+\\\\[[0-9]+\\\\]!?([ \\t]+@[a-zA-Z0-9 ]+)?\\n
FAIL: gcc.target/arm/neon/vget_lanep16.c (internal compiler error)
FAIL: gcc.target/arm/neon/vget_lanep16.c (test for excess errors)
FAIL: gcc.target/arm/neon/vget_lanep16.c scan-assembler vmov.u16[ \\t]+[rR][0-9]+, [dD][0-9]+\\\\[[0-9]+\\\\]!?([ \\t]+@[a-zA-Z0-9 ]+)?\\n
FAIL: gcc.target/arm/neon/vget_lanep8.c (internal compiler error)
FAIL: gcc.target/arm/neon/vget_lanep8.c (test for excess errors)
FAIL: gcc.target/arm/neon/vget_lanep8.c scan-assembler vmov.u8[ \\t]+[rR][0-9]+, [dD][0-9]+\\\\[[0-9]+\\\\]!?([ \\t]+@[a-zA-Z0-9 ]+)?\\n
FAIL: gcc.target/arm/neon/vget_lanes16.c (internal compiler error)
FAIL: gcc.target/arm/neon/vget_lanes16.c (test for excess errors)
FAIL: gcc.target/arm/neon/vget_lanes16.c scan-assembler vmov.s16[ \\t]+[rR][0-9]+, [dD][0-9]+\\\\[[0-9]+\\\\]!?([ \\t]+@[a-zA-Z0-9 ]+)?\\n
FAIL: gcc.target/arm/neon/vget_lanes32.c (internal compiler error)
FAIL: gcc.target/arm/neon/vget_lanes32.c (test for excess errors)
FAIL: gcc.target/arm/neon/vget_lanes32.c scan-assembler vmov.32[ \\t]+[rR][0-9]+, [dD][0-9]+\\\\[[0-9]+\\\\]!?([ \\t]+@[a-zA-Z0-9 ]+)?\\n
FAIL: gcc.target/arm/neon/vget_lanes64.c (test for excess errors)
FAIL: gcc.target/arm/neon/vget_lanes64.c scan-assembler vmov[ \\t]+[rR][0-9]+, [rR][0-9]+, [dD][0-9]+!?([ \\t]+@[a-zA-Z0-9 ]+)?\\n
FAIL: gcc.target/arm/neon/vget_lanes8.c (internal compiler error)
FAIL: gcc.target/arm/neon/vget_lanes8.c (test for excess errors)
FAIL: gcc.target/arm/neon/vget_lanes8.c scan-assembler vmov.s8[ \\t]+[rR][0-9]+, [dD][0-9]+\\\\[[0-9]+\\\\]!?([ \\t]+@[a-zA-Z0-9 ]+)?\\n
FAIL: gcc.target/arm/neon/vget_laneu16.c (internal compiler error)
FAIL: gcc.target/arm/neon/vget_laneu16.c (test for excess errors)
FAIL: gcc.target/arm/neon/vget_laneu16.c scan-assembler vmov.u16[ \\t]+[rR][0-9]+, [dD][0-9]+\\\\[[0-9]+\\\\]!?([ \\t]+@[a-zA-Z0-9 ]+)?\\n
FAIL: gcc.target/arm/neon/vget_laneu32.c (internal compiler error)
FAIL: gcc.target/arm/neon/vget_laneu32.c (test for excess errors)
FAIL: gcc.target/arm/neon/vget_laneu32.c scan-assembler vmov.32[ \\t]+[rR][0-9]+, [dD][0-9]+\\\\[[0-9]+\\\\]!?([ \\t]+@[a-zA-Z0-9 ]+)?\\n
FAIL: gcc.target/arm/neon/vget_laneu64.c (test for excess errors)
FAIL: gcc.target/arm/neon/vget_laneu64.c scan-assembler vmov[ \\t]+[rR][0-9]+, [rR][0-9]+, [dD][0-9]+!?([ \\t]+@[a-zA-Z0-9 ]+)?\\n
FAIL: gcc.target/arm/neon/vget_laneu8.c (internal compiler error)
FAIL: gcc.target/arm/neon/vget_laneu8.c (test for excess errors)
FAIL: gcc.target/arm/neon/vget_laneu8.c scan-assembler vmov.u8[ \\t]+[rR][0-9]+, [dD][0-9]+\\\\[[0-9]+\\\\]!?([ \\t]+@[a-zA-Z0-9 ]+)?\\n
FAIL: gcc.target/arm/neon/vget_lowf32.c scan-assembler vmov[ \\t]+[dD][0-9]+, [dD][0-9]+!?([ \\t]+@[a-zA-Z0-9 ]+)?\\n
FAIL: gcc.target/arm/neon/vget_lowp16.c scan-assembler vmov[ \\t]+[dD][0-9]+, [dD][0-9]+!?([ \\t]+@[a-zA-Z0-9 ]+)?\\n
FAIL: gcc.target/arm/neon/vget_lowp8.c scan-assembler vmov[ \\t]+[dD][0-9]+, [dD][0-9]+!?([ \\t]+@[a-zA-Z0-9 ]+)?\\n
FAIL: gcc.target/arm/neon/vget_lows16.c scan-assembler vmov[ \\t]+[dD][0-9]+, [dD][0-9]+!?([ \\t]+@[a-zA-Z0-9 ]+)?\\n
FAIL: gcc.target/arm/neon/vget_lows32.c scan-assembler vmov[ \\t]+[dD][0-9]+, [dD][0-9]+!?([ \\t]+@[a-zA-Z0-9 ]+)?\\n
FAIL: gcc.target/arm/neon/vget_lows64.c scan-assembler vmov[ \\t]+[dD][0-9]+, [dD][0-9]+!?([ \\t]+@[a-zA-Z0-9 ]+)?\\n
FAIL: gcc.target/arm/neon/vget_lows8.c scan-assembler vmov[ \\t]+[dD][0-9]+, [dD][0-9]+!?([ \\t]+@[a-zA-Z0-9 ]+)?\\n
FAIL: gcc.target/arm/neon/vget_lowu16.c scan-assembler vmov[ \\t]+[dD][0-9]+, [dD][0-9]+!?([ \\t]+@[a-zA-Z0-9 ]+)?\\n
FAIL: gcc.target/arm/neon/vget_lowu32.c scan-assembler vmov[ \\t]+[dD][0-9]+, [dD][0-9]+!?([ \\t]+@[a-zA-Z0-9 ]+)?\\n
FAIL: gcc.target/arm/neon/vget_lowu64.c scan-assembler vmov[ \\t]+[dD][0-9]+, [dD][0-9]+!?([ \\t]+@[a-zA-Z0-9 ]+)?\\n
FAIL: gcc.target/arm/neon/vget_lowu8.c scan-assembler vmov[ \\t]+[dD][0-9]+, [dD][0-9]+!?([ \\t]+@[a-zA-Z0-9 ]+)?\\n
FAIL: gcc.target/arm/neon/vld1Q_lanef32.c (test for excess errors)
FAIL: gcc.target/arm/neon/vld1Q_lanef32.c scan-assembler vld1.32[ \\t]+((\\\\{[dD][0-9]+\\\\[[0-9]+\\\\]\\\\})|([dD][0-9]+\\\\[[0-9]+\\\\])), \\\\[[rR][0-9]+\\\\]!?([ \\t]+@[a-zA-Z0-9 ]+)?\\n
FAIL: gcc.target/arm/neon/vld1Q_lanep16.c (test for excess errors)
FAIL: gcc.target/arm/neon/vld1Q_lanep16.c scan-assembler vld1.16[ \\t]+((\\\\{[dD][0-9]+\\\\[[0-9]+\\\\]\\\\})|([dD][0-9]+\\\\[[0-9]+\\\\])), \\\\[[rR][0-9]+\\\\]!?([ \\t]+@[a-zA-Z0-9 ]+)?\\n
FAIL: gcc.target/arm/neon/vld1Q_lanep8.c (test for excess errors)
FAIL: gcc.target/arm/neon/vld1Q_lanep8.c scan-assembler vld1.8[ \\t]+((\\\\{[dD][0-9]+\\\\[[0-9]+\\\\]\\\\})|([dD][0-9]+\\\\[[0-9]+\\\\])), \\\\[[rR][0-9]+\\\\]!?([ \\t]+@[a-zA-Z0-9 ]+)?\\n
FAIL: gcc.target/arm/neon/vld1Q_lanes16.c (test for excess errors)
FAIL: gcc.target/arm/neon/vld1Q_lanes16.c scan-assembler vld1.16[ \\t]+((\\\\{[dD][0-9]+\\\\[[0-9]+\\\\]\\\\})|([dD][0-9]+\\\\[[0-9]+\\\\])), \\\\[[rR][0-9]+\\\\]!?([ \\t]+@[a-zA-Z0-9 ]+)?\\n
FAIL: gcc.target/arm/neon/vld1Q_lanes32.c (test for excess errors)
FAIL: gcc.target/arm/neon/vld1Q_lanes32.c scan-assembler vld1.32[ \\t]+((\\\\{[dD][0-9]+\\\\[[0-9]+\\\\]\\\\})|([dD][0-9]+\\\\[[0-9]+\\\\])), \\\\[[rR][0-9]+\\\\]!?([ \\t]+@[a-zA-Z0-9 ]+)?\\n
FAIL: gcc.target/arm/neon/vld1Q_lanes64.c (test for excess errors)
FAIL: gcc.target/arm/neon/vld1Q_lanes64.c scan-assembler vld1.64[ \\t]+((\\\\{[dD][0-9]+\\\\})|([dD][0-9]+)), \\\\[[rR][0-9]+\\\\]!?([ \\t]+@[a-zA-Z0-9 ]+)?\\n
FAIL: gcc.target/arm/neon/vld1Q_lanes8.c (test for excess errors)
FAIL: gcc.target/arm/neon/vld1Q_lanes8.c scan-assembler vld1.8[ \\t]+((\\\\{[dD][0-9]+\\\\[[0-9]+\\\\]\\\\})|([dD][0-9]+\\\\[[0-9]+\\\\])), \\\\[[rR][0-9]+\\\\]!?([ \\t]+@[a-zA-Z0-9 ]+)?\\n
FAIL: gcc.target/arm/neon/vld1Q_laneu16.c (test for excess errors)
FAIL: gcc.target/arm/neon/vld1Q_laneu16.c scan-assembler vld1.16[ \\t]+((\\\\{[dD][0-9]+\\\\[[0-9]+\\\\]\\\\})|([dD][0-9]+\\\\[[0-9]+\\\\])), \\\\[[rR][0-9]+\\\\]!?([ \\t]+@[a-zA-Z0-9 ]+)?\\n
FAIL: gcc.target/arm/neon/vld1Q_laneu32.c (test for excess errors)
FAIL: gcc.target/arm/neon/vld1Q_laneu32.c scan-assembler vld1.32[ \\t]+((\\\\{[dD][0-9]+\\\\[[0-9]+\\\\]\\\\})|([dD][0-9]+\\\\[[0-9]+\\\\])), \\\\[[rR][0-9]+\\\\]!?([ \\t]+@[a-zA-Z0-9 ]+)?\\n
FAIL: gcc.target/arm/neon/vld1Q_laneu64.c (test for excess errors)
FAIL: gcc.target/arm/neon/vld1Q_laneu64.c scan-assembler vld1.64[ \\t]+((\\\\{[dD][0-9]+\\\\})|([dD][0-9]+)), \\\\[[rR][0-9]+\\\\]!?([ \\t]+@[a-zA-Z0-9 ]+)?\\n
FAIL: gcc.target/arm/neon/vld1Q_laneu8.c (test for excess errors)
FAIL: gcc.target/arm/neon/vld1Q_laneu8.c scan-assembler vld1.8[ \\t]+((\\\\{[dD][0-9]+\\\\[[0-9]+\\\\]\\\\})|([dD][0-9]+\\\\[[0-9]+\\\\])), \\\\[[rR][0-9]+\\\\]!?([ \\t]+@[a-zA-Z0-9 ]+)?\\n
FAIL: gcc.target/arm/neon/vld1_lanef32.c (test for excess errors)
FAIL: gcc.target/arm/neon/vld1_lanef32.c scan-assembler vld1.32[ \\t]+((\\\\{[dD][0-9]+\\\\[[0-9]+\\\\]\\\\})|([dD][0-9]+\\\\[[0-9]+\\\\])), \\\\[[rR][0-9]+\\\\]!?([ \\t]+@[a-zA-Z0-9 ]+)?\\n
FAIL: gcc.target/arm/neon/vld1_lanep16.c (test for excess errors)
FAIL: gcc.target/arm/neon/vld1_lanep16.c scan-assembler vld1.16[ \\t]+((\\\\{[dD][0-9]+\\\\[[0-9]+\\\\]\\\\})|([dD][0-9]+\\\\[[0-9]+\\\\])), \\\\[[rR][0-9]+\\\\]!?([ \\t]+@[a-zA-Z0-9 ]+)?\\n
FAIL: gcc.target/arm/neon/vld1_lanep8.c (test for excess errors)
FAIL: gcc.target/arm/neon/vld1_lanep8.c scan-assembler vld1.8[ \\t]+((\\\\{[dD][0-9]+\\\\[[0-9]+\\\\]\\\\})|([dD][0-9]+\\\\[[0-9]+\\\\])), \\\\[[rR][0-9]+\\\\]!?([ \\t]+@[a-zA-Z0-9 ]+)?\\n
FAIL: gcc.target/arm/neon/vld1_lanes16.c (test for excess errors)
FAIL: gcc.target/arm/neon/vld1_lanes16.c scan-assembler vld1.16[ \\t]+((\\\\{[dD][0-9]+\\\\[[0-9]+\\\\]\\\\})|([dD][0-9]+\\\\[[0-9]+\\\\])), \\\\[[rR][0-9]+\\\\]!?([ \\t]+@[a-zA-Z0-9 ]+)?\\n
FAIL: gcc.target/arm/neon/vld1_lanes32.c (test for excess errors)
FAIL: gcc.target/arm/neon/vld1_lanes32.c scan-assembler vld1.32[ \\t]+((\\\\{[dD][0-9]+\\\\[[0-9]+\\\\]\\\\})|([dD][0-9]+\\\\[[0-9]+\\\\])), \\\\[[rR][0-9]+\\\\]!?([ \\t]+@[a-zA-Z0-9 ]+)?\\n
FAIL: gcc.target/arm/neon/vld1_lanes64.c (test for excess errors)
FAIL: gcc.target/arm/neon/vld1_lanes64.c scan-assembler vld1.64[ \\t]+((\\\\{[dD][0-9]+\\\\})|([dD][0-9]+)), \\\\[[rR][0-9]+\\\\]!?([ \\t]+@[a-zA-Z0-9 ]+)?\\n
FAIL: gcc.target/arm/neon/vld1_lanes8.c (test for excess errors)
FAIL: gcc.target/arm/neon/vld1_lanes8.c scan-assembler vld1.8[ \\t]+((\\\\{[dD][0-9]+\\\\[[0-9]+\\\\]\\\\})|([dD][0-9]+\\\\[[0-9]+\\\\])), \\\\[[rR][0-9]+\\\\]!?([ \\t]+@[a-zA-Z0-9 ]+)?\\n
FAIL: gcc.target/arm/neon/vld1_laneu16.c (test for excess errors)
FAIL: gcc.target/arm/neon/vld1_laneu16.c scan-assembler vld1.16[ \\t]+((\\\\{[dD][0-9]+\\\\[[0-9]+\\\\]\\\\})|([dD][0-9]+\\\\[[0-9]+\\\\])), \\\\[[rR][0-9]+\\\\]!?([ \\t]+@[a-zA-Z0-9 ]+)?\\n
FAIL: gcc.target/arm/neon/vld1_laneu32.c (test for excess errors)
FAIL: gcc.target/arm/neon/vld1_laneu32.c scan-assembler vld1.32[ \\t]+((\\\\{[dD][0-9]+\\\\[[0-9]+\\\\]\\\\})|([dD][0-9]+\\\\[[0-9]+\\\\])), \\\\[[rR][0-9]+\\\\]!?([ \\t]+@[a-zA-Z0-9 ]+)?\\n
FAIL: gcc.target/arm/neon/vld1_laneu64.c (test for excess errors)
FAIL: gcc.target/arm/neon/vld1_laneu64.c scan-assembler vld1.64[ \\t]+((\\\\{[dD][0-9]+\\\\})|([dD][0-9]+)), \\\\[[rR][0-9]+\\\\]!?([ \\t]+@[a-zA-Z0-9 ]+)?\\n
FAIL: gcc.target/arm/neon/vld1_laneu8.c (test for excess errors)
FAIL: gcc.target/arm/neon/vld1_laneu8.c scan-assembler vld1.8[ \\t]+((\\\\{[dD][0-9]+\\\\[[0-9]+\\\\]\\\\})|([dD][0-9]+\\\\[[0-9]+\\\\])), \\\\[[rR][0-9]+\\\\]!?([ \\t]+@[a-zA-Z0-9 ]+)?\\n
FAIL: gcc.target/arm/neon/vld2Q_lanef32.c (test for excess errors)
FAIL: gcc.target/arm/neon/vld2Q_lanef32.c scan-assembler vld2.32[ \\t]+\\\\{(([dD][0-9]+\\\\[[0-9]+\\\\]-[dD][0-9]+\\\\[[0-9]+\\\\])|([dD][0-9]+\\\\[[0-9]+\\\\], [dD][0-9]+\\\\[[0-9]+\\\\]))\\\\}, \\\\[[rR][0-9]+\\\\]!?([ \\t]+@[a-zA-Z0-9 ]+)?\\n
FAIL: gcc.target/arm/neon/vld2Q_lanep16.c (test for excess errors)
FAIL: gcc.target/arm/neon/vld2Q_lanep16.c scan-assembler vld2.16[ \\t]+\\\\{(([dD][0-9]+\\\\[[0-9]+\\\\]-[dD][0-9]+\\\\[[0-9]+\\\\])|([dD][0-9]+\\\\[[0-9]+\\\\], [dD][0-9]+\\\\[[0-9]+\\\\]))\\\\}, \\\\[[rR][0-9]+\\\\]!?([ \\t]+@[a-zA-Z0-9 ]+)?\\n
FAIL: gcc.target/arm/neon/vld2Q_lanes16.c (test for excess errors)
FAIL: gcc.target/arm/neon/vld2Q_lanes16.c scan-assembler vld2.16[ \\t]+\\\\{(([dD][0-9]+\\\\[[0-9]+\\\\]-[dD][0-9]+\\\\[[0-9]+\\\\])|([dD][0-9]+\\\\[[0-9]+\\\\], [dD][0-9]+\\\\[[0-9]+\\\\]))\\\\}, \\\\[[rR][0-9]+\\\\]!?([ \\t]+@[a-zA-Z0-9 ]+)?\\n
FAIL: gcc.target/arm/neon/vld2Q_lanes32.c (test for excess errors)
FAIL: gcc.target/arm/neon/vld2Q_lanes32.c scan-assembler vld2.32[ \\t]+\\\\{(([dD][0-9]+\\\\[[0-9]+\\\\]-[dD][0-9]+\\\\[[0-9]+\\\\])|([dD][0-9]+\\\\[[0-9]+\\\\], [dD][0-9]+\\\\[[0-9]+\\\\]))\\\\}, \\\\[[rR][0-9]+\\\\]!?([ \\t]+@[a-zA-Z0-9 ]+)?\\n
FAIL: gcc.target/arm/neon/vld2Q_laneu16.c (test for excess errors)
FAIL: gcc.target/arm/neon/vld2Q_laneu16.c scan-assembler vld2.16[ \\t]+\\\\{(([dD][0-9]+\\\\[[0-9]+\\\\]-[dD][0-9]+\\\\[[0-9]+\\\\])|([dD][0-9]+\\\\[[0-9]+\\\\], [dD][0-9]+\\\\[[0-9]+\\\\]))\\\\}, \\\\[[rR][0-9]+\\\\]!?([ \\t]+@[a-zA-Z0-9 ]+)?\\n
FAIL: gcc.target/arm/neon/vld2Q_laneu32.c (test for excess errors)
FAIL: gcc.target/arm/neon/vld2Q_laneu32.c scan-assembler vld2.32[ \\t]+\\\\{(([dD][0-9]+\\\\[[0-9]+\\\\]-[dD][0-9]+\\\\[[0-9]+\\\\])|([dD][0-9]+\\\\[[0-9]+\\\\], [dD][0-9]+\\\\[[0-9]+\\\\]))\\\\}, \\\\[[rR][0-9]+\\\\]!?([ \\t]+@[a-zA-Z0-9 ]+)?\\n
FAIL: gcc.target/arm/neon/vld2_lanef32.c (test for excess errors)
FAIL: gcc.target/arm/neon/vld2_lanef32.c scan-assembler vld2.32[ \\t]+\\\\{(([dD][0-9]+\\\\[[0-9]+\\\\]-[dD][0-9]+\\\\[[0-9]+\\\\])|([dD][0-9]+\\\\[[0-9]+\\\\], [dD][0-9]+\\\\[[0-9]+\\\\]))\\\\}, \\\\[[rR][0-9]+\\\\]!?([ \\t]+@[a-zA-Z0-9 ]+)?\\n
FAIL: gcc.target/arm/neon/vld2_lanep16.c (test for excess errors)
FAIL: gcc.target/arm/neon/vld2_lanep16.c scan-assembler vld2.16[ \\t]+\\\\{(([dD][0-9]+\\\\[[0-9]+\\\\]-[dD][0-9]+\\\\[[0-9]+\\\\])|([dD][0-9]+\\\\[[0-9]+\\\\], [dD][0-9]+\\\\[[0-9]+\\\\]))\\\\}, \\\\[[rR][0-9]+\\\\]!?([ \\t]+@[a-zA-Z0-9 ]+)?\\n
FAIL: gcc.target/arm/neon/vld2_lanep8.c (test for excess errors)
FAIL: gcc.target/arm/neon/vld2_lanep8.c scan-assembler vld2.8[ \\t]+\\\\{(([dD][0-9]+\\\\[[0-9]+\\\\]-[dD][0-9]+\\\\[[0-9]+\\\\])|([dD][0-9]+\\\\[[0-9]+\\\\], [dD][0-9]+\\\\[[0-9]+\\\\]))\\\\}, \\\\[[rR][0-9]+\\\\]!?([ \\t]+@[a-zA-Z0-9 ]+)?\\n
FAIL: gcc.target/arm/neon/vld2_lanes16.c (test for excess errors)
FAIL: gcc.target/arm/neon/vld2_lanes16.c scan-assembler vld2.16[ \\t]+\\\\{(([dD][0-9]+\\\\[[0-9]+\\\\]-[dD][0-9]+\\\\[[0-9]+\\\\])|([dD][0-9]+\\\\[[0-9]+\\\\], [dD][0-9]+\\\\[[0-9]+\\\\]))\\\\}, \\\\[[rR][0-9]+\\\\]!?([ \\t]+@[a-zA-Z0-9 ]+)?\\n
FAIL: gcc.target/arm/neon/vld2_lanes32.c (test for excess errors)
FAIL: gcc.target/arm/neon/vld2_lanes32.c scan-assembler vld2.32[ \\t]+\\\\{(([dD][0-9]+\\\\[[0-9]+\\\\]-[dD][0-9]+\\\\[[0-9]+\\\\])|([dD][0-9]+\\\\[[0-9]+\\\\], [dD][0-9]+\\\\[[0-9]+\\\\]))\\\\}, \\\\[[rR][0-9]+\\\\]!?([ \\t]+@[a-zA-Z0-9 ]+)?\\n
FAIL: gcc.target/arm/neon/vld2_lanes8.c (test for excess errors)
FAIL: gcc.target/arm/neon/vld2_lanes8.c scan-assembler vld2.8[ \\t]+\\\\{(([dD][0-9]+\\\\[[0-9]+\\\\]-[dD][0-9]+\\\\[[0-9]+\\\\])|([dD][0-9]+\\\\[[0-9]+\\\\], [dD][0-9]+\\\\[[0-9]+\\\\]))\\\\}, \\\\[[rR][0-9]+\\\\]!?([ \\t]+@[a-zA-Z0-9 ]+)?\\n
FAIL: gcc.target/arm/neon/vld2_laneu16.c (test for excess errors)
FAIL: gcc.target/arm/neon/vld2_laneu16.c scan-assembler vld2.16[ \\t]+\\\\{(([dD][0-9]+\\\\[[0-9]+\\\\]-[dD][0-9]+\\\\[[0-9]+\\\\])|([dD][0-9]+\\\\[[0-9]+\\\\], [dD][0-9]+\\\\[[0-9]+\\\\]))\\\\}, \\\\[[rR][0-9]+\\\\]!?([ \\t]+@[a-zA-Z0-9 ]+)?\\n
FAIL: gcc.target/arm/neon/vld2_laneu32.c (test for excess errors)
FAIL: gcc.target/arm/neon/vld2_laneu32.c scan-assembler vld2.32[ \\t]+\\\\{(([dD][0-9]+\\\\[[0-9]+\\\\]-[dD][0-9]+\\\\[[0-9]+\\\\])|([dD][0-9]+\\\\[[0-9]+\\\\], [dD][0-9]+\\\\[[0-9]+\\\\]))\\\\}, \\\\[[rR][0-9]+\\\\]!?([ \\t]+@[a-zA-Z0-9 ]+)?\\n
FAIL: gcc.target/arm/neon/vld2_laneu8.c (test for excess errors)
FAIL: gcc.target/arm/neon/vld2_laneu8.c scan-assembler vld2.8[ \\t]+\\\\{(([dD][0-9]+\\\\[[0-9]+\\\\]-[dD][0-9]+\\\\[[0-9]+\\\\])|([dD][0-9]+\\\\[[0-9]+\\\\], [dD][0-9]+\\\\[[0-9]+\\\\]))\\\\}, \\\\[[rR][0-9]+\\\\]!?([ \\t]+@[a-zA-Z0-9 ]+)?\\n
FAIL: gcc.target/arm/neon/vld3Q_lanef32.c (test for excess errors)
FAIL: gcc.target/arm/neon/vld3Q_lanef32.c scan-assembler vld3.32[ \\t]+\\\\{(([dD][0-9]+\\\\[[0-9]+\\\\]-[dD][0-9]+\\\\[[0-9]+\\\\])|([dD][0-9]+\\\\[[0-9]+\\\\], [dD][0-9]+\\\\[[0-9]+\\\\], [dD][0-9]+\\\\[[0-9]+\\\\]))\\\\}, \\\\[[rR][0-9]+\\\\]!?([ \\t]+@[a-zA-Z0-9 ]+)?\\n
FAIL: gcc.target/arm/neon/vld3Q_lanep16.c (test for excess errors)
FAIL: gcc.target/arm/neon/vld3Q_lanep16.c scan-assembler vld3.16[ \\t]+\\\\{(([dD][0-9]+\\\\[[0-9]+\\\\]-[dD][0-9]+\\\\[[0-9]+\\\\])|([dD][0-9]+\\\\[[0-9]+\\\\], [dD][0-9]+\\\\[[0-9]+\\\\], [dD][0-9]+\\\\[[0-9]+\\\\]))\\\\}, \\\\[[rR][0-9]+\\\\]!?([ \\t]+@[a-zA-Z0-9 ]+)?\\n
FAIL: gcc.target/arm/neon/vld3Q_lanes16.c (test for excess errors)
FAIL: gcc.target/arm/neon/vld3Q_lanes16.c scan-assembler vld3.16[ \\t]+\\\\{(([dD][0-9]+\\\\[[0-9]+\\\\]-[dD][0-9]+\\\\[[0-9]+\\\\])|([dD][0-9]+\\\\[[0-9]+\\\\], [dD][0-9]+\\\\[[0-9]+\\\\], [dD][0-9]+\\\\[[0-9]+\\\\]))\\\\}, \\\\[[rR][0-9]+\\\\]!?([ \\t]+@[a-zA-Z0-9 ]+)?\\n
FAIL: gcc.target/arm/neon/vld3Q_lanes32.c (test for excess errors)
FAIL: gcc.target/arm/neon/vld3Q_lanes32.c scan-assembler vld3.32[ \\t]+\\\\{(([dD][0-9]+\\\\[[0-9]+\\\\]-[dD][0-9]+\\\\[[0-9]+\\\\])|([dD][0-9]+\\\\[[0-9]+\\\\], [dD][0-9]+\\\\[[0-9]+\\\\], [dD][0-9]+\\\\[[0-9]+\\\\]))\\\\}, \\\\[[rR][0-9]+\\\\]!?([ \\t]+@[a-zA-Z0-9 ]+)?\\n
FAIL: gcc.target/arm/neon/vld3Q_laneu16.c (test for excess errors)
FAIL: gcc.target/arm/neon/vld3Q_laneu16.c scan-assembler vld3.16[ \\t]+\\\\{(([dD][0-9]+\\\\[[0-9]+\\\\]-[dD][0-9]+\\\\[[0-9]+\\\\])|([dD][0-9]+\\\\[[0-9]+\\\\], [dD][0-9]+\\\\[[0-9]+\\\\], [dD][0-9]+\\\\[[0-9]+\\\\]))\\\\}, \\\\[[rR][0-9]+\\\\]!?([ \\t]+@[a-zA-Z0-9 ]+)?\\n
FAIL: gcc.target/arm/neon/vld3Q_laneu32.c (test for excess errors)
FAIL: gcc.target/arm/neon/vld3Q_laneu32.c scan-assembler vld3.32[ \\t]+\\\\{(([dD][0-9]+\\\\[[0-9]+\\\\]-[dD][0-9]+\\\\[[0-9]+\\\\])|([dD][0-9]+\\\\[[0-9]+\\\\], [dD][0-9]+\\\\[[0-9]+\\\\], [dD][0-9]+\\\\[[0-9]+\\\\]))\\\\}, \\\\[[rR][0-9]+\\\\]!?([ \\t]+@[a-zA-Z0-9 ]+)?\\n
FAIL: gcc.target/arm/neon/vld3_lanef32.c (test for excess errors)
FAIL: gcc.target/arm/neon/vld3_lanef32.c scan-assembler vld3.32[ \\t]+\\\\{(([dD][0-9]+\\\\[[0-9]+\\\\]-[dD][0-9]+\\\\[[0-9]+\\\\])|([dD][0-9]+\\\\[[0-9]+\\\\], [dD][0-9]+\\\\[[0-9]+\\\\], [dD][0-9]+\\\\[[0-9]+\\\\]))\\\\}, \\\\[[rR][0-9]+\\\\]!?([ \\t]+@[a-zA-Z0-9 ]+)?\\n
FAIL: gcc.target/arm/neon/vld3_lanep16.c (test for excess errors)
FAIL: gcc.target/arm/neon/vld3_lanep16.c scan-assembler vld3.16[ \\t]+\\\\{(([dD][0-9]+\\\\[[0-9]+\\\\]-[dD][0-9]+\\\\[[0-9]+\\\\])|([dD][0-9]+\\\\[[0-9]+\\\\], [dD][0-9]+\\\\[[0-9]+\\\\], [dD][0-9]+\\\\[[0-9]+\\\\]))\\\\}, \\\\[[rR][0-9]+\\\\]!?([ \\t]+@[a-zA-Z0-9 ]+)?\\n
FAIL: gcc.target/arm/neon/vld3_lanep8.c (test for excess errors)
FAIL: gcc.target/arm/neon/vld3_lanep8.c scan-assembler vld3.8[ \\t]+\\\\{(([dD][0-9]+\\\\[[0-9]+\\\\]-[dD][0-9]+\\\\[[0-9]+\\\\])|([dD][0-9]+\\\\[[0-9]+\\\\], [dD][0-9]+\\\\[[0-9]+\\\\], [dD][0-9]+\\\\[[0-9]+\\\\]))\\\\}, \\\\[[rR][0-9]+\\\\]!?([ \\t]+@[a-zA-Z0-9 ]+)?\\n
FAIL: gcc.target/arm/neon/vld3_lanes16.c (test for excess errors)
FAIL: gcc.target/arm/neon/vld3_lanes16.c scan-assembler vld3.16[ \\t]+\\\\{(([dD][0-9]+\\\\[[0-9]+\\\\]-[dD][0-9]+\\\\[[0-9]+\\\\])|([dD][0-9]+\\\\[[0-9]+\\\\], [dD][0-9]+\\\\[[0-9]+\\\\], [dD][0-9]+\\\\[[0-9]+\\\\]))\\\\}, \\\\[[rR][0-9]+\\\\]!?([ \\t]+@[a-zA-Z0-9 ]+)?\\n
FAIL: gcc.target/arm/neon/vld3_lanes32.c (test for excess errors)
FAIL: gcc.target/arm/neon/vld3_lanes32.c scan-assembler vld3.32[ \\t]+\\\\{(([dD][0-9]+\\\\[[0-9]+\\\\]-[dD][0-9]+\\\\[[0-9]+\\\\])|([dD][0-9]+\\\\[[0-9]+\\\\], [dD][0-9]+\\\\[[0-9]+\\\\], [dD][0-9]+\\\\[[0-9]+\\\\]))\\\\}, \\\\[[rR][0-9]+\\\\]!?([ \\t]+@[a-zA-Z0-9 ]+)?\\n
FAIL: gcc.target/arm/neon/vld3_lanes8.c (test for excess errors)
FAIL: gcc.target/arm/neon/vld3_lanes8.c scan-assembler vld3.8[ \\t]+\\\\{(([dD][0-9]+\\\\[[0-9]+\\\\]-[dD][0-9]+\\\\[[0-9]+\\\\])|([dD][0-9]+\\\\[[0-9]+\\\\], [dD][0-9]+\\\\[[0-9]+\\\\], [dD][0-9]+\\\\[[0-9]+\\\\]))\\\\}, \\\\[[rR][0-9]+\\\\]!?([ \\t]+@[a-zA-Z0-9 ]+)?\\n
FAIL: gcc.target/arm/neon/vld3_laneu16.c (test for excess errors)
FAIL: gcc.target/arm/neon/vld3_laneu16.c scan-assembler vld3.16[ \\t]+\\\\{(([dD][0-9]+\\\\[[0-9]+\\\\]-[dD][0-9]+\\\\[[0-9]+\\\\])|([dD][0-9]+\\\\[[0-9]+\\\\], [dD][0-9]+\\\\[[0-9]+\\\\], [dD][0-9]+\\\\[[0-9]+\\\\]))\\\\}, \\\\[[rR][0-9]+\\\\]!?([ \\t]+@[a-zA-Z0-9 ]+)?\\n
FAIL: gcc.target/arm/neon/vld3_laneu32.c (test for excess errors)
FAIL: gcc.target/arm/neon/vld3_laneu32.c scan-assembler vld3.32[ \\t]+\\\\{(([dD][0-9]+\\\\[[0-9]+\\\\]-[dD][0-9]+\\\\[[0-9]+\\\\])|([dD][0-9]+\\\\[[0-9]+\\\\], [dD][0-9]+\\\\[[0-9]+\\\\], [dD][0-9]+\\\\[[0-9]+\\\\]))\\\\}, \\\\[[rR][0-9]+\\\\]!?([ \\t]+@[a-zA-Z0-9 ]+)?\\n
FAIL: gcc.target/arm/neon/vld3_laneu8.c (test for excess errors)
FAIL: gcc.target/arm/neon/vld3_laneu8.c scan-assembler vld3.8[ \\t]+\\\\{(([dD][0-9]+\\\\[[0-9]+\\\\]-[dD][0-9]+\\\\[[0-9]+\\\\])|([dD][0-9]+\\\\[[0-9]+\\\\], [dD][0-9]+\\\\[[0-9]+\\\\], [dD][0-9]+\\\\[[0-9]+\\\\]))\\\\}, \\\\[[rR][0-9]+\\\\]!?([ \\t]+@[a-zA-Z0-9 ]+)?\\n
FAIL: gcc.target/arm/neon/vld4Q_lanef32.c (test for excess errors)
FAIL: gcc.target/arm/neon/vld4Q_lanef32.c scan-assembler vld4.32[ \\t]+\\\\{(([dD][0-9]+\\\\[[0-9]+\\\\]-[dD][0-9]+\\\\[[0-9]+\\\\])|([dD][0-9]+\\\\[[0-9]+\\\\], [dD][0-9]+\\\\[[0-9]+\\\\], [dD][0-9]+\\\\[[0-9]+\\\\], [dD][0-9]+\\\\[[0-9]+\\\\]))\\\\}, \\\\[[rR][0-9]+\\\\]!?([ \\t]+@[a-zA-Z0-9 ]+)?\\n
FAIL: gcc.target/arm/neon/vld4Q_lanep16.c (test for excess errors)
FAIL: gcc.target/arm/neon/vld4Q_lanep16.c scan-assembler vld4.16[ \\t]+\\\\{(([dD][0-9]+\\\\[[0-9]+\\\\]-[dD][0-9]+\\\\[[0-9]+\\\\])|([dD][0-9]+\\\\[[0-9]+\\\\], [dD][0-9]+\\\\[[0-9]+\\\\], [dD][0-9]+\\\\[[0-9]+\\\\], [dD][0-9]+\\\\[[0-9]+\\\\]))\\\\}, \\\\[[rR][0-9]+\\\\]!?([ \\t]+@[a-zA-Z0-9 ]+)?\\n
FAIL: gcc.target/arm/neon/vld4Q_lanes16.c (test for excess errors)
FAIL: gcc.target/arm/neon/vld4Q_lanes16.c scan-assembler vld4.16[ \\t]+\\\\{(([dD][0-9]+\\\\[[0-9]+\\\\]-[dD][0-9]+\\\\[[0-9]+\\\\])|([dD][0-9]+\\\\[[0-9]+\\\\], [dD][0-9]+\\\\[[0-9]+\\\\], [dD][0-9]+\\\\[[0-9]+\\\\], [dD][0-9]+\\\\[[0-9]+\\\\]))\\\\}, \\\\[[rR][0-9]+\\\\]!?([ \\t]+@[a-zA-Z0-9 ]+)?\\n
FAIL: gcc.target/arm/neon/vld4Q_lanes32.c (test for excess errors)
FAIL: gcc.target/arm/neon/vld4Q_lanes32.c scan-assembler vld4.32[ \\t]+\\\\{(([dD][0-9]+\\\\[[0-9]+\\\\]-[dD][0-9]+\\\\[[0-9]+\\\\])|([dD][0-9]+\\\\[[0-9]+\\\\], [dD][0-9]+\\\\[[0-9]+\\\\], [dD][0-9]+\\\\[[0-9]+\\\\], [dD][0-9]+\\\\[[0-9]+\\\\]))\\\\}, \\\\[[rR][0-9]+\\\\]!?([ \\t]+@[a-zA-Z0-9 ]+)?\\n
FAIL: gcc.target/arm/neon/vld4Q_laneu16.c (test for excess errors)
FAIL: gcc.target/arm/neon/vld4Q_laneu16.c scan-assembler vld4.16[ \\t]+\\\\{(([dD][0-9]+\\\\[[0-9]+\\\\]-[dD][0-9]+\\\\[[0-9]+\\\\])|([dD][0-9]+\\\\[[0-9]+\\\\], [dD][0-9]+\\\\[[0-9]+\\\\], [dD][0-9]+\\\\[[0-9]+\\\\], [dD][0-9]+\\\\[[0-9]+\\\\]))\\\\}, \\\\[[rR][0-9]+\\\\]!?([ \\t]+@[a-zA-Z0-9 ]+)?\\n
FAIL: gcc.target/arm/neon/vld4Q_laneu32.c (test for excess errors)
FAIL: gcc.target/arm/neon/vld4Q_laneu32.c scan-assembler vld4.32[ \\t]+\\\\{(([dD][0-9]+\\\\[[0-9]+\\\\]-[dD][0-9]+\\\\[[0-9]+\\\\])|([dD][0-9]+\\\\[[0-9]+\\\\], [dD][0-9]+\\\\[[0-9]+\\\\], [dD][0-9]+\\\\[[0-9]+\\\\], [dD][0-9]+\\\\[[0-9]+\\\\]))\\\\}, \\\\[[rR][0-9]+\\\\]!?([ \\t]+@[a-zA-Z0-9 ]+)?\\n
FAIL: gcc.target/arm/neon/vld4_lanef32.c (test for excess errors)
FAIL: gcc.target/arm/neon/vld4_lanef32.c scan-assembler vld4.32[ \\t]+\\\\{(([dD][0-9]+\\\\[[0-9]+\\\\]-[dD][0-9]+\\\\[[0-9]+\\\\])|([dD][0-9]+\\\\[[0-9]+\\\\], [dD][0-9]+\\\\[[0-9]+\\\\], [dD][0-9]+\\\\[[0-9]+\\\\], [dD][0-9]+\\\\[[0-9]+\\\\]))\\\\}, \\\\[[rR][0-9]+\\\\]!?([ \\t]+@[a-zA-Z0-9 ]+)?\\n
FAIL: gcc.target/arm/neon/vld4_lanep16.c (test for excess errors)
FAIL: gcc.target/arm/neon/vld4_lanep16.c scan-assembler vld4.16[ \\t]+\\\\{(([dD][0-9]+\\\\[[0-9]+\\\\]-[dD][0-9]+\\\\[[0-9]+\\\\])|([dD][0-9]+\\\\[[0-9]+\\\\], [dD][0-9]+\\\\[[0-9]+\\\\], [dD][0-9]+\\\\[[0-9]+\\\\], [dD][0-9]+\\\\[[0-9]+\\\\]))\\\\}, \\\\[[rR][0-9]+\\\\]!?([ \\t]+@[a-zA-Z0-9 ]+)?\\n
FAIL: gcc.target/arm/neon/vld4_lanep8.c (test for excess errors)
FAIL: gcc.target/arm/neon/vld4_lanep8.c scan-assembler vld4.8[ \\t]+\\\\{(([dD][0-9]+\\\\[[0-9]+\\\\]-[dD][0-9]+\\\\[[0-9]+\\\\])|([dD][0-9]+\\\\[[0-9]+\\\\], [dD][0-9]+\\\\[[0-9]+\\\\], [dD][0-9]+\\\\[[0-9]+\\\\], [dD][0-9]+\\\\[[0-9]+\\\\]))\\\\}, \\\\[[rR][0-9]+\\\\]!?([ \\t]+@[a-zA-Z0-9 ]+)?\\n
FAIL: gcc.target/arm/neon/vld4_lanes16.c (test for excess errors)
FAIL: gcc.target/arm/neon/vld4_lanes16.c scan-assembler vld4.16[ \\t]+\\\\{(([dD][0-9]+\\\\[[0-9]+\\\\]-[dD][0-9]+\\\\[[0-9]+\\\\])|([dD][0-9]+\\\\[[0-9]+\\\\], [dD][0-9]+\\\\[[0-9]+\\\\], [dD][0-9]+\\\\[[0-9]+\\\\], [dD][0-9]+\\\\[[0-9]+\\\\]))\\\\}, \\\\[[rR][0-9]+\\\\]!?([ \\t]+@[a-zA-Z0-9 ]+)?\\n
FAIL: gcc.target/arm/neon/vld4_lanes32.c (test for excess errors)
FAIL: gcc.target/arm/neon/vld4_lanes32.c scan-assembler vld4.32[ \\t]+\\\\{(([dD][0-9]+\\\\[[0-9]+\\\\]-[dD][0-9]+\\\\[[0-9]+\\\\])|([dD][0-9]+\\\\[[0-9]+\\\\], [dD][0-9]+\\\\[[0-9]+\\\\], [dD][0-9]+\\\\[[0-9]+\\\\], [dD][0-9]+\\\\[[0-9]+\\\\]))\\\\}, \\\\[[rR][0-9]+\\\\]!?([ \\t]+@[a-zA-Z0-9 ]+)?\\n
FAIL: gcc.target/arm/neon/vld4_lanes8.c (test for excess errors)
FAIL: gcc.target/arm/neon/vld4_lanes8.c scan-assembler vld4.8[ \\t]+\\\\{(([dD][0-9]+\\\\[[0-9]+\\\\]-[dD][0-9]+\\\\[[0-9]+\\\\])|([dD][0-9]+\\\\[[0-9]+\\\\], [dD][0-9]+\\\\[[0-9]+\\\\], [dD][0-9]+\\\\[[0-9]+\\\\], [dD][0-9]+\\\\[[0-9]+\\\\]))\\\\}, \\\\[[rR][0-9]+\\\\]!?([ \\t]+@[a-zA-Z0-9 ]+)?\\n
FAIL: gcc.target/arm/neon/vld4_laneu16.c (test for excess errors)
FAIL: gcc.target/arm/neon/vld4_laneu16.c scan-assembler vld4.16[ \\t]+\\\\{(([dD][0-9]+\\\\[[0-9]+\\\\]-[dD][0-9]+\\\\[[0-9]+\\\\])|([dD][0-9]+\\\\[[0-9]+\\\\], [dD][0-9]+\\\\[[0-9]+\\\\], [dD][0-9]+\\\\[[0-9]+\\\\], [dD][0-9]+\\\\[[0-9]+\\\\]))\\\\}, \\\\[[rR][0-9]+\\\\]!?([ \\t]+@[a-zA-Z0-9 ]+)?\\n
FAIL: gcc.target/arm/neon/vld4_laneu32.c (test for excess errors)
FAIL: gcc.target/arm/neon/vld4_laneu32.c scan-assembler vld4.32[ \\t]+\\\\{(([dD][0-9]+\\\\[[0-9]+\\\\]-[dD][0-9]+\\\\[[0-9]+\\\\])|([dD][0-9]+\\\\[[0-9]+\\\\], [dD][0-9]+\\\\[[0-9]+\\\\], [dD][0-9]+\\\\[[0-9]+\\\\], [dD][0-9]+\\\\[[0-9]+\\\\]))\\\\}, \\\\[[rR][0-9]+\\\\]!?([ \\t]+@[a-zA-Z0-9 ]+)?\\n
FAIL: gcc.target/arm/neon/vld4_laneu8.c (test for excess errors)
FAIL: gcc.target/arm/neon/vld4_laneu8.c scan-assembler vld4.8[ \\t]+\\\\{(([dD][0-9]+\\\\[[0-9]+\\\\]-[dD][0-9]+\\\\[[0-9]+\\\\])|([dD][0-9]+\\\\[[0-9]+\\\\], [dD][0-9]+\\\\[[0-9]+\\\\], [dD][0-9]+\\\\[[0-9]+\\\\], [dD][0-9]+\\\\[[0-9]+\\\\]))\\\\}, \\\\[[rR][0-9]+\\\\]!?([ \\t]+@[a-zA-Z0-9 ]+)?\\n
FAIL: gcc.target/arm/neon/vmlaQ_lanef32.c (test for excess errors)
FAIL: gcc.target/arm/neon/vmlaQ_lanef32.c scan-assembler vmla.f32[ \\t]+[qQ][0-9]+, [qQ][0-9]+, [dD][0-9]+\\\\[[0-9]+\\\\]!?([ \\t]+@[a-zA-Z0-9 ]+)?\\n
FAIL: gcc.target/arm/neon/vmlaQ_lanes16.c (test for excess errors)
FAIL: gcc.target/arm/neon/vmlaQ_lanes16.c scan-assembler vmla.i16[ \\t]+[qQ][0-9]+, [qQ][0-9]+, [dD][0-9]+\\\\[[0-9]+\\\\]!?([ \\t]+@[a-zA-Z0-9 ]+)?\\n
FAIL: gcc.target/arm/neon/vmlaQ_lanes32.c (test for excess errors)
FAIL: gcc.target/arm/neon/vmlaQ_lanes32.c scan-assembler vmla.i32[ \\t]+[qQ][0-9]+, [qQ][0-9]+, [dD][0-9]+\\\\[[0-9]+\\\\]!?([ \\t]+@[a-zA-Z0-9 ]+)?\\n
FAIL: gcc.target/arm/neon/vmlaQ_laneu16.c (test for excess errors)
FAIL: gcc.target/arm/neon/vmlaQ_laneu16.c scan-assembler vmla.i16[ \\t]+[qQ][0-9]+, [qQ][0-9]+, [dD][0-9]+\\\\[[0-9]+\\\\]!?([ \\t]+@[a-zA-Z0-9 ]+)?\\n
FAIL: gcc.target/arm/neon/vmlaQ_laneu32.c (test for excess errors)
FAIL: gcc.target/arm/neon/vmlaQ_laneu32.c scan-assembler vmla.i32[ \\t]+[qQ][0-9]+, [qQ][0-9]+, [dD][0-9]+\\\\[[0-9]+\\\\]!?([ \\t]+@[a-zA-Z0-9 ]+)?\\n
FAIL: gcc.target/arm/neon/vmlaQ_ns16.c (internal compiler error)
FAIL: gcc.target/arm/neon/vmlaQ_ns16.c (test for excess errors)
FAIL: gcc.target/arm/neon/vmlaQ_ns16.c scan-assembler vmla.i16[ \\t]+[qQ][0-9]+, [qQ][0-9]+, [dD][0-9]+\\\\[[0-9]+\\\\]!?([ \\t]+@[a-zA-Z0-9 ]+)?\\n
FAIL: gcc.target/arm/neon/vmlaQ_nu16.c (internal compiler error)
FAIL: gcc.target/arm/neon/vmlaQ_nu16.c (test for excess errors)
FAIL: gcc.target/arm/neon/vmlaQ_nu16.c scan-assembler vmla.i16[ \\t]+[qQ][0-9]+, [qQ][0-9]+, [dD][0-9]+\\\\[[0-9]+\\\\]!?([ \\t]+@[a-zA-Z0-9 ]+)?\\n
FAIL: gcc.target/arm/neon/vmla_lanef32.c (test for excess errors)
FAIL: gcc.target/arm/neon/vmla_lanef32.c scan-assembler vmla.f32[ \\t]+[dD][0-9]+, [dD][0-9]+, [dD][0-9]+\\\\[[0-9]+\\\\]!?([ \\t]+@[a-zA-Z0-9 ]+)?\\n
FAIL: gcc.target/arm/neon/vmla_lanes16.c (test for excess errors)
FAIL: gcc.target/arm/neon/vmla_lanes16.c scan-assembler vmla.i16[ \\t]+[dD][0-9]+, [dD][0-9]+, [dD][0-9]+\\\\[[0-9]+\\\\]!?([ \\t]+@[a-zA-Z0-9 ]+)?\\n
FAIL: gcc.target/arm/neon/vmla_lanes32.c (test for excess errors)
FAIL: gcc.target/arm/neon/vmla_lanes32.c scan-assembler vmla.i32[ \\t]+[dD][0-9]+, [dD][0-9]+, [dD][0-9]+\\\\[[0-9]+\\\\]!?([ \\t]+@[a-zA-Z0-9 ]+)?\\n
FAIL: gcc.target/arm/neon/vmla_laneu16.c (test for excess errors)
FAIL: gcc.target/arm/neon/vmla_laneu16.c scan-assembler vmla.i16[ \\t]+[dD][0-9]+, [dD][0-9]+, [dD][0-9]+\\\\[[0-9]+\\\\]!?([ \\t]+@[a-zA-Z0-9 ]+)?\\n
FAIL: gcc.target/arm/neon/vmla_laneu32.c (test for excess errors)
FAIL: gcc.target/arm/neon/vmla_laneu32.c scan-assembler vmla.i32[ \\t]+[dD][0-9]+, [dD][0-9]+, [dD][0-9]+\\\\[[0-9]+\\\\]!?([ \\t]+@[a-zA-Z0-9 ]+)?\\n
FAIL: gcc.target/arm/neon/vmla_ns16.c (internal compiler error)
FAIL: gcc.target/arm/neon/vmla_ns16.c (test for excess errors)
FAIL: gcc.target/arm/neon/vmla_ns16.c scan-assembler vmla.i16[ \\t]+[dD][0-9]+, [dD][0-9]+, [dD][0-9]+\\\\[[0-9]+\\\\]!?([ \\t]+@[a-zA-Z0-9 ]+)?\\n
FAIL: gcc.target/arm/neon/vmla_nu16.c (internal compiler error)
FAIL: gcc.target/arm/neon/vmla_nu16.c (test for excess errors)
FAIL: gcc.target/arm/neon/vmla_nu16.c scan-assembler vmla.i16[ \\t]+[dD][0-9]+, [dD][0-9]+, [dD][0-9]+\\\\[[0-9]+\\\\]!?([ \\t]+@[a-zA-Z0-9 ]+)?\\n
FAIL: gcc.target/arm/neon/vmlal_lanes16.c (test for excess errors)
FAIL: gcc.target/arm/neon/vmlal_lanes16.c scan-assembler vmlal.s16[ \\t]+[qQ][0-9]+, [dD][0-9]+, [dD][0-9]+\\\\[[0-9]+\\\\]!?([ \\t]+@[a-zA-Z0-9 ]+)?\\n
FAIL: gcc.target/arm/neon/vmlal_lanes32.c (test for excess errors)
FAIL: gcc.target/arm/neon/vmlal_lanes32.c scan-assembler vmlal.s32[ \\t]+[qQ][0-9]+, [dD][0-9]+, [dD][0-9]+\\\\[[0-9]+\\\\]!?([ \\t]+@[a-zA-Z0-9 ]+)?\\n
FAIL: gcc.target/arm/neon/vmlal_laneu16.c (test for excess errors)
FAIL: gcc.target/arm/neon/vmlal_laneu16.c scan-assembler vmlal.u16[ \\t]+[qQ][0-9]+, [dD][0-9]+, [dD][0-9]+\\\\[[0-9]+\\\\]!?([ \\t]+@[a-zA-Z0-9 ]+)?\\n
FAIL: gcc.target/arm/neon/vmlal_laneu32.c (test for excess errors)
FAIL: gcc.target/arm/neon/vmlal_laneu32.c scan-assembler vmlal.u32[ \\t]+[qQ][0-9]+, [dD][0-9]+, [dD][0-9]+\\\\[[0-9]+\\\\]!?([ \\t]+@[a-zA-Z0-9 ]+)?\\n
FAIL: gcc.target/arm/neon/vmlal_ns16.c (internal compiler error)
FAIL: gcc.target/arm/neon/vmlal_ns16.c (test for excess errors)
FAIL: gcc.target/arm/neon/vmlal_ns16.c scan-assembler vmlal.s16[ \\t]+[qQ][0-9]+, [dD][0-9]+, [dD][0-9]+\\\\[[0-9]+\\\\]!?([ \\t]+@[a-zA-Z0-9 ]+)?\\n
FAIL: gcc.target/arm/neon/vmlal_nu16.c (internal compiler error)
FAIL: gcc.target/arm/neon/vmlal_nu16.c (test for excess errors)
FAIL: gcc.target/arm/neon/vmlal_nu16.c scan-assembler vmlal.u16[ \\t]+[qQ][0-9]+, [dD][0-9]+, [dD][0-9]+\\\\[[0-9]+\\\\]!?([ \\t]+@[a-zA-Z0-9 ]+)?\\n
FAIL: gcc.target/arm/neon/vmlsQ_lanef32.c (test for excess errors)
FAIL: gcc.target/arm/neon/vmlsQ_lanef32.c scan-assembler vmls.f32[ \\t]+[qQ][0-9]+, [qQ][0-9]+, [dD][0-9]+\\\\[[0-9]+\\\\]!?([ \\t]+@[a-zA-Z0-9 ]+)?\\n
FAIL: gcc.target/arm/neon/vmlsQ_lanes16.c (test for excess errors)
FAIL: gcc.target/arm/neon/vmlsQ_lanes16.c scan-assembler vmls.i16[ \\t]+[qQ][0-9]+, [qQ][0-9]+, [dD][0-9]+\\\\[[0-9]+\\\\]!?([ \\t]+@[a-zA-Z0-9 ]+)?\\n
FAIL: gcc.target/arm/neon/vmlsQ_lanes32.c (test for excess errors)
FAIL: gcc.target/arm/neon/vmlsQ_lanes32.c scan-assembler vmls.i32[ \\t]+[qQ][0-9]+, [qQ][0-9]+, [dD][0-9]+\\\\[[0-9]+\\\\]!?([ \\t]+@[a-zA-Z0-9 ]+)?\\n
FAIL: gcc.target/arm/neon/vmlsQ_laneu16.c (test for excess errors)
FAIL: gcc.target/arm/neon/vmlsQ_laneu16.c scan-assembler vmls.i16[ \\t]+[qQ][0-9]+, [qQ][0-9]+, [dD][0-9]+\\\\[[0-9]+\\\\]!?([ \\t]+@[a-zA-Z0-9 ]+)?\\n
FAIL: gcc.target/arm/neon/vmlsQ_laneu32.c (test for excess errors)
FAIL: gcc.target/arm/neon/vmlsQ_laneu32.c scan-assembler vmls.i32[ \\t]+[qQ][0-9]+, [qQ][0-9]+, [dD][0-9]+\\\\[[0-9]+\\\\]!?([ \\t]+@[a-zA-Z0-9 ]+)?\\n
FAIL: gcc.target/arm/neon/vmlsQ_ns16.c (internal compiler error)
FAIL: gcc.target/arm/neon/vmlsQ_ns16.c (test for excess errors)
FAIL: gcc.target/arm/neon/vmlsQ_ns16.c scan-assembler vmls.i16[ \\t]+[qQ][0-9]+, [qQ][0-9]+, [dD][0-9]+\\\\[[0-9]+\\\\]!?([ \\t]+@[a-zA-Z0-9 ]+)?\\n
FAIL: gcc.target/arm/neon/vmlsQ_nu16.c (internal compiler error)
FAIL: gcc.target/arm/neon/vmlsQ_nu16.c (test for excess errors)
FAIL: gcc.target/arm/neon/vmlsQ_nu16.c scan-assembler vmls.i16[ \\t]+[qQ][0-9]+, [qQ][0-9]+, [dD][0-9]+\\\\[[0-9]+\\\\]!?([ \\t]+@[a-zA-Z0-9 ]+)?\\n
FAIL: gcc.target/arm/neon/vmls_lanef32.c (test for excess errors)
FAIL: gcc.target/arm/neon/vmls_lanef32.c scan-assembler vmls.f32[ \\t]+[dD][0-9]+, [dD][0-9]+, [dD][0-9]+\\\\[[0-9]+\\\\]!?([ \\t]+@[a-zA-Z0-9 ]+)?\\n
FAIL: gcc.target/arm/neon/vmls_lanes16.c (test for excess errors)
FAIL: gcc.target/arm/neon/vmls_lanes16.c scan-assembler vmls.i16[ \\t]+[dD][0-9]+, [dD][0-9]+, [dD][0-9]+\\\\[[0-9]+\\\\]!?([ \\t]+@[a-zA-Z0-9 ]+)?\\n
FAIL: gcc.target/arm/neon/vmls_lanes32.c (test for excess errors)
FAIL: gcc.target/arm/neon/vmls_lanes32.c scan-assembler vmls.i32[ \\t]+[dD][0-9]+, [dD][0-9]+, [dD][0-9]+\\\\[[0-9]+\\\\]!?([ \\t]+@[a-zA-Z0-9 ]+)?\\n
FAIL: gcc.target/arm/neon/vmls_laneu16.c (test for excess errors)
FAIL: gcc.target/arm/neon/vmls_laneu16.c scan-assembler vmls.i16[ \\t]+[dD][0-9]+, [dD][0-9]+, [dD][0-9]+\\\\[[0-9]+\\\\]!?([ \\t]+@[a-zA-Z0-9 ]+)?\\n
FAIL: gcc.target/arm/neon/vmls_laneu32.c (test for excess errors)
FAIL: gcc.target/arm/neon/vmls_laneu32.c scan-assembler vmls.i32[ \\t]+[dD][0-9]+, [dD][0-9]+, [dD][0-9]+\\\\[[0-9]+\\\\]!?([ \\t]+@[a-zA-Z0-9 ]+)?\\n
FAIL: gcc.target/arm/neon/vmls_ns16.c (internal compiler error)
FAIL: gcc.target/arm/neon/vmls_ns16.c (test for excess errors)
FAIL: gcc.target/arm/neon/vmls_ns16.c scan-assembler vmls.i16[ \\t]+[dD][0-9]+, [dD][0-9]+, [dD][0-9]+\\\\[[0-9]+\\\\]!?([ \\t]+@[a-zA-Z0-9 ]+)?\\n
FAIL: gcc.target/arm/neon/vmls_nu16.c (internal compiler error)
FAIL: gcc.target/arm/neon/vmls_nu16.c (test for excess errors)
FAIL: gcc.target/arm/neon/vmls_nu16.c scan-assembler vmls.i16[ \\t]+[dD][0-9]+, [dD][0-9]+, [dD][0-9]+\\\\[[0-9]+\\\\]!?([ \\t]+@[a-zA-Z0-9 ]+)?\\n
FAIL: gcc.target/arm/neon/vmlsl_lanes16.c (test for excess errors)
FAIL: gcc.target/arm/neon/vmlsl_lanes16.c scan-assembler vmlsl.s16[ \\t]+[qQ][0-9]+, [dD][0-9]+, [dD][0-9]+\\\\[[0-9]+\\\\]!?([ \\t]+@[a-zA-Z0-9 ]+)?\\n
FAIL: gcc.target/arm/neon/vmlsl_lanes32.c (test for excess errors)
FAIL: gcc.target/arm/neon/vmlsl_lanes32.c scan-assembler vmlsl.s32[ \\t]+[qQ][0-9]+, [dD][0-9]+, [dD][0-9]+\\\\[[0-9]+\\\\]!?([ \\t]+@[a-zA-Z0-9 ]+)?\\n
FAIL: gcc.target/arm/neon/vmlsl_laneu16.c (test for excess errors)
FAIL: gcc.target/arm/neon/vmlsl_laneu16.c scan-assembler vmlsl.u16[ \\t]+[qQ][0-9]+, [dD][0-9]+, [dD][0-9]+\\\\[[0-9]+\\\\]!?([ \\t]+@[a-zA-Z0-9 ]+)?\\n
FAIL: gcc.target/arm/neon/vmlsl_laneu32.c (test for excess errors)
FAIL: gcc.target/arm/neon/vmlsl_laneu32.c scan-assembler vmlsl.u32[ \\t]+[qQ][0-9]+, [dD][0-9]+, [dD][0-9]+\\\\[[0-9]+\\\\]!?([ \\t]+@[a-zA-Z0-9 ]+)?\\n
FAIL: gcc.target/arm/neon/vmlsl_ns16.c (internal compiler error)
FAIL: gcc.target/arm/neon/vmlsl_ns16.c (test for excess errors)
FAIL: gcc.target/arm/neon/vmlsl_ns16.c scan-assembler vmlsl.s16[ \\t]+[qQ][0-9]+, [dD][0-9]+, [dD][0-9]+\\\\[[0-9]+\\\\]!?([ \\t]+@[a-zA-Z0-9 ]+)?\\n
FAIL: gcc.target/arm/neon/vmlsl_nu16.c (internal compiler error)
FAIL: gcc.target/arm/neon/vmlsl_nu16.c (test for excess errors)
FAIL: gcc.target/arm/neon/vmlsl_nu16.c scan-assembler vmlsl.u16[ \\t]+[qQ][0-9]+, [dD][0-9]+, [dD][0-9]+\\\\[[0-9]+\\\\]!?([ \\t]+@[a-zA-Z0-9 ]+)?\\n
FAIL: gcc.target/arm/neon/vmovQ_np16.c (internal compiler error)
FAIL: gcc.target/arm/neon/vmovQ_np16.c (test for excess errors)
FAIL: gcc.target/arm/neon/vmovQ_np16.c scan-assembler vdup.16[ \\t]+[qQ][0-9]+, [rR][0-9]+!?([ \\t]+@[a-zA-Z0-9 ]+)?\\n
FAIL: gcc.target/arm/neon/vmovQ_np8.c (internal compiler error)
FAIL: gcc.target/arm/neon/vmovQ_np8.c (test for excess errors)
FAIL: gcc.target/arm/neon/vmovQ_np8.c scan-assembler vdup.8[ \\t]+[qQ][0-9]+, [rR][0-9]+!?([ \\t]+@[a-zA-Z0-9 ]+)?\\n
FAIL: gcc.target/arm/neon/vmovQ_ns16.c (internal compiler error)
FAIL: gcc.target/arm/neon/vmovQ_ns16.c (test for excess errors)
FAIL: gcc.target/arm/neon/vmovQ_ns16.c scan-assembler vdup.16[ \\t]+[qQ][0-9]+, [rR][0-9]+!?([ \\t]+@[a-zA-Z0-9 ]+)?\\n
FAIL: gcc.target/arm/neon/vmovQ_ns8.c (internal compiler error)
FAIL: gcc.target/arm/neon/vmovQ_ns8.c (test for excess errors)
FAIL: gcc.target/arm/neon/vmovQ_ns8.c scan-assembler vdup.8[ \\t]+[qQ][0-9]+, [rR][0-9]+!?([ \\t]+@[a-zA-Z0-9 ]+)?\\n
FAIL: gcc.target/arm/neon/vmovQ_nu16.c (internal compiler error)
FAIL: gcc.target/arm/neon/vmovQ_nu16.c (test for excess errors)
FAIL: gcc.target/arm/neon/vmovQ_nu16.c scan-assembler vdup.16[ \\t]+[qQ][0-9]+, [rR][0-9]+!?([ \\t]+@[a-zA-Z0-9 ]+)?\\n
FAIL: gcc.target/arm/neon/vmovQ_nu8.c (internal compiler error)
FAIL: gcc.target/arm/neon/vmovQ_nu8.c (test for excess errors)
FAIL: gcc.target/arm/neon/vmovQ_nu8.c scan-assembler vdup.8[ \\t]+[qQ][0-9]+, [rR][0-9]+!?([ \\t]+@[a-zA-Z0-9 ]+)?\\n
FAIL: gcc.target/arm/neon/vmov_np16.c (internal compiler error)
FAIL: gcc.target/arm/neon/vmov_np16.c (test for excess errors)
FAIL: gcc.target/arm/neon/vmov_np16.c scan-assembler vdup.16[ \\t]+[dD][0-9]+, [rR][0-9]+!?([ \\t]+@[a-zA-Z0-9 ]+)?\\n
FAIL: gcc.target/arm/neon/vmov_np8.c (internal compiler error)
FAIL: gcc.target/arm/neon/vmov_np8.c (test for excess errors)
FAIL: gcc.target/arm/neon/vmov_np8.c scan-assembler vdup.8[ \\t]+[dD][0-9]+, [rR][0-9]+!?([ \\t]+@[a-zA-Z0-9 ]+)?\\n
FAIL: gcc.target/arm/neon/vmov_ns16.c (internal compiler error)
FAIL: gcc.target/arm/neon/vmov_ns16.c (test for excess errors)
FAIL: gcc.target/arm/neon/vmov_ns16.c scan-assembler vdup.16[ \\t]+[dD][0-9]+, [rR][0-9]+!?([ \\t]+@[a-zA-Z0-9 ]+)?\\n
FAIL: gcc.target/arm/neon/vmov_ns8.c (internal compiler error)
FAIL: gcc.target/arm/neon/vmov_ns8.c (test for excess errors)
FAIL: gcc.target/arm/neon/vmov_ns8.c scan-assembler vdup.8[ \\t]+[dD][0-9]+, [rR][0-9]+!?([ \\t]+@[a-zA-Z0-9 ]+)?\\n
FAIL: gcc.target/arm/neon/vmov_nu16.c (internal compiler error)
FAIL: gcc.target/arm/neon/vmov_nu16.c (test for excess errors)
FAIL: gcc.target/arm/neon/vmov_nu16.c scan-assembler vdup.16[ \\t]+[dD][0-9]+, [rR][0-9]+!?([ \\t]+@[a-zA-Z0-9 ]+)?\\n
FAIL: gcc.target/arm/neon/vmov_nu8.c (internal compiler error)
FAIL: gcc.target/arm/neon/vmov_nu8.c (test for excess errors)
FAIL: gcc.target/arm/neon/vmov_nu8.c scan-assembler vdup.8[ \\t]+[dD][0-9]+, [rR][0-9]+!?([ \\t]+@[a-zA-Z0-9 ]+)?\\n
FAIL: gcc.target/arm/neon/vmulQ_lanef32.c (test for excess errors)
FAIL: gcc.target/arm/neon/vmulQ_lanef32.c scan-assembler vmul.f32[ \\t]+[qQ][0-9]+, [qQ][0-9]+, [dD][0-9]+\\\\[[0-9]+\\\\]!?([ \\t]+@[a-zA-Z0-9 ]+)?\\n
FAIL: gcc.target/arm/neon/vmulQ_lanes16.c (test for excess errors)
FAIL: gcc.target/arm/neon/vmulQ_lanes16.c scan-assembler vmul.i16[ \\t]+[qQ][0-9]+, [qQ][0-9]+, [dD][0-9]+\\\\[[0-9]+\\\\]!?([ \\t]+@[a-zA-Z0-9 ]+)?\\n
FAIL: gcc.target/arm/neon/vmulQ_lanes32.c (test for excess errors)
FAIL: gcc.target/arm/neon/vmulQ_lanes32.c scan-assembler vmul.i32[ \\t]+[qQ][0-9]+, [qQ][0-9]+, [dD][0-9]+\\\\[[0-9]+\\\\]!?([ \\t]+@[a-zA-Z0-9 ]+)?\\n
FAIL: gcc.target/arm/neon/vmulQ_laneu16.c (test for excess errors)
FAIL: gcc.target/arm/neon/vmulQ_laneu16.c scan-assembler vmul.i16[ \\t]+[qQ][0-9]+, [qQ][0-9]+, [dD][0-9]+\\\\[[0-9]+\\\\]!?([ \\t]+@[a-zA-Z0-9 ]+)?\\n
FAIL: gcc.target/arm/neon/vmulQ_laneu32.c (test for excess errors)
FAIL: gcc.target/arm/neon/vmulQ_laneu32.c scan-assembler vmul.i32[ \\t]+[qQ][0-9]+, [qQ][0-9]+, [dD][0-9]+\\\\[[0-9]+\\\\]!?([ \\t]+@[a-zA-Z0-9 ]+)?\\n
FAIL: gcc.target/arm/neon/vmulQ_ns16.c (internal compiler error)
FAIL: gcc.target/arm/neon/vmulQ_ns16.c (test for excess errors)
FAIL: gcc.target/arm/neon/vmulQ_ns16.c scan-assembler vmul.i16[ \\t]+[qQ][0-9]+, [qQ][0-9]+, [dD][0-9]+\\\\[[0-9]+\\\\]!?([ \\t]+@[a-zA-Z0-9 ]+)?\\n
FAIL: gcc.target/arm/neon/vmulQ_nu16.c (internal compiler error)
FAIL: gcc.target/arm/neon/vmulQ_nu16.c (test for excess errors)
FAIL: gcc.target/arm/neon/vmulQ_nu16.c scan-assembler vmul.i16[ \\t]+[qQ][0-9]+, [qQ][0-9]+, [dD][0-9]+\\\\[[0-9]+\\\\]!?([ \\t]+@[a-zA-Z0-9 ]+)?\\n
FAIL: gcc.target/arm/neon/vmul_lanef32.c (test for excess errors)
FAIL: gcc.target/arm/neon/vmul_lanef32.c scan-assembler vmul.f32[ \\t]+[dD][0-9]+, [dD][0-9]+, [dD][0-9]+\\\\[[0-9]+\\\\]!?([ \\t]+@[a-zA-Z0-9 ]+)?\\n
FAIL: gcc.target/arm/neon/vmul_lanes16.c (test for excess errors)
FAIL: gcc.target/arm/neon/vmul_lanes16.c scan-assembler vmul.i16[ \\t]+[dD][0-9]+, [dD][0-9]+, [dD][0-9]+\\\\[[0-9]+\\\\]!?([ \\t]+@[a-zA-Z0-9 ]+)?\\n
FAIL: gcc.target/arm/neon/vmul_lanes32.c (test for excess errors)
FAIL: gcc.target/arm/neon/vmul_lanes32.c scan-assembler vmul.i32[ \\t]+[dD][0-9]+, [dD][0-9]+, [dD][0-9]+\\\\[[0-9]+\\\\]!?([ \\t]+@[a-zA-Z0-9 ]+)?\\n
FAIL: gcc.target/arm/neon/vmul_laneu16.c (test for excess errors)
FAIL: gcc.target/arm/neon/vmul_laneu16.c scan-assembler vmul.i16[ \\t]+[dD][0-9]+, [dD][0-9]+, [dD][0-9]+\\\\[[0-9]+\\\\]!?([ \\t]+@[a-zA-Z0-9 ]+)?\\n
FAIL: gcc.target/arm/neon/vmul_laneu32.c (test for excess errors)
FAIL: gcc.target/arm/neon/vmul_laneu32.c scan-assembler vmul.i32[ \\t]+[dD][0-9]+, [dD][0-9]+, [dD][0-9]+\\\\[[0-9]+\\\\]!?([ \\t]+@[a-zA-Z0-9 ]+)?\\n
FAIL: gcc.target/arm/neon/vmul_ns16.c (internal compiler error)
FAIL: gcc.target/arm/neon/vmul_ns16.c (test for excess errors)
FAIL: gcc.target/arm/neon/vmul_ns16.c scan-assembler vmul.i16[ \\t]+[dD][0-9]+, [dD][0-9]+, [dD][0-9]+\\\\[[0-9]+\\\\]!?([ \\t]+@[a-zA-Z0-9 ]+)?\\n
FAIL: gcc.target/arm/neon/vmul_nu16.c (internal compiler error)
FAIL: gcc.target/arm/neon/vmul_nu16.c (test for excess errors)
FAIL: gcc.target/arm/neon/vmul_nu16.c scan-assembler vmul.i16[ \\t]+[dD][0-9]+, [dD][0-9]+, [dD][0-9]+\\\\[[0-9]+\\\\]!?([ \\t]+@[a-zA-Z0-9 ]+)?\\n
FAIL: gcc.target/arm/neon/vmull_lanes16.c (test for excess errors)
FAIL: gcc.target/arm/neon/vmull_lanes16.c scan-assembler vmull.s16[ \\t]+[qQ][0-9]+, [dD][0-9]+, [dD][0-9]+\\\\[[0-9]+\\\\]!?([ \\t]+@[a-zA-Z0-9 ]+)?\\n
FAIL: gcc.target/arm/neon/vmull_lanes32.c (test for excess errors)
FAIL: gcc.target/arm/neon/vmull_lanes32.c scan-assembler vmull.s32[ \\t]+[qQ][0-9]+, [dD][0-9]+, [dD][0-9]+\\\\[[0-9]+\\\\]!?([ \\t]+@[a-zA-Z0-9 ]+)?\\n
FAIL: gcc.target/arm/neon/vmull_laneu16.c (test for excess errors)
FAIL: gcc.target/arm/neon/vmull_laneu16.c scan-assembler vmull.u16[ \\t]+[qQ][0-9]+, [dD][0-9]+, [dD][0-9]+\\\\[[0-9]+\\\\]!?([ \\t]+@[a-zA-Z0-9 ]+)?\\n
FAIL: gcc.target/arm/neon/vmull_laneu32.c (test for excess errors)
FAIL: gcc.target/arm/neon/vmull_laneu32.c scan-assembler vmull.u32[ \\t]+[qQ][0-9]+, [dD][0-9]+, [dD][0-9]+\\\\[[0-9]+\\\\]!?([ \\t]+@[a-zA-Z0-9 ]+)?\\n
FAIL: gcc.target/arm/neon/vmull_ns16.c (internal compiler error)
FAIL: gcc.target/arm/neon/vmull_ns16.c (test for excess errors)
FAIL: gcc.target/arm/neon/vmull_ns16.c scan-assembler vmull.s16[ \\t]+[qQ][0-9]+, [dD][0-9]+, [dD][0-9]+\\\\[[0-9]+\\\\]!?([ \\t]+@[a-zA-Z0-9 ]+)?\\n
FAIL: gcc.target/arm/neon/vmull_nu16.c (internal compiler error)
FAIL: gcc.target/arm/neon/vmull_nu16.c (test for excess errors)
FAIL: gcc.target/arm/neon/vmull_nu16.c scan-assembler vmull.u16[ \\t]+[qQ][0-9]+, [dD][0-9]+, [dD][0-9]+\\\\[[0-9]+\\\\]!?([ \\t]+@[a-zA-Z0-9 ]+)?\\n
FAIL: gcc.target/arm/neon/vqRdmulhQ_lanes16.c (test for excess errors)
FAIL: gcc.target/arm/neon/vqRdmulhQ_lanes16.c scan-assembler vqrdmulh.s16[ \\t]+[qQ][0-9]+, [qQ][0-9]+, [dD][0-9]+\\\\[[0-9]+\\\\]!?([ \\t]+@[a-zA-Z0-9 ]+)?\\n
FAIL: gcc.target/arm/neon/vqRdmulhQ_lanes32.c (test for excess errors)
FAIL: gcc.target/arm/neon/vqRdmulhQ_lanes32.c scan-assembler vqrdmulh.s32[ \\t]+[qQ][0-9]+, [qQ][0-9]+, [dD][0-9]+\\\\[[0-9]+\\\\]!?([ \\t]+@[a-zA-Z0-9 ]+)?\\n
FAIL: gcc.target/arm/neon/vqRdmulhQ_ns16.c (internal compiler error)
FAIL: gcc.target/arm/neon/vqRdmulhQ_ns16.c (test for excess errors)
FAIL: gcc.target/arm/neon/vqRdmulhQ_ns16.c scan-assembler vqrdmulh.s16[ \\t]+[qQ][0-9]+, [qQ][0-9]+, [dD][0-9]+\\\\[[0-9]+\\\\]!?([ \\t]+@[a-zA-Z0-9 ]+)?\\n
FAIL: gcc.target/arm/neon/vqRdmulh_lanes16.c (test for excess errors)
FAIL: gcc.target/arm/neon/vqRdmulh_lanes16.c scan-assembler vqrdmulh.s16[ \\t]+[dD][0-9]+, [dD][0-9]+, [dD][0-9]+\\\\[[0-9]+\\\\]!?([ \\t]+@[a-zA-Z0-9 ]+)?\\n
FAIL: gcc.target/arm/neon/vqRdmulh_lanes32.c (test for excess errors)
FAIL: gcc.target/arm/neon/vqRdmulh_lanes32.c scan-assembler vqrdmulh.s32[ \\t]+[dD][0-9]+, [dD][0-9]+, [dD][0-9]+\\\\[[0-9]+\\\\]!?([ \\t]+@[a-zA-Z0-9 ]+)?\\n
FAIL: gcc.target/arm/neon/vqRdmulh_ns16.c (internal compiler error)
FAIL: gcc.target/arm/neon/vqRdmulh_ns16.c (test for excess errors)
FAIL: gcc.target/arm/neon/vqRdmulh_ns16.c scan-assembler vqrdmulh.s16[ \\t]+[dD][0-9]+, [dD][0-9]+, [dD][0-9]+\\\\[[0-9]+\\\\]!?([ \\t]+@[a-zA-Z0-9 ]+)?\\n
FAIL: gcc.target/arm/neon/vqRshrn_ns16.c (test for excess errors)
FAIL: gcc.target/arm/neon/vqRshrn_ns16.c scan-assembler vqrshrn.s16[ \\t]+[dD][0-9]+, [qQ][0-9]+, #[0-9]+!?([ \\t]+@[a-zA-Z0-9 ]+)?\\n
FAIL: gcc.target/arm/neon/vqRshrn_ns32.c (test for excess errors)
FAIL: gcc.target/arm/neon/vqRshrn_ns32.c scan-assembler vqrshrn.s32[ \\t]+[dD][0-9]+, [qQ][0-9]+, #[0-9]+!?([ \\t]+@[a-zA-Z0-9 ]+)?\\n
FAIL: gcc.target/arm/neon/vqRshrn_ns64.c (test for excess errors)
FAIL: gcc.target/arm/neon/vqRshrn_ns64.c scan-assembler vqrshrn.s64[ \\t]+[dD][0-9]+, [qQ][0-9]+, #[0-9]+!?([ \\t]+@[a-zA-Z0-9 ]+)?\\n
FAIL: gcc.target/arm/neon/vqRshrn_nu16.c (test for excess errors)
FAIL: gcc.target/arm/neon/vqRshrn_nu16.c scan-assembler vqrshrn.u16[ \\t]+[dD][0-9]+, [qQ][0-9]+, #[0-9]+!?([ \\t]+@[a-zA-Z0-9 ]+)?\\n
FAIL: gcc.target/arm/neon/vqRshrn_nu32.c (test for excess errors)
FAIL: gcc.target/arm/neon/vqRshrn_nu32.c scan-assembler vqrshrn.u32[ \\t]+[dD][0-9]+, [qQ][0-9]+, #[0-9]+!?([ \\t]+@[a-zA-Z0-9 ]+)?\\n
FAIL: gcc.target/arm/neon/vqRshrn_nu64.c (test for excess errors)
FAIL: gcc.target/arm/neon/vqRshrn_nu64.c scan-assembler vqrshrn.u64[ \\t]+[dD][0-9]+, [qQ][0-9]+, #[0-9]+!?([ \\t]+@[a-zA-Z0-9 ]+)?\\n
FAIL: gcc.target/arm/neon/vqRshrun_ns16.c (test for excess errors)
FAIL: gcc.target/arm/neon/vqRshrun_ns16.c scan-assembler vqrshrun.s16[ \\t]+[dD][0-9]+, [qQ][0-9]+, #[0-9]+!?([ \\t]+@[a-zA-Z0-9 ]+)?\\n
FAIL: gcc.target/arm/neon/vqRshrun_ns32.c (test for excess errors)
FAIL: gcc.target/arm/neon/vqRshrun_ns32.c scan-assembler vqrshrun.s32[ \\t]+[dD][0-9]+, [qQ][0-9]+, #[0-9]+!?([ \\t]+@[a-zA-Z0-9 ]+)?\\n
FAIL: gcc.target/arm/neon/vqRshrun_ns64.c (test for excess errors)
FAIL: gcc.target/arm/neon/vqRshrun_ns64.c scan-assembler vqrshrun.s64[ \\t]+[dD][0-9]+, [qQ][0-9]+, #[0-9]+!?([ \\t]+@[a-zA-Z0-9 ]+)?\\n
FAIL: gcc.target/arm/neon/vqdmlal_lanes16.c (test for excess errors)
FAIL: gcc.target/arm/neon/vqdmlal_lanes16.c scan-assembler vqdmlal.s16[ \\t]+[qQ][0-9]+, [dD][0-9]+, [dD][0-9]+\\\\[[0-9]+\\\\]!?([ \\t]+@[a-zA-Z0-9 ]+)?\\n
FAIL: gcc.target/arm/neon/vqdmlal_lanes32.c (test for excess errors)
FAIL: gcc.target/arm/neon/vqdmlal_lanes32.c scan-assembler vqdmlal.s32[ \\t]+[qQ][0-9]+, [dD][0-9]+, [dD][0-9]+\\\\[[0-9]+\\\\]!?([ \\t]+@[a-zA-Z0-9 ]+)?\\n
FAIL: gcc.target/arm/neon/vqdmlal_ns16.c (internal compiler error)
FAIL: gcc.target/arm/neon/vqdmlal_ns16.c (test for excess errors)
FAIL: gcc.target/arm/neon/vqdmlal_ns16.c scan-assembler vqdmlal.s16[ \\t]+[qQ][0-9]+, [dD][0-9]+, [dD][0-9]+\\\\[[0-9]+\\\\]!?([ \\t]+@[a-zA-Z0-9 ]+)?\\n
FAIL: gcc.target/arm/neon/vqdmlsl_lanes16.c (test for excess errors)
FAIL: gcc.target/arm/neon/vqdmlsl_lanes16.c scan-assembler vqdmlsl.s16[ \\t]+[qQ][0-9]+, [dD][0-9]+, [dD][0-9]+\\\\[[0-9]+\\\\]!?([ \\t]+@[a-zA-Z0-9 ]+)?\\n
FAIL: gcc.target/arm/neon/vqdmlsl_lanes32.c (test for excess errors)
FAIL: gcc.target/arm/neon/vqdmlsl_lanes32.c scan-assembler vqdmlsl.s32[ \\t]+[qQ][0-9]+, [dD][0-9]+, [dD][0-9]+\\\\[[0-9]+\\\\]!?([ \\t]+@[a-zA-Z0-9 ]+)?\\n
FAIL: gcc.target/arm/neon/vqdmlsl_ns16.c (internal compiler error)
FAIL: gcc.target/arm/neon/vqdmlsl_ns16.c (test for excess errors)
FAIL: gcc.target/arm/neon/vqdmlsl_ns16.c scan-assembler vqdmlsl.s16[ \\t]+[qQ][0-9]+, [dD][0-9]+, [dD][0-9]+\\\\[[0-9]+\\\\]!?([ \\t]+@[a-zA-Z0-9 ]+)?\\n
FAIL: gcc.target/arm/neon/vqdmulhQ_lanes16.c (test for excess errors)
FAIL: gcc.target/arm/neon/vqdmulhQ_lanes16.c scan-assembler vqdmulh.s16[ \\t]+[qQ][0-9]+, [qQ][0-9]+, [dD][0-9]+\\\\[[0-9]+\\\\]!?([ \\t]+@[a-zA-Z0-9 ]+)?\\n
FAIL: gcc.target/arm/neon/vqdmulhQ_lanes32.c (test for excess errors)
FAIL: gcc.target/arm/neon/vqdmulhQ_lanes32.c scan-assembler vqdmulh.s32[ \\t]+[qQ][0-9]+, [qQ][0-9]+, [dD][0-9]+\\\\[[0-9]+\\\\]!?([ \\t]+@[a-zA-Z0-9 ]+)?\\n
FAIL: gcc.target/arm/neon/vqdmulhQ_ns16.c (internal compiler error)
FAIL: gcc.target/arm/neon/vqdmulhQ_ns16.c (test for excess errors)
FAIL: gcc.target/arm/neon/vqdmulhQ_ns16.c scan-assembler vqdmulh.s16[ \\t]+[qQ][0-9]+, [qQ][0-9]+, [dD][0-9]+\\\\[[0-9]+\\\\]!?([ \\t]+@[a-zA-Z0-9 ]+)?\\n
FAIL: gcc.target/arm/neon/vqdmulh_lanes16.c (test for excess errors)
FAIL: gcc.target/arm/neon/vqdmulh_lanes16.c scan-assembler vqdmulh.s16[ \\t]+[dD][0-9]+, [dD][0-9]+, [dD][0-9]+\\\\[[0-9]+\\\\]!?([ \\t]+@[a-zA-Z0-9 ]+)?\\n
FAIL: gcc.target/arm/neon/vqdmulh_lanes32.c (test for excess errors)
FAIL: gcc.target/arm/neon/vqdmulh_lanes32.c scan-assembler vqdmulh.s32[ \\t]+[dD][0-9]+, [dD][0-9]+, [dD][0-9]+\\\\[[0-9]+\\\\]!?([ \\t]+@[a-zA-Z0-9 ]+)?\\n
FAIL: gcc.target/arm/neon/vqdmulh_ns16.c (internal compiler error)
FAIL: gcc.target/arm/neon/vqdmulh_ns16.c (test for excess errors)
FAIL: gcc.target/arm/neon/vqdmulh_ns16.c scan-assembler vqdmulh.s16[ \\t]+[dD][0-9]+, [dD][0-9]+, [dD][0-9]+\\\\[[0-9]+\\\\]!?([ \\t]+@[a-zA-Z0-9 ]+)?\\n
FAIL: gcc.target/arm/neon/vqdmull_lanes16.c (test for excess errors)
FAIL: gcc.target/arm/neon/vqdmull_lanes16.c scan-assembler vqdmull.s16[ \\t]+[qQ][0-9]+, [dD][0-9]+, [dD][0-9]+\\\\[[0-9]+\\\\]!?([ \\t]+@[a-zA-Z0-9 ]+)?\\n
FAIL: gcc.target/arm/neon/vqdmull_lanes32.c (test for excess errors)
FAIL: gcc.target/arm/neon/vqdmull_lanes32.c scan-assembler vqdmull.s32[ \\t]+[qQ][0-9]+, [dD][0-9]+, [dD][0-9]+\\\\[[0-9]+\\\\]!?([ \\t]+@[a-zA-Z0-9 ]+)?\\n
FAIL: gcc.target/arm/neon/vqdmull_ns16.c (internal compiler error)
FAIL: gcc.target/arm/neon/vqdmull_ns16.c (test for excess errors)
FAIL: gcc.target/arm/neon/vqdmull_ns16.c scan-assembler vqdmull.s16[ \\t]+[qQ][0-9]+, [dD][0-9]+, [dD][0-9]+\\\\[[0-9]+\\\\]!?([ \\t]+@[a-zA-Z0-9 ]+)?\\n
FAIL: gcc.target/arm/neon/vqshlQ_ns16.c (test for excess errors)
FAIL: gcc.target/arm/neon/vqshlQ_ns16.c scan-assembler vqshl.s16[ \\t]+[qQ][0-9]+, [qQ][0-9]+, #[0-9]+!?([ \\t]+@[a-zA-Z0-9 ]+)?\\n
FAIL: gcc.target/arm/neon/vqshlQ_ns32.c (test for excess errors)
FAIL: gcc.target/arm/neon/vqshlQ_ns32.c scan-assembler vqshl.s32[ \\t]+[qQ][0-9]+, [qQ][0-9]+, #[0-9]+!?([ \\t]+@[a-zA-Z0-9 ]+)?\\n
FAIL: gcc.target/arm/neon/vqshlQ_ns64.c (test for excess errors)
FAIL: gcc.target/arm/neon/vqshlQ_ns64.c scan-assembler vqshl.s64[ \\t]+[qQ][0-9]+, [qQ][0-9]+, #[0-9]+!?([ \\t]+@[a-zA-Z0-9 ]+)?\\n
FAIL: gcc.target/arm/neon/vqshlQ_ns8.c (test for excess errors)
FAIL: gcc.target/arm/neon/vqshlQ_ns8.c scan-assembler vqshl.s8[ \\t]+[qQ][0-9]+, [qQ][0-9]+, #[0-9]+!?([ \\t]+@[a-zA-Z0-9 ]+)?\\n
FAIL: gcc.target/arm/neon/vqshlQ_nu16.c (test for excess errors)
FAIL: gcc.target/arm/neon/vqshlQ_nu16.c scan-assembler vqshl.u16[ \\t]+[qQ][0-9]+, [qQ][0-9]+, #[0-9]+!?([ \\t]+@[a-zA-Z0-9 ]+)?\\n
FAIL: gcc.target/arm/neon/vqshlQ_nu32.c (test for excess errors)
FAIL: gcc.target/arm/neon/vqshlQ_nu32.c scan-assembler vqshl.u32[ \\t]+[qQ][0-9]+, [qQ][0-9]+, #[0-9]+!?([ \\t]+@[a-zA-Z0-9 ]+)?\\n
FAIL: gcc.target/arm/neon/vqshlQ_nu64.c (test for excess errors)
FAIL: gcc.target/arm/neon/vqshlQ_nu64.c scan-assembler vqshl.u64[ \\t]+[qQ][0-9]+, [qQ][0-9]+, #[0-9]+!?([ \\t]+@[a-zA-Z0-9 ]+)?\\n
FAIL: gcc.target/arm/neon/vqshlQ_nu8.c (test for excess errors)
FAIL: gcc.target/arm/neon/vqshlQ_nu8.c scan-assembler vqshl.u8[ \\t]+[qQ][0-9]+, [qQ][0-9]+, #[0-9]+!?([ \\t]+@[a-zA-Z0-9 ]+)?\\n
FAIL: gcc.target/arm/neon/vqshl_ns16.c (test for excess errors)
FAIL: gcc.target/arm/neon/vqshl_ns16.c scan-assembler vqshl.s16[ \\t]+[dD][0-9]+, [dD][0-9]+, #[0-9]+!?([ \\t]+@[a-zA-Z0-9 ]+)?\\n
FAIL: gcc.target/arm/neon/vqshl_ns32.c (test for excess errors)
FAIL: gcc.target/arm/neon/vqshl_ns32.c scan-assembler vqshl.s32[ \\t]+[dD][0-9]+, [dD][0-9]+, #[0-9]+!?([ \\t]+@[a-zA-Z0-9 ]+)?\\n
FAIL: gcc.target/arm/neon/vqshl_ns64.c (test for excess errors)
FAIL: gcc.target/arm/neon/vqshl_ns64.c scan-assembler vqshl.s64[ \\t]+[dD][0-9]+, [dD][0-9]+, #[0-9]+!?([ \\t]+@[a-zA-Z0-9 ]+)?\\n
FAIL: gcc.target/arm/neon/vqshl_ns8.c (test for excess errors)
FAIL: gcc.target/arm/neon/vqshl_ns8.c scan-assembler vqshl.s8[ \\t]+[dD][0-9]+, [dD][0-9]+, #[0-9]+!?([ \\t]+@[a-zA-Z0-9 ]+)?\\n
FAIL: gcc.target/arm/neon/vqshl_nu16.c (test for excess errors)
FAIL: gcc.target/arm/neon/vqshl_nu16.c scan-assembler vqshl.u16[ \\t]+[dD][0-9]+, [dD][0-9]+, #[0-9]+!?([ \\t]+@[a-zA-Z0-9 ]+)?\\n
FAIL: gcc.target/arm/neon/vqshl_nu32.c (test for excess errors)
FAIL: gcc.target/arm/neon/vqshl_nu32.c scan-assembler vqshl.u32[ \\t]+[dD][0-9]+, [dD][0-9]+, #[0-9]+!?([ \\t]+@[a-zA-Z0-9 ]+)?\\n
FAIL: gcc.target/arm/neon/vqshl_nu64.c (test for excess errors)
FAIL: gcc.target/arm/neon/vqshl_nu64.c scan-assembler vqshl.u64[ \\t]+[dD][0-9]+, [dD][0-9]+, #[0-9]+!?([ \\t]+@[a-zA-Z0-9 ]+)?\\n
FAIL: gcc.target/arm/neon/vqshl_nu8.c (test for excess errors)
FAIL: gcc.target/arm/neon/vqshl_nu8.c scan-assembler vqshl.u8[ \\t]+[dD][0-9]+, [dD][0-9]+, #[0-9]+!?([ \\t]+@[a-zA-Z0-9 ]+)?\\n
FAIL: gcc.target/arm/neon/vqshluQ_ns16.c (test for excess errors)
FAIL: gcc.target/arm/neon/vqshluQ_ns16.c scan-assembler vqshlu.s16[ \\t]+[qQ][0-9]+, [qQ][0-9]+, #[0-9]+!?([ \\t]+@[a-zA-Z0-9 ]+)?\\n
FAIL: gcc.target/arm/neon/vqshluQ_ns32.c (test for excess errors)
FAIL: gcc.target/arm/neon/vqshluQ_ns32.c scan-assembler vqshlu.s32[ \\t]+[qQ][0-9]+, [qQ][0-9]+, #[0-9]+!?([ \\t]+@[a-zA-Z0-9 ]+)?\\n
FAIL: gcc.target/arm/neon/vqshluQ_ns64.c (test for excess errors)
FAIL: gcc.target/arm/neon/vqshluQ_ns64.c scan-assembler vqshlu.s64[ \\t]+[qQ][0-9]+, [qQ][0-9]+, #[0-9]+!?([ \\t]+@[a-zA-Z0-9 ]+)?\\n
FAIL: gcc.target/arm/neon/vqshluQ_ns8.c (test for excess errors)
FAIL: gcc.target/arm/neon/vqshluQ_ns8.c scan-assembler vqshlu.s8[ \\t]+[qQ][0-9]+, [qQ][0-9]+, #[0-9]+!?([ \\t]+@[a-zA-Z0-9 ]+)?\\n
FAIL: gcc.target/arm/neon/vqshlu_ns16.c (test for excess errors)
FAIL: gcc.target/arm/neon/vqshlu_ns16.c scan-assembler vqshlu.s16[ \\t]+[dD][0-9]+, [dD][0-9]+, #[0-9]+!?([ \\t]+@[a-zA-Z0-9 ]+)?\\n
FAIL: gcc.target/arm/neon/vqshlu_ns32.c (test for excess errors)
FAIL: gcc.target/arm/neon/vqshlu_ns32.c scan-assembler vqshlu.s32[ \\t]+[dD][0-9]+, [dD][0-9]+, #[0-9]+!?([ \\t]+@[a-zA-Z0-9 ]+)?\\n
FAIL: gcc.target/arm/neon/vqshlu_ns64.c (test for excess errors)
FAIL: gcc.target/arm/neon/vqshlu_ns64.c scan-assembler vqshlu.s64[ \\t]+[dD][0-9]+, [dD][0-9]+, #[0-9]+!?([ \\t]+@[a-zA-Z0-9 ]+)?\\n
FAIL: gcc.target/arm/neon/vqshlu_ns8.c (test for excess errors)
FAIL: gcc.target/arm/neon/vqshlu_ns8.c scan-assembler vqshlu.s8[ \\t]+[dD][0-9]+, [dD][0-9]+, #[0-9]+!?([ \\t]+@[a-zA-Z0-9 ]+)?\\n
FAIL: gcc.target/arm/neon/vqshrn_ns16.c (test for excess errors)
FAIL: gcc.target/arm/neon/vqshrn_ns16.c scan-assembler vqshrn.s16[ \\t]+[dD][0-9]+, [qQ][0-9]+, #[0-9]+!?([ \\t]+@[a-zA-Z0-9 ]+)?\\n
FAIL: gcc.target/arm/neon/vqshrn_ns32.c (test for excess errors)
FAIL: gcc.target/arm/neon/vqshrn_ns32.c scan-assembler vqshrn.s32[ \\t]+[dD][0-9]+, [qQ][0-9]+, #[0-9]+!?([ \\t]+@[a-zA-Z0-9 ]+)?\\n
FAIL: gcc.target/arm/neon/vqshrn_ns64.c (test for excess errors)
FAIL: gcc.target/arm/neon/vqshrn_ns64.c scan-assembler vqshrn.s64[ \\t]+[dD][0-9]+, [qQ][0-9]+, #[0-9]+!?([ \\t]+@[a-zA-Z0-9 ]+)?\\n
FAIL: gcc.target/arm/neon/vqshrn_nu16.c (test for excess errors)
FAIL: gcc.target/arm/neon/vqshrn_nu16.c scan-assembler vqshrn.u16[ \\t]+[dD][0-9]+, [qQ][0-9]+, #[0-9]+!?([ \\t]+@[a-zA-Z0-9 ]+)?\\n
FAIL: gcc.target/arm/neon/vqshrn_nu32.c (test for excess errors)
FAIL: gcc.target/arm/neon/vqshrn_nu32.c scan-assembler vqshrn.u32[ \\t]+[dD][0-9]+, [qQ][0-9]+, #[0-9]+!?([ \\t]+@[a-zA-Z0-9 ]+)?\\n
FAIL: gcc.target/arm/neon/vqshrn_nu64.c (test for excess errors)
FAIL: gcc.target/arm/neon/vqshrn_nu64.c scan-assembler vqshrn.u64[ \\t]+[dD][0-9]+, [qQ][0-9]+, #[0-9]+!?([ \\t]+@[a-zA-Z0-9 ]+)?\\n
FAIL: gcc.target/arm/neon/vqshrun_ns16.c (test for excess errors)
FAIL: gcc.target/arm/neon/vqshrun_ns16.c scan-assembler vqshrun.s16[ \\t]+[dD][0-9]+, [qQ][0-9]+, #[0-9]+!?([ \\t]+@[a-zA-Z0-9 ]+)?\\n
FAIL: gcc.target/arm/neon/vqshrun_ns32.c (test for excess errors)
FAIL: gcc.target/arm/neon/vqshrun_ns32.c scan-assembler vqshrun.s32[ \\t]+[dD][0-9]+, [qQ][0-9]+, #[0-9]+!?([ \\t]+@[a-zA-Z0-9 ]+)?\\n
FAIL: gcc.target/arm/neon/vqshrun_ns64.c (test for excess errors)
FAIL: gcc.target/arm/neon/vqshrun_ns64.c scan-assembler vqshrun.s64[ \\t]+[dD][0-9]+, [qQ][0-9]+, #[0-9]+!?([ \\t]+@[a-zA-Z0-9 ]+)?\\n
FAIL: gcc.target/arm/neon/vsetQ_lanef32.c (test for excess errors)
FAIL: gcc.target/arm/neon/vsetQ_lanef32.c scan-assembler vmov.32[ \\t]+[dD][0-9]+\\\\[[0-9]+\\\\], [rR][0-9]+!?([ \\t]+@[a-zA-Z0-9 ]+)?\\n
FAIL: gcc.target/arm/neon/vsetQ_lanep16.c (internal compiler error)
FAIL: gcc.target/arm/neon/vsetQ_lanep16.c (test for excess errors)
FAIL: gcc.target/arm/neon/vsetQ_lanep16.c scan-assembler vmov.16[ \\t]+[dD][0-9]+\\\\[[0-9]+\\\\], [rR][0-9]+!?([ \\t]+@[a-zA-Z0-9 ]+)?\\n
FAIL: gcc.target/arm/neon/vsetQ_lanep8.c (internal compiler error)
FAIL: gcc.target/arm/neon/vsetQ_lanep8.c (test for excess errors)
FAIL: gcc.target/arm/neon/vsetQ_lanep8.c scan-assembler vmov.8[ \\t]+[dD][0-9]+\\\\[[0-9]+\\\\], [rR][0-9]+!?([ \\t]+@[a-zA-Z0-9 ]+)?\\n
FAIL: gcc.target/arm/neon/vsetQ_lanes16.c (internal compiler error)
FAIL: gcc.target/arm/neon/vsetQ_lanes16.c (test for excess errors)
FAIL: gcc.target/arm/neon/vsetQ_lanes16.c scan-assembler vmov.16[ \\t]+[dD][0-9]+\\\\[[0-9]+\\\\], [rR][0-9]+!?([ \\t]+@[a-zA-Z0-9 ]+)?\\n
FAIL: gcc.target/arm/neon/vsetQ_lanes32.c (test for excess errors)
FAIL: gcc.target/arm/neon/vsetQ_lanes32.c scan-assembler vmov.32[ \\t]+[dD][0-9]+\\\\[[0-9]+\\\\], [rR][0-9]+!?([ \\t]+@[a-zA-Z0-9 ]+)?\\n
FAIL: gcc.target/arm/neon/vsetQ_lanes64.c (test for excess errors)
FAIL: gcc.target/arm/neon/vsetQ_lanes64.c scan-assembler vmov[ \\t]+[dD][0-9]+, [rR][0-9]+, [rR][0-9]+!?([ \\t]+@[a-zA-Z0-9 ]+)?\\n
FAIL: gcc.target/arm/neon/vsetQ_lanes8.c (internal compiler error)
FAIL: gcc.target/arm/neon/vsetQ_lanes8.c (test for excess errors)
FAIL: gcc.target/arm/neon/vsetQ_lanes8.c scan-assembler vmov.8[ \\t]+[dD][0-9]+\\\\[[0-9]+\\\\], [rR][0-9]+!?([ \\t]+@[a-zA-Z0-9 ]+)?\\n
FAIL: gcc.target/arm/neon/vsetQ_laneu16.c (internal compiler error)
FAIL: gcc.target/arm/neon/vsetQ_laneu16.c (test for excess errors)
FAIL: gcc.target/arm/neon/vsetQ_laneu16.c scan-assembler vmov.16[ \\t]+[dD][0-9]+\\\\[[0-9]+\\\\], [rR][0-9]+!?([ \\t]+@[a-zA-Z0-9 ]+)?\\n
FAIL: gcc.target/arm/neon/vsetQ_laneu32.c (test for excess errors)
FAIL: gcc.target/arm/neon/vsetQ_laneu32.c scan-assembler vmov.32[ \\t]+[dD][0-9]+\\\\[[0-9]+\\\\], [rR][0-9]+!?([ \\t]+@[a-zA-Z0-9 ]+)?\\n
FAIL: gcc.target/arm/neon/vsetQ_laneu64.c (test for excess errors)
FAIL: gcc.target/arm/neon/vsetQ_laneu64.c scan-assembler vmov[ \\t]+[dD][0-9]+, [rR][0-9]+, [rR][0-9]+!?([ \\t]+@[a-zA-Z0-9 ]+)?\\n
FAIL: gcc.target/arm/neon/vsetQ_laneu8.c (internal compiler error)
FAIL: gcc.target/arm/neon/vsetQ_laneu8.c (test for excess errors)
FAIL: gcc.target/arm/neon/vsetQ_laneu8.c scan-assembler vmov.8[ \\t]+[dD][0-9]+\\\\[[0-9]+\\\\], [rR][0-9]+!?([ \\t]+@[a-zA-Z0-9 ]+)?\\n
FAIL: gcc.target/arm/neon/vset_lanef32.c (test for excess errors)
FAIL: gcc.target/arm/neon/vset_lanef32.c scan-assembler vmov.32[ \\t]+[dD][0-9]+\\\\[[0-9]+\\\\], [rR][0-9]+!?([ \\t]+@[a-zA-Z0-9 ]+)?\\n
FAIL: gcc.target/arm/neon/vset_lanep16.c (internal compiler error)
FAIL: gcc.target/arm/neon/vset_lanep16.c (test for excess errors)
FAIL: gcc.target/arm/neon/vset_lanep16.c scan-assembler vmov.16[ \\t]+[dD][0-9]+\\\\[[0-9]+\\\\], [rR][0-9]+!?([ \\t]+@[a-zA-Z0-9 ]+)?\\n
FAIL: gcc.target/arm/neon/vset_lanep8.c (internal compiler error)
FAIL: gcc.target/arm/neon/vset_lanep8.c (test for excess errors)
FAIL: gcc.target/arm/neon/vset_lanep8.c scan-assembler vmov.8[ \\t]+[dD][0-9]+\\\\[[0-9]+\\\\], [rR][0-9]+!?([ \\t]+@[a-zA-Z0-9 ]+)?\\n
FAIL: gcc.target/arm/neon/vset_lanes16.c (internal compiler error)
FAIL: gcc.target/arm/neon/vset_lanes16.c (test for excess errors)
FAIL: gcc.target/arm/neon/vset_lanes16.c scan-assembler vmov.16[ \\t]+[dD][0-9]+\\\\[[0-9]+\\\\], [rR][0-9]+!?([ \\t]+@[a-zA-Z0-9 ]+)?\\n
FAIL: gcc.target/arm/neon/vset_lanes32.c (test for excess errors)
FAIL: gcc.target/arm/neon/vset_lanes32.c scan-assembler vmov.32[ \\t]+[dD][0-9]+\\\\[[0-9]+\\\\], [rR][0-9]+!?([ \\t]+@[a-zA-Z0-9 ]+)?\\n
FAIL: gcc.target/arm/neon/vset_lanes64.c (test for excess errors)
FAIL: gcc.target/arm/neon/vset_lanes64.c scan-assembler vmov[ \\t]+[dD][0-9]+, [rR][0-9]+, [rR][0-9]+!?([ \\t]+@[a-zA-Z0-9 ]+)?\\n
FAIL: gcc.target/arm/neon/vset_lanes8.c (internal compiler error)
FAIL: gcc.target/arm/neon/vset_lanes8.c (test for excess errors)
FAIL: gcc.target/arm/neon/vset_lanes8.c scan-assembler vmov.8[ \\t]+[dD][0-9]+\\\\[[0-9]+\\\\], [rR][0-9]+!?([ \\t]+@[a-zA-Z0-9 ]+)?\\n
FAIL: gcc.target/arm/neon/vset_laneu16.c (internal compiler error)
FAIL: gcc.target/arm/neon/vset_laneu16.c (test for excess errors)
FAIL: gcc.target/arm/neon/vset_laneu16.c scan-assembler vmov.16[ \\t]+[dD][0-9]+\\\\[[0-9]+\\\\], [rR][0-9]+!?([ \\t]+@[a-zA-Z0-9 ]+)?\\n
FAIL: gcc.target/arm/neon/vset_laneu32.c (test for excess errors)
FAIL: gcc.target/arm/neon/vset_laneu32.c scan-assembler vmov.32[ \\t]+[dD][0-9]+\\\\[[0-9]+\\\\], [rR][0-9]+!?([ \\t]+@[a-zA-Z0-9 ]+)?\\n
FAIL: gcc.target/arm/neon/vset_laneu64.c (test for excess errors)
FAIL: gcc.target/arm/neon/vset_laneu64.c scan-assembler vmov[ \\t]+[dD][0-9]+, [rR][0-9]+, [rR][0-9]+!?([ \\t]+@[a-zA-Z0-9 ]+)?\\n
FAIL: gcc.target/arm/neon/vset_laneu8.c (internal compiler error)
FAIL: gcc.target/arm/neon/vset_laneu8.c (test for excess errors)
FAIL: gcc.target/arm/neon/vset_laneu8.c scan-assembler vmov.8[ \\t]+[dD][0-9]+\\\\[[0-9]+\\\\], [rR][0-9]+!?([ \\t]+@[a-zA-Z0-9 ]+)?\\n
FAIL: gcc.target/arm/neon/vshlQ_ns16.c (test for excess errors)
FAIL: gcc.target/arm/neon/vshlQ_ns16.c scan-assembler vshl.i16[ \\t]+[qQ][0-9]+, [qQ][0-9]+, #[0-9]+!?([ \\t]+@[a-zA-Z0-9 ]+)?\\n
FAIL: gcc.target/arm/neon/vshlQ_ns32.c (test for excess errors)
FAIL: gcc.target/arm/neon/vshlQ_ns32.c scan-assembler vshl.i32[ \\t]+[qQ][0-9]+, [qQ][0-9]+, #[0-9]+!?([ \\t]+@[a-zA-Z0-9 ]+)?\\n
FAIL: gcc.target/arm/neon/vshlQ_ns64.c (test for excess errors)
FAIL: gcc.target/arm/neon/vshlQ_ns64.c scan-assembler vshl.i64[ \\t]+[qQ][0-9]+, [qQ][0-9]+, #[0-9]+!?([ \\t]+@[a-zA-Z0-9 ]+)?\\n
FAIL: gcc.target/arm/neon/vshlQ_ns8.c (test for excess errors)
FAIL: gcc.target/arm/neon/vshlQ_ns8.c scan-assembler vshl.i8[ \\t]+[qQ][0-9]+, [qQ][0-9]+, #[0-9]+!?([ \\t]+@[a-zA-Z0-9 ]+)?\\n
FAIL: gcc.target/arm/neon/vshlQ_nu16.c (test for excess errors)
FAIL: gcc.target/arm/neon/vshlQ_nu16.c scan-assembler vshl.i16[ \\t]+[qQ][0-9]+, [qQ][0-9]+, #[0-9]+!?([ \\t]+@[a-zA-Z0-9 ]+)?\\n
FAIL: gcc.target/arm/neon/vshlQ_nu32.c (test for excess errors)
FAIL: gcc.target/arm/neon/vshlQ_nu32.c scan-assembler vshl.i32[ \\t]+[qQ][0-9]+, [qQ][0-9]+, #[0-9]+!?([ \\t]+@[a-zA-Z0-9 ]+)?\\n
FAIL: gcc.target/arm/neon/vshlQ_nu64.c (test for excess errors)
FAIL: gcc.target/arm/neon/vshlQ_nu64.c scan-assembler vshl.i64[ \\t]+[qQ][0-9]+, [qQ][0-9]+, #[0-9]+!?([ \\t]+@[a-zA-Z0-9 ]+)?\\n
FAIL: gcc.target/arm/neon/vshlQ_nu8.c (test for excess errors)
FAIL: gcc.target/arm/neon/vshlQ_nu8.c scan-assembler vshl.i8[ \\t]+[qQ][0-9]+, [qQ][0-9]+, #[0-9]+!?([ \\t]+@[a-zA-Z0-9 ]+)?\\n
FAIL: gcc.target/arm/neon/vshl_ns16.c (test for excess errors)
FAIL: gcc.target/arm/neon/vshl_ns16.c scan-assembler vshl.i16[ \\t]+[dD][0-9]+, [dD][0-9]+, #[0-9]+!?([ \\t]+@[a-zA-Z0-9 ]+)?\\n
FAIL: gcc.target/arm/neon/vshl_ns32.c (test for excess errors)
FAIL: gcc.target/arm/neon/vshl_ns32.c scan-assembler vshl.i32[ \\t]+[dD][0-9]+, [dD][0-9]+, #[0-9]+!?([ \\t]+@[a-zA-Z0-9 ]+)?\\n
FAIL: gcc.target/arm/neon/vshl_ns64.c (test for excess errors)
FAIL: gcc.target/arm/neon/vshl_ns64.c scan-assembler vshl.i64[ \\t]+[dD][0-9]+, [dD][0-9]+, #[0-9]+!?([ \\t]+@[a-zA-Z0-9 ]+)?\\n
FAIL: gcc.target/arm/neon/vshl_ns8.c (test for excess errors)
FAIL: gcc.target/arm/neon/vshl_ns8.c scan-assembler vshl.i8[ \\t]+[dD][0-9]+, [dD][0-9]+, #[0-9]+!?([ \\t]+@[a-zA-Z0-9 ]+)?\\n
FAIL: gcc.target/arm/neon/vshl_nu16.c (test for excess errors)
FAIL: gcc.target/arm/neon/vshl_nu16.c scan-assembler vshl.i16[ \\t]+[dD][0-9]+, [dD][0-9]+, #[0-9]+!?([ \\t]+@[a-zA-Z0-9 ]+)?\\n
FAIL: gcc.target/arm/neon/vshl_nu32.c (test for excess errors)
FAIL: gcc.target/arm/neon/vshl_nu32.c scan-assembler vshl.i32[ \\t]+[dD][0-9]+, [dD][0-9]+, #[0-9]+!?([ \\t]+@[a-zA-Z0-9 ]+)?\\n
FAIL: gcc.target/arm/neon/vshl_nu64.c (test for excess errors)
FAIL: gcc.target/arm/neon/vshl_nu64.c scan-assembler vshl.i64[ \\t]+[dD][0-9]+, [dD][0-9]+, #[0-9]+!?([ \\t]+@[a-zA-Z0-9 ]+)?\\n
FAIL: gcc.target/arm/neon/vshl_nu8.c (test for excess errors)
FAIL: gcc.target/arm/neon/vshl_nu8.c scan-assembler vshl.i8[ \\t]+[dD][0-9]+, [dD][0-9]+, #[0-9]+!?([ \\t]+@[a-zA-Z0-9 ]+)?\\n
FAIL: gcc.target/arm/neon/vshll_ns16.c (test for excess errors)
FAIL: gcc.target/arm/neon/vshll_ns16.c scan-assembler vshll.s16[ \\t]+[qQ][0-9]+, [dD][0-9]+, #[0-9]+!?([ \\t]+@[a-zA-Z0-9 ]+)?\\n
FAIL: gcc.target/arm/neon/vshll_ns32.c (test for excess errors)
FAIL: gcc.target/arm/neon/vshll_ns32.c scan-assembler vshll.s32[ \\t]+[qQ][0-9]+, [dD][0-9]+, #[0-9]+!?([ \\t]+@[a-zA-Z0-9 ]+)?\\n
FAIL: gcc.target/arm/neon/vshll_ns8.c (test for excess errors)
FAIL: gcc.target/arm/neon/vshll_ns8.c scan-assembler vshll.s8[ \\t]+[qQ][0-9]+, [dD][0-9]+, #[0-9]+!?([ \\t]+@[a-zA-Z0-9 ]+)?\\n
FAIL: gcc.target/arm/neon/vshll_nu16.c (test for excess errors)
FAIL: gcc.target/arm/neon/vshll_nu16.c scan-assembler vshll.u16[ \\t]+[qQ][0-9]+, [dD][0-9]+, #[0-9]+!?([ \\t]+@[a-zA-Z0-9 ]+)?\\n
FAIL: gcc.target/arm/neon/vshll_nu32.c (test for excess errors)
FAIL: gcc.target/arm/neon/vshll_nu32.c scan-assembler vshll.u32[ \\t]+[qQ][0-9]+, [dD][0-9]+, #[0-9]+!?([ \\t]+@[a-zA-Z0-9 ]+)?\\n
FAIL: gcc.target/arm/neon/vshll_nu8.c (test for excess errors)
FAIL: gcc.target/arm/neon/vshll_nu8.c scan-assembler vshll.u8[ \\t]+[qQ][0-9]+, [dD][0-9]+, #[0-9]+!?([ \\t]+@[a-zA-Z0-9 ]+)?\\n
FAIL: gcc.target/arm/neon/vshrQ_ns16.c (test for excess errors)
FAIL: gcc.target/arm/neon/vshrQ_ns16.c scan-assembler vshr.s16[ \\t]+[qQ][0-9]+, [qQ][0-9]+, #[0-9]+!?([ \\t]+@[a-zA-Z0-9 ]+)?\\n
FAIL: gcc.target/arm/neon/vshrQ_ns32.c (test for excess errors)
FAIL: gcc.target/arm/neon/vshrQ_ns32.c scan-assembler vshr.s32[ \\t]+[qQ][0-9]+, [qQ][0-9]+, #[0-9]+!?([ \\t]+@[a-zA-Z0-9 ]+)?\\n
FAIL: gcc.target/arm/neon/vshrQ_ns64.c (test for excess errors)
FAIL: gcc.target/arm/neon/vshrQ_ns64.c scan-assembler vshr.s64[ \\t]+[qQ][0-9]+, [qQ][0-9]+, #[0-9]+!?([ \\t]+@[a-zA-Z0-9 ]+)?\\n
FAIL: gcc.target/arm/neon/vshrQ_ns8.c (test for excess errors)
FAIL: gcc.target/arm/neon/vshrQ_ns8.c scan-assembler vshr.s8[ \\t]+[qQ][0-9]+, [qQ][0-9]+, #[0-9]+!?([ \\t]+@[a-zA-Z0-9 ]+)?\\n
FAIL: gcc.target/arm/neon/vshrQ_nu16.c (test for excess errors)
FAIL: gcc.target/arm/neon/vshrQ_nu16.c scan-assembler vshr.u16[ \\t]+[qQ][0-9]+, [qQ][0-9]+, #[0-9]+!?([ \\t]+@[a-zA-Z0-9 ]+)?\\n
FAIL: gcc.target/arm/neon/vshrQ_nu32.c (test for excess errors)
FAIL: gcc.target/arm/neon/vshrQ_nu32.c scan-assembler vshr.u32[ \\t]+[qQ][0-9]+, [qQ][0-9]+, #[0-9]+!?([ \\t]+@[a-zA-Z0-9 ]+)?\\n
FAIL: gcc.target/arm/neon/vshrQ_nu64.c (test for excess errors)
FAIL: gcc.target/arm/neon/vshrQ_nu64.c scan-assembler vshr.u64[ \\t]+[qQ][0-9]+, [qQ][0-9]+, #[0-9]+!?([ \\t]+@[a-zA-Z0-9 ]+)?\\n
FAIL: gcc.target/arm/neon/vshrQ_nu8.c (test for excess errors)
FAIL: gcc.target/arm/neon/vshrQ_nu8.c scan-assembler vshr.u8[ \\t]+[qQ][0-9]+, [qQ][0-9]+, #[0-9]+!?([ \\t]+@[a-zA-Z0-9 ]+)?\\n
FAIL: gcc.target/arm/neon/vshr_ns16.c (test for excess errors)
FAIL: gcc.target/arm/neon/vshr_ns16.c scan-assembler vshr.s16[ \\t]+[dD][0-9]+, [dD][0-9]+, #[0-9]+!?([ \\t]+@[a-zA-Z0-9 ]+)?\\n
FAIL: gcc.target/arm/neon/vshr_ns32.c (test for excess errors)
FAIL: gcc.target/arm/neon/vshr_ns32.c scan-assembler vshr.s32[ \\t]+[dD][0-9]+, [dD][0-9]+, #[0-9]+!?([ \\t]+@[a-zA-Z0-9 ]+)?\\n
FAIL: gcc.target/arm/neon/vshr_ns64.c (test for excess errors)
FAIL: gcc.target/arm/neon/vshr_ns64.c scan-assembler vshr.s64[ \\t]+[dD][0-9]+, [dD][0-9]+, #[0-9]+!?([ \\t]+@[a-zA-Z0-9 ]+)?\\n
FAIL: gcc.target/arm/neon/vshr_ns8.c (test for excess errors)
FAIL: gcc.target/arm/neon/vshr_ns8.c scan-assembler vshr.s8[ \\t]+[dD][0-9]+, [dD][0-9]+, #[0-9]+!?([ \\t]+@[a-zA-Z0-9 ]+)?\\n
FAIL: gcc.target/arm/neon/vshr_nu16.c (test for excess errors)
FAIL: gcc.target/arm/neon/vshr_nu16.c scan-assembler vshr.u16[ \\t]+[dD][0-9]+, [dD][0-9]+, #[0-9]+!?([ \\t]+@[a-zA-Z0-9 ]+)?\\n
FAIL: gcc.target/arm/neon/vshr_nu32.c (test for excess errors)
FAIL: gcc.target/arm/neon/vshr_nu32.c scan-assembler vshr.u32[ \\t]+[dD][0-9]+, [dD][0-9]+, #[0-9]+!?([ \\t]+@[a-zA-Z0-9 ]+)?\\n
FAIL: gcc.target/arm/neon/vshr_nu64.c (test for excess errors)
FAIL: gcc.target/arm/neon/vshr_nu64.c scan-assembler vshr.u64[ \\t]+[dD][0-9]+, [dD][0-9]+, #[0-9]+!?([ \\t]+@[a-zA-Z0-9 ]+)?\\n
FAIL: gcc.target/arm/neon/vshr_nu8.c (test for excess errors)
FAIL: gcc.target/arm/neon/vshr_nu8.c scan-assembler vshr.u8[ \\t]+[dD][0-9]+, [dD][0-9]+, #[0-9]+!?([ \\t]+@[a-zA-Z0-9 ]+)?\\n
FAIL: gcc.target/arm/neon/vshrn_ns16.c (test for excess errors)
FAIL: gcc.target/arm/neon/vshrn_ns16.c scan-assembler vshrn.i16[ \\t]+[dD][0-9]+, [qQ][0-9]+, #[0-9]+!?([ \\t]+@[a-zA-Z0-9 ]+)?\\n
FAIL: gcc.target/arm/neon/vshrn_ns32.c (test for excess errors)
FAIL: gcc.target/arm/neon/vshrn_ns32.c scan-assembler vshrn.i32[ \\t]+[dD][0-9]+, [qQ][0-9]+, #[0-9]+!?([ \\t]+@[a-zA-Z0-9 ]+)?\\n
FAIL: gcc.target/arm/neon/vshrn_ns64.c (test for excess errors)
FAIL: gcc.target/arm/neon/vshrn_ns64.c scan-assembler vshrn.i64[ \\t]+[dD][0-9]+, [qQ][0-9]+, #[0-9]+!?([ \\t]+@[a-zA-Z0-9 ]+)?\\n
FAIL: gcc.target/arm/neon/vshrn_nu16.c (test for excess errors)
FAIL: gcc.target/arm/neon/vshrn_nu16.c scan-assembler vshrn.i16[ \\t]+[dD][0-9]+, [qQ][0-9]+, #[0-9]+!?([ \\t]+@[a-zA-Z0-9 ]+)?\\n
FAIL: gcc.target/arm/neon/vshrn_nu32.c (test for excess errors)
FAIL: gcc.target/arm/neon/vshrn_nu32.c scan-assembler vshrn.i32[ \\t]+[dD][0-9]+, [qQ][0-9]+, #[0-9]+!?([ \\t]+@[a-zA-Z0-9 ]+)?\\n
FAIL: gcc.target/arm/neon/vshrn_nu64.c (test for excess errors)
FAIL: gcc.target/arm/neon/vshrn_nu64.c scan-assembler vshrn.i64[ \\t]+[dD][0-9]+, [qQ][0-9]+, #[0-9]+!?([ \\t]+@[a-zA-Z0-9 ]+)?\\n
FAIL: gcc.target/arm/neon/vsliQ_np16.c (test for excess errors)
FAIL: gcc.target/arm/neon/vsliQ_np16.c scan-assembler vsli.16[ \\t]+[qQ][0-9]+, [qQ][0-9]+, #[0-9]+!?([ \\t]+@[a-zA-Z0-9 ]+)?\\n
FAIL: gcc.target/arm/neon/vsliQ_np8.c (test for excess errors)
FAIL: gcc.target/arm/neon/vsliQ_np8.c scan-assembler vsli.8[ \\t]+[qQ][0-9]+, [qQ][0-9]+, #[0-9]+!?([ \\t]+@[a-zA-Z0-9 ]+)?\\n
FAIL: gcc.target/arm/neon/vsliQ_ns16.c (test for excess errors)
FAIL: gcc.target/arm/neon/vsliQ_ns16.c scan-assembler vsli.16[ \\t]+[qQ][0-9]+, [qQ][0-9]+, #[0-9]+!?([ \\t]+@[a-zA-Z0-9 ]+)?\\n
FAIL: gcc.target/arm/neon/vsliQ_ns32.c (test for excess errors)
FAIL: gcc.target/arm/neon/vsliQ_ns32.c scan-assembler vsli.32[ \\t]+[qQ][0-9]+, [qQ][0-9]+, #[0-9]+!?([ \\t]+@[a-zA-Z0-9 ]+)?\\n
FAIL: gcc.target/arm/neon/vsliQ_ns64.c (test for excess errors)
FAIL: gcc.target/arm/neon/vsliQ_ns64.c scan-assembler vsli.64[ \\t]+[qQ][0-9]+, [qQ][0-9]+, #[0-9]+!?([ \\t]+@[a-zA-Z0-9 ]+)?\\n
FAIL: gcc.target/arm/neon/vsliQ_ns8.c (test for excess errors)
FAIL: gcc.target/arm/neon/vsliQ_ns8.c scan-assembler vsli.8[ \\t]+[qQ][0-9]+, [qQ][0-9]+, #[0-9]+!?([ \\t]+@[a-zA-Z0-9 ]+)?\\n
FAIL: gcc.target/arm/neon/vsliQ_nu16.c (test for excess errors)
FAIL: gcc.target/arm/neon/vsliQ_nu16.c scan-assembler vsli.16[ \\t]+[qQ][0-9]+, [qQ][0-9]+, #[0-9]+!?([ \\t]+@[a-zA-Z0-9 ]+)?\\n
FAIL: gcc.target/arm/neon/vsliQ_nu32.c (test for excess errors)
FAIL: gcc.target/arm/neon/vsliQ_nu32.c scan-assembler vsli.32[ \\t]+[qQ][0-9]+, [qQ][0-9]+, #[0-9]+!?([ \\t]+@[a-zA-Z0-9 ]+)?\\n
FAIL: gcc.target/arm/neon/vsliQ_nu64.c (test for excess errors)
FAIL: gcc.target/arm/neon/vsliQ_nu64.c scan-assembler vsli.64[ \\t]+[qQ][0-9]+, [qQ][0-9]+, #[0-9]+!?([ \\t]+@[a-zA-Z0-9 ]+)?\\n
FAIL: gcc.target/arm/neon/vsliQ_nu8.c (test for excess errors)
FAIL: gcc.target/arm/neon/vsliQ_nu8.c scan-assembler vsli.8[ \\t]+[qQ][0-9]+, [qQ][0-9]+, #[0-9]+!?([ \\t]+@[a-zA-Z0-9 ]+)?\\n
FAIL: gcc.target/arm/neon/vsli_np16.c (test for excess errors)
FAIL: gcc.target/arm/neon/vsli_np16.c scan-assembler vsli.16[ \\t]+[dD][0-9]+, [dD][0-9]+, #[0-9]+!?([ \\t]+@[a-zA-Z0-9 ]+)?\\n
FAIL: gcc.target/arm/neon/vsli_np8.c (test for excess errors)
FAIL: gcc.target/arm/neon/vsli_np8.c scan-assembler vsli.8[ \\t]+[dD][0-9]+, [dD][0-9]+, #[0-9]+!?([ \\t]+@[a-zA-Z0-9 ]+)?\\n
FAIL: gcc.target/arm/neon/vsli_ns16.c (test for excess errors)
FAIL: gcc.target/arm/neon/vsli_ns16.c scan-assembler vsli.16[ \\t]+[dD][0-9]+, [dD][0-9]+, #[0-9]+!?([ \\t]+@[a-zA-Z0-9 ]+)?\\n
FAIL: gcc.target/arm/neon/vsli_ns32.c (test for excess errors)
FAIL: gcc.target/arm/neon/vsli_ns32.c scan-assembler vsli.32[ \\t]+[dD][0-9]+, [dD][0-9]+, #[0-9]+!?([ \\t]+@[a-zA-Z0-9 ]+)?\\n
FAIL: gcc.target/arm/neon/vsli_ns64.c (test for excess errors)
FAIL: gcc.target/arm/neon/vsli_ns64.c scan-assembler vsli.64[ \\t]+[dD][0-9]+, [dD][0-9]+, #[0-9]+!?([ \\t]+@[a-zA-Z0-9 ]+)?\\n
FAIL: gcc.target/arm/neon/vsli_ns8.c (test for excess errors)
FAIL: gcc.target/arm/neon/vsli_ns8.c scan-assembler vsli.8[ \\t]+[dD][0-9]+, [dD][0-9]+, #[0-9]+!?([ \\t]+@[a-zA-Z0-9 ]+)?\\n
FAIL: gcc.target/arm/neon/vsli_nu16.c (test for excess errors)
FAIL: gcc.target/arm/neon/vsli_nu16.c scan-assembler vsli.16[ \\t]+[dD][0-9]+, [dD][0-9]+, #[0-9]+!?([ \\t]+@[a-zA-Z0-9 ]+)?\\n
FAIL: gcc.target/arm/neon/vsli_nu32.c (test for excess errors)
FAIL: gcc.target/arm/neon/vsli_nu32.c scan-assembler vsli.32[ \\t]+[dD][0-9]+, [dD][0-9]+, #[0-9]+!?([ \\t]+@[a-zA-Z0-9 ]+)?\\n
FAIL: gcc.target/arm/neon/vsli_nu64.c (test for excess errors)
FAIL: gcc.target/arm/neon/vsli_nu64.c scan-assembler vsli.64[ \\t]+[dD][0-9]+, [dD][0-9]+, #[0-9]+!?([ \\t]+@[a-zA-Z0-9 ]+)?\\n
FAIL: gcc.target/arm/neon/vsli_nu8.c (test for excess errors)
FAIL: gcc.target/arm/neon/vsli_nu8.c scan-assembler vsli.8[ \\t]+[dD][0-9]+, [dD][0-9]+, #[0-9]+!?([ \\t]+@[a-zA-Z0-9 ]+)?\\n
FAIL: gcc.target/arm/neon/vsraQ_ns16.c (test for excess errors)
FAIL: gcc.target/arm/neon/vsraQ_ns16.c scan-assembler vsra.s16[ \\t]+[qQ][0-9]+, [qQ][0-9]+, #[0-9]+!?([ \\t]+@[a-zA-Z0-9 ]+)?\\n
FAIL: gcc.target/arm/neon/vsraQ_ns32.c (test for excess errors)
FAIL: gcc.target/arm/neon/vsraQ_ns32.c scan-assembler vsra.s32[ \\t]+[qQ][0-9]+, [qQ][0-9]+, #[0-9]+!?([ \\t]+@[a-zA-Z0-9 ]+)?\\n
FAIL: gcc.target/arm/neon/vsraQ_ns64.c (test for excess errors)
FAIL: gcc.target/arm/neon/vsraQ_ns64.c scan-assembler vsra.s64[ \\t]+[qQ][0-9]+, [qQ][0-9]+, #[0-9]+!?([ \\t]+@[a-zA-Z0-9 ]+)?\\n
FAIL: gcc.target/arm/neon/vsraQ_ns8.c (test for excess errors)
FAIL: gcc.target/arm/neon/vsraQ_ns8.c scan-assembler vsra.s8[ \\t]+[qQ][0-9]+, [qQ][0-9]+, #[0-9]+!?([ \\t]+@[a-zA-Z0-9 ]+)?\\n
FAIL: gcc.target/arm/neon/vsraQ_nu16.c (test for excess errors)
FAIL: gcc.target/arm/neon/vsraQ_nu16.c scan-assembler vsra.u16[ \\t]+[qQ][0-9]+, [qQ][0-9]+, #[0-9]+!?([ \\t]+@[a-zA-Z0-9 ]+)?\\n
FAIL: gcc.target/arm/neon/vsraQ_nu32.c (test for excess errors)
FAIL: gcc.target/arm/neon/vsraQ_nu32.c scan-assembler vsra.u32[ \\t]+[qQ][0-9]+, [qQ][0-9]+, #[0-9]+!?([ \\t]+@[a-zA-Z0-9 ]+)?\\n
FAIL: gcc.target/arm/neon/vsraQ_nu64.c (test for excess errors)
FAIL: gcc.target/arm/neon/vsraQ_nu64.c scan-assembler vsra.u64[ \\t]+[qQ][0-9]+, [qQ][0-9]+, #[0-9]+!?([ \\t]+@[a-zA-Z0-9 ]+)?\\n
FAIL: gcc.target/arm/neon/vsraQ_nu8.c (test for excess errors)
FAIL: gcc.target/arm/neon/vsraQ_nu8.c scan-assembler vsra.u8[ \\t]+[qQ][0-9]+, [qQ][0-9]+, #[0-9]+!?([ \\t]+@[a-zA-Z0-9 ]+)?\\n
FAIL: gcc.target/arm/neon/vsra_ns16.c (test for excess errors)
FAIL: gcc.target/arm/neon/vsra_ns16.c scan-assembler vsra.s16[ \\t]+[dD][0-9]+, [dD][0-9]+, #[0-9]+!?([ \\t]+@[a-zA-Z0-9 ]+)?\\n
FAIL: gcc.target/arm/neon/vsra_ns32.c (test for excess errors)
FAIL: gcc.target/arm/neon/vsra_ns32.c scan-assembler vsra.s32[ \\t]+[dD][0-9]+, [dD][0-9]+, #[0-9]+!?([ \\t]+@[a-zA-Z0-9 ]+)?\\n
FAIL: gcc.target/arm/neon/vsra_ns64.c (test for excess errors)
FAIL: gcc.target/arm/neon/vsra_ns64.c scan-assembler vsra.s64[ \\t]+[dD][0-9]+, [dD][0-9]+, #[0-9]+!?([ \\t]+@[a-zA-Z0-9 ]+)?\\n
FAIL: gcc.target/arm/neon/vsra_ns8.c (test for excess errors)
FAIL: gcc.target/arm/neon/vsra_ns8.c scan-assembler vsra.s8[ \\t]+[dD][0-9]+, [dD][0-9]+, #[0-9]+!?([ \\t]+@[a-zA-Z0-9 ]+)?\\n
FAIL: gcc.target/arm/neon/vsra_nu16.c (test for excess errors)
FAIL: gcc.target/arm/neon/vsra_nu16.c scan-assembler vsra.u16[ \\t]+[dD][0-9]+, [dD][0-9]+, #[0-9]+!?([ \\t]+@[a-zA-Z0-9 ]+)?\\n
FAIL: gcc.target/arm/neon/vsra_nu32.c (test for excess errors)
FAIL: gcc.target/arm/neon/vsra_nu32.c scan-assembler vsra.u32[ \\t]+[dD][0-9]+, [dD][0-9]+, #[0-9]+!?([ \\t]+@[a-zA-Z0-9 ]+)?\\n
FAIL: gcc.target/arm/neon/vsra_nu64.c (test for excess errors)
FAIL: gcc.target/arm/neon/vsra_nu64.c scan-assembler vsra.u64[ \\t]+[dD][0-9]+, [dD][0-9]+, #[0-9]+!?([ \\t]+@[a-zA-Z0-9 ]+)?\\n
FAIL: gcc.target/arm/neon/vsra_nu8.c (test for excess errors)
FAIL: gcc.target/arm/neon/vsra_nu8.c scan-assembler vsra.u8[ \\t]+[dD][0-9]+, [dD][0-9]+, #[0-9]+!?([ \\t]+@[a-zA-Z0-9 ]+)?\\n
FAIL: gcc.target/arm/neon/vsriQ_np16.c (test for excess errors)
FAIL: gcc.target/arm/neon/vsriQ_np16.c scan-assembler vsri.16[ \\t]+[qQ][0-9]+, [qQ][0-9]+, #[0-9]+!?([ \\t]+@[a-zA-Z0-9 ]+)?\\n
FAIL: gcc.target/arm/neon/vsriQ_np8.c (test for excess errors)
FAIL: gcc.target/arm/neon/vsriQ_np8.c scan-assembler vsri.8[ \\t]+[qQ][0-9]+, [qQ][0-9]+, #[0-9]+!?([ \\t]+@[a-zA-Z0-9 ]+)?\\n
FAIL: gcc.target/arm/neon/vsriQ_ns16.c (test for excess errors)
FAIL: gcc.target/arm/neon/vsriQ_ns16.c scan-assembler vsri.16[ \\t]+[qQ][0-9]+, [qQ][0-9]+, #[0-9]+!?([ \\t]+@[a-zA-Z0-9 ]+)?\\n
FAIL: gcc.target/arm/neon/vsriQ_ns32.c (test for excess errors)
FAIL: gcc.target/arm/neon/vsriQ_ns32.c scan-assembler vsri.32[ \\t]+[qQ][0-9]+, [qQ][0-9]+, #[0-9]+!?([ \\t]+@[a-zA-Z0-9 ]+)?\\n
FAIL: gcc.target/arm/neon/vsriQ_ns64.c (test for excess errors)
FAIL: gcc.target/arm/neon/vsriQ_ns64.c scan-assembler vsri.64[ \\t]+[qQ][0-9]+, [qQ][0-9]+, #[0-9]+!?([ \\t]+@[a-zA-Z0-9 ]+)?\\n
FAIL: gcc.target/arm/neon/vsriQ_ns8.c (test for excess errors)
FAIL: gcc.target/arm/neon/vsriQ_ns8.c scan-assembler vsri.8[ \\t]+[qQ][0-9]+, [qQ][0-9]+, #[0-9]+!?([ \\t]+@[a-zA-Z0-9 ]+)?\\n
FAIL: gcc.target/arm/neon/vsriQ_nu16.c (test for excess errors)
FAIL: gcc.target/arm/neon/vsriQ_nu16.c scan-assembler vsri.16[ \\t]+[qQ][0-9]+, [qQ][0-9]+, #[0-9]+!?([ \\t]+@[a-zA-Z0-9 ]+)?\\n
FAIL: gcc.target/arm/neon/vsriQ_nu32.c (test for excess errors)
FAIL: gcc.target/arm/neon/vsriQ_nu32.c scan-assembler vsri.32[ \\t]+[qQ][0-9]+, [qQ][0-9]+, #[0-9]+!?([ \\t]+@[a-zA-Z0-9 ]+)?\\n
FAIL: gcc.target/arm/neon/vsriQ_nu64.c (test for excess errors)
FAIL: gcc.target/arm/neon/vsriQ_nu64.c scan-assembler vsri.64[ \\t]+[qQ][0-9]+, [qQ][0-9]+, #[0-9]+!?([ \\t]+@[a-zA-Z0-9 ]+)?\\n
FAIL: gcc.target/arm/neon/vsriQ_nu8.c (test for excess errors)
FAIL: gcc.target/arm/neon/vsriQ_nu8.c scan-assembler vsri.8[ \\t]+[qQ][0-9]+, [qQ][0-9]+, #[0-9]+!?([ \\t]+@[a-zA-Z0-9 ]+)?\\n
FAIL: gcc.target/arm/neon/vsri_np16.c (test for excess errors)
FAIL: gcc.target/arm/neon/vsri_np16.c scan-assembler vsri.16[ \\t]+[dD][0-9]+, [dD][0-9]+, #[0-9]+!?([ \\t]+@[a-zA-Z0-9 ]+)?\\n
FAIL: gcc.target/arm/neon/vsri_np8.c (test for excess errors)
FAIL: gcc.target/arm/neon/vsri_np8.c scan-assembler vsri.8[ \\t]+[dD][0-9]+, [dD][0-9]+, #[0-9]+!?([ \\t]+@[a-zA-Z0-9 ]+)?\\n
FAIL: gcc.target/arm/neon/vsri_ns16.c (test for excess errors)
FAIL: gcc.target/arm/neon/vsri_ns16.c scan-assembler vsri.16[ \\t]+[dD][0-9]+, [dD][0-9]+, #[0-9]+!?([ \\t]+@[a-zA-Z0-9 ]+)?\\n
FAIL: gcc.target/arm/neon/vsri_ns32.c (test for excess errors)
FAIL: gcc.target/arm/neon/vsri_ns32.c scan-assembler vsri.32[ \\t]+[dD][0-9]+, [dD][0-9]+, #[0-9]+!?([ \\t]+@[a-zA-Z0-9 ]+)?\\n
FAIL: gcc.target/arm/neon/vsri_ns64.c (test for excess errors)
FAIL: gcc.target/arm/neon/vsri_ns64.c scan-assembler vsri.64[ \\t]+[dD][0-9]+, [dD][0-9]+, #[0-9]+!?([ \\t]+@[a-zA-Z0-9 ]+)?\\n
FAIL: gcc.target/arm/neon/vsri_ns8.c (test for excess errors)
FAIL: gcc.target/arm/neon/vsri_ns8.c scan-assembler vsri.8[ \\t]+[dD][0-9]+, [dD][0-9]+, #[0-9]+!?([ \\t]+@[a-zA-Z0-9 ]+)?\\n
FAIL: gcc.target/arm/neon/vsri_nu16.c (test for excess errors)
FAIL: gcc.target/arm/neon/vsri_nu16.c scan-assembler vsri.16[ \\t]+[dD][0-9]+, [dD][0-9]+, #[0-9]+!?([ \\t]+@[a-zA-Z0-9 ]+)?\\n
FAIL: gcc.target/arm/neon/vsri_nu32.c (test for excess errors)
FAIL: gcc.target/arm/neon/vsri_nu32.c scan-assembler vsri.32[ \\t]+[dD][0-9]+, [dD][0-9]+, #[0-9]+!?([ \\t]+@[a-zA-Z0-9 ]+)?\\n
FAIL: gcc.target/arm/neon/vsri_nu64.c (test for excess errors)
FAIL: gcc.target/arm/neon/vsri_nu64.c scan-assembler vsri.64[ \\t]+[dD][0-9]+, [dD][0-9]+, #[0-9]+!?([ \\t]+@[a-zA-Z0-9 ]+)?\\n
FAIL: gcc.target/arm/neon/vsri_nu8.c (test for excess errors)
FAIL: gcc.target/arm/neon/vsri_nu8.c scan-assembler vsri.8[ \\t]+[dD][0-9]+, [dD][0-9]+, #[0-9]+!?([ \\t]+@[a-zA-Z0-9 ]+)?\\n
FAIL: gcc.target/arm/neon/vst1Q_lanef32.c (test for excess errors)
FAIL: gcc.target/arm/neon/vst1Q_lanef32.c scan-assembler vst1.32[ \\t]+((\\\\{[dD][0-9]+\\\\[[0-9]+\\\\]\\\\})|([dD][0-9]+\\\\[[0-9]+\\\\])), \\\\[[rR][0-9]+\\\\]!?([ \\t]+@[a-zA-Z0-9 ]+)?\\n
FAIL: gcc.target/arm/neon/vst1Q_lanep16.c (test for excess errors)
FAIL: gcc.target/arm/neon/vst1Q_lanep16.c scan-assembler vst1.16[ \\t]+((\\\\{[dD][0-9]+\\\\[[0-9]+\\\\]\\\\})|([dD][0-9]+\\\\[[0-9]+\\\\])), \\\\[[rR][0-9]+\\\\]!?([ \\t]+@[a-zA-Z0-9 ]+)?\\n
FAIL: gcc.target/arm/neon/vst1Q_lanep8.c (test for excess errors)
FAIL: gcc.target/arm/neon/vst1Q_lanep8.c scan-assembler vst1.8[ \\t]+((\\\\{[dD][0-9]+\\\\[[0-9]+\\\\]\\\\})|([dD][0-9]+\\\\[[0-9]+\\\\])), \\\\[[rR][0-9]+\\\\]!?([ \\t]+@[a-zA-Z0-9 ]+)?\\n
FAIL: gcc.target/arm/neon/vst1Q_lanes16.c (test for excess errors)
FAIL: gcc.target/arm/neon/vst1Q_lanes16.c scan-assembler vst1.16[ \\t]+((\\\\{[dD][0-9]+\\\\[[0-9]+\\\\]\\\\})|([dD][0-9]+\\\\[[0-9]+\\\\])), \\\\[[rR][0-9]+\\\\]!?([ \\t]+@[a-zA-Z0-9 ]+)?\\n
FAIL: gcc.target/arm/neon/vst1Q_lanes32.c (test for excess errors)
FAIL: gcc.target/arm/neon/vst1Q_lanes32.c scan-assembler vst1.32[ \\t]+((\\\\{[dD][0-9]+\\\\[[0-9]+\\\\]\\\\})|([dD][0-9]+\\\\[[0-9]+\\\\])), \\\\[[rR][0-9]+\\\\]!?([ \\t]+@[a-zA-Z0-9 ]+)?\\n
FAIL: gcc.target/arm/neon/vst1Q_lanes64.c (test for excess errors)
FAIL: gcc.target/arm/neon/vst1Q_lanes64.c scan-assembler vst1.64[ \\t]+((\\\\{[dD][0-9]+\\\\})|([dD][0-9]+)), \\\\[[rR][0-9]+\\\\]!?([ \\t]+@[a-zA-Z0-9 ]+)?\\n
FAIL: gcc.target/arm/neon/vst1Q_lanes8.c (test for excess errors)
FAIL: gcc.target/arm/neon/vst1Q_lanes8.c scan-assembler vst1.8[ \\t]+((\\\\{[dD][0-9]+\\\\[[0-9]+\\\\]\\\\})|([dD][0-9]+\\\\[[0-9]+\\\\])), \\\\[[rR][0-9]+\\\\]!?([ \\t]+@[a-zA-Z0-9 ]+)?\\n
FAIL: gcc.target/arm/neon/vst1Q_laneu16.c (test for excess errors)
FAIL: gcc.target/arm/neon/vst1Q_laneu16.c scan-assembler vst1.16[ \\t]+((\\\\{[dD][0-9]+\\\\[[0-9]+\\\\]\\\\})|([dD][0-9]+\\\\[[0-9]+\\\\])), \\\\[[rR][0-9]+\\\\]!?([ \\t]+@[a-zA-Z0-9 ]+)?\\n
FAIL: gcc.target/arm/neon/vst1Q_laneu32.c (test for excess errors)
FAIL: gcc.target/arm/neon/vst1Q_laneu32.c scan-assembler vst1.32[ \\t]+((\\\\{[dD][0-9]+\\\\[[0-9]+\\\\]\\\\})|([dD][0-9]+\\\\[[0-9]+\\\\])), \\\\[[rR][0-9]+\\\\]!?([ \\t]+@[a-zA-Z0-9 ]+)?\\n
FAIL: gcc.target/arm/neon/vst1Q_laneu64.c (test for excess errors)
FAIL: gcc.target/arm/neon/vst1Q_laneu64.c scan-assembler vst1.64[ \\t]+((\\\\{[dD][0-9]+\\\\})|([dD][0-9]+)), \\\\[[rR][0-9]+\\\\]!?([ \\t]+@[a-zA-Z0-9 ]+)?\\n
FAIL: gcc.target/arm/neon/vst1Q_laneu8.c (test for excess errors)
FAIL: gcc.target/arm/neon/vst1Q_laneu8.c scan-assembler vst1.8[ \\t]+((\\\\{[dD][0-9]+\\\\[[0-9]+\\\\]\\\\})|([dD][0-9]+\\\\[[0-9]+\\\\])), \\\\[[rR][0-9]+\\\\]!?([ \\t]+@[a-zA-Z0-9 ]+)?\\n
FAIL: gcc.target/arm/neon/vst1_lanef32.c (test for excess errors)
FAIL: gcc.target/arm/neon/vst1_lanef32.c scan-assembler vst1.32[ \\t]+((\\\\{[dD][0-9]+\\\\[[0-9]+\\\\]\\\\})|([dD][0-9]+\\\\[[0-9]+\\\\])), \\\\[[rR][0-9]+\\\\]!?([ \\t]+@[a-zA-Z0-9 ]+)?\\n
FAIL: gcc.target/arm/neon/vst1_lanep16.c (test for excess errors)
FAIL: gcc.target/arm/neon/vst1_lanep16.c scan-assembler vst1.16[ \\t]+((\\\\{[dD][0-9]+\\\\[[0-9]+\\\\]\\\\})|([dD][0-9]+\\\\[[0-9]+\\\\])), \\\\[[rR][0-9]+\\\\]!?([ \\t]+@[a-zA-Z0-9 ]+)?\\n
FAIL: gcc.target/arm/neon/vst1_lanep8.c (test for excess errors)
FAIL: gcc.target/arm/neon/vst1_lanep8.c scan-assembler vst1.8[ \\t]+((\\\\{[dD][0-9]+\\\\[[0-9]+\\\\]\\\\})|([dD][0-9]+\\\\[[0-9]+\\\\])), \\\\[[rR][0-9]+\\\\]!?([ \\t]+@[a-zA-Z0-9 ]+)?\\n
FAIL: gcc.target/arm/neon/vst1_lanes16.c (test for excess errors)
FAIL: gcc.target/arm/neon/vst1_lanes16.c scan-assembler vst1.16[ \\t]+((\\\\{[dD][0-9]+\\\\[[0-9]+\\\\]\\\\})|([dD][0-9]+\\\\[[0-9]+\\\\])), \\\\[[rR][0-9]+\\\\]!?([ \\t]+@[a-zA-Z0-9 ]+)?\\n
FAIL: gcc.target/arm/neon/vst1_lanes32.c (test for excess errors)
FAIL: gcc.target/arm/neon/vst1_lanes32.c scan-assembler vst1.32[ \\t]+((\\\\{[dD][0-9]+\\\\[[0-9]+\\\\]\\\\})|([dD][0-9]+\\\\[[0-9]+\\\\])), \\\\[[rR][0-9]+\\\\]!?([ \\t]+@[a-zA-Z0-9 ]+)?\\n
FAIL: gcc.target/arm/neon/vst1_lanes64.c (test for excess errors)
FAIL: gcc.target/arm/neon/vst1_lanes64.c scan-assembler vst1.64[ \\t]+((\\\\{[dD][0-9]+\\\\})|([dD][0-9]+)), \\\\[[rR][0-9]+\\\\]!?([ \\t]+@[a-zA-Z0-9 ]+)?\\n
FAIL: gcc.target/arm/neon/vst1_lanes8.c (test for excess errors)
FAIL: gcc.target/arm/neon/vst1_lanes8.c scan-assembler vst1.8[ \\t]+((\\\\{[dD][0-9]+\\\\[[0-9]+\\\\]\\\\})|([dD][0-9]+\\\\[[0-9]+\\\\])), \\\\[[rR][0-9]+\\\\]!?([ \\t]+@[a-zA-Z0-9 ]+)?\\n
FAIL: gcc.target/arm/neon/vst1_laneu16.c (test for excess errors)
FAIL: gcc.target/arm/neon/vst1_laneu16.c scan-assembler vst1.16[ \\t]+((\\\\{[dD][0-9]+\\\\[[0-9]+\\\\]\\\\})|([dD][0-9]+\\\\[[0-9]+\\\\])), \\\\[[rR][0-9]+\\\\]!?([ \\t]+@[a-zA-Z0-9 ]+)?\\n
FAIL: gcc.target/arm/neon/vst1_laneu32.c (test for excess errors)
FAIL: gcc.target/arm/neon/vst1_laneu32.c scan-assembler vst1.32[ \\t]+((\\\\{[dD][0-9]+\\\\[[0-9]+\\\\]\\\\})|([dD][0-9]+\\\\[[0-9]+\\\\])), \\\\[[rR][0-9]+\\\\]!?([ \\t]+@[a-zA-Z0-9 ]+)?\\n
FAIL: gcc.target/arm/neon/vst1_laneu64.c (test for excess errors)
FAIL: gcc.target/arm/neon/vst1_laneu64.c scan-assembler vst1.64[ \\t]+((\\\\{[dD][0-9]+\\\\})|([dD][0-9]+)), \\\\[[rR][0-9]+\\\\]!?([ \\t]+@[a-zA-Z0-9 ]+)?\\n
FAIL: gcc.target/arm/neon/vst1_laneu8.c (test for excess errors)
FAIL: gcc.target/arm/neon/vst1_laneu8.c scan-assembler vst1.8[ \\t]+((\\\\{[dD][0-9]+\\\\[[0-9]+\\\\]\\\\})|([dD][0-9]+\\\\[[0-9]+\\\\])), \\\\[[rR][0-9]+\\\\]!?([ \\t]+@[a-zA-Z0-9 ]+)?\\n
FAIL: gcc.target/arm/neon/vst2Q_lanef32.c (test for excess errors)
FAIL: gcc.target/arm/neon/vst2Q_lanef32.c scan-assembler vst2.32[ \\t]+\\\\{(([dD][0-9]+\\\\[[0-9]+\\\\]-[dD][0-9]+\\\\[[0-9]+\\\\])|([dD][0-9]+\\\\[[0-9]+\\\\], [dD][0-9]+\\\\[[0-9]+\\\\]))\\\\}, \\\\[[rR][0-9]+\\\\]!?([ \\t]+@[a-zA-Z0-9 ]+)?\\n
FAIL: gcc.target/arm/neon/vst2Q_lanep16.c (test for excess errors)
FAIL: gcc.target/arm/neon/vst2Q_lanep16.c scan-assembler vst2.16[ \\t]+\\\\{(([dD][0-9]+\\\\[[0-9]+\\\\]-[dD][0-9]+\\\\[[0-9]+\\\\])|([dD][0-9]+\\\\[[0-9]+\\\\], [dD][0-9]+\\\\[[0-9]+\\\\]))\\\\}, \\\\[[rR][0-9]+\\\\]!?([ \\t]+@[a-zA-Z0-9 ]+)?\\n
FAIL: gcc.target/arm/neon/vst2Q_lanes16.c (test for excess errors)
FAIL: gcc.target/arm/neon/vst2Q_lanes16.c scan-assembler vst2.16[ \\t]+\\\\{(([dD][0-9]+\\\\[[0-9]+\\\\]-[dD][0-9]+\\\\[[0-9]+\\\\])|([dD][0-9]+\\\\[[0-9]+\\\\], [dD][0-9]+\\\\[[0-9]+\\\\]))\\\\}, \\\\[[rR][0-9]+\\\\]!?([ \\t]+@[a-zA-Z0-9 ]+)?\\n
FAIL: gcc.target/arm/neon/vst2Q_lanes32.c (test for excess errors)
FAIL: gcc.target/arm/neon/vst2Q_lanes32.c scan-assembler vst2.32[ \\t]+\\\\{(([dD][0-9]+\\\\[[0-9]+\\\\]-[dD][0-9]+\\\\[[0-9]+\\\\])|([dD][0-9]+\\\\[[0-9]+\\\\], [dD][0-9]+\\\\[[0-9]+\\\\]))\\\\}, \\\\[[rR][0-9]+\\\\]!?([ \\t]+@[a-zA-Z0-9 ]+)?\\n
FAIL: gcc.target/arm/neon/vst2Q_laneu16.c (test for excess errors)
FAIL: gcc.target/arm/neon/vst2Q_laneu16.c scan-assembler vst2.16[ \\t]+\\\\{(([dD][0-9]+\\\\[[0-9]+\\\\]-[dD][0-9]+\\\\[[0-9]+\\\\])|([dD][0-9]+\\\\[[0-9]+\\\\], [dD][0-9]+\\\\[[0-9]+\\\\]))\\\\}, \\\\[[rR][0-9]+\\\\]!?([ \\t]+@[a-zA-Z0-9 ]+)?\\n
FAIL: gcc.target/arm/neon/vst2Q_laneu32.c (test for excess errors)
FAIL: gcc.target/arm/neon/vst2Q_laneu32.c scan-assembler vst2.32[ \\t]+\\\\{(([dD][0-9]+\\\\[[0-9]+\\\\]-[dD][0-9]+\\\\[[0-9]+\\\\])|([dD][0-9]+\\\\[[0-9]+\\\\], [dD][0-9]+\\\\[[0-9]+\\\\]))\\\\}, \\\\[[rR][0-9]+\\\\]!?([ \\t]+@[a-zA-Z0-9 ]+)?\\n
FAIL: gcc.target/arm/neon/vst2_lanef32.c (test for excess errors)
FAIL: gcc.target/arm/neon/vst2_lanef32.c scan-assembler vst2.32[ \\t]+\\\\{(([dD][0-9]+\\\\[[0-9]+\\\\]-[dD][0-9]+\\\\[[0-9]+\\\\])|([dD][0-9]+\\\\[[0-9]+\\\\], [dD][0-9]+\\\\[[0-9]+\\\\]))\\\\}, \\\\[[rR][0-9]+\\\\]!?([ \\t]+@[a-zA-Z0-9 ]+)?\\n
FAIL: gcc.target/arm/neon/vst2_lanep16.c (test for excess errors)
FAIL: gcc.target/arm/neon/vst2_lanep16.c scan-assembler vst2.16[ \\t]+\\\\{(([dD][0-9]+\\\\[[0-9]+\\\\]-[dD][0-9]+\\\\[[0-9]+\\\\])|([dD][0-9]+\\\\[[0-9]+\\\\], [dD][0-9]+\\\\[[0-9]+\\\\]))\\\\}, \\\\[[rR][0-9]+\\\\]!?([ \\t]+@[a-zA-Z0-9 ]+)?\\n
FAIL: gcc.target/arm/neon/vst2_lanep8.c (test for excess errors)
FAIL: gcc.target/arm/neon/vst2_lanep8.c scan-assembler vst2.8[ \\t]+\\\\{(([dD][0-9]+\\\\[[0-9]+\\\\]-[dD][0-9]+\\\\[[0-9]+\\\\])|([dD][0-9]+\\\\[[0-9]+\\\\], [dD][0-9]+\\\\[[0-9]+\\\\]))\\\\}, \\\\[[rR][0-9]+\\\\]!?([ \\t]+@[a-zA-Z0-9 ]+)?\\n
FAIL: gcc.target/arm/neon/vst2_lanes16.c (test for excess errors)
FAIL: gcc.target/arm/neon/vst2_lanes16.c scan-assembler vst2.16[ \\t]+\\\\{(([dD][0-9]+\\\\[[0-9]+\\\\]-[dD][0-9]+\\\\[[0-9]+\\\\])|([dD][0-9]+\\\\[[0-9]+\\\\], [dD][0-9]+\\\\[[0-9]+\\\\]))\\\\}, \\\\[[rR][0-9]+\\\\]!?([ \\t]+@[a-zA-Z0-9 ]+)?\\n
FAIL: gcc.target/arm/neon/vst2_lanes32.c (test for excess errors)
FAIL: gcc.target/arm/neon/vst2_lanes32.c scan-assembler vst2.32[ \\t]+\\\\{(([dD][0-9]+\\\\[[0-9]+\\\\]-[dD][0-9]+\\\\[[0-9]+\\\\])|([dD][0-9]+\\\\[[0-9]+\\\\], [dD][0-9]+\\\\[[0-9]+\\\\]))\\\\}, \\\\[[rR][0-9]+\\\\]!?([ \\t]+@[a-zA-Z0-9 ]+)?\\n
FAIL: gcc.target/arm/neon/vst2_lanes8.c (test for excess errors)
FAIL: gcc.target/arm/neon/vst2_lanes8.c scan-assembler vst2.8[ \\t]+\\\\{(([dD][0-9]+\\\\[[0-9]+\\\\]-[dD][0-9]+\\\\[[0-9]+\\\\])|([dD][0-9]+\\\\[[0-9]+\\\\], [dD][0-9]+\\\\[[0-9]+\\\\]))\\\\}, \\\\[[rR][0-9]+\\\\]!?([ \\t]+@[a-zA-Z0-9 ]+)?\\n
FAIL: gcc.target/arm/neon/vst2_laneu16.c (test for excess errors)
FAIL: gcc.target/arm/neon/vst2_laneu16.c scan-assembler vst2.16[ \\t]+\\\\{(([dD][0-9]+\\\\[[0-9]+\\\\]-[dD][0-9]+\\\\[[0-9]+\\\\])|([dD][0-9]+\\\\[[0-9]+\\\\], [dD][0-9]+\\\\[[0-9]+\\\\]))\\\\}, \\\\[[rR][0-9]+\\\\]!?([ \\t]+@[a-zA-Z0-9 ]+)?\\n
FAIL: gcc.target/arm/neon/vst2_laneu32.c (test for excess errors)
FAIL: gcc.target/arm/neon/vst2_laneu32.c scan-assembler vst2.32[ \\t]+\\\\{(([dD][0-9]+\\\\[[0-9]+\\\\]-[dD][0-9]+\\\\[[0-9]+\\\\])|([dD][0-9]+\\\\[[0-9]+\\\\], [dD][0-9]+\\\\[[0-9]+\\\\]))\\\\}, \\\\[[rR][0-9]+\\\\]!?([ \\t]+@[a-zA-Z0-9 ]+)?\\n
FAIL: gcc.target/arm/neon/vst2_laneu8.c (test for excess errors)
FAIL: gcc.target/arm/neon/vst2_laneu8.c scan-assembler vst2.8[ \\t]+\\\\{(([dD][0-9]+\\\\[[0-9]+\\\\]-[dD][0-9]+\\\\[[0-9]+\\\\])|([dD][0-9]+\\\\[[0-9]+\\\\], [dD][0-9]+\\\\[[0-9]+\\\\]))\\\\}, \\\\[[rR][0-9]+\\\\]!?([ \\t]+@[a-zA-Z0-9 ]+)?\\n
FAIL: gcc.target/arm/neon/vst3Q_lanef32.c (test for excess errors)
FAIL: gcc.target/arm/neon/vst3Q_lanef32.c scan-assembler vst3.32[ \\t]+\\\\{(([dD][0-9]+\\\\[[0-9]+\\\\]-[dD][0-9]+\\\\[[0-9]+\\\\])|([dD][0-9]+\\\\[[0-9]+\\\\], [dD][0-9]+\\\\[[0-9]+\\\\], [dD][0-9]+\\\\[[0-9]+\\\\]))\\\\}, \\\\[[rR][0-9]+\\\\]!?([ \\t]+@[a-zA-Z0-9 ]+)?\\n
FAIL: gcc.target/arm/neon/vst3Q_lanep16.c (test for excess errors)
FAIL: gcc.target/arm/neon/vst3Q_lanep16.c scan-assembler vst3.16[ \\t]+\\\\{(([dD][0-9]+\\\\[[0-9]+\\\\]-[dD][0-9]+\\\\[[0-9]+\\\\])|([dD][0-9]+\\\\[[0-9]+\\\\], [dD][0-9]+\\\\[[0-9]+\\\\], [dD][0-9]+\\\\[[0-9]+\\\\]))\\\\}, \\\\[[rR][0-9]+\\\\]!?([ \\t]+@[a-zA-Z0-9 ]+)?\\n
FAIL: gcc.target/arm/neon/vst3Q_lanes16.c (test for excess errors)
FAIL: gcc.target/arm/neon/vst3Q_lanes16.c scan-assembler vst3.16[ \\t]+\\\\{(([dD][0-9]+\\\\[[0-9]+\\\\]-[dD][0-9]+\\\\[[0-9]+\\\\])|([dD][0-9]+\\\\[[0-9]+\\\\], [dD][0-9]+\\\\[[0-9]+\\\\], [dD][0-9]+\\\\[[0-9]+\\\\]))\\\\}, \\\\[[rR][0-9]+\\\\]!?([ \\t]+@[a-zA-Z0-9 ]+)?\\n
FAIL: gcc.target/arm/neon/vst3Q_lanes32.c (test for excess errors)
FAIL: gcc.target/arm/neon/vst3Q_lanes32.c scan-assembler vst3.32[ \\t]+\\\\{(([dD][0-9]+\\\\[[0-9]+\\\\]-[dD][0-9]+\\\\[[0-9]+\\\\])|([dD][0-9]+\\\\[[0-9]+\\\\], [dD][0-9]+\\\\[[0-9]+\\\\], [dD][0-9]+\\\\[[0-9]+\\\\]))\\\\}, \\\\[[rR][0-9]+\\\\]!?([ \\t]+@[a-zA-Z0-9 ]+)?\\n
FAIL: gcc.target/arm/neon/vst3Q_laneu16.c (test for excess errors)
FAIL: gcc.target/arm/neon/vst3Q_laneu16.c scan-assembler vst3.16[ \\t]+\\\\{(([dD][0-9]+\\\\[[0-9]+\\\\]-[dD][0-9]+\\\\[[0-9]+\\\\])|([dD][0-9]+\\\\[[0-9]+\\\\], [dD][0-9]+\\\\[[0-9]+\\\\], [dD][0-9]+\\\\[[0-9]+\\\\]))\\\\}, \\\\[[rR][0-9]+\\\\]!?([ \\t]+@[a-zA-Z0-9 ]+)?\\n
FAIL: gcc.target/arm/neon/vst3Q_laneu32.c (test for excess errors)
FAIL: gcc.target/arm/neon/vst3Q_laneu32.c scan-assembler vst3.32[ \\t]+\\\\{(([dD][0-9]+\\\\[[0-9]+\\\\]-[dD][0-9]+\\\\[[0-9]+\\\\])|([dD][0-9]+\\\\[[0-9]+\\\\], [dD][0-9]+\\\\[[0-9]+\\\\], [dD][0-9]+\\\\[[0-9]+\\\\]))\\\\}, \\\\[[rR][0-9]+\\\\]!?([ \\t]+@[a-zA-Z0-9 ]+)?\\n
FAIL: gcc.target/arm/neon/vst3_lanef32.c (test for excess errors)
FAIL: gcc.target/arm/neon/vst3_lanef32.c scan-assembler vst3.32[ \\t]+\\\\{(([dD][0-9]+\\\\[[0-9]+\\\\]-[dD][0-9]+\\\\[[0-9]+\\\\])|([dD][0-9]+\\\\[[0-9]+\\\\], [dD][0-9]+\\\\[[0-9]+\\\\], [dD][0-9]+\\\\[[0-9]+\\\\]))\\\\}, \\\\[[rR][0-9]+\\\\]!?([ \\t]+@[a-zA-Z0-9 ]+)?\\n
FAIL: gcc.target/arm/neon/vst3_lanep16.c (test for excess errors)
FAIL: gcc.target/arm/neon/vst3_lanep16.c scan-assembler vst3.16[ \\t]+\\\\{(([dD][0-9]+\\\\[[0-9]+\\\\]-[dD][0-9]+\\\\[[0-9]+\\\\])|([dD][0-9]+\\\\[[0-9]+\\\\], [dD][0-9]+\\\\[[0-9]+\\\\], [dD][0-9]+\\\\[[0-9]+\\\\]))\\\\}, \\\\[[rR][0-9]+\\\\]!?([ \\t]+@[a-zA-Z0-9 ]+)?\\n
FAIL: gcc.target/arm/neon/vst3_lanep8.c (test for excess errors)
FAIL: gcc.target/arm/neon/vst3_lanep8.c scan-assembler vst3.8[ \\t]+\\\\{(([dD][0-9]+\\\\[[0-9]+\\\\]-[dD][0-9]+\\\\[[0-9]+\\\\])|([dD][0-9]+\\\\[[0-9]+\\\\], [dD][0-9]+\\\\[[0-9]+\\\\], [dD][0-9]+\\\\[[0-9]+\\\\]))\\\\}, \\\\[[rR][0-9]+\\\\]!?([ \\t]+@[a-zA-Z0-9 ]+)?\\n
FAIL: gcc.target/arm/neon/vst3_lanes16.c (test for excess errors)
FAIL: gcc.target/arm/neon/vst3_lanes16.c scan-assembler vst3.16[ \\t]+\\\\{(([dD][0-9]+\\\\[[0-9]+\\\\]-[dD][0-9]+\\\\[[0-9]+\\\\])|([dD][0-9]+\\\\[[0-9]+\\\\], [dD][0-9]+\\\\[[0-9]+\\\\], [dD][0-9]+\\\\[[0-9]+\\\\]))\\\\}, \\\\[[rR][0-9]+\\\\]!?([ \\t]+@[a-zA-Z0-9 ]+)?\\n
FAIL: gcc.target/arm/neon/vst3_lanes32.c (test for excess errors)
FAIL: gcc.target/arm/neon/vst3_lanes32.c scan-assembler vst3.32[ \\t]+\\\\{(([dD][0-9]+\\\\[[0-9]+\\\\]-[dD][0-9]+\\\\[[0-9]+\\\\])|([dD][0-9]+\\\\[[0-9]+\\\\], [dD][0-9]+\\\\[[0-9]+\\\\], [dD][0-9]+\\\\[[0-9]+\\\\]))\\\\}, \\\\[[rR][0-9]+\\\\]!?([ \\t]+@[a-zA-Z0-9 ]+)?\\n
FAIL: gcc.target/arm/neon/vst3_lanes8.c (test for excess errors)
FAIL: gcc.target/arm/neon/vst3_lanes8.c scan-assembler vst3.8[ \\t]+\\\\{(([dD][0-9]+\\\\[[0-9]+\\\\]-[dD][0-9]+\\\\[[0-9]+\\\\])|([dD][0-9]+\\\\[[0-9]+\\\\], [dD][0-9]+\\\\[[0-9]+\\\\], [dD][0-9]+\\\\[[0-9]+\\\\]))\\\\}, \\\\[[rR][0-9]+\\\\]!?([ \\t]+@[a-zA-Z0-9 ]+)?\\n
FAIL: gcc.target/arm/neon/vst3_laneu16.c (test for excess errors)
FAIL: gcc.target/arm/neon/vst3_laneu16.c scan-assembler vst3.16[ \\t]+\\\\{(([dD][0-9]+\\\\[[0-9]+\\\\]-[dD][0-9]+\\\\[[0-9]+\\\\])|([dD][0-9]+\\\\[[0-9]+\\\\], [dD][0-9]+\\\\[[0-9]+\\\\], [dD][0-9]+\\\\[[0-9]+\\\\]))\\\\}, \\\\[[rR][0-9]+\\\\]!?([ \\t]+@[a-zA-Z0-9 ]+)?\\n
FAIL: gcc.target/arm/neon/vst3_laneu32.c (test for excess errors)
FAIL: gcc.target/arm/neon/vst3_laneu32.c scan-assembler vst3.32[ \\t]+\\\\{(([dD][0-9]+\\\\[[0-9]+\\\\]-[dD][0-9]+\\\\[[0-9]+\\\\])|([dD][0-9]+\\\\[[0-9]+\\\\], [dD][0-9]+\\\\[[0-9]+\\\\], [dD][0-9]+\\\\[[0-9]+\\\\]))\\\\}, \\\\[[rR][0-9]+\\\\]!?([ \\t]+@[a-zA-Z0-9 ]+)?\\n
FAIL: gcc.target/arm/neon/vst3_laneu8.c (test for excess errors)
FAIL: gcc.target/arm/neon/vst3_laneu8.c scan-assembler vst3.8[ \\t]+\\\\{(([dD][0-9]+\\\\[[0-9]+\\\\]-[dD][0-9]+\\\\[[0-9]+\\\\])|([dD][0-9]+\\\\[[0-9]+\\\\], [dD][0-9]+\\\\[[0-9]+\\\\], [dD][0-9]+\\\\[[0-9]+\\\\]))\\\\}, \\\\[[rR][0-9]+\\\\]!?([ \\t]+@[a-zA-Z0-9 ]+)?\\n
FAIL: gcc.target/arm/neon/vst4Q_lanef32.c (test for excess errors)
FAIL: gcc.target/arm/neon/vst4Q_lanef32.c scan-assembler vst4.32[ \\t]+\\\\{(([dD][0-9]+\\\\[[0-9]+\\\\]-[dD][0-9]+\\\\[[0-9]+\\\\])|([dD][0-9]+\\\\[[0-9]+\\\\], [dD][0-9]+\\\\[[0-9]+\\\\], [dD][0-9]+\\\\[[0-9]+\\\\], [dD][0-9]+\\\\[[0-9]+\\\\]))\\\\}, \\\\[[rR][0-9]+\\\\]!?([ \\t]+@[a-zA-Z0-9 ]+)?\\n
FAIL: gcc.target/arm/neon/vst4Q_lanep16.c (test for excess errors)
FAIL: gcc.target/arm/neon/vst4Q_lanep16.c scan-assembler vst4.16[ \\t]+\\\\{(([dD][0-9]+\\\\[[0-9]+\\\\]-[dD][0-9]+\\\\[[0-9]+\\\\])|([dD][0-9]+\\\\[[0-9]+\\\\], [dD][0-9]+\\\\[[0-9]+\\\\], [dD][0-9]+\\\\[[0-9]+\\\\], [dD][0-9]+\\\\[[0-9]+\\\\]))\\\\}, \\\\[[rR][0-9]+\\\\]!?([ \\t]+@[a-zA-Z0-9 ]+)?\\n
FAIL: gcc.target/arm/neon/vst4Q_lanes16.c (test for excess errors)
FAIL: gcc.target/arm/neon/vst4Q_lanes16.c scan-assembler vst4.16[ \\t]+\\\\{(([dD][0-9]+\\\\[[0-9]+\\\\]-[dD][0-9]+\\\\[[0-9]+\\\\])|([dD][0-9]+\\\\[[0-9]+\\\\], [dD][0-9]+\\\\[[0-9]+\\\\], [dD][0-9]+\\\\[[0-9]+\\\\], [dD][0-9]+\\\\[[0-9]+\\\\]))\\\\}, \\\\[[rR][0-9]+\\\\]!?([ \\t]+@[a-zA-Z0-9 ]+)?\\n
FAIL: gcc.target/arm/neon/vst4Q_lanes32.c (test for excess errors)
FAIL: gcc.target/arm/neon/vst4Q_lanes32.c scan-assembler vst4.32[ \\t]+\\\\{(([dD][0-9]+\\\\[[0-9]+\\\\]-[dD][0-9]+\\\\[[0-9]+\\\\])|([dD][0-9]+\\\\[[0-9]+\\\\], [dD][0-9]+\\\\[[0-9]+\\\\], [dD][0-9]+\\\\[[0-9]+\\\\], [dD][0-9]+\\\\[[0-9]+\\\\]))\\\\}, \\\\[[rR][0-9]+\\\\]!?([ \\t]+@[a-zA-Z0-9 ]+)?\\n
FAIL: gcc.target/arm/neon/vst4Q_laneu16.c (test for excess errors)
FAIL: gcc.target/arm/neon/vst4Q_laneu16.c scan-assembler vst4.16[ \\t]+\\\\{(([dD][0-9]+\\\\[[0-9]+\\\\]-[dD][0-9]+\\\\[[0-9]+\\\\])|([dD][0-9]+\\\\[[0-9]+\\\\], [dD][0-9]+\\\\[[0-9]+\\\\], [dD][0-9]+\\\\[[0-9]+\\\\], [dD][0-9]+\\\\[[0-9]+\\\\]))\\\\}, \\\\[[rR][0-9]+\\\\]!?([ \\t]+@[a-zA-Z0-9 ]+)?\\n
FAIL: gcc.target/arm/neon/vst4Q_laneu32.c (test for excess errors)
FAIL: gcc.target/arm/neon/vst4Q_laneu32.c scan-assembler vst4.32[ \\t]+\\\\{(([dD][0-9]+\\\\[[0-9]+\\\\]-[dD][0-9]+\\\\[[0-9]+\\\\])|([dD][0-9]+\\\\[[0-9]+\\\\], [dD][0-9]+\\\\[[0-9]+\\\\], [dD][0-9]+\\\\[[0-9]+\\\\], [dD][0-9]+\\\\[[0-9]+\\\\]))\\\\}, \\\\[[rR][0-9]+\\\\]!?([ \\t]+@[a-zA-Z0-9 ]+)?\\n
FAIL: gcc.target/arm/neon/vst4_lanef32.c (test for excess errors)
FAIL: gcc.target/arm/neon/vst4_lanef32.c scan-assembler vst4.32[ \\t]+\\\\{(([dD][0-9]+\\\\[[0-9]+\\\\]-[dD][0-9]+\\\\[[0-9]+\\\\])|([dD][0-9]+\\\\[[0-9]+\\\\], [dD][0-9]+\\\\[[0-9]+\\\\], [dD][0-9]+\\\\[[0-9]+\\\\], [dD][0-9]+\\\\[[0-9]+\\\\]))\\\\}, \\\\[[rR][0-9]+\\\\]!?([ \\t]+@[a-zA-Z0-9 ]+)?\\n
FAIL: gcc.target/arm/neon/vst4_lanep16.c (test for excess errors)
FAIL: gcc.target/arm/neon/vst4_lanep16.c scan-assembler vst4.16[ \\t]+\\\\{(([dD][0-9]+\\\\[[0-9]+\\\\]-[dD][0-9]+\\\\[[0-9]+\\\\])|([dD][0-9]+\\\\[[0-9]+\\\\], [dD][0-9]+\\\\[[0-9]+\\\\], [dD][0-9]+\\\\[[0-9]+\\\\], [dD][0-9]+\\\\[[0-9]+\\\\]))\\\\}, \\\\[[rR][0-9]+\\\\]!?([ \\t]+@[a-zA-Z0-9 ]+)?\\n
FAIL: gcc.target/arm/neon/vst4_lanep8.c (test for excess errors)
FAIL: gcc.target/arm/neon/vst4_lanep8.c scan-assembler vst4.8[ \\t]+\\\\{(([dD][0-9]+\\\\[[0-9]+\\\\]-[dD][0-9]+\\\\[[0-9]+\\\\])|([dD][0-9]+\\\\[[0-9]+\\\\], [dD][0-9]+\\\\[[0-9]+\\\\], [dD][0-9]+\\\\[[0-9]+\\\\], [dD][0-9]+\\\\[[0-9]+\\\\]))\\\\}, \\\\[[rR][0-9]+\\\\]!?([ \\t]+@[a-zA-Z0-9 ]+)?\\n
FAIL: gcc.target/arm/neon/vst4_lanes16.c (test for excess errors)
FAIL: gcc.target/arm/neon/vst4_lanes16.c scan-assembler vst4.16[ \\t]+\\\\{(([dD][0-9]+\\\\[[0-9]+\\\\]-[dD][0-9]+\\\\[[0-9]+\\\\])|([dD][0-9]+\\\\[[0-9]+\\\\], [dD][0-9]+\\\\[[0-9]+\\\\], [dD][0-9]+\\\\[[0-9]+\\\\], [dD][0-9]+\\\\[[0-9]+\\\\]))\\\\}, \\\\[[rR][0-9]+\\\\]!?([ \\t]+@[a-zA-Z0-9 ]+)?\\n
FAIL: gcc.target/arm/neon/vst4_lanes32.c (test for excess errors)
FAIL: gcc.target/arm/neon/vst4_lanes32.c scan-assembler vst4.32[ \\t]+\\\\{(([dD][0-9]+\\\\[[0-9]+\\\\]-[dD][0-9]+\\\\[[0-9]+\\\\])|([dD][0-9]+\\\\[[0-9]+\\\\], [dD][0-9]+\\\\[[0-9]+\\\\], [dD][0-9]+\\\\[[0-9]+\\\\], [dD][0-9]+\\\\[[0-9]+\\\\]))\\\\}, \\\\[[rR][0-9]+\\\\]!?([ \\t]+@[a-zA-Z0-9 ]+)?\\n
FAIL: gcc.target/arm/neon/vst4_lanes8.c (test for excess errors)
FAIL: gcc.target/arm/neon/vst4_lanes8.c scan-assembler vst4.8[ \\t]+\\\\{(([dD][0-9]+\\\\[[0-9]+\\\\]-[dD][0-9]+\\\\[[0-9]+\\\\])|([dD][0-9]+\\\\[[0-9]+\\\\], [dD][0-9]+\\\\[[0-9]+\\\\], [dD][0-9]+\\\\[[0-9]+\\\\], [dD][0-9]+\\\\[[0-9]+\\\\]))\\\\}, \\\\[[rR][0-9]+\\\\]!?([ \\t]+@[a-zA-Z0-9 ]+)?\\n
FAIL: gcc.target/arm/neon/vst4_laneu16.c (test for excess errors)
FAIL: gcc.target/arm/neon/vst4_laneu16.c scan-assembler vst4.16[ \\t]+\\\\{(([dD][0-9]+\\\\[[0-9]+\\\\]-[dD][0-9]+\\\\[[0-9]+\\\\])|([dD][0-9]+\\\\[[0-9]+\\\\], [dD][0-9]+\\\\[[0-9]+\\\\], [dD][0-9]+\\\\[[0-9]+\\\\], [dD][0-9]+\\\\[[0-9]+\\\\]))\\\\}, \\\\[[rR][0-9]+\\\\]!?([ \\t]+@[a-zA-Z0-9 ]+)?\\n
FAIL: gcc.target/arm/neon/vst4_laneu32.c (test for excess errors)
FAIL: gcc.target/arm/neon/vst4_laneu32.c scan-assembler vst4.32[ \\t]+\\\\{(([dD][0-9]+\\\\[[0-9]+\\\\]-[dD][0-9]+\\\\[[0-9]+\\\\])|([dD][0-9]+\\\\[[0-9]+\\\\], [dD][0-9]+\\\\[[0-9]+\\\\], [dD][0-9]+\\\\[[0-9]+\\\\], [dD][0-9]+\\\\[[0-9]+\\\\]))\\\\}, \\\\[[rR][0-9]+\\\\]!?([ \\t]+@[a-zA-Z0-9 ]+)?\\n
FAIL: gcc.target/arm/neon/vst4_laneu8.c (test for excess errors)
FAIL: gcc.target/arm/neon/vst4_laneu8.c scan-assembler vst4.8[ \\t]+\\\\{(([dD][0-9]+\\\\[[0-9]+\\\\]-[dD][0-9]+\\\\[[0-9]+\\\\])|([dD][0-9]+\\\\[[0-9]+\\\\], [dD][0-9]+\\\\[[0-9]+\\\\], [dD][0-9]+\\\\[[0-9]+\\\\], [dD][0-9]+\\\\[[0-9]+\\\\]))\\\\}, \\\\[[rR][0-9]+\\\\]!?([ \\t]+@[a-zA-Z0-9 ]+)?\\n

		=== gcc Summary ===

# of expected passes		51868
# of unexpected failures	1168
# of unexpected successes	1
# of expected failures		234
# of unsupported tests		640
/home/mstein/sim/trunk/arm-elf/build/gcc/xgcc  version 4.4.0 20090302 (experimental) [trunk revision 144555] (GCC) 


Compiler version: 4.4.0 20090302 (experimental) [trunk revision 144555] (GCC) gcc 
Platform: arm-unknown-elf
configure flags: --target=arm-elf --prefix=/home/mstein/cross-local/arm-elf --enable-languages=c --disable-nls --disable-build-warnings --with-sysroot=/home/mstein/cross-local/arm-elf --with-build-sysroot=/home/mstein/cross-local/arm-elf --with-ld=/home/mstein/cross-local/arm-elf/usr/bin/ld --with-as=/home/mstein/cross-local/arm-elf/usr/bin/as --disable-libssp --with-mpfr=/opt/cfarm/mpfr-2.3.1



More information about the Gcc-testresults mailing list