Results for 4.4.0 20090303 (experimental) [trunk revision 144571] (GCC) testsuite on x86_64-unknown-linux-gnu
Laurent GUERBY gcc13
guerby@gcc13.fsffrance.org
Tue Mar 3 15:47:00 GMT 2009
LAST_UPDATED: Tue Mar 3 12:19:15 UTC 2009 (revision 144571)
=== acats tests ===
=== acats Summary ===
# of expected passes 2313
# of unexpected failures 0
Native configuration is x86_64-unknown-linux-gnu
=== gcc tests ===
Running target unix
FAIL: gcc.dg/tree-prof/bb-reorg.c compilation, -fprofile-use -D_PROFILE_USE
UNRESOLVED: gcc.dg/tree-prof/bb-reorg.c execution, -fprofile-use -D_PROFILE_USE
FAIL: gcc.dg/tree-prof/pr34999.c compilation, -fprofile-use -D_PROFILE_USE
UNRESOLVED: gcc.dg/tree-prof/pr34999.c execution, -fprofile-use -D_PROFILE_USE
=== gcc Summary ===
# of expected passes 54996
# of unexpected failures 2
# of expected failures 187
# of unresolved testcases 2
# of unsupported tests 1271
/home/guerby/build/gcc/xgcc version 4.4.0 20090303 (experimental) [trunk revision 144571] (GCC)
=== gnat tests ===
Running target unix
=== gnat Summary ===
# of expected passes 609
# of expected failures 6
=== libgomp tests ===
Running target unix
=== libgomp Summary ===
# of expected passes 250
=== libmudflap tests ===
Running target unix
=== libmudflap Summary ===
# of expected passes 1740
# of unsupported tests 2
Compiler version: 4.4.0 20090303 (experimental) [trunk revision 144571] (GCC)
Platform: x86_64-unknown-linux-gnu
configure flags: --prefix=/n/13/guerby/install-trunk --enable-languages=c,ada --enable-__cxa_atexit --disable-nls --enable-threads=posix --with-mpfr=/opt/cfarm/mpfr-2.3.1
More information about the Gcc-testresults
mailing list