Results for 4.4.0 20090227 (experimental) (GCC) testsuite on i686-pc-cygwin

Timothy C Prince tprince@myrealbox.com
Mon Mar 2 15:52:00 GMT 2009


Power outage shutdown 12 hours into testsuite:
LAST_UPDATED: Obtained from SVN: trunk revision 144476

Native configuration is i686-pc-cygwin

		=== g++ tests ===


Running target unix
WARNING: program timed out.
FAIL: g++.old-deja/g++.benjamin/friend02.C (test for excess errors)
FAIL: g++.old-deja/g++.eh/badalloc1.C execution test
XPASS: g++.old-deja/g++.ext/attrib5.C execution test
FAIL: g++.old-deja/g++.other/init5.C execution test

		=== g++ Summary ===

# of expected passes		6795
# of unexpected failures	3
# of unexpected successes	1
# of expected failures		28
# of unsupported tests		17
/cygdrive/e/gnu/gcc-4.4-20090227/xp/gcc/testsuite/g++1/../../g++  version 4.4.0 20090227 (experimental) (GCC) 

		=== gcc tests ===


Running target unix
WARNING: program timed out.
FAIL: gcc.c-torture/execute/20000412-6.c compilation,  -Os 
UNRESOLVED: gcc.c-torture/execute/20000412-6.c execution,  -Os 

		=== libstdc++ tests ===


Running target unix
FAIL: ext/bitmap_allocator/variadic_construct.cc execution test
FAIL: ext/codecvt/1.cc (test for excess errors)
WARNING: ext/codecvt/1.cc compilation failed to produce executable
FAIL: ext/codecvt/char-1.cc (test for excess errors)
WARNING: ext/codecvt/char-1.cc compilation failed to produce executable
FAIL: ext/codecvt/char-2.cc (test for excess errors)
WARNING: ext/codecvt/char-2.cc compilation failed to produce executable
FAIL: ext/enc_filebuf/char/13189.cc (test for excess errors)
WARNING: ext/enc_filebuf/char/13189.cc compilation failed to produce executable
FAIL: ext/enc_filebuf/char/13189.cc (test for excess errors)
WARNING: ext/enc_filebuf/char/13189.cc compilation failed to produce executable
FAIL: ext/enc_filebuf/char/13598.cc (test for excess errors)
WARNING: ext/enc_filebuf/char/13598.cc compilation failed to produce executable
FAIL: ext/enc_filebuf/char/13598.cc (test for excess errors)
WARNING: ext/enc_filebuf/char/13598.cc compilation failed to produce executable

		=== libstdc++ Summary ===

# of expected passes		1007
# of unexpected failures	8
# of expected failures		17
# of unsupported tests		238
		=== libstdc++ tests ===


Running target unix
FAIL: 20_util/shared_ptr/thread/default_weaktoshared.cc execution test
FAIL: 20_util/shared_ptr/thread/default_weaktoshared.cc execution test
FAIL: 20_util/shared_ptr/thread/mutex_weaktoshared.cc execution test
FAIL: 20_util/shared_ptr/thread/mutex_weaktoshared.cc execution test
FAIL: 22_locale/locale/cons/unicode.cc (test for excess errors)
WARNING: 22_locale/locale/cons/unicode.cc compilation failed to produce executable
FAIL: 22_locale/locale/cons/unicode.cc (test for excess errors)
WARNING: 22_locale/locale/cons/unicode.cc compilation failed to produce executable

		=== libstdc++ Summary ===

# of expected passes		1884
# of unexpected failures	6
# of expected failures		42
# of unsupported tests		419
Compiler version: 4.4.0 20090227 (experimental) (GCC) 
Platform: i686-pc-cygwin
configure flags: --prefix=/usr/local/gcc44 --enable-languages='c c++ fortran objc' --enable-threads=posix --disable-sjlj-exceptions --enable-maintainer-mode --disable-shared --disable-libmudflap

Tim Prince



More information about the Gcc-testresults mailing list