Results for 4.4.0 20090302 (experimental) [alias-improvements revision 144540] (GCC) testsuite on x86_64-unknown-linux-gnu

Richard Guenther rguenther@suse.de
Mon Mar 2 12:13:00 GMT 2009


LAST_UPDATED: Mon Mar  2 10:16:15 UTC 2009 (revision 144540)

		=== acats tests ===

		=== acats Summary ===
# of expected passes		2315
# of unexpected failures	0
Native configuration is x86_64-unknown-linux-gnu

		=== g++ tests ===


Running target unix/

		=== g++ Summary for unix/ ===

# of expected passes		19247
# of expected failures		140
# of unsupported tests		250

Running target unix//-m32

		=== g++ Summary for unix//-m32 ===

# of expected passes		19560
# of expected failures		140
# of unsupported tests		100

		=== g++ Summary ===

# of expected passes		38807
# of expected failures		280
# of unsupported tests		350
/space/rguenther/obj/gcc/testsuite/g++/../../g++  version 4.4.0 20090302 (experimental) [alias-improvements revision 144540] (GCC) 

		=== gcc tests ===


Running target unix/
FAIL: gcc.c-torture/compile/limits-exprparen.c  -O0  (test for excess errors)
FAIL: gcc.c-torture/compile/limits-exprparen.c  -O1  (test for excess errors)
FAIL: gcc.c-torture/compile/limits-exprparen.c  -O2  (test for excess errors)
FAIL: gcc.c-torture/compile/limits-exprparen.c  -O3 -fomit-frame-pointer  (test for excess errors)
FAIL: gcc.c-torture/compile/limits-exprparen.c  -O3 -g  (test for excess errors)
FAIL: gcc.c-torture/compile/limits-exprparen.c  -Os  (test for excess errors)
XPASS: gcc.dg/pr38984.c scan-tree-dump-not optimized "return 1"
FAIL: gcc.dg/uninit-B.c uninit i warning (test for warnings, line 12)
FAIL: gcc.dg/uninit-pr19430.c  (test for warnings, line 32)
FAIL: gcc.dg/uninit-pr19430.c uninitialized (test for warnings, line 41)
FAIL: gcc.dg/tree-prof/bb-reorg.c compilation,  -fprofile-use -D_PROFILE_USE
UNRESOLVED: gcc.dg/tree-prof/bb-reorg.c execution,    -fprofile-use -D_PROFILE_USE
FAIL: gcc.dg/tree-prof/pr34999.c compilation,  -fprofile-use -D_PROFILE_USE
UNRESOLVED: gcc.dg/tree-prof/pr34999.c execution,    -fprofile-use -D_PROFILE_USE
XPASS: gcc.dg/tree-ssa/20070302-1.c (test for excess errors)
XPASS: gcc.dg/tree-ssa/alias-18.c scan-tree-dump fre "with 1"
XPASS: gcc.dg/tree-ssa/alias-18.c scan-tree-dump fre "with 3"
XPASS: gcc.dg/tree-ssa/alias-18.c scan-tree-dump fre "with 8"
XPASS: gcc.dg/tree-ssa/sra-3.c scan-tree-dump-times optimized "link_error" 0
FAIL: gcc.dg/tree-ssa/ssa-fre-10.c scan-tree-dump pre "Insertions: 2"
FAIL: gcc.dg/tree-ssa/ssa-pre-24.c scan-tree-dump-not pre "= prephitmp"
XPASS: gcc.dg/vect/no-vfa-vect-49.c scan-tree-dump-times vect "vectorized 1 loops" 1
XPASS: gcc.dg/vect/no-vfa-vect-53.c scan-tree-dump-times vect "vectorized 1 loops" 1
XPASS: gcc.dg/vect/no-vfa-vect-57.c scan-tree-dump-times vect "vectorized 1 loops" 1
XPASS: gcc.dg/vect/no-vfa-vect-61.c scan-tree-dump-times vect "vectorized 1 loops" 1

		=== gcc Summary for unix/ ===

# of expected passes		55167
# of unexpected successes	10
# of unexpected failures	13
# of expected failures		179
# of unresolved testcases	2
# of unsupported tests		1291

Running target unix//-m32
FAIL: gcc.c-torture/compile/limits-exprparen.c  -O0  (test for excess errors)
FAIL: gcc.c-torture/compile/limits-exprparen.c  -O1  (test for excess errors)
FAIL: gcc.c-torture/compile/limits-exprparen.c  -O2  (test for excess errors)
FAIL: gcc.c-torture/compile/limits-exprparen.c  -O3 -fomit-frame-pointer  (test for excess errors)
FAIL: gcc.c-torture/compile/limits-exprparen.c  -O3 -g  (test for excess errors)
FAIL: gcc.c-torture/compile/limits-exprparen.c  -Os  (test for excess errors)
XPASS: gcc.dg/pr38984.c scan-tree-dump-not optimized "return 1"
FAIL: gcc.dg/uninit-B.c uninit i warning (test for warnings, line 12)
FAIL: gcc.dg/uninit-pr19430.c  (test for warnings, line 32)
FAIL: gcc.dg/uninit-pr19430.c uninitialized (test for warnings, line 41)
XPASS: gcc.dg/tree-ssa/20070302-1.c (test for excess errors)
XPASS: gcc.dg/tree-ssa/alias-18.c scan-tree-dump fre "with 1"
XPASS: gcc.dg/tree-ssa/alias-18.c scan-tree-dump fre "with 3"
XPASS: gcc.dg/tree-ssa/alias-18.c scan-tree-dump fre "with 8"
XPASS: gcc.dg/tree-ssa/sra-3.c scan-tree-dump-times optimized "link_error" 0
FAIL: gcc.dg/tree-ssa/ssa-fre-10.c scan-tree-dump pre "Insertions: 2"
FAIL: gcc.dg/tree-ssa/ssa-pre-24.c scan-tree-dump-not pre "= prephitmp"
XPASS: gcc.dg/vect/no-vfa-vect-49.c scan-tree-dump-times vect "vectorized 1 loops" 1
XPASS: gcc.dg/vect/no-vfa-vect-53.c scan-tree-dump-times vect "vectorized 1 loops" 1
XPASS: gcc.dg/vect/no-vfa-vect-57.c scan-tree-dump-times vect "vectorized 1 loops" 1
XPASS: gcc.dg/vect/no-vfa-vect-61.c scan-tree-dump-times vect "vectorized 1 loops" 1

		=== gcc Summary for unix//-m32 ===

# of expected passes		55594
# of unexpected successes	10
# of unexpected failures	11
# of expected failures		179
# of unsupported tests		997

		=== gcc Summary ===

# of expected passes		110761
# of unexpected failures	24
# of unexpected successes	20
# of expected failures		358
# of unresolved testcases	2
# of unsupported tests		2288
/space/rguenther/obj/gcc/xgcc  version 4.4.0 20090302 (experimental) [alias-improvements revision 144540] (GCC) 

		=== gfortran tests ===


Running target unix/

		=== gfortran Summary for unix/ ===

# of expected passes		29357
# of expected failures		14
# of unsupported tests		44

Running target unix//-m32

		=== gfortran Summary for unix//-m32 ===

# of expected passes		29244
# of expected failures		14
# of unsupported tests		97

		=== gfortran Summary ===

# of expected passes		58601
# of expected failures		28
# of unsupported tests		141
/space/rguenther/obj/gcc/testsuite/gfortran/../../gfortran  version 4.4.0 20090302 (experimental) [alias-improvements revision 144540] (GCC) 

		=== gnat tests ===


Running target unix/

		=== gnat Summary for unix/ ===

# of expected passes		609
# of expected failures		6

Running target unix//-m32
FAIL: gnat.dg/abstract_with_anonymous_result.adb (test for excess errors)
FAIL: gnat.dg/abstract_with_anonymous_result.adb execution test
FAIL: gnat.dg/access1.adb (test for excess errors)
FAIL: gnat.dg/access4.adb (test for excess errors)
FAIL: gnat.dg/access4.adb execution test
FAIL: gnat.dg/access_discr2.adb (test for excess errors)
FAIL: gnat.dg/access_discr2.adb execution test
FAIL: gnat.dg/access_test.adb (test for excess errors)
FAIL: gnat.dg/access_test.adb execution test
FAIL: gnat.dg/addr1.adb (test for excess errors)
FAIL: gnat.dg/addr2.adb (test for excess errors)
FAIL: gnat.dg/addr2.adb execution test
FAIL: gnat.dg/address_conversion.adb (test for excess errors)
FAIL: gnat.dg/address_conversion.adb execution test
FAIL: gnat.dg/aggr1.adb (test for excess errors)
FAIL: gnat.dg/aggr1.adb execution test
FAIL: gnat.dg/aggr2.adb (test for excess errors)
FAIL: gnat.dg/aggr3.adb (test for excess errors)
FAIL: gnat.dg/aggr3.adb execution test
FAIL: gnat.dg/aliased_prefix_accessibility.adb (test for excess errors)
FAIL: gnat.dg/aliased_prefix_accessibility.adb execution test
FAIL: gnat.dg/aliasing3.adb (test for excess errors)
FAIL: gnat.dg/aliasing3.adb execution test
FAIL: gnat.dg/align_check.adb (test for excess errors)
FAIL: gnat.dg/align_check.adb execution test
FAIL: gnat.dg/aligned_vla.adb (test for excess errors)
FAIL: gnat.dg/aligned_vla.adb execution test
FAIL: gnat.dg/alignment1.adb (test for excess errors)
FAIL: gnat.dg/alignment1.adb execution test
FAIL: gnat.dg/alignment2.adb (test for excess errors)
FAIL: gnat.dg/alignment2.adb execution test
FAIL: gnat.dg/alignment3.adb (test for excess errors)
FAIL: gnat.dg/allocator_maxalign1.adb (test for excess errors)
FAIL: gnat.dg/allocator_maxalign1.adb execution test
FAIL: gnat.dg/array3.adb (test for excess errors)
FAIL: gnat.dg/array3.adb execution test
FAIL: gnat.dg/array4.adb (test for excess errors)
FAIL: gnat.dg/array4.adb execution test
FAIL: gnat.dg/array5.adb (test for excess errors)
FAIL: gnat.dg/array5.adb execution test
FAIL: gnat.dg/assert1.adb (test for excess errors)
FAIL: gnat.dg/assert1.adb execution test
FAIL: gnat.dg/assign_from_packed.adb (test for excess errors)
FAIL: gnat.dg/assign_from_packed.adb execution test
FAIL: gnat.dg/asynch.adb (test for excess errors)
FAIL: gnat.dg/biased_uc.adb (test for excess errors)
FAIL: gnat.dg/biased_uc.adb execution test
FAIL: gnat.dg/bip_aggregate_bug.adb (test for excess errors)
FAIL: gnat.dg/bip_aggregate_bug.adb execution test
FAIL: gnat.dg/bit_packed_array3.adb (test for excess errors)
FAIL: gnat.dg/bit_packed_array3.adb execution test
FAIL: gnat.dg/blkextract_from_reg.adb (test for excess errors)
FAIL: gnat.dg/blkextract_from_reg.adb execution test
FAIL: gnat.dg/bltins.adb (test for excess errors)
FAIL: gnat.dg/bltins.adb execution test
FAIL: gnat.dg/boolean_bitfield.adb (test for excess errors)
FAIL: gnat.dg/boolean_bitfield.adb execution test
FAIL: gnat.dg/boolean_expr2.adb (test for excess errors)
FAIL: gnat.dg/boolean_expr2.adb execution test
FAIL: gnat.dg/capture_value.adb (test for excess errors)
FAIL: gnat.dg/capture_value.adb execution test
FAIL: gnat.dg/check_displace_generation.adb (test for excess errors)
FAIL: gnat.dg/check_displace_generation.adb execution test
FAIL: gnat.dg/check_elaboration_code.adb (test for excess errors)
FAIL: gnat.dg/check_elaboration_code.adb execution test
FAIL: gnat.dg/compose.adb (test for excess errors)
FAIL: gnat.dg/compose.adb execution test
FAIL: gnat.dg/concat1.adb (test for excess errors)
FAIL: gnat.dg/concat1.adb execution test
FAIL: gnat.dg/concat_length.adb (test for excess errors)
FAIL: gnat.dg/concat_length.adb execution test
FAIL: gnat.dg/conv_bug.adb (test for excess errors)
FAIL: gnat.dg/conv_bug.adb execution test
FAIL: gnat.dg/conv_decimal.adb (test for excess errors)
FAIL: gnat.dg/conv_decimal.adb execution test
FAIL: gnat.dg/conv_real.adb (test for excess errors)
FAIL: gnat.dg/conv_real.adb execution test
FAIL: gnat.dg/curr_task.adb (test for excess errors)
WARNING: gnat.dg/curr_task.adb compilation failed to produce executable
FAIL: gnat.dg/deferred_const2.adb (test for excess errors)
FAIL: gnat.dg/deferred_const2.adb execution test
FAIL: gnat.dg/deferred_const3.adb (test for excess errors)
FAIL: gnat.dg/deferred_const3.adb execution test
FAIL: gnat.dg/derived_aggregate.adb (test for excess errors)
FAIL: gnat.dg/derived_aggregate.adb execution test
FAIL: gnat.dg/discr4.adb (test for excess errors)
FAIL: gnat.dg/discr4.adb execution test
FAIL: gnat.dg/discr_range_check.adb (test for excess errors)
FAIL: gnat.dg/discr_test.adb (test for excess errors)
FAIL: gnat.dg/dispatch1.adb (test for excess errors)
FAIL: gnat.dg/dispatch1.adb execution test
FAIL: gnat.dg/dispatch2.adb (test for excess errors)
FAIL: gnat.dg/dispatch2.adb execution test
FAIL: gnat.dg/elim2.adb (test for excess errors)
FAIL: gnat.dg/elim2.adb execution test
FAIL: gnat.dg/empty_vector_length.adb (test for excess errors)
FAIL: gnat.dg/empty_vector_length.adb execution test
FAIL: gnat.dg/entry_queues.adb (test for excess errors)
WARNING: gnat.dg/entry_queues.adb compilation failed to produce executable
FAIL: gnat.dg/exp0_eval.adb (test for excess errors)
FAIL: gnat.dg/exp0_eval.adb execution test
FAIL: gnat.dg/expect1.adb (test for excess errors)
FAIL: gnat.dg/expect1.adb execution test
FAIL: gnat.dg/fixce.adb (test for excess errors)
FAIL: gnat.dg/fixce.adb execution test
FAIL: gnat.dg/fixedpnt.adb (test for excess errors)
FAIL: gnat.dg/fixedpnt.adb execution test
FAIL: gnat.dg/frame_overflow.adb  (test for errors, line 14)
FAIL: gnat.dg/frame_overflow.adb (test for excess errors)
FAIL: gnat.dg/generic_dispatch.adb (test for excess errors)
FAIL: gnat.dg/generic_dispatch.adb execution test
FAIL: gnat.dg/gnat_malloc.adb (test for excess errors)
FAIL: gnat.dg/gnat_malloc.adb execution test
FAIL: gnat.dg/gnatg.adb (test for excess errors)
FAIL: gnat.dg/handle_raise_from_pure.adb (test for excess errors)
FAIL: gnat.dg/handle_raise_from_pure.adb execution test
FAIL: gnat.dg/hyper_flat.adb (test for excess errors)
FAIL: gnat.dg/hyper_flat.adb execution test
FAIL: gnat.dg/iface_test.adb (test for excess errors)
FAIL: gnat.dg/in_out_parameter.adb (test for excess errors)
FAIL: gnat.dg/in_out_parameter.adb execution test
FAIL: gnat.dg/init_scalar1.adb (test for excess errors)
FAIL: gnat.dg/init_scalar1.adb execution test
FAIL: gnat.dg/inline_tagged.adb (test for excess errors)
FAIL: gnat.dg/inline_tagged.adb execution test
FAIL: gnat.dg/interface1.adb (test for excess errors)
FAIL: gnat.dg/interface1.adb execution test
FAIL: gnat.dg/interface2.adb (test for excess errors)
WARNING: gnat.dg/interface2.adb compilation failed to produce executable
FAIL: gnat.dg/interface3.adb (test for excess errors)
FAIL: gnat.dg/interface3.adb execution test
FAIL: gnat.dg/interface_conv.adb (test for excess errors)
FAIL: gnat.dg/interface_conv.adb execution test
FAIL: gnat.dg/iprot_test.adb (test for excess errors)
WARNING: gnat.dg/iprot_test.adb compilation failed to produce executable
FAIL: gnat.dg/kill_value.adb (test for excess errors)
FAIL: gnat.dg/kill_value.adb execution test
FAIL: gnat.dg/lhs_view_convert.adb (test for excess errors)
FAIL: gnat.dg/lhs_view_convert.adb execution test
FAIL: gnat.dg/loop_address2.adb (test for excess errors)
FAIL: gnat.dg/loop_boolean.adb (test for excess errors)
FAIL: gnat.dg/loop_boolean.adb execution test
FAIL: gnat.dg/loop_optimization2.adb (test for excess errors)
FAIL: gnat.dg/loop_optimization3.adb (test for excess errors)
FAIL: gnat.dg/loop_optimization3.adb execution test
FAIL: gnat.dg/loop_optimization4.adb (test for excess errors)
FAIL: gnat.dg/loop_optimization4.adb execution test
FAIL: gnat.dg/md5_test.adb (test for excess errors)
FAIL: gnat.dg/md5_test.adb execution test
FAIL: gnat.dg/missing_acc_check.adb (test for excess errors)
FAIL: gnat.dg/missing_acc_check.adb execution test
FAIL: gnat.dg/modular1.adb (test for excess errors)
FAIL: gnat.dg/modular1.adb execution test
FAIL: gnat.dg/modular2.adb (test for excess errors)
FAIL: gnat.dg/modular2.adb execution test
FAIL: gnat.dg/mutable1.adb (test for excess errors)
FAIL: gnat.dg/mutable1.adb execution test
FAIL: gnat.dg/named_test.adb (test for excess errors)
FAIL: gnat.dg/named_test.adb execution test
FAIL: gnat.dg/nat1r.adb (test for excess errors)
FAIL: gnat.dg/nat1r.adb execution test
FAIL: gnat.dg/nested_controlled_alloc.adb (test for excess errors)
FAIL: gnat.dg/nested_controlled_alloc.adb execution test
FAIL: gnat.dg/nested_return_test.adb (test for excess errors)
FAIL: gnat.dg/nested_return_test.adb execution test
FAIL: gnat.dg/no_exc_prop.adb (test for excess errors)
FAIL: gnat.dg/no_final.adb (test for excess errors)
FAIL: gnat.dg/no_final.adb execution test
FAIL: gnat.dg/not_null.adb (test for excess errors)
FAIL: gnat.dg/not_null.adb execution test
FAIL: gnat.dg/outer_agg_bitfield_constructor.adb (test for excess errors)
FAIL: gnat.dg/outer_agg_bitfield_constructor.adb execution test
FAIL: gnat.dg/overriding_ops.adb (test for excess errors)
FAIL: gnat.dg/pack10.adb (test for excess errors)
FAIL: gnat.dg/pack10.adb execution test
FAIL: gnat.dg/pack11.adb (test for excess errors)
FAIL: gnat.dg/pack11.adb execution test
FAIL: gnat.dg/pack12.adb (test for excess errors)
FAIL: gnat.dg/pack12.adb execution test
FAIL: gnat.dg/pack3.adb (test for excess errors)
FAIL: gnat.dg/pack3.adb execution test
FAIL: gnat.dg/pack4.adb (test for excess errors)
FAIL: gnat.dg/pack4.adb execution test
FAIL: gnat.dg/packed_subtype.adb (test for excess errors)
FAIL: gnat.dg/packed_subtype.adb execution test
FAIL: gnat.dg/pointer_conversion.adb (test for excess errors)
FAIL: gnat.dg/pointer_conversion.adb execution test
FAIL: gnat.dg/profile_warning.adb (test for excess errors)
FAIL: gnat.dg/profile_warning_p.adb (test for excess errors)
FAIL: gnat.dg/prot1.adb (test for excess errors)
FAIL: gnat.dg/prot_def.adb (test for excess errors)
WARNING: gnat.dg/prot_def.adb compilation failed to produce executable
FAIL: gnat.dg/protected_self_ref1.adb (test for excess errors)
WARNING: gnat.dg/protected_self_ref1.adb compilation failed to produce executable
FAIL: gnat.dg/protected_self_ref2.adb (test for excess errors)
FAIL: gnat.dg/quote.adb (test for excess errors)
FAIL: gnat.dg/quote.adb execution test
FAIL: gnat.dg/range_check.adb (test for excess errors)
FAIL: gnat.dg/range_check.adb execution test
FAIL: gnat.dg/regpat1.adb (test for excess errors)
FAIL: gnat.dg/regpat1.adb execution test
FAIL: gnat.dg/release_unc_maxalign.adb (test for excess errors)
FAIL: gnat.dg/release_unc_maxalign.adb execution test
FAIL: gnat.dg/renaming2.adb (test for excess errors)
FAIL: gnat.dg/renaming2.adb execution test
FAIL: gnat.dg/renaming3.adb (test for excess errors)
FAIL: gnat.dg/renaming3.adb execution test
FAIL: gnat.dg/requeue1.adb (test for excess errors)
WARNING: gnat.dg/requeue1.adb compilation failed to produce executable
FAIL: gnat.dg/scalar_mode_agg_compare.adb (test for excess errors)
FAIL: gnat.dg/scalar_mode_agg_compare.adb execution test
FAIL: gnat.dg/self_aggregate_with_array.adb (test for excess errors)
FAIL: gnat.dg/self_aggregate_with_array.adb execution test
FAIL: gnat.dg/self_aggregate_with_call.adb (test for excess errors)
FAIL: gnat.dg/self_aggregate_with_call.adb execution test
FAIL: gnat.dg/self_aggregate_with_pointer.adb (test for excess errors)
FAIL: gnat.dg/self_aggregate_with_pointer.adb execution test
FAIL: gnat.dg/self_aggregate_with_zeros.adb (test for excess errors)
FAIL: gnat.dg/self_aggregate_with_zeros.adb execution test
FAIL: gnat.dg/set_in_pproc.adb (test for excess errors)
FAIL: gnat.dg/sizetype.adb (test for excess errors)
FAIL: gnat.dg/sizetype.adb execution test
FAIL: gnat.dg/slice3.adb (test for excess errors)
FAIL: gnat.dg/slice3.adb execution test
FAIL: gnat.dg/slice4.adb (test for excess errors)
FAIL: gnat.dg/slice4.adb execution test
FAIL: gnat.dg/small_alignment.adb (test for excess errors)
FAIL: gnat.dg/small_alignment.adb execution test
FAIL: gnat.dg/socket1.adb (test for excess errors)
FAIL: gnat.dg/socket1.adb execution test
FAIL: gnat.dg/sort2.adb (test for excess errors)
FAIL: gnat.dg/sort2.adb execution test
FAIL: gnat.dg/spipaterr.adb (test for excess errors)
FAIL: gnat.dg/spipaterr.adb execution test
FAIL: gnat.dg/string_slice.adb (test for excess errors)
FAIL: gnat.dg/string_slice.adb execution test
FAIL: gnat.dg/sync1.adb (test for excess errors)
FAIL: gnat.dg/sync_iface_test.adb (test for excess errors)
FAIL: gnat.dg/tag1.adb (test for excess errors)
FAIL: gnat.dg/tag1.adb execution test
FAIL: gnat.dg/tail_call.adb (test for excess errors)
FAIL: gnat.dg/tail_call.adb execution test
FAIL: gnat.dg/task_name.adb (test for excess errors)
FAIL: gnat.dg/task_stack_align.adb (test for excess errors)
WARNING: gnat.dg/task_stack_align.adb compilation failed to produce executable
FAIL: gnat.dg/test_8bitlong_overflow.adb (test for excess errors)
FAIL: gnat.dg/test_8bitlong_overflow.adb execution test
FAIL: gnat.dg/test_address_null_init.adb (test for excess errors)
FAIL: gnat.dg/test_address_null_init.adb execution test
FAIL: gnat.dg/test_allocator_maxalign2.adb (test for excess errors)
FAIL: gnat.dg/test_allocator_maxalign2.adb execution test
FAIL: gnat.dg/test_bounded.adb (test for excess errors)
FAIL: gnat.dg/test_bounded.adb execution test
FAIL: gnat.dg/test_call.adb (test for excess errors)
FAIL: gnat.dg/test_delay.adb (test for excess errors)
WARNING: gnat.dg/test_delay.adb compilation failed to produce executable
FAIL: gnat.dg/test_direct_io.adb (test for excess errors)
FAIL: gnat.dg/test_direct_io.adb execution test
FAIL: gnat.dg/test_enum_io.adb (test for excess errors)
FAIL: gnat.dg/test_enum_io.adb execution test
FAIL: gnat.dg/test_fixed_io.adb (test for excess errors)
FAIL: gnat.dg/test_fixed_io.adb execution test
FAIL: gnat.dg/test_iface_aggr.adb (test for excess errors)
FAIL: gnat.dg/test_iface_aggr.adb execution test
FAIL: gnat.dg/test_ifaces.adb (test for excess errors)
FAIL: gnat.dg/test_ifaces.adb execution test
FAIL: gnat.dg/test_image.adb (test for excess errors)
WARNING: gnat.dg/test_image.adb compilation failed to produce executable
FAIL: gnat.dg/test_image_p.adb (test for excess errors)
FAIL: gnat.dg/test_nested_subtype_byref.adb (test for excess errors)
FAIL: gnat.dg/test_nested_subtype_byref.adb execution test
FAIL: gnat.dg/test_oalign.adb (test for excess errors)
FAIL: gnat.dg/test_oalign.adb execution test
FAIL: gnat.dg/test_overflow_sum.adb (test for excess errors)
FAIL: gnat.dg/test_overflow_sum.adb execution test
FAIL: gnat.dg/test_prefix1.adb (test for excess errors)
FAIL: gnat.dg/test_prefix1.adb execution test
FAIL: gnat.dg/test_prio.adb (test for excess errors)
WARNING: gnat.dg/test_prio.adb compilation failed to produce executable
FAIL: gnat.dg/test_prio_p.adb (test for excess errors)
FAIL: gnat.dg/test_raise_from_pure.adb (test for excess errors)
FAIL: gnat.dg/test_raise_from_pure.adb execution test
FAIL: gnat.dg/test_self.adb (test for excess errors)
FAIL: gnat.dg/test_self.adb execution test
FAIL: gnat.dg/test_self_ref.adb (test for excess errors)
FAIL: gnat.dg/test_self_ref.adb execution test
FAIL: gnat.dg/test_table1.adb (test for excess errors)
FAIL: gnat.dg/test_table1.adb execution test
FAIL: gnat.dg/test_tamdt.adb (test for excess errors)
FAIL: gnat.dg/test_tamdt.adb execution test
FAIL: gnat.dg/test_time_stamp.adb (test for excess errors)
FAIL: gnat.dg/test_time_stamp.adb execution test
FAIL: gnat.dg/test_version.adb (test for excess errors)
FAIL: gnat.dg/test_version.adb execution test
FAIL: gnat.dg/testint.adb (test for excess errors)
FAIL: gnat.dg/testint.adb execution test
FAIL: gnat.dg/tfren.adb (test for excess errors)
FAIL: gnat.dg/tfren.adb execution test
FAIL: gnat.dg/timing_events.adb (test for excess errors)
WARNING: gnat.dg/timing_events.adb compilation failed to produce executable
FAIL: gnat.dg/trampoline2.adb (test for excess errors)
FAIL: gnat.dg/trampoline2.adb execution test
FAIL: gnat.dg/tree_static_use.adb (test for excess errors)
FAIL: gnat.dg/tree_static_use.adb execution test
FAIL: gnat.dg/unc_memfree.adb (test for excess errors)
FAIL: gnat.dg/unc_memfree.adb execution test
FAIL: gnat.dg/unchecked_convert1.adb (test for excess errors)
FAIL: gnat.dg/unchecked_convert1.adb execution test
FAIL: gnat.dg/unchecked_convert2.adb (test for excess errors)
FAIL: gnat.dg/unchecked_convert2.adb execution test
FAIL: gnat.dg/unchecked_convert3.adb (test for excess errors)
FAIL: gnat.dg/unchecked_convert3.adb execution test
FAIL: gnat.dg/unchecked_union1.adb (test for excess errors)
FAIL: gnat.dg/unchecked_union1.adb execution test
FAIL: gnat.dg/valid1.adb (test for excess errors)
FAIL: gnat.dg/valid1.adb execution test
FAIL: gnat.dg/warn1.adb (test for excess errors)
FAIL: gnat.dg/warn1.adb execution test
FAIL: gnat.dg/warn5.adb (test for excess errors)
FAIL: gnat.dg/wide_test.adb (test for excess errors)
FAIL: gnat.dg/wide_test.adb execution test
FAIL: gnat.dg/specs/elab1.ads (test for excess errors)

		=== gnat Summary for unix//-m32 ===

# of expected passes		287
# of unexpected failures	310
# of expected failures		6

		=== gnat Summary ===

# of expected passes		896
# of unexpected failures	310
# of expected failures		12
		=== obj-c++ tests ===


Running target unix/
WARNING: obj-c++.dg/lookup-2.mm compilation failed to produce executable
WARNING: obj-c++.dg/try-catch-2.mm compilation failed to produce executable
WARNING: obj-c++.dg/try-catch-9.mm compilation failed to produce executable

		=== obj-c++ Summary for unix/ ===

# of expected passes		427
# of expected failures		21
# of unsupported tests		13

Running target unix//-m32
WARNING: obj-c++.dg/lookup-2.mm compilation failed to produce executable
WARNING: obj-c++.dg/try-catch-2.mm compilation failed to produce executable
WARNING: obj-c++.dg/try-catch-9.mm compilation failed to produce executable

		=== obj-c++ Summary for unix//-m32 ===

# of expected passes		438
# of expected failures		10
# of unsupported tests		13

		=== obj-c++ Summary ===

# of expected passes		865
# of expected failures		31
# of unsupported tests		26
/space/rguenther/obj/gcc/testsuite/obj-c++/../../g++  version 4.4.0 20090302 (experimental) [alias-improvements revision 144540] (GCC) 

		=== objc tests ===


Running target unix/
FAIL: objc/execute/forward-1.m execution,  -O0 -fgnu-runtime
FAIL: objc/execute/forward-1.m execution,  -O1 -fgnu-runtime
FAIL: objc/execute/forward-1.m execution,  -O2 -fgnu-runtime
FAIL: objc/execute/forward-1.m execution,  -O3 -fomit-frame-pointer -fgnu-runtime
FAIL: objc/execute/forward-1.m execution,  -O3 -fomit-frame-pointer -funroll-loops -fgnu-runtime
FAIL: objc/execute/forward-1.m execution,  -O3 -fomit-frame-pointer -funroll-all-loops -finline-functions -fgnu-runtime
FAIL: objc/execute/forward-1.m execution,  -O3 -g -fgnu-runtime
FAIL: objc/execute/forward-1.m execution,  -Os -fgnu-runtime

		=== objc Summary for unix/ ===

# of expected passes		1822
# of unexpected failures	8
# of expected failures		7
# of unsupported tests		24

Running target unix//-m32

		=== objc Summary for unix//-m32 ===

# of expected passes		1830
# of expected failures		7
# of unsupported tests		24

		=== objc Summary ===

# of expected passes		3652
# of unexpected failures	8
# of expected failures		14
# of unsupported tests		48
/space/rguenther/obj/gcc/xgcc  version 4.4.0 20090302 (experimental) [alias-improvements revision 144540] (GCC) 

		=== libffi tests ===


Running target unix/

		=== libffi Summary for unix/ ===

# of expected passes		1389
# of unsupported tests		10

Running target unix//-m32

		=== libffi Summary for unix//-m32 ===

# of expected passes		1389
# of unsupported tests		10

		=== libffi Summary ===

# of expected passes		2778
# of unsupported tests		20
		=== libgomp tests ===


Running target unix/

		=== libgomp Summary for unix/ ===

# of expected passes		2346

Running target unix//-m32

		=== libgomp Summary for unix//-m32 ===

# of expected passes		2346

		=== libgomp Summary ===

# of expected passes		4692
		=== libjava tests ===


Running target unix/

		=== libjava Summary for unix/ ===

# of expected passes		2574

Running target unix//-m32

		=== libjava Summary for unix//-m32 ===

# of expected passes		2574

		=== libjava Summary ===

# of expected passes		5148
		=== libmudflap tests ===


Running target unix/
FAIL: libmudflap.c++/pass41-frag.cxx execution test
FAIL: libmudflap.c++/pass41-frag.cxx (-static) execution test
FAIL: libmudflap.c++/pass41-frag.cxx (-O2) execution test
FAIL: libmudflap.c++/pass41-frag.cxx (-O3) execution test

		=== libmudflap Summary for unix/ ===

# of expected passes		1890
# of unexpected failures	4

Running target unix//-m32
FAIL: libmudflap.c++/pass41-frag.cxx execution test
FAIL: libmudflap.c++/pass41-frag.cxx (-static) execution test
FAIL: libmudflap.c++/pass41-frag.cxx (-O2) execution test
FAIL: libmudflap.c++/pass41-frag.cxx (-O3) execution test

		=== libmudflap Summary for unix//-m32 ===

# of expected passes		1890
# of unexpected failures	4

		=== libmudflap Summary ===

# of expected passes		3780
# of unexpected failures	8
		=== libstdc++ tests ===


Running target unix/
XPASS: 26_numerics/headers/cmath/c99_classification_macros_c.cc (test for excess errors)

		=== libstdc++ Summary for unix/ ===

# of expected passes		6468
# of unexpected successes	1
# of expected failures		80
# of unsupported tests		15

Running target unix//-m32
XPASS: 26_numerics/headers/cmath/c99_classification_macros_c.cc (test for excess errors)

		=== libstdc++ Summary for unix//-m32 ===

# of expected passes		6462
# of unexpected successes	1
# of expected failures		80
# of unsupported tests		18

		=== libstdc++ Summary ===

# of expected passes		12930
# of unexpected successes	2
# of expected failures		160
# of unsupported tests		33

Compiler version: 4.4.0 20090302 (experimental) [alias-improvements revision 144540] (GCC) 
Platform: x86_64-unknown-linux-gnu
configure flags: --disable-nls --enable-languages=all,obj-c++,ada



More information about the Gcc-testresults mailing list