Results for 4.3.4 20090301 (prerelease) (GCC) testsuite on ia64-hp-hpux11.23

Steve Ellcey sje@cup.hp.com
Sun Mar 1 17:45:00 GMT 2009


LAST_UPDATED: 
Native configuration is ia64-hp-hpux11.23

		=== g++ tests ===


Running target unix/-mlp64
FAIL: g++.dg/other/anon5.C undefined (test for errors, line )
FAIL: g++.dg/other/anon5.C (test for excess errors)
XPASS: g++.dg/other/packed1.C execution test
FAIL: g++.dg/tree-prof/indir-call-prof.C scan-tree-dump tree_profile "Indirect call -> direct call.* AA transformation on insn"
FAIL: g++.dg/tree-prof/indir-call-prof.C scan-tree-dump tree_profile "Indirect call -> direct call.* AA transformation on insn"
FAIL: g++.dg/tree-prof/indir-call-prof.C scan-tree-dump tree_profile "Indirect call -> direct call.* AA transformation on insn"
FAIL: g++.dg/tree-prof/indir-call-prof.C scan-tree-dump tree_profile "Indirect call -> direct call.* AA transformation on insn"
FAIL: g++.dg/tree-prof/indir-call-prof.C scan-tree-dump tree_profile "Indirect call -> direct call.* AA transformation on insn"
FAIL: g++.dg/tree-prof/indir-call-prof.C scan-tree-dump tree_profile "Indirect call -> direct call.* AA transformation on insn"
FAIL: g++.dg/tree-prof/indir-call-prof.C scan-tree-dump tree_profile "Indirect call -> direct call.* AA transformation on insn"
FAIL: g++.dg/vect/pr36648.cc scan-tree-dump-times vect "vectorized 1 loops" 1
FAIL: g++.dg/vect/pr36648.cc scan-tree-dump-times vect "vectorizing stmts using SLP" 1
XPASS: g++.old-deja/g++.pt/static6.C (test for excess errors)

		=== g++ Summary for unix/-mlp64 ===

# of expected passes		16811
# of unexpected failures	11
# of unexpected successes	2
# of expected failures		88
# of unsupported tests		164

Running target unix/-milp32
FAIL: g++.dg/other/anon5.C undefined (test for errors, line )
FAIL: g++.dg/other/anon5.C (test for excess errors)
XPASS: g++.dg/other/packed1.C execution test
FAIL: g++.dg/tree-prof/indir-call-prof.C scan-tree-dump tree_profile "Indirect call -> direct call.* AA transformation on insn"
FAIL: g++.dg/tree-prof/indir-call-prof.C scan-tree-dump tree_profile "Indirect call -> direct call.* AA transformation on insn"
FAIL: g++.dg/tree-prof/indir-call-prof.C scan-tree-dump tree_profile "Indirect call -> direct call.* AA transformation on insn"
FAIL: g++.dg/tree-prof/indir-call-prof.C scan-tree-dump tree_profile "Indirect call -> direct call.* AA transformation on insn"
FAIL: g++.dg/tree-prof/indir-call-prof.C scan-tree-dump tree_profile "Indirect call -> direct call.* AA transformation on insn"
FAIL: g++.dg/tree-prof/indir-call-prof.C scan-tree-dump tree_profile "Indirect call -> direct call.* AA transformation on insn"
FAIL: g++.dg/tree-prof/indir-call-prof.C scan-tree-dump tree_profile "Indirect call -> direct call.* AA transformation on insn"
FAIL: g++.dg/vect/pr36648.cc scan-tree-dump-times vect "vectorized 1 loops" 1
FAIL: g++.dg/vect/pr36648.cc scan-tree-dump-times vect "vectorizing stmts using SLP" 1
XPASS: g++.old-deja/g++.pt/static6.C (test for excess errors)

		=== g++ Summary for unix/-milp32 ===

# of expected passes		16843
# of unexpected failures	11
# of unexpected successes	2
# of expected failures		88
# of unsupported tests		162

		=== g++ Summary ===

# of expected passes		33654
# of unexpected failures	22
# of unexpected successes	4
# of expected failures		176
# of unsupported tests		326
/proj/opensrc_nobackup/nightly2/build-ia64-hp-hpux11.23-gcc-4_3-branch/obj_gcc/gcc/testsuite/g++/../../g++  version 4.3.4 20090301 (prerelease) (GCC) 

		=== gcc tests ===


Running target unix/-mlp64
FAIL: gcc.dg/array-init-1.c scan-assembler-times 7523094288207667809|6867666564636261|1684234849|64636261 2
FAIL: gcc.dg/builtin-apply4.c execution test
FAIL: gcc.dg/pr30643.c scan-assembler-not undefined
XPASS: gcc.dg/torture/fp-int-convert-timode.c  -O0  execution test
XPASS: gcc.dg/torture/fp-int-convert-timode.c  -O1  execution test
XPASS: gcc.dg/torture/fp-int-convert-timode.c  -O2  execution test
XPASS: gcc.dg/torture/fp-int-convert-timode.c  -O3 -fomit-frame-pointer  execution test
XPASS: gcc.dg/torture/fp-int-convert-timode.c  -O3 -g  execution test
XPASS: gcc.dg/torture/fp-int-convert-timode.c  -Os  execution test
FAIL: gcc.dg/vect/pr33804.c scan-tree-dump-times vect "vectorized 1 loops" 1
FAIL: gcc.dg/vect/pr33804.c scan-tree-dump-times vect "vectorizing stmts using SLP" 1
FAIL: gcc.dg/vect/vect-iv-6.c scan-tree-dump-times vect "vectorized 1 loops" 1
FAIL: gcc.dg/vect/vect-outer-4c.c scan-tree-dump-times vect "OUTER LOOP VECTORIZED" 1
FAIL: gcc.dg/vect/vect-outer-5.c scan-tree-dump-times vect "zero step in outer loop." 1
FAIL: gcc.dg/vect/vect-vfa-slp.c scan-tree-dump-times vect "vectorized 1 loops" 1
FAIL: gcc.dg/vect/slp-15.c scan-tree-dump-times vect "vectorizing stmts using SLP" 2
FAIL: gcc.dg/vect/slp-25.c scan-tree-dump-times vect "Alignment of access forced using peeling" 2
FAIL: gcc.dg/vect/slp-3.c scan-tree-dump-times vect "vectorized 3 loops" 1
FAIL: gcc.dg/vect/slp-3.c scan-tree-dump-times vect "vectorizing stmts using SLP" 3
FAIL: gcc.dg/vect/no-vfa-pr29145.c scan-tree-dump-times vect "vectorized 0 loops" 2
FAIL: gcc.dg/vect/no-vfa-pr29145.c scan-tree-dump-times vect "vectorized 1 loops" 1
FAIL: gcc.dg/vect/no-vfa-vect-depend-1.c scan-tree-dump-times vect "vectorized 1 loops" 1
ERROR: gcc.target/ia64/versionid-1.c: error executing dg-final: couldn't compile regular expression pattern: invalid repetition count(s)
UNRESOLVED: gcc.target/ia64/versionid-1.c: error executing dg-final: couldn't compile regular expression pattern: invalid repetition count(s)
ERROR: gcc.target/ia64/versionid-2.c: error executing dg-final: couldn't compile regular expression pattern: invalid repetition count(s)
UNRESOLVED: gcc.target/ia64/versionid-2.c: error executing dg-final: couldn't compile regular expression pattern: invalid repetition count(s)

		=== gcc Summary for unix/-mlp64 ===

# of expected passes		46861
# of unexpected failures	16
# of unexpected successes	6
# of expected failures		217
# of unresolved testcases	2
# of untested testcases		35
# of unsupported tests		373

Running target unix/-milp32
FAIL: gcc.c-torture/compile/20010102-1.c  -O3 -fomit-frame-pointer -funroll-loops  (internal compiler error)
FAIL: gcc.c-torture/compile/20010102-1.c  -O3 -fomit-frame-pointer -funroll-loops  (test for excess errors)
FAIL: gcc.c-torture/compile/20010102-1.c  -O3 -fomit-frame-pointer -funroll-all-loops -finline-functions  (internal compiler error)
FAIL: gcc.c-torture/compile/20010102-1.c  -O3 -fomit-frame-pointer -funroll-all-loops -finline-functions  (test for excess errors)
FAIL: gcc.c-torture/compile/20041018-1.c  -O3 -fomit-frame-pointer -funroll-loops  (internal compiler error)
FAIL: gcc.c-torture/compile/20041018-1.c  -O3 -fomit-frame-pointer -funroll-loops  (test for excess errors)
FAIL: gcc.c-torture/compile/20041018-1.c  -O3 -fomit-frame-pointer -funroll-all-loops -finline-functions  (internal compiler error)
FAIL: gcc.c-torture/compile/20041018-1.c  -O3 -fomit-frame-pointer -funroll-all-loops -finline-functions  (test for excess errors)
FAIL: gcc.c-torture/execute/builtins/memset-chk.c compilation,  -O3 -fomit-frame-pointer -funroll-loops  (internal compiler error)
UNRESOLVED: gcc.c-torture/execute/builtins/memset-chk.c execution,  -O3 -fomit-frame-pointer -funroll-loops 
FAIL: gcc.c-torture/execute/builtins/memset-chk.c compilation,  -O3 -fomit-frame-pointer -funroll-all-loops -finline-functions  (internal compiler error)
UNRESOLVED: gcc.c-torture/execute/builtins/memset-chk.c execution,  -O3 -fomit-frame-pointer -funroll-all-loops -finline-functions 
FAIL: gcc.dg/array-init-1.c scan-assembler-times 7523094288207667809|6867666564636261|1684234849|64636261 2
FAIL: gcc.dg/builtin-apply4.c execution test
FAIL: gcc.dg/lower-subreg-1.c scan-rtl-dump subreg "Splitting reg"
FAIL: gcc.dg/pr30643.c scan-assembler-not undefined
FAIL: gcc.dg/pr32370.c  (test for errors, line 16)
FAIL: gcc.dg/pr32370.c (test for excess errors)
FAIL: gcc.dg/vect/pr33804.c scan-tree-dump-times vect "vectorized 1 loops" 1
FAIL: gcc.dg/vect/pr33804.c scan-tree-dump-times vect "vectorizing stmts using SLP" 1
FAIL: gcc.dg/vect/vect-iv-6.c scan-tree-dump-times vect "vectorized 1 loops" 1
FAIL: gcc.dg/vect/vect-outer-4c.c scan-tree-dump-times vect "OUTER LOOP VECTORIZED" 1
FAIL: gcc.dg/vect/vect-outer-5.c scan-tree-dump-times vect "zero step in outer loop." 1
FAIL: gcc.dg/vect/vect-vfa-slp.c scan-tree-dump-times vect "vectorized 1 loops" 1
FAIL: gcc.dg/vect/slp-15.c scan-tree-dump-times vect "vectorizing stmts using SLP" 2
FAIL: gcc.dg/vect/slp-25.c scan-tree-dump-times vect "Alignment of access forced using peeling" 2
FAIL: gcc.dg/vect/slp-3.c scan-tree-dump-times vect "vectorized 3 loops" 1
FAIL: gcc.dg/vect/slp-3.c scan-tree-dump-times vect "vectorizing stmts using SLP" 3
FAIL: gcc.dg/vect/no-vfa-pr29145.c scan-tree-dump-times vect "vectorized 0 loops" 2
FAIL: gcc.dg/vect/no-vfa-pr29145.c scan-tree-dump-times vect "vectorized 1 loops" 1
FAIL: gcc.dg/vect/no-vfa-vect-depend-1.c scan-tree-dump-times vect "vectorized 1 loops" 1
ERROR: gcc.target/ia64/versionid-1.c: error executing dg-final: couldn't compile regular expression pattern: invalid repetition count(s)
UNRESOLVED: gcc.target/ia64/versionid-1.c: error executing dg-final: couldn't compile regular expression pattern: invalid repetition count(s)
ERROR: gcc.target/ia64/versionid-2.c: error executing dg-final: couldn't compile regular expression pattern: invalid repetition count(s)
UNRESOLVED: gcc.target/ia64/versionid-2.c: error executing dg-final: couldn't compile regular expression pattern: invalid repetition count(s)

		=== gcc Summary for unix/-milp32 ===

# of expected passes		46857
# of unexpected failures	29
# of expected failures		217
# of unresolved testcases	4
# of untested testcases		35
# of unsupported tests		374

		=== gcc Summary ===

# of expected passes		93718
# of unexpected failures	45
# of unexpected successes	6
# of expected failures		434
# of unresolved testcases	6
# of untested testcases		70
# of unsupported tests		747
/proj/opensrc_nobackup/nightly2/build-ia64-hp-hpux11.23-gcc-4_3-branch/obj_gcc/gcc/xgcc  version 4.3.4 20090301 (prerelease) (GCC) 

		=== libstdc++ tests ===


Running target unix/-mlp64
XPASS: 22_locale/collate/hash/char/1.cc (test for excess errors)
XPASS: 22_locale/collate/requirements/base_classes.cc (test for excess errors)
XPASS: 22_locale/collate/transform/wchar_t/28277.cc (test for excess errors)
XPASS: 22_locale/collate_byname/requirements/base_classes.cc (test for excess errors)
FAIL: ext/codecvt/wchar_t.cc execution test

		=== libstdc++ Summary for unix/-mlp64 ===

# of expected passes		4835
# of unexpected failures	1
# of unexpected successes	4
# of expected failures		59
# of unsupported tests		381

Running target unix/-milp32
XPASS: 22_locale/collate/hash/char/1.cc (test for excess errors)
XPASS: 22_locale/collate/requirements/base_classes.cc (test for excess errors)
XPASS: 22_locale/collate/transform/wchar_t/28277.cc (test for excess errors)
XPASS: 22_locale/collate_byname/requirements/base_classes.cc (test for excess errors)
FAIL: ext/codecvt/wchar_t.cc execution test

		=== libstdc++ Summary for unix/-milp32 ===

# of expected passes		4835
# of unexpected failures	1
# of unexpected successes	4
# of expected failures		59
# of unsupported tests		381

		=== libstdc++ Summary ===

# of expected passes		9670
# of unexpected failures	2
# of unexpected successes	8
# of expected failures		118
# of unsupported tests		762

Compiler version: 4.3.4 20090301 (prerelease) (GCC) 
Platform: ia64-hp-hpux11.23
configure flags: --host=ia64-hp-hpux11.23 --build=ia64-hp-hpux11.23 --prefix=/proj/opensrc/nightly2/gcc-ia64-hp-hpux11.23-gcc-4_3-branch --with-local-prefix=/proj/opensrc/nightly2/gcc-ia64-hp-hpux11.23-gcc-4_3-branch --disable-nls --with-gmp=/proj/opensrc/be/ia64-hp-hpux11.23 --with-mpfr=/proj/opensrc/be/ia64-hp-hpux11.23 --enable-libunwind-exceptions --enable-languages=c,c++ --disable-libgomp



More information about the Gcc-testresults mailing list