Results for 4.4.0 (Debian 4.4.0-8) testsuite on x86_64-pc-linux-gnu
Matthias Klose
doko@debian.org
Sun Jun 21 17:56:00 GMT 2009
LAST_UPDATED: Obtained from SVN: tags/gcc_4_4_0_release revision 146514
Target: x86_64-linux-gnu
gcc version 4.4.0 (Debian 4.4.0-8)
Native configuration is x86_64-pc-linux-gnu
=== g++ tests ===
Running target unix
=== g++ Summary for unix ===
# of expected passes 19476
# of expected failures 156
# of unsupported tests 250
Running target unix/-fstack-protector
=== g++ Summary for unix/-fstack-protector ===
# of expected passes 19476
# of expected failures 156
# of unsupported tests 250
Running target unix/-m32
=== g++ Summary for unix/-m32 ===
# of expected passes 19793
# of expected failures 156
# of unsupported tests 100
=== g++ Summary ===
# of expected passes 58745
# of expected failures 468
# of unsupported tests 600
/scratch/packages/gcc/4.4/gcc-4.4-4.4.0/build/gcc/testsuite/g++/../../g++ version 4.4.0 (Debian 4.4.0-8)
=== gcc tests ===
Running target unix
FAIL: gcc.dg/tree-prof/bb-reorg.c compilation, -fprofile-use -D_PROFILE_USE
UNRESOLVED: gcc.dg/tree-prof/bb-reorg.c execution, -fprofile-use -D_PROFILE_USE
FAIL: gcc.dg/tree-prof/pr34999.c compilation, -fprofile-use -D_PROFILE_USE
UNRESOLVED: gcc.dg/tree-prof/pr34999.c execution, -fprofile-use -D_PROFILE_USE
=== gcc Summary for unix ===
# of expected passes 56717
# of unexpected failures 2
# of expected failures 189
# of unresolved testcases 2
# of unsupported tests 713
Running target unix/-fstack-protector
FAIL: gcc.dg/tree-prof/bb-reorg.c compilation, -fprofile-use -D_PROFILE_USE
UNRESOLVED: gcc.dg/tree-prof/bb-reorg.c execution, -fprofile-use -D_PROFILE_USE
FAIL: gcc.dg/tree-prof/pr34999.c compilation, -fprofile-use -D_PROFILE_USE
UNRESOLVED: gcc.dg/tree-prof/pr34999.c execution, -fprofile-use -D_PROFILE_USE
=== gcc Summary for unix/-fstack-protector ===
# of expected passes 56717
# of unexpected failures 2
# of expected failures 189
# of unresolved testcases 2
# of unsupported tests 713
Running target unix/-m32
=== gcc Summary for unix/-m32 ===
# of expected passes 57063
# of expected failures 190
# of unsupported tests 431
=== gcc Summary ===
# of expected passes 170497
# of unexpected failures 4
# of expected failures 568
# of unresolved testcases 4
# of unsupported tests 1857
/scratch/packages/gcc/4.4/gcc-4.4-4.4.0/build/gcc/xgcc version 4.4.0 (Debian 4.4.0-8)
=== gfortran tests ===
Running target unix
=== gfortran Summary for unix ===
# of expected passes 29519
# of expected failures 14
# of unsupported tests 44
Running target unix/-fstack-protector
=== gfortran Summary for unix/-fstack-protector ===
# of expected passes 29519
# of expected failures 14
# of unsupported tests 44
Running target unix/-m32
FAIL: gfortran.dg/chmod_1.f90 -O0 execution test
FAIL: gfortran.dg/chmod_1.f90 -O1 execution test
FAIL: gfortran.dg/chmod_1.f90 -O2 execution test
FAIL: gfortran.dg/chmod_1.f90 -O3 -fomit-frame-pointer execution test
FAIL: gfortran.dg/chmod_1.f90 -O3 -fomit-frame-pointer -funroll-loops execution test
FAIL: gfortran.dg/chmod_1.f90 -O3 -fomit-frame-pointer -funroll-all-loops -finline-functions execution test
FAIL: gfortran.dg/chmod_1.f90 -O3 -g execution test
FAIL: gfortran.dg/chmod_1.f90 -Os execution test
FAIL: gfortran.dg/chmod_2.f90 -O0 execution test
FAIL: gfortran.dg/chmod_2.f90 -O1 execution test
FAIL: gfortran.dg/chmod_2.f90 -O2 execution test
FAIL: gfortran.dg/chmod_2.f90 -O3 -fomit-frame-pointer execution test
FAIL: gfortran.dg/chmod_2.f90 -O3 -fomit-frame-pointer -funroll-loops execution test
FAIL: gfortran.dg/chmod_2.f90 -O3 -fomit-frame-pointer -funroll-all-loops -finline-functions execution test
FAIL: gfortran.dg/chmod_2.f90 -O3 -g execution test
FAIL: gfortran.dg/chmod_2.f90 -Os execution test
FAIL: gfortran.dg/chmod_3.f90 -O0 execution test
FAIL: gfortran.dg/chmod_3.f90 -O1 execution test
FAIL: gfortran.dg/chmod_3.f90 -O2 execution test
FAIL: gfortran.dg/chmod_3.f90 -O3 -fomit-frame-pointer execution test
FAIL: gfortran.dg/chmod_3.f90 -O3 -fomit-frame-pointer -funroll-loops execution test
FAIL: gfortran.dg/chmod_3.f90 -O3 -fomit-frame-pointer -funroll-all-loops -finline-functions execution test
FAIL: gfortran.dg/chmod_3.f90 -O3 -g execution test
FAIL: gfortran.dg/chmod_3.f90 -Os execution test
FAIL: gfortran.dg/dollar_edit_descriptor_3.f -O0 output pattern test, is ERROR: ld.so: object 'libfakeroot-sysv.so' from LD_PRELOAD cannot be preloaded: ignored.
FAIL: gfortran.dg/dollar_edit_descriptor_3.f -O1 output pattern test, is ERROR: ld.so: object 'libfakeroot-sysv.so' from LD_PRELOAD cannot be preloaded: ignored.
FAIL: gfortran.dg/dollar_edit_descriptor_3.f -O2 output pattern test, is ERROR: ld.so: object 'libfakeroot-sysv.so' from LD_PRELOAD cannot be preloaded: ignored.
FAIL: gfortran.dg/dollar_edit_descriptor_3.f -O3 -fomit-frame-pointer output pattern test, is ERROR: ld.so: object 'libfakeroot-sysv.so' from LD_PRELOAD cannot be preloaded: ignored.
FAIL: gfortran.dg/dollar_edit_descriptor_3.f -O3 -fomit-frame-pointer -funroll-loops output pattern test, is ERROR: ld.so: object 'libfakeroot-sysv.so' from LD_PRELOAD cannot be preloaded: ignored.
FAIL: gfortran.dg/dollar_edit_descriptor_3.f -O3 -fomit-frame-pointer -funroll-all-loops -finline-functions output pattern test, is ERROR: ld.so: object 'libfakeroot-sysv.so' from LD_PRELOAD cannot be preloaded: ignored.
FAIL: gfortran.dg/dollar_edit_descriptor_3.f -O3 -g output pattern test, is ERROR: ld.so: object 'libfakeroot-sysv.so' from LD_PRELOAD cannot be preloaded: ignored.
FAIL: gfortran.dg/dollar_edit_descriptor_3.f -Os output pattern test, is ERROR: ld.so: object 'libfakeroot-sysv.so' from LD_PRELOAD cannot be preloaded: ignored.
FAIL: gfortran.dg/open_errors.f90 -O0 execution test
FAIL: gfortran.dg/open_errors.f90 -O1 execution test
FAIL: gfortran.dg/open_errors.f90 -O2 execution test
FAIL: gfortran.dg/open_errors.f90 -O3 -fomit-frame-pointer execution test
FAIL: gfortran.dg/open_errors.f90 -O3 -fomit-frame-pointer -funroll-loops execution test
FAIL: gfortran.dg/open_errors.f90 -O3 -fomit-frame-pointer -funroll-all-loops -finline-functions execution test
FAIL: gfortran.dg/open_errors.f90 -O3 -g execution test
FAIL: gfortran.dg/open_errors.f90 -Os execution test
FAIL: gfortran.dg/g77/f77-edit-apostrophe-out.f -O0 output pattern test, is ERROR: ld.so: object 'libfakeroot-sysv.so' from LD_PRELOAD cannot be preloaded: ignored.
FAIL: gfortran.dg/g77/f77-edit-apostrophe-out.f -O1 output pattern test, is ERROR: ld.so: object 'libfakeroot-sysv.so' from LD_PRELOAD cannot be preloaded: ignored.
FAIL: gfortran.dg/g77/f77-edit-apostrophe-out.f -O2 output pattern test, is ERROR: ld.so: object 'libfakeroot-sysv.so' from LD_PRELOAD cannot be preloaded: ignored.
FAIL: gfortran.dg/g77/f77-edit-apostrophe-out.f -O3 -fomit-frame-pointer output pattern test, is ERROR: ld.so: object 'libfakeroot-sysv.so' from LD_PRELOAD cannot be preloaded: ignored.
FAIL: gfortran.dg/g77/f77-edit-apostrophe-out.f -O3 -fomit-frame-pointer -funroll-loops output pattern test, is ERROR: ld.so: object 'libfakeroot-sysv.so' from LD_PRELOAD cannot be preloaded: ignored.
FAIL: gfortran.dg/g77/f77-edit-apostrophe-out.f -O3 -fomit-frame-pointer -funroll-all-loops -finline-functions output pattern test, is ERROR: ld.so: object 'libfakeroot-sysv.so' from LD_PRELOAD cannot be preloaded: ignored.
FAIL: gfortran.dg/g77/f77-edit-apostrophe-out.f -O3 -g output pattern test, is ERROR: ld.so: object 'libfakeroot-sysv.so' from LD_PRELOAD cannot be preloaded: ignored.
FAIL: gfortran.dg/g77/f77-edit-apostrophe-out.f -Os output pattern test, is ERROR: ld.so: object 'libfakeroot-sysv.so' from LD_PRELOAD cannot be preloaded: ignored.
FAIL: gfortran.dg/g77/f77-edit-colon-out.f -O0 output pattern test, is ERROR: ld.so: object 'libfakeroot-sysv.so' from LD_PRELOAD cannot be preloaded: ignored.
FAIL: gfortran.dg/g77/f77-edit-colon-out.f -O1 output pattern test, is ERROR: ld.so: object 'libfakeroot-sysv.so' from LD_PRELOAD cannot be preloaded: ignored.
FAIL: gfortran.dg/g77/f77-edit-colon-out.f -O2 output pattern test, is ERROR: ld.so: object 'libfakeroot-sysv.so' from LD_PRELOAD cannot be preloaded: ignored.
FAIL: gfortran.dg/g77/f77-edit-colon-out.f -O3 -fomit-frame-pointer output pattern test, is ERROR: ld.so: object 'libfakeroot-sysv.so' from LD_PRELOAD cannot be preloaded: ignored.
FAIL: gfortran.dg/g77/f77-edit-colon-out.f -O3 -fomit-frame-pointer -funroll-loops output pattern test, is ERROR: ld.so: object 'libfakeroot-sysv.so' from LD_PRELOAD cannot be preloaded: ignored.
FAIL: gfortran.dg/g77/f77-edit-colon-out.f -O3 -fomit-frame-pointer -funroll-all-loops -finline-functions output pattern test, is ERROR: ld.so: object 'libfakeroot-sysv.so' from LD_PRELOAD cannot be preloaded: ignored.
FAIL: gfortran.dg/g77/f77-edit-colon-out.f -O3 -g output pattern test, is ERROR: ld.so: object 'libfakeroot-sysv.so' from LD_PRELOAD cannot be preloaded: ignored.
FAIL: gfortran.dg/g77/f77-edit-colon-out.f -Os output pattern test, is ERROR: ld.so: object 'libfakeroot-sysv.so' from LD_PRELOAD cannot be preloaded: ignored.
FAIL: gfortran.dg/g77/f77-edit-h-out.f -O0 output pattern test, is ERROR: ld.so: object 'libfakeroot-sysv.so' from LD_PRELOAD cannot be preloaded: ignored.
FAIL: gfortran.dg/g77/f77-edit-h-out.f -O1 output pattern test, is ERROR: ld.so: object 'libfakeroot-sysv.so' from LD_PRELOAD cannot be preloaded: ignored.
FAIL: gfortran.dg/g77/f77-edit-h-out.f -O2 output pattern test, is ERROR: ld.so: object 'libfakeroot-sysv.so' from LD_PRELOAD cannot be preloaded: ignored.
FAIL: gfortran.dg/g77/f77-edit-h-out.f -O3 -fomit-frame-pointer output pattern test, is ERROR: ld.so: object 'libfakeroot-sysv.so' from LD_PRELOAD cannot be preloaded: ignored.
FAIL: gfortran.dg/g77/f77-edit-h-out.f -O3 -fomit-frame-pointer -funroll-loops output pattern test, is ERROR: ld.so: object 'libfakeroot-sysv.so' from LD_PRELOAD cannot be preloaded: ignored.
FAIL: gfortran.dg/g77/f77-edit-h-out.f -O3 -fomit-frame-pointer -funroll-all-loops -finline-functions output pattern test, is ERROR: ld.so: object 'libfakeroot-sysv.so' from LD_PRELOAD cannot be preloaded: ignored.
FAIL: gfortran.dg/g77/f77-edit-h-out.f -O3 -g output pattern test, is ERROR: ld.so: object 'libfakeroot-sysv.so' from LD_PRELOAD cannot be preloaded: ignored.
FAIL: gfortran.dg/g77/f77-edit-h-out.f -Os output pattern test, is ERROR: ld.so: object 'libfakeroot-sysv.so' from LD_PRELOAD cannot be preloaded: ignored.
FAIL: gfortran.dg/g77/f77-edit-i-out.f -O0 output pattern test, is ERROR: ld.so: object 'libfakeroot-sysv.so' from LD_PRELOAD cannot be preloaded: ignored.
FAIL: gfortran.dg/g77/f77-edit-i-out.f -O1 output pattern test, is ERROR: ld.so: object 'libfakeroot-sysv.so' from LD_PRELOAD cannot be preloaded: ignored.
FAIL: gfortran.dg/g77/f77-edit-i-out.f -O2 output pattern test, is ERROR: ld.so: object 'libfakeroot-sysv.so' from LD_PRELOAD cannot be preloaded: ignored.
FAIL: gfortran.dg/g77/f77-edit-i-out.f -O3 -fomit-frame-pointer output pattern test, is ERROR: ld.so: object 'libfakeroot-sysv.so' from LD_PRELOAD cannot be preloaded: ignored.
FAIL: gfortran.dg/g77/f77-edit-i-out.f -O3 -fomit-frame-pointer -funroll-loops output pattern test, is ERROR: ld.so: object 'libfakeroot-sysv.so' from LD_PRELOAD cannot be preloaded: ignored.
FAIL: gfortran.dg/g77/f77-edit-i-out.f -O3 -fomit-frame-pointer -funroll-all-loops -finline-functions output pattern test, is ERROR: ld.so: object 'libfakeroot-sysv.so' from LD_PRELOAD cannot be preloaded: ignored.
FAIL: gfortran.dg/g77/f77-edit-i-out.f -O3 -g output pattern test, is ERROR: ld.so: object 'libfakeroot-sysv.so' from LD_PRELOAD cannot be preloaded: ignored.
FAIL: gfortran.dg/g77/f77-edit-i-out.f -Os output pattern test, is ERROR: ld.so: object 'libfakeroot-sysv.so' from LD_PRELOAD cannot be preloaded: ignored.
FAIL: gfortran.dg/g77/f77-edit-slash-out.f -O0 output pattern test, is ERROR: ld.so: object 'libfakeroot-sysv.so' from LD_PRELOAD cannot be preloaded: ignored.
FAIL: gfortran.dg/g77/f77-edit-slash-out.f -O1 output pattern test, is ERROR: ld.so: object 'libfakeroot-sysv.so' from LD_PRELOAD cannot be preloaded: ignored.
FAIL: gfortran.dg/g77/f77-edit-slash-out.f -O2 output pattern test, is ERROR: ld.so: object 'libfakeroot-sysv.so' from LD_PRELOAD cannot be preloaded: ignored.
FAIL: gfortran.dg/g77/f77-edit-slash-out.f -O3 -fomit-frame-pointer output pattern test, is ERROR: ld.so: object 'libfakeroot-sysv.so' from LD_PRELOAD cannot be preloaded: ignored.
FAIL: gfortran.dg/g77/f77-edit-slash-out.f -O3 -fomit-frame-pointer -funroll-loops output pattern test, is ERROR: ld.so: object 'libfakeroot-sysv.so' from LD_PRELOAD cannot be preloaded: ignored.
FAIL: gfortran.dg/g77/f77-edit-slash-out.f -O3 -fomit-frame-pointer -funroll-all-loops -finline-functions output pattern test, is ERROR: ld.so: object 'libfakeroot-sysv.so' from LD_PRELOAD cannot be preloaded: ignored.
FAIL: gfortran.dg/g77/f77-edit-slash-out.f -O3 -g output pattern test, is ERROR: ld.so: object 'libfakeroot-sysv.so' from LD_PRELOAD cannot be preloaded: ignored.
FAIL: gfortran.dg/g77/f77-edit-slash-out.f -Os output pattern test, is ERROR: ld.so: object 'libfakeroot-sysv.so' from LD_PRELOAD cannot be preloaded: ignored.
=== gfortran Summary for unix/-m32 ===
# of expected passes 29310
# of unexpected failures 80
# of expected failures 14
# of unsupported tests 105
=== gfortran Summary ===
# of expected passes 88348
# of unexpected failures 80
# of expected failures 42
# of unsupported tests 193
/scratch/packages/gcc/4.4/gcc-4.4-4.4.0/build/gcc/testsuite/gfortran/../../gfortran version 4.4.0 (Debian 4.4.0-8)
=== obj-c++ tests ===
Running target unix
XPASS: obj-c++.dg/comp-types-10.mm (test for excess errors)
UNRESOLVED: obj-c++.dg/lookup-2.mm compilation failed to produce executable
UNRESOLVED: obj-c++.dg/try-catch-2.mm compilation failed to produce executable
UNRESOLVED: obj-c++.dg/try-catch-9.mm compilation failed to produce executable
=== obj-c++ Summary for unix ===
# of expected passes 425
# of unexpected successes 1
# of expected failures 20
# of unresolved testcases 3
# of unsupported tests 13
Running target unix/-fstack-protector
XPASS: obj-c++.dg/comp-types-10.mm (test for excess errors)
UNRESOLVED: obj-c++.dg/lookup-2.mm compilation failed to produce executable
UNRESOLVED: obj-c++.dg/try-catch-2.mm compilation failed to produce executable
UNRESOLVED: obj-c++.dg/try-catch-9.mm compilation failed to produce executable
=== obj-c++ Summary for unix/-fstack-protector ===
# of expected passes 425
# of unexpected successes 1
# of expected failures 20
# of unresolved testcases 3
# of unsupported tests 13
Running target unix/-m32
XPASS: obj-c++.dg/comp-types-10.mm (test for excess errors)
UNRESOLVED: obj-c++.dg/lookup-2.mm compilation failed to produce executable
UNRESOLVED: obj-c++.dg/try-catch-2.mm compilation failed to produce executable
UNRESOLVED: obj-c++.dg/try-catch-9.mm compilation failed to produce executable
=== obj-c++ Summary for unix/-m32 ===
# of expected passes 436
# of unexpected successes 1
# of expected failures 9
# of unresolved testcases 3
# of unsupported tests 13
=== obj-c++ Summary ===
# of expected passes 1286
# of unexpected successes 3
# of expected failures 49
# of unresolved testcases 9
# of unsupported tests 39
/scratch/packages/gcc/4.4/gcc-4.4-4.4.0/build/gcc/testsuite/obj-c++/../../g++ version 4.4.0 (Debian 4.4.0-8)
=== objc tests ===
Running target unix
=== objc Summary for unix ===
# of expected passes 1864
# of expected failures 15
# of unsupported tests 24
Running target unix/-fstack-protector
=== objc Summary for unix/-fstack-protector ===
# of expected passes 1864
# of expected failures 15
# of unsupported tests 24
Running target unix/-m32
=== objc Summary for unix/-m32 ===
# of expected passes 1872
# of expected failures 7
# of unsupported tests 24
=== objc Summary ===
# of expected passes 5600
# of expected failures 37
# of unsupported tests 72
/scratch/packages/gcc/4.4/gcc-4.4-4.4.0/build/gcc/xgcc version 4.4.0 (Debian 4.4.0-8)
=== libgomp tests ===
Running target unix
=== libgomp Summary for unix ===
# of expected passes 2406
Running target unix/-fstack-protector
=== libgomp Summary for unix/-fstack-protector ===
# of expected passes 2406
Running target unix/-m32
=== libgomp Summary for unix/-m32 ===
# of expected passes 2406
=== libgomp Summary ===
# of expected passes 7218
=== libmudflap tests ===
Running target unix
FAIL: libmudflap.c++/pass41-frag.cxx execution test
FAIL: libmudflap.c++/pass41-frag.cxx (-static) execution test
FAIL: libmudflap.c++/pass41-frag.cxx (-O2) execution test
FAIL: libmudflap.c++/pass41-frag.cxx (-O3) execution test
=== libmudflap Summary for unix ===
# of expected passes 1890
# of unexpected failures 4
Running target unix/-fstack-protector
FAIL: libmudflap.c++/pass41-frag.cxx execution test
FAIL: libmudflap.c++/pass41-frag.cxx (-static) execution test
FAIL: libmudflap.c++/pass41-frag.cxx (-O2) execution test
FAIL: libmudflap.c++/pass41-frag.cxx (-O3) execution test
=== libmudflap Summary for unix/-fstack-protector ===
# of expected passes 1890
# of unexpected failures 4
Running target unix/-m32
FAIL: libmudflap.c++/pass41-frag.cxx execution test
FAIL: libmudflap.c++/pass41-frag.cxx (-static) execution test
FAIL: libmudflap.c++/pass41-frag.cxx (-O2) execution test
FAIL: libmudflap.c++/pass41-frag.cxx (-O3) execution test
=== libmudflap Summary for unix/-m32 ===
# of expected passes 1890
# of unexpected failures 4
=== libmudflap Summary ===
# of expected passes 5670
# of unexpected failures 12
=== libstdc++ tests ===
Running target unix
XPASS: 26_numerics/headers/cmath/c99_classification_macros_c.cc (test for excess errors)
XPASS: 29_atomics/atomic_address/cons/aggregate.cc (test for excess errors)
=== libstdc++ Summary for unix ===
# of expected passes 5864
# of unexpected successes 2
# of expected failures 79
# of unsupported tests 333
Running target unix/-fstack-protector
XPASS: 26_numerics/headers/cmath/c99_classification_macros_c.cc (test for excess errors)
XPASS: 29_atomics/atomic_address/cons/aggregate.cc (test for excess errors)
=== libstdc++ Summary for unix/-fstack-protector ===
# of expected passes 5864
# of unexpected successes 2
# of expected failures 79
# of unsupported tests 333
Running target unix/-m32
XPASS: 26_numerics/headers/cmath/c99_classification_macros_c.cc (test for excess errors)
XPASS: 29_atomics/atomic_address/cons/aggregate.cc (test for excess errors)
=== libstdc++ Summary for unix/-m32 ===
# of expected passes 5864
# of unexpected successes 2
# of expected failures 79
# of unsupported tests 333
=== libstdc++ Summary ===
# of expected passes 17592
# of unexpected successes 6
# of expected failures 237
# of unsupported tests 999
Compiler version: 4.4.0 (Debian 4.4.0-8)
Platform: x86_64-pc-linux-gnu
configure flags: -v --with-pkgversion='Debian 4.4.0-8' --with-bugurl=file:///usr/share/doc/gcc-4.4/README.Bugs --enable-languages=c,c++,fortran,objc,obj-c++ --prefix=/usr --enable-shared --enable-multiarch --with-system-zlib --libexecdir=/usr/lib --without-included-gettext --enable-threads=posix --with-gxx-include-dir=/usr/include/c++/4.4 --program-suffix=-4.4 --enable-nls --enable-clocale=gnu --enable-libstdcxx-debug --enable-mpfr --enable-objc-gc --with-arch-32=i486 --with-tune=generic --enable-checking=release --build=x86_64-linux-gnu --host=x86_64-linux-gnu --target=x86_64-linux-gnu
BOOT_CFLAGS=
Build Dependencies:
Desired=Unknown/Install/Remove/Purge/Hold
| Status=Not/Inst/Cfg-files/Unpacked/Failed-cfg/Half-inst/trig-aWait/Trig-pend
|/ Err?=(none)/Hold/Reinst-required/X=both-problems (Status,Err: uppercase=bad)
||/ Name Version Description
+++-=======================================================-===========================-==============================================
ii binutils 2.19.51.20090419-1 The GNU assembler, linker and binary utilities
ii libc6 2.9-17 GNU C Library: Shared libraries
svn-updates:
updates from the 4.4 branch upto 20090620 (r148747).
gcc-textdomain:
Set gettext's domain and textdomain to the versioned package name.
gcc-driver-extra-langs:
Add options and specs for languages that are not built from a source
(but built from separate sources).
gcc-hash-style-both:
Link using --hash-style=both (alpha, amd64, ia64, i386, powerpc, ppc64, s390, sparc)
libstdc++-pic:
Build and install libstdc++_pic.a library.
libstdc++-doclink:
adjust hrefs to point to the local documentation
libstdc++-man-3cxx:
Install libstdc++ man pages with suffix .3cxx instead of .3
libjava-stacktrace:
libgcj: Lookup source file name and line number in separated
debug files found in /usr/lib/debug
libjava-subdir:
- Set the libjava sublibdir to /usr/lib/gcj-4.4
- Set the default libgcj database dir to /var/lib/gcj-4.4
libjava-jnipath:
- Add /usr/lib/jni to java.library.path.
- When running the i386 binaries on amd64, look in
- /usr/lib32/gcj-x.y and /usr/lib32/jni instead.
libjava-sjlj:
Don't try to use _Unwind_Backtrace on SJLJ targets.
See bug #387875, #388505, GCC PR 29206.
alpha-no-ev4-directive:
never emit .ev4 directive.
boehm-gc-getnprocs:
boehm-gc/pthread_support.c (GC_get_nprocs): Use sysconf as fallback.
note-gnu-stack:
Add .note.GNU-stack sections for gcc's crt files, libffi and boehm-gc
Taken from FC.
m68k-allow-gnu99:
patch to allow gnu99 mode on m68k
deb-protoize:
build protoize/unprotoize binaries
gcc-ice-hack:
Retry the build on an ice, save the calling options and preprocessed
source when the ice is reproducible.
gcc-ice-apport:
Report an ICE to apport (if apport is available
and the environment variable GCC_NOAPPORT is not set)
libjava-disable-static:
Disable building the static libjava.
libjava-fixed-symlinks:
Remove unneed '..' elements from symlinks in JAVA_HOME
pr39491:
Proposed patch for PR libstdc++/39491.
arm-unbreak-eabi-armv4t:
Fix armv4t build on ARM
gcc-multiarch:
Add multiarch support to GCC.
Convert the multilib option to a target triplet,
add multiarch include directories and libraries path:
/usr/local/include/<arch>-linux-gnu
/usr/include/<arch>-linux-gnu
/usr/lib/<arch>-linux-gnu
to the system paths.
libjava-nobiarch-check:
For biarch builds, disable the testsuite for the non-default architecture
for runtime libraries, which are not built by default (libjava).
config-ml:
disable some biarch libraries for biarch builds
gcc-multilib64dir:
Use lib instead of lib64 as multilibdir on amd64 and ppc64.
More information about the Gcc-testresults
mailing list