Results for 4.5.0 20090614 (experimental) [trunk revision 148470] (GCC) testsuite on powerpc64-unknown-linux-gnu
Janis Johnson
janis187@us.ibm.com
Sun Jun 14 22:23:00 GMT 2009
Linux 2.6.5-test ppc64
GNU C Library stable release version 2.3.5 (20050720)
GNU ld (GNU Binutils) 2.18.50.20080905
GNU assembler (GNU Binutils) 2.18.50.20080905
GNU Make 3.80
DejaGnu:
Expect version is 5.43.0
Tcl version is 8.4
Framework version is 1.4.4
32-bit biarch default32
SVN branch: trunk
This hardware has VMX instructions.
LAST_UPDATED: Sun Jun 14 21:16:31 UTC 2009 (revision 148470)
Native configuration is powerpc64-unknown-linux-gnu
=== g++ tests ===
Running target unix/-m32
FAIL: g++.dg/debug/anonunion1.C -gdwarf-21 (test for excess errors)
FAIL: g++.dg/debug/anonunion1.C -gdwarf-21 -O2 (test for excess errors)
FAIL: g++.dg/debug/anonunion1.C -gdwarf-21 -O3 (test for excess errors)
FAIL: g++.dg/debug/anonunion1.C -gdwarf-23 (test for excess errors)
FAIL: g++.dg/debug/anonunion1.C -gdwarf-23 -O2 (test for excess errors)
FAIL: g++.dg/debug/anonunion1.C -gdwarf-23 -O3 (test for excess errors)
FAIL: g++.dg/debug/const1.C -gdwarf-21 (test for excess errors)
FAIL: g++.dg/debug/const1.C -gdwarf-21 -O2 (test for excess errors)
FAIL: g++.dg/debug/const1.C -gdwarf-21 -O3 (test for excess errors)
FAIL: g++.dg/debug/const1.C -gdwarf-23 (test for excess errors)
FAIL: g++.dg/debug/const1.C -gdwarf-23 -O2 (test for excess errors)
FAIL: g++.dg/debug/const1.C -gdwarf-23 -O3 (test for excess errors)
FAIL: g++.dg/debug/const2.C -gdwarf-21 (test for excess errors)
FAIL: g++.dg/debug/const2.C -gdwarf-21 -O2 (test for excess errors)
FAIL: g++.dg/debug/const2.C -gdwarf-21 -O3 (test for excess errors)
FAIL: g++.dg/debug/const2.C -gdwarf-23 (test for excess errors)
FAIL: g++.dg/debug/const2.C -gdwarf-23 -O2 (test for excess errors)
FAIL: g++.dg/debug/const2.C -gdwarf-23 -O3 (test for excess errors)
FAIL: g++.dg/debug/const3.C -gdwarf-21 (test for excess errors)
FAIL: g++.dg/debug/const3.C -gdwarf-21 -O2 (test for excess errors)
FAIL: g++.dg/debug/const3.C -gdwarf-21 -O3 (test for excess errors)
FAIL: g++.dg/debug/const3.C -gdwarf-23 (test for excess errors)
FAIL: g++.dg/debug/const3.C -gdwarf-23 -O2 (test for excess errors)
FAIL: g++.dg/debug/const3.C -gdwarf-23 -O3 (test for excess errors)
FAIL: g++.dg/debug/const4.C -gdwarf-21 (test for excess errors)
FAIL: g++.dg/debug/const4.C -gdwarf-21 -O2 (test for excess errors)
FAIL: g++.dg/debug/const4.C -gdwarf-21 -O3 (test for excess errors)
FAIL: g++.dg/debug/const4.C -gdwarf-23 (test for excess errors)
FAIL: g++.dg/debug/const4.C -gdwarf-23 -O2 (test for excess errors)
FAIL: g++.dg/debug/const4.C -gdwarf-23 -O3 (test for excess errors)
FAIL: g++.dg/debug/crash1.C -gdwarf-21 (test for excess errors)
FAIL: g++.dg/debug/crash1.C -gdwarf-21 -O2 (test for excess errors)
FAIL: g++.dg/debug/crash1.C -gdwarf-21 -O3 (test for excess errors)
FAIL: g++.dg/debug/crash1.C -gdwarf-23 (test for excess errors)
FAIL: g++.dg/debug/crash1.C -gdwarf-23 -O2 (test for excess errors)
FAIL: g++.dg/debug/crash1.C -gdwarf-23 -O3 (test for excess errors)
FAIL: g++.dg/debug/debug1.C -gdwarf-21 (test for excess errors)
FAIL: g++.dg/debug/debug1.C -gdwarf-21 -O2 (test for excess errors)
FAIL: g++.dg/debug/debug1.C -gdwarf-21 -O3 (test for excess errors)
FAIL: g++.dg/debug/debug1.C -gdwarf-23 (test for excess errors)
FAIL: g++.dg/debug/debug1.C -gdwarf-23 -O2 (test for excess errors)
FAIL: g++.dg/debug/debug1.C -gdwarf-23 -O3 (test for excess errors)
FAIL: g++.dg/debug/debug2.C -gdwarf-21 (test for excess errors)
FAIL: g++.dg/debug/debug2.C -gdwarf-21 -O2 (test for excess errors)
FAIL: g++.dg/debug/debug2.C -gdwarf-21 -O3 (test for excess errors)
FAIL: g++.dg/debug/debug2.C -gdwarf-23 (test for excess errors)
FAIL: g++.dg/debug/debug2.C -gdwarf-23 -O2 (test for excess errors)
FAIL: g++.dg/debug/debug2.C -gdwarf-23 -O3 (test for excess errors)
FAIL: g++.dg/debug/debug3.C -gdwarf-21 (test for excess errors)
FAIL: g++.dg/debug/debug3.C -gdwarf-21 -O2 (test for excess errors)
FAIL: g++.dg/debug/debug3.C -gdwarf-21 -O3 (test for excess errors)
FAIL: g++.dg/debug/debug3.C -gdwarf-23 (test for excess errors)
FAIL: g++.dg/debug/debug3.C -gdwarf-23 -O2 (test for excess errors)
FAIL: g++.dg/debug/debug3.C -gdwarf-23 -O3 (test for excess errors)
FAIL: g++.dg/debug/debug4.C -gdwarf-21 (test for excess errors)
FAIL: g++.dg/debug/debug4.C -gdwarf-21 -O2 (test for excess errors)
FAIL: g++.dg/debug/debug4.C -gdwarf-21 -O3 (test for excess errors)
FAIL: g++.dg/debug/debug4.C -gdwarf-23 (test for excess errors)
FAIL: g++.dg/debug/debug4.C -gdwarf-23 -O2 (test for excess errors)
FAIL: g++.dg/debug/debug4.C -gdwarf-23 -O3 (test for excess errors)
FAIL: g++.dg/debug/debug5.C -gdwarf-21 (test for excess errors)
FAIL: g++.dg/debug/debug5.C -gdwarf-21 -O2 (test for excess errors)
FAIL: g++.dg/debug/debug5.C -gdwarf-21 -O3 (test for excess errors)
FAIL: g++.dg/debug/debug5.C -gdwarf-23 (test for excess errors)
FAIL: g++.dg/debug/debug5.C -gdwarf-23 -O2 (test for excess errors)
FAIL: g++.dg/debug/debug5.C -gdwarf-23 -O3 (test for excess errors)
FAIL: g++.dg/debug/debug6.C -gdwarf-21 (test for excess errors)
FAIL: g++.dg/debug/debug6.C -gdwarf-21 -O2 (test for excess errors)
FAIL: g++.dg/debug/debug6.C -gdwarf-21 -O3 (test for excess errors)
FAIL: g++.dg/debug/debug6.C -gdwarf-23 (test for excess errors)
FAIL: g++.dg/debug/debug6.C -gdwarf-23 -O2 (test for excess errors)
FAIL: g++.dg/debug/debug6.C -gdwarf-23 -O3 (test for excess errors)
FAIL: g++.dg/debug/debug7.C -gdwarf-21 (test for errors, line 10)
FAIL: g++.dg/debug/debug7.C -gdwarf-21 (test for excess errors)
FAIL: g++.dg/debug/debug7.C -gdwarf-21 -O2 (test for errors, line 10)
FAIL: g++.dg/debug/debug7.C -gdwarf-21 -O2 (test for excess errors)
FAIL: g++.dg/debug/debug7.C -gdwarf-21 -O3 (test for errors, line 10)
FAIL: g++.dg/debug/debug7.C -gdwarf-21 -O3 (test for excess errors)
FAIL: g++.dg/debug/debug7.C -gdwarf-23 (test for errors, line 10)
FAIL: g++.dg/debug/debug7.C -gdwarf-23 (test for excess errors)
FAIL: g++.dg/debug/debug7.C -gdwarf-23 -O2 (test for errors, line 10)
FAIL: g++.dg/debug/debug7.C -gdwarf-23 -O2 (test for excess errors)
FAIL: g++.dg/debug/debug7.C -gdwarf-23 -O3 (test for errors, line 10)
FAIL: g++.dg/debug/debug7.C -gdwarf-23 -O3 (test for excess errors)
FAIL: g++.dg/debug/debug8.C -gdwarf-21 (test for excess errors)
FAIL: g++.dg/debug/debug8.C -gdwarf-21 -O2 (test for excess errors)
FAIL: g++.dg/debug/debug8.C -gdwarf-21 -O3 (test for excess errors)
FAIL: g++.dg/debug/debug8.C -gdwarf-23 (test for excess errors)
FAIL: g++.dg/debug/debug8.C -gdwarf-23 -O2 (test for excess errors)
FAIL: g++.dg/debug/debug8.C -gdwarf-23 -O3 (test for excess errors)
FAIL: g++.dg/debug/debug9.C -gdwarf-21 (test for excess errors)
FAIL: g++.dg/debug/debug9.C -gdwarf-21 -O2 (test for excess errors)
FAIL: g++.dg/debug/debug9.C -gdwarf-21 -O3 (test for excess errors)
FAIL: g++.dg/debug/debug9.C -gdwarf-23 (test for excess errors)
FAIL: g++.dg/debug/debug9.C -gdwarf-23 -O2 (test for excess errors)
FAIL: g++.dg/debug/debug9.C -gdwarf-23 -O3 (test for excess errors)
FAIL: g++.dg/debug/dwarf2-1.C -gdwarf-21 (test for excess errors)
FAIL: g++.dg/debug/dwarf2-1.C -gdwarf-21 -O2 (test for excess errors)
FAIL: g++.dg/debug/dwarf2-1.C -gdwarf-21 -O3 (test for excess errors)
FAIL: g++.dg/debug/dwarf2-1.C -gdwarf-23 (test for excess errors)
FAIL: g++.dg/debug/dwarf2-1.C -gdwarf-23 -O2 (test for excess errors)
FAIL: g++.dg/debug/dwarf2-1.C -gdwarf-23 -O3 (test for excess errors)
FAIL: g++.dg/debug/dwarf2-2.C -gdwarf-21 (test for excess errors)
FAIL: g++.dg/debug/dwarf2-2.C -gdwarf-21 -O2 (test for excess errors)
FAIL: g++.dg/debug/dwarf2-2.C -gdwarf-21 -O3 (test for excess errors)
FAIL: g++.dg/debug/dwarf2-2.C -gdwarf-23 (test for excess errors)
FAIL: g++.dg/debug/dwarf2-2.C -gdwarf-23 -O2 (test for excess errors)
FAIL: g++.dg/debug/dwarf2-2.C -gdwarf-23 -O3 (test for excess errors)
FAIL: g++.dg/debug/enum-1.C -gdwarf-23 (test for excess errors)
ERROR: g++.dg/debug/enum-1.C: error executing dg-final: couldn't open "enum-1.s": no such file or directory
UNRESOLVED: g++.dg/debug/enum-1.C: error executing dg-final: couldn't open "enum-1.s": no such file or directory
FAIL: g++.dg/debug/enum-1.C -gdwarf-23 -O2 (test for excess errors)
ERROR: g++.dg/debug/enum-1.C: error executing dg-final: couldn't open "enum-1.s": no such file or directory
UNRESOLVED: g++.dg/debug/enum-1.C: error executing dg-final: couldn't open "enum-1.s": no such file or directory
FAIL: g++.dg/debug/enum-1.C -gdwarf-23 -O3 (test for excess errors)
ERROR: g++.dg/debug/enum-1.C: error executing dg-final: couldn't open "enum-1.s": no such file or directory
UNRESOLVED: g++.dg/debug/enum-1.C: error executing dg-final: couldn't open "enum-1.s": no such file or directory
FAIL: g++.dg/debug/enum-2.C -gdwarf-23 (test for excess errors)
ERROR: g++.dg/debug/enum-2.C: error executing dg-final: couldn't open "enum-2.s": no such file or directory
UNRESOLVED: g++.dg/debug/enum-2.C: error executing dg-final: couldn't open "enum-2.s": no such file or directory
FAIL: g++.dg/debug/enum-2.C -gdwarf-23 -O2 (test for excess errors)
ERROR: g++.dg/debug/enum-2.C: error executing dg-final: couldn't open "enum-2.s": no such file or directory
UNRESOLVED: g++.dg/debug/enum-2.C: error executing dg-final: couldn't open "enum-2.s": no such file or directory
FAIL: g++.dg/debug/enum-2.C -gdwarf-23 -O3 (test for excess errors)
ERROR: g++.dg/debug/enum-2.C: error executing dg-final: couldn't open "enum-2.s": no such file or directory
UNRESOLVED: g++.dg/debug/enum-2.C: error executing dg-final: couldn't open "enum-2.s": no such file or directory
FAIL: g++.dg/debug/minimal1.C -gdwarf-21 (test for excess errors)
FAIL: g++.dg/debug/minimal1.C -gdwarf-21 -O2 (test for excess errors)
FAIL: g++.dg/debug/minimal1.C -gdwarf-21 -O3 (test for excess errors)
FAIL: g++.dg/debug/minimal1.C -gdwarf-23 (test for excess errors)
FAIL: g++.dg/debug/minimal1.C -gdwarf-23 -O2 (test for excess errors)
FAIL: g++.dg/debug/minimal1.C -gdwarf-23 -O3 (test for excess errors)
FAIL: g++.dg/debug/namespace1.C -gdwarf-21 (test for excess errors)
FAIL: g++.dg/debug/namespace1.C -gdwarf-21 -O2 (test for excess errors)
FAIL: g++.dg/debug/namespace1.C -gdwarf-21 -O3 (test for excess errors)
FAIL: g++.dg/debug/namespace1.C -gdwarf-23 (test for excess errors)
FAIL: g++.dg/debug/namespace1.C -gdwarf-23 -O2 (test for excess errors)
FAIL: g++.dg/debug/namespace1.C -gdwarf-23 -O3 (test for excess errors)
FAIL: g++.dg/debug/namespace2.C -gdwarf-21 (test for excess errors)
FAIL: g++.dg/debug/namespace2.C -gdwarf-21 -O2 (test for excess errors)
FAIL: g++.dg/debug/namespace2.C -gdwarf-21 -O3 (test for excess errors)
FAIL: g++.dg/debug/namespace2.C -gdwarf-23 (test for excess errors)
FAIL: g++.dg/debug/namespace2.C -gdwarf-23 -O2 (test for excess errors)
FAIL: g++.dg/debug/namespace2.C -gdwarf-23 -O3 (test for excess errors)
FAIL: g++.dg/debug/pr16792.C -gdwarf-21 (test for excess errors)
FAIL: g++.dg/debug/pr16792.C -gdwarf-21 -O2 (test for excess errors)
FAIL: g++.dg/debug/pr16792.C -gdwarf-21 -O3 (test for excess errors)
FAIL: g++.dg/debug/pr16792.C -gdwarf-23 (test for excess errors)
FAIL: g++.dg/debug/pr16792.C -gdwarf-23 -O2 (test for excess errors)
FAIL: g++.dg/debug/pr16792.C -gdwarf-23 -O3 (test for excess errors)
FAIL: g++.dg/debug/pr22514.C -gdwarf-21 (test for errors, line 12)
FAIL: g++.dg/debug/pr22514.C -gdwarf-21 (test for excess errors)
FAIL: g++.dg/debug/pr22514.C -gdwarf-21 -O2 (test for errors, line 12)
FAIL: g++.dg/debug/pr22514.C -gdwarf-21 -O2 (test for excess errors)
FAIL: g++.dg/debug/pr22514.C -gdwarf-21 -O3 (test for errors, line 12)
FAIL: g++.dg/debug/pr22514.C -gdwarf-21 -O3 (test for excess errors)
FAIL: g++.dg/debug/pr22514.C -gdwarf-23 (test for errors, line 12)
FAIL: g++.dg/debug/pr22514.C -gdwarf-23 (test for excess errors)
FAIL: g++.dg/debug/pr22514.C -gdwarf-23 -O2 (test for errors, line 12)
FAIL: g++.dg/debug/pr22514.C -gdwarf-23 -O2 (test for excess errors)
FAIL: g++.dg/debug/pr22514.C -gdwarf-23 -O3 (test for errors, line 12)
FAIL: g++.dg/debug/pr22514.C -gdwarf-23 -O3 (test for excess errors)
FAIL: g++.dg/debug/pr27657.C -gdwarf-21 (test for excess errors)
FAIL: g++.dg/debug/pr27657.C -gdwarf-21 -O2 (test for excess errors)
FAIL: g++.dg/debug/pr27657.C -gdwarf-21 -O3 (test for excess errors)
FAIL: g++.dg/debug/pr27657.C -gdwarf-23 (test for excess errors)
FAIL: g++.dg/debug/pr27657.C -gdwarf-23 -O2 (test for excess errors)
FAIL: g++.dg/debug/pr27657.C -gdwarf-23 -O3 (test for excess errors)
FAIL: g++.dg/debug/pr29906.C -gdwarf-21 (test for excess errors)
FAIL: g++.dg/debug/pr29906.C -gdwarf-21 -O2 (test for excess errors)
FAIL: g++.dg/debug/pr29906.C -gdwarf-21 -O3 (test for excess errors)
FAIL: g++.dg/debug/pr29906.C -gdwarf-23 (test for excess errors)
FAIL: g++.dg/debug/pr29906.C -gdwarf-23 -O2 (test for excess errors)
FAIL: g++.dg/debug/pr29906.C -gdwarf-23 -O3 (test for excess errors)
FAIL: g++.dg/debug/pr30898.C -gdwarf-21 (test for excess errors)
FAIL: g++.dg/debug/pr30898.C -gdwarf-21 -O2 (test for excess errors)
FAIL: g++.dg/debug/pr30898.C -gdwarf-21 -O3 (test for excess errors)
FAIL: g++.dg/debug/pr30898.C -gdwarf-23 (test for excess errors)
FAIL: g++.dg/debug/pr30898.C -gdwarf-23 -O2 (test for excess errors)
FAIL: g++.dg/debug/pr30898.C -gdwarf-23 -O3 (test for excess errors)
FAIL: g++.dg/debug/pr34895.C -gdwarf-21 (test for excess errors)
FAIL: g++.dg/debug/pr34895.C -gdwarf-21 -O2 (test for excess errors)
FAIL: g++.dg/debug/pr34895.C -gdwarf-21 -O3 (test for excess errors)
FAIL: g++.dg/debug/pr34895.C -gdwarf-23 (test for excess errors)
FAIL: g++.dg/debug/pr34895.C -gdwarf-23 -O2 (test for excess errors)
FAIL: g++.dg/debug/pr34895.C -gdwarf-23 -O3 (test for excess errors)
FAIL: g++.dg/debug/static1.C -gdwarf-21 (test for excess errors)
FAIL: g++.dg/debug/static1.C -gdwarf-21 -O2 (test for excess errors)
FAIL: g++.dg/debug/static1.C -gdwarf-21 -O3 (test for excess errors)
FAIL: g++.dg/debug/static1.C -gdwarf-23 (test for excess errors)
FAIL: g++.dg/debug/static1.C -gdwarf-23 -O2 (test for excess errors)
FAIL: g++.dg/debug/static1.C -gdwarf-23 -O3 (test for excess errors)
FAIL: g++.dg/debug/template1.C -gdwarf-21 (test for excess errors)
FAIL: g++.dg/debug/template1.C -gdwarf-21 -O2 (test for excess errors)
FAIL: g++.dg/debug/template1.C -gdwarf-21 -O3 (test for excess errors)
FAIL: g++.dg/debug/template1.C -gdwarf-23 (test for excess errors)
FAIL: g++.dg/debug/template1.C -gdwarf-23 -O2 (test for excess errors)
FAIL: g++.dg/debug/template1.C -gdwarf-23 -O3 (test for excess errors)
FAIL: g++.dg/debug/trivial.C -gdwarf-21 (test for excess errors)
WARNING: g++.dg/debug/trivial.C -gdwarf-21 compilation failed to produce executable
FAIL: g++.dg/debug/trivial.C -gdwarf-21 -O2 (test for excess errors)
WARNING: g++.dg/debug/trivial.C -gdwarf-21 -O2 compilation failed to produce executable
FAIL: g++.dg/debug/trivial.C -gdwarf-21 -O3 (test for excess errors)
WARNING: g++.dg/debug/trivial.C -gdwarf-21 -O3 compilation failed to produce executable
FAIL: g++.dg/debug/trivial.C -gdwarf-23 (test for excess errors)
WARNING: g++.dg/debug/trivial.C -gdwarf-23 compilation failed to produce executable
FAIL: g++.dg/debug/trivial.C -gdwarf-23 -O2 (test for excess errors)
WARNING: g++.dg/debug/trivial.C -gdwarf-23 -O2 compilation failed to produce executable
FAIL: g++.dg/debug/trivial.C -gdwarf-23 -O3 (test for excess errors)
WARNING: g++.dg/debug/trivial.C -gdwarf-23 -O3 compilation failed to produce executable
FAIL: g++.dg/debug/typedef1.C -gdwarf-21 (test for excess errors)
FAIL: g++.dg/debug/typedef1.C -gdwarf-21 -O2 (test for excess errors)
FAIL: g++.dg/debug/typedef1.C -gdwarf-21 -O3 (test for excess errors)
FAIL: g++.dg/debug/typedef1.C -gdwarf-23 (test for excess errors)
FAIL: g++.dg/debug/typedef1.C -gdwarf-23 -O2 (test for excess errors)
FAIL: g++.dg/debug/typedef1.C -gdwarf-23 -O3 (test for excess errors)
FAIL: g++.dg/debug/typedef2.C -gdwarf-21 (test for excess errors)
FAIL: g++.dg/debug/typedef2.C -gdwarf-21 -O2 (test for excess errors)
FAIL: g++.dg/debug/typedef2.C -gdwarf-21 -O3 (test for excess errors)
FAIL: g++.dg/debug/typedef2.C -gdwarf-23 (test for excess errors)
FAIL: g++.dg/debug/typedef2.C -gdwarf-23 -O2 (test for excess errors)
FAIL: g++.dg/debug/typedef2.C -gdwarf-23 -O3 (test for excess errors)
FAIL: g++.dg/debug/typedef3.C -gdwarf-21 (test for excess errors)
FAIL: g++.dg/debug/typedef3.C -gdwarf-21 -O2 (test for excess errors)
FAIL: g++.dg/debug/typedef3.C -gdwarf-21 -O3 (test for excess errors)
FAIL: g++.dg/debug/typedef3.C -gdwarf-23 (test for excess errors)
FAIL: g++.dg/debug/typedef3.C -gdwarf-23 -O2 (test for excess errors)
FAIL: g++.dg/debug/typedef3.C -gdwarf-23 -O3 (test for excess errors)
FAIL: g++.dg/debug/using1.C -gdwarf-21 (test for excess errors)
FAIL: g++.dg/debug/using1.C -gdwarf-21 -O2 (test for excess errors)
FAIL: g++.dg/debug/using1.C -gdwarf-21 -O3 (test for excess errors)
FAIL: g++.dg/debug/using1.C -gdwarf-23 (test for excess errors)
FAIL: g++.dg/debug/using1.C -gdwarf-23 -O2 (test for excess errors)
FAIL: g++.dg/debug/using1.C -gdwarf-23 -O3 (test for excess errors)
FAIL: g++.dg/debug/using2.C -gdwarf-21 (test for excess errors)
FAIL: g++.dg/debug/using2.C -gdwarf-21 -O2 (test for excess errors)
FAIL: g++.dg/debug/using2.C -gdwarf-21 -O3 (test for excess errors)
FAIL: g++.dg/debug/using2.C -gdwarf-23 (test for excess errors)
FAIL: g++.dg/debug/using2.C -gdwarf-23 -O2 (test for excess errors)
FAIL: g++.dg/debug/using2.C -gdwarf-23 -O3 (test for excess errors)
FAIL: g++.dg/debug/using3.C -gdwarf-21 (test for excess errors)
FAIL: g++.dg/debug/using3.C -gdwarf-21 -O2 (test for excess errors)
FAIL: g++.dg/debug/using3.C -gdwarf-21 -O3 (test for excess errors)
FAIL: g++.dg/debug/using3.C -gdwarf-23 (test for excess errors)
FAIL: g++.dg/debug/using3.C -gdwarf-23 -O2 (test for excess errors)
FAIL: g++.dg/debug/using3.C -gdwarf-23 -O3 (test for excess errors)
FAIL: g++.dg/debug/vartrack1.C -gdwarf-21 (test for excess errors)
FAIL: g++.dg/debug/vartrack1.C -gdwarf-21 -O2 (test for excess errors)
FAIL: g++.dg/debug/vartrack1.C -gdwarf-21 -O3 (test for excess errors)
FAIL: g++.dg/debug/vartrack1.C -gdwarf-23 (test for excess errors)
FAIL: g++.dg/debug/vartrack1.C -gdwarf-23 -O2 (test for excess errors)
FAIL: g++.dg/debug/vartrack1.C -gdwarf-23 -O3 (test for excess errors)
FAIL: g++.dg/torture/pr32950.C -O1 (internal compiler error)
FAIL: g++.dg/torture/pr32950.C -O1 (test for excess errors)
FAIL: g++.dg/torture/pr32950.C -O2 (internal compiler error)
FAIL: g++.dg/torture/pr32950.C -O2 (test for excess errors)
FAIL: g++.dg/torture/pr32950.C -O3 -fomit-frame-pointer (internal compiler error)
FAIL: g++.dg/torture/pr32950.C -O3 -fomit-frame-pointer (test for excess errors)
FAIL: g++.dg/torture/pr32950.C -O3 -g (internal compiler error)
FAIL: g++.dg/torture/pr32950.C -O3 -g (test for excess errors)
FAIL: g++.dg/torture/pr32950.C -Os (internal compiler error)
FAIL: g++.dg/torture/pr32950.C -Os (test for excess errors)
=== g++ Summary for unix/-m32 ===
# of expected passes 20205
# of unexpected failures 244
# of expected failures 148
# of unresolved testcases 6
# of unsupported tests 133
Running target unix/-m64
FAIL: g++.dg/debug/anonunion1.C -gdwarf-21 (test for excess errors)
FAIL: g++.dg/debug/anonunion1.C -gdwarf-21 -O2 (test for excess errors)
FAIL: g++.dg/debug/anonunion1.C -gdwarf-21 -O3 (test for excess errors)
FAIL: g++.dg/debug/anonunion1.C -gdwarf-23 (test for excess errors)
FAIL: g++.dg/debug/anonunion1.C -gdwarf-23 -O2 (test for excess errors)
FAIL: g++.dg/debug/anonunion1.C -gdwarf-23 -O3 (test for excess errors)
FAIL: g++.dg/debug/const1.C -gdwarf-21 (test for excess errors)
FAIL: g++.dg/debug/const1.C -gdwarf-21 -O2 (test for excess errors)
FAIL: g++.dg/debug/const1.C -gdwarf-21 -O3 (test for excess errors)
FAIL: g++.dg/debug/const1.C -gdwarf-23 (test for excess errors)
FAIL: g++.dg/debug/const1.C -gdwarf-23 -O2 (test for excess errors)
FAIL: g++.dg/debug/const1.C -gdwarf-23 -O3 (test for excess errors)
FAIL: g++.dg/debug/const2.C -gdwarf-21 (test for excess errors)
FAIL: g++.dg/debug/const2.C -gdwarf-21 -O2 (test for excess errors)
FAIL: g++.dg/debug/const2.C -gdwarf-21 -O3 (test for excess errors)
FAIL: g++.dg/debug/const2.C -gdwarf-23 (test for excess errors)
FAIL: g++.dg/debug/const2.C -gdwarf-23 -O2 (test for excess errors)
FAIL: g++.dg/debug/const2.C -gdwarf-23 -O3 (test for excess errors)
FAIL: g++.dg/debug/const3.C -gdwarf-21 (test for excess errors)
FAIL: g++.dg/debug/const3.C -gdwarf-21 -O2 (test for excess errors)
FAIL: g++.dg/debug/const3.C -gdwarf-21 -O3 (test for excess errors)
FAIL: g++.dg/debug/const3.C -gdwarf-23 (test for excess errors)
FAIL: g++.dg/debug/const3.C -gdwarf-23 -O2 (test for excess errors)
FAIL: g++.dg/debug/const3.C -gdwarf-23 -O3 (test for excess errors)
FAIL: g++.dg/debug/const4.C -gdwarf-21 (test for excess errors)
FAIL: g++.dg/debug/const4.C -gdwarf-21 -O2 (test for excess errors)
FAIL: g++.dg/debug/const4.C -gdwarf-21 -O3 (test for excess errors)
FAIL: g++.dg/debug/const4.C -gdwarf-23 (test for excess errors)
FAIL: g++.dg/debug/const4.C -gdwarf-23 -O2 (test for excess errors)
FAIL: g++.dg/debug/const4.C -gdwarf-23 -O3 (test for excess errors)
FAIL: g++.dg/debug/crash1.C -gdwarf-21 (test for excess errors)
FAIL: g++.dg/debug/crash1.C -gdwarf-21 -O2 (test for excess errors)
FAIL: g++.dg/debug/crash1.C -gdwarf-21 -O3 (test for excess errors)
FAIL: g++.dg/debug/crash1.C -gdwarf-23 (test for excess errors)
FAIL: g++.dg/debug/crash1.C -gdwarf-23 -O2 (test for excess errors)
FAIL: g++.dg/debug/crash1.C -gdwarf-23 -O3 (test for excess errors)
FAIL: g++.dg/debug/debug1.C -gdwarf-21 (test for excess errors)
FAIL: g++.dg/debug/debug1.C -gdwarf-21 -O2 (test for excess errors)
FAIL: g++.dg/debug/debug1.C -gdwarf-21 -O3 (test for excess errors)
FAIL: g++.dg/debug/debug1.C -gdwarf-23 (test for excess errors)
FAIL: g++.dg/debug/debug1.C -gdwarf-23 -O2 (test for excess errors)
FAIL: g++.dg/debug/debug1.C -gdwarf-23 -O3 (test for excess errors)
FAIL: g++.dg/debug/debug2.C -gdwarf-21 (test for excess errors)
FAIL: g++.dg/debug/debug2.C -gdwarf-21 -O2 (test for excess errors)
FAIL: g++.dg/debug/debug2.C -gdwarf-21 -O3 (test for excess errors)
FAIL: g++.dg/debug/debug2.C -gdwarf-23 (test for excess errors)
FAIL: g++.dg/debug/debug2.C -gdwarf-23 -O2 (test for excess errors)
FAIL: g++.dg/debug/debug2.C -gdwarf-23 -O3 (test for excess errors)
FAIL: g++.dg/debug/debug3.C -gdwarf-21 (test for excess errors)
FAIL: g++.dg/debug/debug3.C -gdwarf-21 -O2 (test for excess errors)
FAIL: g++.dg/debug/debug3.C -gdwarf-21 -O3 (test for excess errors)
FAIL: g++.dg/debug/debug3.C -gdwarf-23 (test for excess errors)
FAIL: g++.dg/debug/debug3.C -gdwarf-23 -O2 (test for excess errors)
FAIL: g++.dg/debug/debug3.C -gdwarf-23 -O3 (test for excess errors)
FAIL: g++.dg/debug/debug4.C -gdwarf-21 (test for excess errors)
FAIL: g++.dg/debug/debug4.C -gdwarf-21 -O2 (test for excess errors)
FAIL: g++.dg/debug/debug4.C -gdwarf-21 -O3 (test for excess errors)
FAIL: g++.dg/debug/debug4.C -gdwarf-23 (test for excess errors)
FAIL: g++.dg/debug/debug4.C -gdwarf-23 -O2 (test for excess errors)
FAIL: g++.dg/debug/debug4.C -gdwarf-23 -O3 (test for excess errors)
FAIL: g++.dg/debug/debug5.C -gdwarf-21 (test for excess errors)
FAIL: g++.dg/debug/debug5.C -gdwarf-21 -O2 (test for excess errors)
FAIL: g++.dg/debug/debug5.C -gdwarf-21 -O3 (test for excess errors)
FAIL: g++.dg/debug/debug5.C -gdwarf-23 (test for excess errors)
FAIL: g++.dg/debug/debug5.C -gdwarf-23 -O2 (test for excess errors)
FAIL: g++.dg/debug/debug5.C -gdwarf-23 -O3 (test for excess errors)
FAIL: g++.dg/debug/debug6.C -gdwarf-21 (test for excess errors)
FAIL: g++.dg/debug/debug6.C -gdwarf-21 -O2 (test for excess errors)
FAIL: g++.dg/debug/debug6.C -gdwarf-21 -O3 (test for excess errors)
FAIL: g++.dg/debug/debug6.C -gdwarf-23 (test for excess errors)
FAIL: g++.dg/debug/debug6.C -gdwarf-23 -O2 (test for excess errors)
FAIL: g++.dg/debug/debug6.C -gdwarf-23 -O3 (test for excess errors)
FAIL: g++.dg/debug/debug7.C -gdwarf-21 (test for errors, line 10)
FAIL: g++.dg/debug/debug7.C -gdwarf-21 (test for excess errors)
FAIL: g++.dg/debug/debug7.C -gdwarf-21 -O2 (test for errors, line 10)
FAIL: g++.dg/debug/debug7.C -gdwarf-21 -O2 (test for excess errors)
FAIL: g++.dg/debug/debug7.C -gdwarf-21 -O3 (test for errors, line 10)
FAIL: g++.dg/debug/debug7.C -gdwarf-21 -O3 (test for excess errors)
FAIL: g++.dg/debug/debug7.C -gdwarf-23 (test for errors, line 10)
FAIL: g++.dg/debug/debug7.C -gdwarf-23 (test for excess errors)
FAIL: g++.dg/debug/debug7.C -gdwarf-23 -O2 (test for errors, line 10)
FAIL: g++.dg/debug/debug7.C -gdwarf-23 -O2 (test for excess errors)
FAIL: g++.dg/debug/debug7.C -gdwarf-23 -O3 (test for errors, line 10)
FAIL: g++.dg/debug/debug7.C -gdwarf-23 -O3 (test for excess errors)
FAIL: g++.dg/debug/debug8.C -gdwarf-21 (test for excess errors)
FAIL: g++.dg/debug/debug8.C -gdwarf-21 -O2 (test for excess errors)
FAIL: g++.dg/debug/debug8.C -gdwarf-21 -O3 (test for excess errors)
FAIL: g++.dg/debug/debug8.C -gdwarf-23 (test for excess errors)
FAIL: g++.dg/debug/debug8.C -gdwarf-23 -O2 (test for excess errors)
FAIL: g++.dg/debug/debug8.C -gdwarf-23 -O3 (test for excess errors)
FAIL: g++.dg/debug/debug9.C -gdwarf-21 (test for excess errors)
FAIL: g++.dg/debug/debug9.C -gdwarf-21 -O2 (test for excess errors)
FAIL: g++.dg/debug/debug9.C -gdwarf-21 -O3 (test for excess errors)
FAIL: g++.dg/debug/debug9.C -gdwarf-23 (test for excess errors)
FAIL: g++.dg/debug/debug9.C -gdwarf-23 -O2 (test for excess errors)
FAIL: g++.dg/debug/debug9.C -gdwarf-23 -O3 (test for excess errors)
FAIL: g++.dg/debug/dwarf2-1.C -gdwarf-21 (test for excess errors)
FAIL: g++.dg/debug/dwarf2-1.C -gdwarf-21 -O2 (test for excess errors)
FAIL: g++.dg/debug/dwarf2-1.C -gdwarf-21 -O3 (test for excess errors)
FAIL: g++.dg/debug/dwarf2-1.C -gdwarf-23 (test for excess errors)
FAIL: g++.dg/debug/dwarf2-1.C -gdwarf-23 -O2 (test for excess errors)
FAIL: g++.dg/debug/dwarf2-1.C -gdwarf-23 -O3 (test for excess errors)
FAIL: g++.dg/debug/dwarf2-2.C -gdwarf-21 (test for excess errors)
FAIL: g++.dg/debug/dwarf2-2.C -gdwarf-21 -O2 (test for excess errors)
FAIL: g++.dg/debug/dwarf2-2.C -gdwarf-21 -O3 (test for excess errors)
FAIL: g++.dg/debug/dwarf2-2.C -gdwarf-23 (test for excess errors)
FAIL: g++.dg/debug/dwarf2-2.C -gdwarf-23 -O2 (test for excess errors)
FAIL: g++.dg/debug/dwarf2-2.C -gdwarf-23 -O3 (test for excess errors)
FAIL: g++.dg/debug/enum-1.C -gdwarf-23 (test for excess errors)
ERROR: g++.dg/debug/enum-1.C: error executing dg-final: couldn't open "enum-1.s": no such file or directory
UNRESOLVED: g++.dg/debug/enum-1.C: error executing dg-final: couldn't open "enum-1.s": no such file or directory
FAIL: g++.dg/debug/enum-1.C -gdwarf-23 -O2 (test for excess errors)
ERROR: g++.dg/debug/enum-1.C: error executing dg-final: couldn't open "enum-1.s": no such file or directory
UNRESOLVED: g++.dg/debug/enum-1.C: error executing dg-final: couldn't open "enum-1.s": no such file or directory
FAIL: g++.dg/debug/enum-1.C -gdwarf-23 -O3 (test for excess errors)
ERROR: g++.dg/debug/enum-1.C: error executing dg-final: couldn't open "enum-1.s": no such file or directory
UNRESOLVED: g++.dg/debug/enum-1.C: error executing dg-final: couldn't open "enum-1.s": no such file or directory
FAIL: g++.dg/debug/enum-2.C -gdwarf-23 (test for excess errors)
ERROR: g++.dg/debug/enum-2.C: error executing dg-final: couldn't open "enum-2.s": no such file or directory
UNRESOLVED: g++.dg/debug/enum-2.C: error executing dg-final: couldn't open "enum-2.s": no such file or directory
FAIL: g++.dg/debug/enum-2.C -gdwarf-23 -O2 (test for excess errors)
ERROR: g++.dg/debug/enum-2.C: error executing dg-final: couldn't open "enum-2.s": no such file or directory
UNRESOLVED: g++.dg/debug/enum-2.C: error executing dg-final: couldn't open "enum-2.s": no such file or directory
FAIL: g++.dg/debug/enum-2.C -gdwarf-23 -O3 (test for excess errors)
ERROR: g++.dg/debug/enum-2.C: error executing dg-final: couldn't open "enum-2.s": no such file or directory
UNRESOLVED: g++.dg/debug/enum-2.C: error executing dg-final: couldn't open "enum-2.s": no such file or directory
FAIL: g++.dg/debug/minimal1.C -gdwarf-21 (test for excess errors)
FAIL: g++.dg/debug/minimal1.C -gdwarf-21 -O2 (test for excess errors)
FAIL: g++.dg/debug/minimal1.C -gdwarf-21 -O3 (test for excess errors)
FAIL: g++.dg/debug/minimal1.C -gdwarf-23 (test for excess errors)
FAIL: g++.dg/debug/minimal1.C -gdwarf-23 -O2 (test for excess errors)
FAIL: g++.dg/debug/minimal1.C -gdwarf-23 -O3 (test for excess errors)
FAIL: g++.dg/debug/namespace1.C -gdwarf-21 (test for excess errors)
FAIL: g++.dg/debug/namespace1.C -gdwarf-21 -O2 (test for excess errors)
FAIL: g++.dg/debug/namespace1.C -gdwarf-21 -O3 (test for excess errors)
FAIL: g++.dg/debug/namespace1.C -gdwarf-23 (test for excess errors)
FAIL: g++.dg/debug/namespace1.C -gdwarf-23 -O2 (test for excess errors)
FAIL: g++.dg/debug/namespace1.C -gdwarf-23 -O3 (test for excess errors)
FAIL: g++.dg/debug/namespace2.C -gdwarf-21 (test for excess errors)
FAIL: g++.dg/debug/namespace2.C -gdwarf-21 -O2 (test for excess errors)
FAIL: g++.dg/debug/namespace2.C -gdwarf-21 -O3 (test for excess errors)
FAIL: g++.dg/debug/namespace2.C -gdwarf-23 (test for excess errors)
FAIL: g++.dg/debug/namespace2.C -gdwarf-23 -O2 (test for excess errors)
FAIL: g++.dg/debug/namespace2.C -gdwarf-23 -O3 (test for excess errors)
FAIL: g++.dg/debug/pr16792.C -gdwarf-21 (test for excess errors)
FAIL: g++.dg/debug/pr16792.C -gdwarf-21 -O2 (test for excess errors)
FAIL: g++.dg/debug/pr16792.C -gdwarf-21 -O3 (test for excess errors)
FAIL: g++.dg/debug/pr16792.C -gdwarf-23 (test for excess errors)
FAIL: g++.dg/debug/pr16792.C -gdwarf-23 -O2 (test for excess errors)
FAIL: g++.dg/debug/pr16792.C -gdwarf-23 -O3 (test for excess errors)
FAIL: g++.dg/debug/pr22514.C -gdwarf-21 (test for errors, line 12)
FAIL: g++.dg/debug/pr22514.C -gdwarf-21 (test for excess errors)
FAIL: g++.dg/debug/pr22514.C -gdwarf-21 -O2 (test for errors, line 12)
FAIL: g++.dg/debug/pr22514.C -gdwarf-21 -O2 (test for excess errors)
FAIL: g++.dg/debug/pr22514.C -gdwarf-21 -O3 (test for errors, line 12)
FAIL: g++.dg/debug/pr22514.C -gdwarf-21 -O3 (test for excess errors)
FAIL: g++.dg/debug/pr22514.C -gdwarf-23 (test for errors, line 12)
FAIL: g++.dg/debug/pr22514.C -gdwarf-23 (test for excess errors)
FAIL: g++.dg/debug/pr22514.C -gdwarf-23 -O2 (test for errors, line 12)
FAIL: g++.dg/debug/pr22514.C -gdwarf-23 -O2 (test for excess errors)
FAIL: g++.dg/debug/pr22514.C -gdwarf-23 -O3 (test for errors, line 12)
FAIL: g++.dg/debug/pr22514.C -gdwarf-23 -O3 (test for excess errors)
FAIL: g++.dg/debug/pr27657.C -gdwarf-21 (test for excess errors)
FAIL: g++.dg/debug/pr27657.C -gdwarf-21 -O2 (test for excess errors)
FAIL: g++.dg/debug/pr27657.C -gdwarf-21 -O3 (test for excess errors)
FAIL: g++.dg/debug/pr27657.C -gdwarf-23 (test for excess errors)
FAIL: g++.dg/debug/pr27657.C -gdwarf-23 -O2 (test for excess errors)
FAIL: g++.dg/debug/pr27657.C -gdwarf-23 -O3 (test for excess errors)
FAIL: g++.dg/debug/pr29906.C -gdwarf-21 (test for excess errors)
FAIL: g++.dg/debug/pr29906.C -gdwarf-21 -O2 (test for excess errors)
FAIL: g++.dg/debug/pr29906.C -gdwarf-21 -O3 (test for excess errors)
FAIL: g++.dg/debug/pr29906.C -gdwarf-23 (test for excess errors)
FAIL: g++.dg/debug/pr29906.C -gdwarf-23 -O2 (test for excess errors)
FAIL: g++.dg/debug/pr29906.C -gdwarf-23 -O3 (test for excess errors)
FAIL: g++.dg/debug/pr30898.C -gdwarf-21 (test for excess errors)
FAIL: g++.dg/debug/pr30898.C -gdwarf-21 -O2 (test for excess errors)
FAIL: g++.dg/debug/pr30898.C -gdwarf-21 -O3 (test for excess errors)
FAIL: g++.dg/debug/pr30898.C -gdwarf-23 (test for excess errors)
FAIL: g++.dg/debug/pr30898.C -gdwarf-23 -O2 (test for excess errors)
FAIL: g++.dg/debug/pr30898.C -gdwarf-23 -O3 (test for excess errors)
FAIL: g++.dg/debug/pr34895.C -gdwarf-21 (test for excess errors)
FAIL: g++.dg/debug/pr34895.C -gdwarf-21 -O2 (test for excess errors)
FAIL: g++.dg/debug/pr34895.C -gdwarf-21 -O3 (test for excess errors)
FAIL: g++.dg/debug/pr34895.C -gdwarf-23 (test for excess errors)
FAIL: g++.dg/debug/pr34895.C -gdwarf-23 -O2 (test for excess errors)
FAIL: g++.dg/debug/pr34895.C -gdwarf-23 -O3 (test for excess errors)
FAIL: g++.dg/debug/static1.C -gdwarf-21 (test for excess errors)
FAIL: g++.dg/debug/static1.C -gdwarf-21 -O2 (test for excess errors)
FAIL: g++.dg/debug/static1.C -gdwarf-21 -O3 (test for excess errors)
FAIL: g++.dg/debug/static1.C -gdwarf-23 (test for excess errors)
FAIL: g++.dg/debug/static1.C -gdwarf-23 -O2 (test for excess errors)
FAIL: g++.dg/debug/static1.C -gdwarf-23 -O3 (test for excess errors)
FAIL: g++.dg/debug/template1.C -gdwarf-21 (test for excess errors)
FAIL: g++.dg/debug/template1.C -gdwarf-21 -O2 (test for excess errors)
FAIL: g++.dg/debug/template1.C -gdwarf-21 -O3 (test for excess errors)
FAIL: g++.dg/debug/template1.C -gdwarf-23 (test for excess errors)
FAIL: g++.dg/debug/template1.C -gdwarf-23 -O2 (test for excess errors)
FAIL: g++.dg/debug/template1.C -gdwarf-23 -O3 (test for excess errors)
FAIL: g++.dg/debug/trivial.C -gdwarf-21 (test for excess errors)
WARNING: g++.dg/debug/trivial.C -gdwarf-21 compilation failed to produce executable
FAIL: g++.dg/debug/trivial.C -gdwarf-21 -O2 (test for excess errors)
WARNING: g++.dg/debug/trivial.C -gdwarf-21 -O2 compilation failed to produce executable
FAIL: g++.dg/debug/trivial.C -gdwarf-21 -O3 (test for excess errors)
WARNING: g++.dg/debug/trivial.C -gdwarf-21 -O3 compilation failed to produce executable
FAIL: g++.dg/debug/trivial.C -gdwarf-23 (test for excess errors)
WARNING: g++.dg/debug/trivial.C -gdwarf-23 compilation failed to produce executable
FAIL: g++.dg/debug/trivial.C -gdwarf-23 -O2 (test for excess errors)
WARNING: g++.dg/debug/trivial.C -gdwarf-23 -O2 compilation failed to produce executable
FAIL: g++.dg/debug/trivial.C -gdwarf-23 -O3 (test for excess errors)
WARNING: g++.dg/debug/trivial.C -gdwarf-23 -O3 compilation failed to produce executable
FAIL: g++.dg/debug/typedef1.C -gdwarf-21 (test for excess errors)
FAIL: g++.dg/debug/typedef1.C -gdwarf-21 -O2 (test for excess errors)
FAIL: g++.dg/debug/typedef1.C -gdwarf-21 -O3 (test for excess errors)
FAIL: g++.dg/debug/typedef1.C -gdwarf-23 (test for excess errors)
FAIL: g++.dg/debug/typedef1.C -gdwarf-23 -O2 (test for excess errors)
FAIL: g++.dg/debug/typedef1.C -gdwarf-23 -O3 (test for excess errors)
FAIL: g++.dg/debug/typedef2.C -gdwarf-21 (test for excess errors)
FAIL: g++.dg/debug/typedef2.C -gdwarf-21 -O2 (test for excess errors)
FAIL: g++.dg/debug/typedef2.C -gdwarf-21 -O3 (test for excess errors)
FAIL: g++.dg/debug/typedef2.C -gdwarf-23 (test for excess errors)
FAIL: g++.dg/debug/typedef2.C -gdwarf-23 -O2 (test for excess errors)
FAIL: g++.dg/debug/typedef2.C -gdwarf-23 -O3 (test for excess errors)
FAIL: g++.dg/debug/typedef3.C -gdwarf-21 (test for excess errors)
FAIL: g++.dg/debug/typedef3.C -gdwarf-21 -O2 (test for excess errors)
FAIL: g++.dg/debug/typedef3.C -gdwarf-21 -O3 (test for excess errors)
FAIL: g++.dg/debug/typedef3.C -gdwarf-23 (test for excess errors)
FAIL: g++.dg/debug/typedef3.C -gdwarf-23 -O2 (test for excess errors)
FAIL: g++.dg/debug/typedef3.C -gdwarf-23 -O3 (test for excess errors)
FAIL: g++.dg/debug/using1.C -gdwarf-21 (test for excess errors)
FAIL: g++.dg/debug/using1.C -gdwarf-21 -O2 (test for excess errors)
FAIL: g++.dg/debug/using1.C -gdwarf-21 -O3 (test for excess errors)
FAIL: g++.dg/debug/using1.C -gdwarf-23 (test for excess errors)
FAIL: g++.dg/debug/using1.C -gdwarf-23 -O2 (test for excess errors)
FAIL: g++.dg/debug/using1.C -gdwarf-23 -O3 (test for excess errors)
FAIL: g++.dg/debug/using2.C -gdwarf-21 (test for excess errors)
FAIL: g++.dg/debug/using2.C -gdwarf-21 -O2 (test for excess errors)
FAIL: g++.dg/debug/using2.C -gdwarf-21 -O3 (test for excess errors)
FAIL: g++.dg/debug/using2.C -gdwarf-23 (test for excess errors)
FAIL: g++.dg/debug/using2.C -gdwarf-23 -O2 (test for excess errors)
FAIL: g++.dg/debug/using2.C -gdwarf-23 -O3 (test for excess errors)
FAIL: g++.dg/debug/using3.C -gdwarf-21 (test for excess errors)
FAIL: g++.dg/debug/using3.C -gdwarf-21 -O2 (test for excess errors)
FAIL: g++.dg/debug/using3.C -gdwarf-21 -O3 (test for excess errors)
FAIL: g++.dg/debug/using3.C -gdwarf-23 (test for excess errors)
FAIL: g++.dg/debug/using3.C -gdwarf-23 -O2 (test for excess errors)
FAIL: g++.dg/debug/using3.C -gdwarf-23 -O3 (test for excess errors)
FAIL: g++.dg/debug/vartrack1.C -gdwarf-21 (test for excess errors)
FAIL: g++.dg/debug/vartrack1.C -gdwarf-21 -O2 (test for excess errors)
FAIL: g++.dg/debug/vartrack1.C -gdwarf-21 -O3 (test for excess errors)
FAIL: g++.dg/debug/vartrack1.C -gdwarf-23 (test for excess errors)
FAIL: g++.dg/debug/vartrack1.C -gdwarf-23 -O2 (test for excess errors)
FAIL: g++.dg/debug/vartrack1.C -gdwarf-23 -O3 (test for excess errors)
FAIL: g++.dg/torture/pr32950.C -O1 (internal compiler error)
FAIL: g++.dg/torture/pr32950.C -O1 (test for excess errors)
FAIL: g++.dg/torture/pr32950.C -O2 (internal compiler error)
FAIL: g++.dg/torture/pr32950.C -O2 (test for excess errors)
FAIL: g++.dg/torture/pr32950.C -O3 -fomit-frame-pointer (internal compiler error)
FAIL: g++.dg/torture/pr32950.C -O3 -fomit-frame-pointer (test for excess errors)
FAIL: g++.dg/torture/pr32950.C -O3 -g (internal compiler error)
FAIL: g++.dg/torture/pr32950.C -O3 -g (test for excess errors)
FAIL: g++.dg/torture/pr32950.C -Os (internal compiler error)
FAIL: g++.dg/torture/pr32950.C -Os (test for excess errors)
=== g++ Summary for unix/-m64 ===
# of expected passes 20165
# of unexpected failures 244
# of expected failures 148
# of unresolved testcases 6
# of unsupported tests 135
=== g++ Summary ===
# of expected passes 40370
# of unexpected failures 488
# of expected failures 296
# of unresolved testcases 12
# of unsupported tests 268
/extra_space/gccbuild/build/nightly/build-gcc-trunk/gcc/testsuite/g++/../../g++ version 4.5.0 20090614 (experimental) [trunk revision 148470] (GCC)
=== gcc tests ===
Running target unix/-m32
FAIL: gcc.c-torture/compile/limits-exprparen.c -O0 (test for excess errors)
FAIL: gcc.c-torture/compile/limits-exprparen.c -O1 (test for excess errors)
FAIL: gcc.c-torture/compile/limits-exprparen.c -O2 (test for excess errors)
FAIL: gcc.c-torture/compile/limits-exprparen.c -O3 -fomit-frame-pointer (test for excess errors)
FAIL: gcc.c-torture/compile/limits-exprparen.c -O3 -g (test for excess errors)
FAIL: gcc.c-torture/compile/limits-exprparen.c -Os (test for excess errors)
FAIL: gcc.dg/debug/20000503-1.c -gdwarf-21 (test for excess errors)
FAIL: gcc.dg/debug/20000503-1.c -gdwarf-21 -O (test for excess errors)
FAIL: gcc.dg/debug/20000503-1.c -gdwarf-21 -O3 (test for excess errors)
FAIL: gcc.dg/debug/20000503-1.c -gdwarf-23 (test for excess errors)
FAIL: gcc.dg/debug/20000503-1.c -gdwarf-23 -O (test for excess errors)
FAIL: gcc.dg/debug/20000503-1.c -gdwarf-23 -O3 (test for excess errors)
FAIL: gcc.dg/debug/20010207-1.c -gdwarf-21 (test for excess errors)
FAIL: gcc.dg/debug/20010207-1.c -gdwarf-21 -O (test for excess errors)
FAIL: gcc.dg/debug/20010207-1.c -gdwarf-21 -O3 (test for excess errors)
FAIL: gcc.dg/debug/20010207-1.c -gdwarf-23 (test for excess errors)
FAIL: gcc.dg/debug/20010207-1.c -gdwarf-23 -O (test for excess errors)
FAIL: gcc.dg/debug/20010207-1.c -gdwarf-23 -O3 (test for excess errors)
FAIL: gcc.dg/debug/20011223-1.c -gdwarf-21 (test for excess errors)
FAIL: gcc.dg/debug/20011223-1.c -gdwarf-21 -O (test for excess errors)
FAIL: gcc.dg/debug/20011223-1.c -gdwarf-21 -O3 (test for excess errors)
FAIL: gcc.dg/debug/20011223-1.c -gdwarf-23 (test for excess errors)
FAIL: gcc.dg/debug/20011223-1.c -gdwarf-23 -O (test for excess errors)
FAIL: gcc.dg/debug/20011223-1.c -gdwarf-23 -O3 (test for excess errors)
FAIL: gcc.dg/debug/20020104-2.c -gdwarf-21 (test for excess errors)
FAIL: gcc.dg/debug/20020104-2.c -gdwarf-21 -O (test for excess errors)
FAIL: gcc.dg/debug/20020104-2.c -gdwarf-21 -O3 (test for excess errors)
FAIL: gcc.dg/debug/20020104-2.c -gdwarf-23 (test for excess errors)
FAIL: gcc.dg/debug/20020104-2.c -gdwarf-23 -O (test for excess errors)
FAIL: gcc.dg/debug/20020104-2.c -gdwarf-23 -O3 (test for excess errors)
FAIL: gcc.dg/debug/20020220-1.c -gdwarf-21 (test for excess errors)
WARNING: gcc.dg/debug/20020220-1.c -gdwarf-21 compilation failed to produce executable
FAIL: gcc.dg/debug/20020220-1.c -gdwarf-21 -O (test for excess errors)
WARNING: gcc.dg/debug/20020220-1.c -gdwarf-21 -O compilation failed to produce executable
FAIL: gcc.dg/debug/20020220-1.c -gdwarf-21 -O3 (test for excess errors)
WARNING: gcc.dg/debug/20020220-1.c -gdwarf-21 -O3 compilation failed to produce executable
FAIL: gcc.dg/debug/20020220-1.c -gdwarf-23 (test for excess errors)
WARNING: gcc.dg/debug/20020220-1.c -gdwarf-23 compilation failed to produce executable
FAIL: gcc.dg/debug/20020220-1.c -gdwarf-23 -O (test for excess errors)
WARNING: gcc.dg/debug/20020220-1.c -gdwarf-23 -O compilation failed to produce executable
FAIL: gcc.dg/debug/20020220-1.c -gdwarf-23 -O3 (test for excess errors)
WARNING: gcc.dg/debug/20020220-1.c -gdwarf-23 -O3 compilation failed to produce executable
FAIL: gcc.dg/debug/20020224-1.c -gdwarf-21 (test for excess errors)
FAIL: gcc.dg/debug/20020224-1.c -gdwarf-21 -O (test for excess errors)
FAIL: gcc.dg/debug/20020224-1.c -gdwarf-21 -O3 (test for excess errors)
FAIL: gcc.dg/debug/20020224-1.c -gdwarf-23 (test for excess errors)
FAIL: gcc.dg/debug/20020224-1.c -gdwarf-23 -O (test for excess errors)
FAIL: gcc.dg/debug/20020224-1.c -gdwarf-23 -O3 (test for excess errors)
FAIL: gcc.dg/debug/20020327-1.c -gdwarf-21 (test for excess errors)
FAIL: gcc.dg/debug/20020327-1.c -gdwarf-21 -O (test for excess errors)
FAIL: gcc.dg/debug/20020327-1.c -gdwarf-21 -O3 (test for excess errors)
FAIL: gcc.dg/debug/20020327-1.c -gdwarf-23 (test for excess errors)
FAIL: gcc.dg/debug/20020327-1.c -gdwarf-23 -O (test for excess errors)
FAIL: gcc.dg/debug/20020327-1.c -gdwarf-23 -O3 (test for excess errors)
FAIL: gcc.dg/debug/20030605-1.c -gdwarf-21 (test for excess errors)
FAIL: gcc.dg/debug/20030605-1.c -gdwarf-21 -O (test for excess errors)
FAIL: gcc.dg/debug/20030605-1.c -gdwarf-21 -O3 (test for excess errors)
FAIL: gcc.dg/debug/20030605-1.c -gdwarf-23 (test for excess errors)
FAIL: gcc.dg/debug/20030605-1.c -gdwarf-23 -O (test for excess errors)
FAIL: gcc.dg/debug/20030605-1.c -gdwarf-23 -O3 (test for excess errors)
FAIL: gcc.dg/debug/20031231-1.c -gdwarf-21 (test for excess errors)
FAIL: gcc.dg/debug/20031231-1.c -gdwarf-21 -O (test for excess errors)
FAIL: gcc.dg/debug/20031231-1.c -gdwarf-21 -O3 (test for excess errors)
FAIL: gcc.dg/debug/20031231-1.c -gdwarf-23 (test for excess errors)
FAIL: gcc.dg/debug/20031231-1.c -gdwarf-23 -O (test for excess errors)
FAIL: gcc.dg/debug/20031231-1.c -gdwarf-23 -O3 (test for excess errors)
FAIL: gcc.dg/debug/20041023-1.c -gdwarf-21 (test for excess errors)
FAIL: gcc.dg/debug/20041023-1.c -gdwarf-21 -O (test for excess errors)
FAIL: gcc.dg/debug/20041023-1.c -gdwarf-21 -O3 (test for excess errors)
FAIL: gcc.dg/debug/20041023-1.c -gdwarf-23 (test for excess errors)
FAIL: gcc.dg/debug/20041023-1.c -gdwarf-23 -O (test for excess errors)
FAIL: gcc.dg/debug/20041023-1.c -gdwarf-23 -O3 (test for excess errors)
FAIL: gcc.dg/debug/20041219-1.c -gdwarf-21 (test for excess errors)
FAIL: gcc.dg/debug/20041219-1.c -gdwarf-21 -O (test for excess errors)
FAIL: gcc.dg/debug/20041219-1.c -gdwarf-21 -O3 (test for excess errors)
FAIL: gcc.dg/debug/20041219-1.c -gdwarf-23 (test for excess errors)
FAIL: gcc.dg/debug/20041219-1.c -gdwarf-23 -O (test for excess errors)
FAIL: gcc.dg/debug/20041219-1.c -gdwarf-23 -O3 (test for excess errors)
FAIL: gcc.dg/debug/20050907-1.c -gdwarf-21 (test for excess errors)
FAIL: gcc.dg/debug/20050907-1.c -gdwarf-21 -O (test for excess errors)
FAIL: gcc.dg/debug/20050907-1.c -gdwarf-21 -O3 (test for excess errors)
FAIL: gcc.dg/debug/20050907-1.c -gdwarf-23 (test for excess errors)
FAIL: gcc.dg/debug/20050907-1.c -gdwarf-23 -O (test for excess errors)
FAIL: gcc.dg/debug/20050907-1.c -gdwarf-23 -O3 (test for excess errors)
FAIL: gcc.dg/debug/const-1.c -gdwarf-21 (test for excess errors)
FAIL: gcc.dg/debug/const-1.c -gdwarf-21 -O (test for excess errors)
FAIL: gcc.dg/debug/const-1.c -gdwarf-21 -O3 (test for excess errors)
FAIL: gcc.dg/debug/const-1.c -gdwarf-23 (test for excess errors)
FAIL: gcc.dg/debug/const-1.c -gdwarf-23 -O (test for excess errors)
FAIL: gcc.dg/debug/const-1.c -gdwarf-23 -O3 (test for excess errors)
FAIL: gcc.dg/debug/const-2.c -gdwarf-21 (test for excess errors)
FAIL: gcc.dg/debug/const-2.c -gdwarf-21 -O (test for excess errors)
FAIL: gcc.dg/debug/const-2.c -gdwarf-21 -O3 (test for excess errors)
FAIL: gcc.dg/debug/const-2.c -gdwarf-23 (test for excess errors)
FAIL: gcc.dg/debug/const-2.c -gdwarf-23 -O (test for excess errors)
FAIL: gcc.dg/debug/const-2.c -gdwarf-23 -O3 (test for excess errors)
FAIL: gcc.dg/debug/const-3.c -gdwarf-21 (test for excess errors)
ERROR: gcc.dg/debug/const-3.c: error executing dg-final: couldn't open "const-3.s": no such file or directory
UNRESOLVED: gcc.dg/debug/const-3.c: error executing dg-final: couldn't open "const-3.s": no such file or directory
FAIL: gcc.dg/debug/const-3.c -gdwarf-21 -O (test for excess errors)
ERROR: gcc.dg/debug/const-3.c: error executing dg-final: couldn't open "const-3.s": no such file or directory
UNRESOLVED: gcc.dg/debug/const-3.c: error executing dg-final: couldn't open "const-3.s": no such file or directory
FAIL: gcc.dg/debug/const-3.c -gdwarf-21 -O3 (test for excess errors)
ERROR: gcc.dg/debug/const-3.c: error executing dg-final: couldn't open "const-3.s": no such file or directory
UNRESOLVED: gcc.dg/debug/const-3.c: error executing dg-final: couldn't open "const-3.s": no such file or directory
FAIL: gcc.dg/debug/const-3.c -gdwarf-23 (test for excess errors)
ERROR: gcc.dg/debug/const-3.c: error executing dg-final: couldn't open "const-3.s": no such file or directory
UNRESOLVED: gcc.dg/debug/const-3.c: error executing dg-final: couldn't open "const-3.s": no such file or directory
FAIL: gcc.dg/debug/const-3.c -gdwarf-23 -O (test for excess errors)
ERROR: gcc.dg/debug/const-3.c: error executing dg-final: couldn't open "const-3.s": no such file or directory
UNRESOLVED: gcc.dg/debug/const-3.c: error executing dg-final: couldn't open "const-3.s": no such file or directory
FAIL: gcc.dg/debug/const-3.c -gdwarf-23 -O3 (test for excess errors)
ERROR: gcc.dg/debug/const-3.c: error executing dg-final: couldn't open "const-3.s": no such file or directory
UNRESOLVED: gcc.dg/debug/const-3.c: error executing dg-final: couldn't open "const-3.s": no such file or directory
FAIL: gcc.dg/debug/crash1.c -gdwarf-21 (test for excess errors)
FAIL: gcc.dg/debug/crash1.c -gdwarf-21 -O (test for excess errors)
FAIL: gcc.dg/debug/crash1.c -gdwarf-21 -O3 (test for excess errors)
FAIL: gcc.dg/debug/crash1.c -gdwarf-23 (test for excess errors)
FAIL: gcc.dg/debug/crash1.c -gdwarf-23 -O (test for excess errors)
FAIL: gcc.dg/debug/crash1.c -gdwarf-23 -O3 (test for excess errors)
FAIL: gcc.dg/debug/debug-1.c -gdwarf-23 (test for excess errors)
ERROR: gcc.dg/debug/debug-1.c: error executing dg-final: couldn't open "debug-1.s": no such file or directory
UNRESOLVED: gcc.dg/debug/debug-1.c: error executing dg-final: couldn't open "debug-1.s": no such file or directory
FAIL: gcc.dg/debug/debug-1.c -gdwarf-23 -O (test for excess errors)
ERROR: gcc.dg/debug/debug-1.c: error executing dg-final: couldn't open "debug-1.s": no such file or directory
UNRESOLVED: gcc.dg/debug/debug-1.c: error executing dg-final: couldn't open "debug-1.s": no such file or directory
FAIL: gcc.dg/debug/debug-1.c -gdwarf-23 -O3 (test for excess errors)
ERROR: gcc.dg/debug/debug-1.c: error executing dg-final: couldn't open "debug-1.s": no such file or directory
UNRESOLVED: gcc.dg/debug/debug-1.c: error executing dg-final: couldn't open "debug-1.s": no such file or directory
FAIL: gcc.dg/debug/debug-2.c -gdwarf-23 (test for excess errors)
ERROR: gcc.dg/debug/debug-2.c: error executing dg-final: couldn't open "debug-2.s": no such file or directory
UNRESOLVED: gcc.dg/debug/debug-2.c: error executing dg-final: couldn't open "debug-2.s": no such file or directory
FAIL: gcc.dg/debug/debug-2.c -gdwarf-23 -O (test for excess errors)
ERROR: gcc.dg/debug/debug-2.c: error executing dg-final: couldn't open "debug-2.s": no such file or directory
UNRESOLVED: gcc.dg/debug/debug-2.c: error executing dg-final: couldn't open "debug-2.s": no such file or directory
FAIL: gcc.dg/debug/debug-2.c -gdwarf-23 -O3 (test for excess errors)
ERROR: gcc.dg/debug/debug-2.c: error executing dg-final: couldn't open "debug-2.s": no such file or directory
UNRESOLVED: gcc.dg/debug/debug-2.c: error executing dg-final: couldn't open "debug-2.s": no such file or directory
FAIL: gcc.dg/debug/debug-3.c -gdwarf-21 (test for excess errors)
FAIL: gcc.dg/debug/debug-3.c -gdwarf-21 -O (test for excess errors)
FAIL: gcc.dg/debug/debug-3.c -gdwarf-21 -O3 (test for excess errors)
FAIL: gcc.dg/debug/debug-3.c -gdwarf-23 (test for excess errors)
FAIL: gcc.dg/debug/debug-3.c -gdwarf-23 -O (test for excess errors)
FAIL: gcc.dg/debug/debug-3.c -gdwarf-23 -O3 (test for excess errors)
FAIL: gcc.dg/debug/debug-4.c -gdwarf-21 (test for excess errors)
FAIL: gcc.dg/debug/debug-4.c -gdwarf-21 -O (test for excess errors)
FAIL: gcc.dg/debug/debug-4.c -gdwarf-21 -O3 (test for excess errors)
FAIL: gcc.dg/debug/debug-4.c -gdwarf-23 (test for excess errors)
FAIL: gcc.dg/debug/debug-4.c -gdwarf-23 -O (test for excess errors)
FAIL: gcc.dg/debug/debug-4.c -gdwarf-23 -O3 (test for excess errors)
FAIL: gcc.dg/debug/debug-5.c -gdwarf-21 (test for excess errors)
FAIL: gcc.dg/debug/debug-5.c -gdwarf-21 -O (test for excess errors)
FAIL: gcc.dg/debug/debug-5.c -gdwarf-21 -O3 (test for excess errors)
FAIL: gcc.dg/debug/debug-5.c -gdwarf-23 (test for excess errors)
FAIL: gcc.dg/debug/debug-5.c -gdwarf-23 -O (test for excess errors)
FAIL: gcc.dg/debug/debug-5.c -gdwarf-23 -O3 (test for excess errors)
FAIL: gcc.dg/debug/debug-6.c -gdwarf-23 (test for excess errors)
ERROR: gcc.dg/debug/debug-6.c: error executing dg-final: couldn't open "debug-6.s": no such file or directory
UNRESOLVED: gcc.dg/debug/debug-6.c: error executing dg-final: couldn't open "debug-6.s": no such file or directory
FAIL: gcc.dg/debug/debug-6.c -gdwarf-23 -O (test for excess errors)
ERROR: gcc.dg/debug/debug-6.c: error executing dg-final: couldn't open "debug-6.s": no such file or directory
UNRESOLVED: gcc.dg/debug/debug-6.c: error executing dg-final: couldn't open "debug-6.s": no such file or directory
FAIL: gcc.dg/debug/debug-6.c -gdwarf-23 -O3 (test for excess errors)
ERROR: gcc.dg/debug/debug-6.c: error executing dg-final: couldn't open "debug-6.s": no such file or directory
UNRESOLVED: gcc.dg/debug/debug-6.c: error executing dg-final: couldn't open "debug-6.s": no such file or directory
FAIL: gcc.dg/debug/debug-7.c -gdwarf-21 (test for excess errors)
FAIL: gcc.dg/debug/debug-7.c -gdwarf-21 -O (test for excess errors)
FAIL: gcc.dg/debug/debug-7.c -gdwarf-21 -O3 (test for excess errors)
FAIL: gcc.dg/debug/debug-7.c -gdwarf-23 (test for excess errors)
FAIL: gcc.dg/debug/debug-7.c -gdwarf-23 -O (test for excess errors)
FAIL: gcc.dg/debug/debug-7.c -gdwarf-23 -O3 (test for excess errors)
FAIL: gcc.dg/debug/dwarf2-1.c -gdwarf-21 (test for excess errors)
FAIL: gcc.dg/debug/dwarf2-1.c -gdwarf-21 -O (test for excess errors)
FAIL: gcc.dg/debug/dwarf2-1.c -gdwarf-21 -O3 (test for excess errors)
FAIL: gcc.dg/debug/dwarf2-1.c -gdwarf-23 (test for excess errors)
FAIL: gcc.dg/debug/dwarf2-1.c -gdwarf-23 -O (test for excess errors)
FAIL: gcc.dg/debug/dwarf2-1.c -gdwarf-23 -O3 (test for excess errors)
FAIL: gcc.dg/debug/dwarf2-2.c -gdwarf-21 (test for excess errors)
FAIL: gcc.dg/debug/dwarf2-2.c -gdwarf-21 -O (test for excess errors)
FAIL: gcc.dg/debug/dwarf2-2.c -gdwarf-21 -O3 (test for excess errors)
FAIL: gcc.dg/debug/dwarf2-2.c -gdwarf-23 (test for excess errors)
FAIL: gcc.dg/debug/dwarf2-2.c -gdwarf-23 -O (test for excess errors)
FAIL: gcc.dg/debug/dwarf2-2.c -gdwarf-23 -O3 (test for excess errors)
FAIL: gcc.dg/debug/dwarf2-3.c -gdwarf-21 (test for excess errors)
FAIL: gcc.dg/debug/dwarf2-3.c -gdwarf-21 -O (test for excess errors)
FAIL: gcc.dg/debug/dwarf2-3.c -gdwarf-21 -O3 (test for excess errors)
FAIL: gcc.dg/debug/dwarf2-3.c -gdwarf-23 (test for excess errors)
FAIL: gcc.dg/debug/dwarf2-3.c -gdwarf-23 -O (test for excess errors)
FAIL: gcc.dg/debug/dwarf2-3.c -gdwarf-23 -O3 (test for excess errors)
FAIL: gcc.dg/debug/enum-1.c -gdwarf-23 (test for excess errors)
ERROR: gcc.dg/debug/enum-1.c: error executing dg-final: couldn't open "enum-1.s": no such file or directory
UNRESOLVED: gcc.dg/debug/enum-1.c: error executing dg-final: couldn't open "enum-1.s": no such file or directory
FAIL: gcc.dg/debug/enum-1.c -gdwarf-23 -O (test for excess errors)
ERROR: gcc.dg/debug/enum-1.c: error executing dg-final: couldn't open "enum-1.s": no such file or directory
UNRESOLVED: gcc.dg/debug/enum-1.c: error executing dg-final: couldn't open "enum-1.s": no such file or directory
FAIL: gcc.dg/debug/enum-1.c -gdwarf-23 -O3 (test for excess errors)
ERROR: gcc.dg/debug/enum-1.c: error executing dg-final: couldn't open "enum-1.s": no such file or directory
UNRESOLVED: gcc.dg/debug/enum-1.c: error executing dg-final: couldn't open "enum-1.s": no such file or directory
FAIL: gcc.dg/debug/pr16676.c -gdwarf-21 (test for excess errors)
FAIL: gcc.dg/debug/pr16676.c -gdwarf-21 -O (test for excess errors)
FAIL: gcc.dg/debug/pr16676.c -gdwarf-21 -O3 (test for excess errors)
FAIL: gcc.dg/debug/pr16676.c -gdwarf-23 (test for excess errors)
FAIL: gcc.dg/debug/pr16676.c -gdwarf-23 -O (test for excess errors)
FAIL: gcc.dg/debug/pr16676.c -gdwarf-23 -O3 (test for excess errors)
FAIL: gcc.dg/debug/pr26881.c -gdwarf-21 (test for excess errors)
FAIL: gcc.dg/debug/pr26881.c -gdwarf-21 -O (test for excess errors)
FAIL: gcc.dg/debug/pr26881.c -gdwarf-21 -O3 (test for excess errors)
FAIL: gcc.dg/debug/pr26881.c -gdwarf-23 (test for excess errors)
FAIL: gcc.dg/debug/pr26881.c -gdwarf-23 -O (test for excess errors)
FAIL: gcc.dg/debug/pr26881.c -gdwarf-23 -O3 (test for excess errors)
FAIL: gcc.dg/debug/pr29558.c -gdwarf-21 (test for excess errors)
FAIL: gcc.dg/debug/pr29558.c -gdwarf-21 -O (test for excess errors)
FAIL: gcc.dg/debug/pr29558.c -gdwarf-21 -O3 (test for excess errors)
FAIL: gcc.dg/debug/pr29558.c -gdwarf-23 (test for excess errors)
FAIL: gcc.dg/debug/pr29558.c -gdwarf-23 -O (test for excess errors)
FAIL: gcc.dg/debug/pr29558.c -gdwarf-23 -O3 (test for excess errors)
FAIL: gcc.dg/debug/pr29609-1.c -gdwarf-21 (test for excess errors)
WARNING: gcc.dg/debug/pr29609-1.c -gdwarf-21 compilation failed to produce executable
FAIL: gcc.dg/debug/pr29609-1.c -gdwarf-21 -O (test for excess errors)
WARNING: gcc.dg/debug/pr29609-1.c -gdwarf-21 -O compilation failed to produce executable
FAIL: gcc.dg/debug/pr29609-1.c -gdwarf-21 -O3 (test for excess errors)
WARNING: gcc.dg/debug/pr29609-1.c -gdwarf-21 -O3 compilation failed to produce executable
FAIL: gcc.dg/debug/pr29609-1.c -gdwarf-23 (test for excess errors)
WARNING: gcc.dg/debug/pr29609-1.c -gdwarf-23 compilation failed to produce executable
FAIL: gcc.dg/debug/pr29609-1.c -gdwarf-23 -O (test for excess errors)
WARNING: gcc.dg/debug/pr29609-1.c -gdwarf-23 -O compilation failed to produce executable
FAIL: gcc.dg/debug/pr29609-1.c -gdwarf-23 -O3 (test for excess errors)
WARNING: gcc.dg/debug/pr29609-1.c -gdwarf-23 -O3 compilation failed to produce executable
FAIL: gcc.dg/debug/pr29609-2.c -gdwarf-21 (test for excess errors)
WARNING: gcc.dg/debug/pr29609-2.c -gdwarf-21 compilation failed to produce executable
FAIL: gcc.dg/debug/pr29609-2.c -gdwarf-21 -O (test for excess errors)
WARNING: gcc.dg/debug/pr29609-2.c -gdwarf-21 -O compilation failed to produce executable
FAIL: gcc.dg/debug/pr29609-2.c -gdwarf-21 -O3 (test for excess errors)
WARNING: gcc.dg/debug/pr29609-2.c -gdwarf-21 -O3 compilation failed to produce executable
FAIL: gcc.dg/debug/pr29609-2.c -gdwarf-23 (test for excess errors)
WARNING: gcc.dg/debug/pr29609-2.c -gdwarf-23 compilation failed to produce executable
FAIL: gcc.dg/debug/pr29609-2.c -gdwarf-23 -O (test for excess errors)
WARNING: gcc.dg/debug/pr29609-2.c -gdwarf-23 -O compilation failed to produce executable
FAIL: gcc.dg/debug/pr29609-2.c -gdwarf-23 -O3 (test for excess errors)
WARNING: gcc.dg/debug/pr29609-2.c -gdwarf-23 -O3 compilation failed to produce executable
FAIL: gcc.dg/debug/pr32610.c -gdwarf-21 (test for excess errors)
FAIL: gcc.dg/debug/pr32610.c -gdwarf-21 -O (test for excess errors)
FAIL: gcc.dg/debug/pr32610.c -gdwarf-21 -O3 (test for excess errors)
FAIL: gcc.dg/debug/pr32610.c -gdwarf-23 (test for excess errors)
FAIL: gcc.dg/debug/pr32610.c -gdwarf-23 -O (test for excess errors)
FAIL: gcc.dg/debug/pr32610.c -gdwarf-23 -O3 (test for excess errors)
FAIL: gcc.dg/debug/pr33316.c -gdwarf-21 (test for excess errors)
FAIL: gcc.dg/debug/pr33316.c -gdwarf-21 -O (test for excess errors)
FAIL: gcc.dg/debug/pr33316.c -gdwarf-21 -O3 (test for excess errors)
FAIL: gcc.dg/debug/pr33316.c -gdwarf-23 (test for excess errors)
FAIL: gcc.dg/debug/pr33316.c -gdwarf-23 -O (test for excess errors)
FAIL: gcc.dg/debug/pr33316.c -gdwarf-23 -O3 (test for excess errors)
FAIL: gcc.dg/debug/pr36690-1.c -gdwarf-21 (test for excess errors)
WARNING: gcc.dg/debug/pr36690-1.c -gdwarf-21 compilation failed to produce executable
FAIL: gcc.dg/debug/pr36690-1.c -gdwarf-21 -O (test for excess errors)
WARNING: gcc.dg/debug/pr36690-1.c -gdwarf-21 -O compilation failed to produce executable
FAIL: gcc.dg/debug/pr36690-1.c -gdwarf-21 -O3 (test for excess errors)
WARNING: gcc.dg/debug/pr36690-1.c -gdwarf-21 -O3 compilation failed to produce executable
FAIL: gcc.dg/debug/pr36690-1.c -gdwarf-23 (test for excess errors)
WARNING: gcc.dg/debug/pr36690-1.c -gdwarf-23 compilation failed to produce executable
FAIL: gcc.dg/debug/pr36690-1.c -gdwarf-23 -O (test for excess errors)
WARNING: gcc.dg/debug/pr36690-1.c -gdwarf-23 -O compilation failed to produce executable
FAIL: gcc.dg/debug/pr36690-1.c -gdwarf-23 -O3 (test for excess errors)
WARNING: gcc.dg/debug/pr36690-1.c -gdwarf-23 -O3 compilation failed to produce executable
FAIL: gcc.dg/debug/pr36690-2.c -gdwarf-21 (test for excess errors)
WARNING: gcc.dg/debug/pr36690-2.c -gdwarf-21 compilation failed to produce executable
FAIL: gcc.dg/debug/pr36690-2.c -gdwarf-21 -O (test for excess errors)
WARNING: gcc.dg/debug/pr36690-2.c -gdwarf-21 -O compilation failed to produce executable
FAIL: gcc.dg/debug/pr36690-2.c -gdwarf-21 -O3 (test for excess errors)
WARNING: gcc.dg/debug/pr36690-2.c -gdwarf-21 -O3 compilation failed to produce executable
FAIL: gcc.dg/debug/pr36690-2.c -gdwarf-23 (test for excess errors)
WARNING: gcc.dg/debug/pr36690-2.c -gdwarf-23 compilation failed to produce executable
FAIL: gcc.dg/debug/pr36690-2.c -gdwarf-23 -O (test for excess errors)
WARNING: gcc.dg/debug/pr36690-2.c -gdwarf-23 -O compilation failed to produce executable
FAIL: gcc.dg/debug/pr36690-2.c -gdwarf-23 -O3 (test for excess errors)
WARNING: gcc.dg/debug/pr36690-2.c -gdwarf-23 -O3 compilation failed to produce executable
FAIL: gcc.dg/debug/pr36690-3.c -gdwarf-21 (test for excess errors)
WARNING: gcc.dg/debug/pr36690-3.c -gdwarf-21 compilation failed to produce executable
FAIL: gcc.dg/debug/pr36690-3.c -gdwarf-21 -O (test for excess errors)
WARNING: gcc.dg/debug/pr36690-3.c -gdwarf-21 -O compilation failed to produce executable
FAIL: gcc.dg/debug/pr36690-3.c -gdwarf-21 -O3 (test for excess errors)
WARNING: gcc.dg/debug/pr36690-3.c -gdwarf-21 -O3 compilation failed to produce executable
FAIL: gcc.dg/debug/pr36690-3.c -gdwarf-23 (test for excess errors)
WARNING: gcc.dg/debug/pr36690-3.c -gdwarf-23 compilation failed to produce executable
FAIL: gcc.dg/debug/pr36690-3.c -gdwarf-23 -O (test for excess errors)
WARNING: gcc.dg/debug/pr36690-3.c -gdwarf-23 -O compilation failed to produce executable
FAIL: gcc.dg/debug/pr36690-3.c -gdwarf-23 -O3 (test for excess errors)
WARNING: gcc.dg/debug/pr36690-3.c -gdwarf-23 -O3 compilation failed to produce executable
FAIL: gcc.dg/debug/pr37616.c -gdwarf-21 (test for excess errors)
WARNING: gcc.dg/debug/pr37616.c -gdwarf-21 compilation failed to produce executable
FAIL: gcc.dg/debug/pr37616.c -gdwarf-21 -O (test for excess errors)
WARNING: gcc.dg/debug/pr37616.c -gdwarf-21 -O compilation failed to produce executable
FAIL: gcc.dg/debug/pr37616.c -gdwarf-21 -O3 (test for excess errors)
WARNING: gcc.dg/debug/pr37616.c -gdwarf-21 -O3 compilation failed to produce executable
FAIL: gcc.dg/debug/pr37616.c -gdwarf-23 (test for excess errors)
WARNING: gcc.dg/debug/pr37616.c -gdwarf-23 compilation failed to produce executable
FAIL: gcc.dg/debug/pr37616.c -gdwarf-23 -O (test for excess errors)
WARNING: gcc.dg/debug/pr37616.c -gdwarf-23 -O compilation failed to produce executable
FAIL: gcc.dg/debug/pr37616.c -gdwarf-23 -O3 (test for excess errors)
WARNING: gcc.dg/debug/pr37616.c -gdwarf-23 -O3 compilation failed to produce executable
FAIL: gcc.dg/debug/pr39412.c -gdwarf-21 (test for excess errors)
FAIL: gcc.dg/debug/pr39412.c -gdwarf-21 -O (test for excess errors)
FAIL: gcc.dg/debug/pr39412.c -gdwarf-21 -O3 (test for excess errors)
FAIL: gcc.dg/debug/pr39412.c -gdwarf-23 (test for excess errors)
FAIL: gcc.dg/debug/pr39412.c -gdwarf-23 -O (test for excess errors)
FAIL: gcc.dg/debug/pr39412.c -gdwarf-23 -O3 (test for excess errors)
FAIL: gcc.dg/debug/redecl-1.c -gdwarf-21 (test for excess errors)
FAIL: gcc.dg/debug/redecl-1.c -gdwarf-21 -O (test for excess errors)
FAIL: gcc.dg/debug/redecl-1.c -gdwarf-21 -O3 (test for excess errors)
FAIL: gcc.dg/debug/redecl-1.c -gdwarf-23 (test for excess errors)
FAIL: gcc.dg/debug/redecl-1.c -gdwarf-23 -O (test for excess errors)
FAIL: gcc.dg/debug/redecl-1.c -gdwarf-23 -O3 (test for excess errors)
FAIL: gcc.dg/debug/redecl-2.c -gdwarf-21 (test for excess errors)
FAIL: gcc.dg/debug/redecl-2.c -gdwarf-21 -O (test for excess errors)
FAIL: gcc.dg/debug/redecl-2.c -gdwarf-21 -O3 (test for excess errors)
FAIL: gcc.dg/debug/redecl-2.c -gdwarf-23 (test for excess errors)
FAIL: gcc.dg/debug/redecl-2.c -gdwarf-23 -O (test for excess errors)
FAIL: gcc.dg/debug/redecl-2.c -gdwarf-23 -O3 (test for excess errors)
FAIL: gcc.dg/debug/redecl-3.c -gdwarf-21 (test for excess errors)
FAIL: gcc.dg/debug/redecl-3.c -gdwarf-21 -O (test for excess errors)
FAIL: gcc.dg/debug/redecl-3.c -gdwarf-21 -O3 (test for excess errors)
FAIL: gcc.dg/debug/redecl-3.c -gdwarf-23 (test for excess errors)
FAIL: gcc.dg/debug/redecl-3.c -gdwarf-23 -O (test for excess errors)
FAIL: gcc.dg/debug/redecl-3.c -gdwarf-23 -O3 (test for excess errors)
FAIL: gcc.dg/debug/redecl-4.c -gdwarf-21 (test for excess errors)
FAIL: gcc.dg/debug/redecl-4.c -gdwarf-21 -O (test for excess errors)
FAIL: gcc.dg/debug/redecl-4.c -gdwarf-21 -O3 (test for excess errors)
FAIL: gcc.dg/debug/redecl-4.c -gdwarf-23 (test for excess errors)
FAIL: gcc.dg/debug/redecl-4.c -gdwarf-23 -O (test for excess errors)
FAIL: gcc.dg/debug/redecl-4.c -gdwarf-23 -O3 (test for excess errors)
FAIL: gcc.dg/debug/redecl-5.c -gdwarf-21 (test for excess errors)
FAIL: gcc.dg/debug/redecl-5.c -gdwarf-21 -O (test for excess errors)
FAIL: gcc.dg/debug/redecl-5.c -gdwarf-21 -O3 (test for excess errors)
FAIL: gcc.dg/debug/redecl-5.c -gdwarf-23 (test for excess errors)
FAIL: gcc.dg/debug/redecl-5.c -gdwarf-23 -O (test for excess errors)
FAIL: gcc.dg/debug/redecl-5.c -gdwarf-23 -O3 (test for excess errors)
FAIL: gcc.dg/debug/trivial.c -gdwarf-21 (test for excess errors)
WARNING: gcc.dg/debug/trivial.c -gdwarf-21 compilation failed to produce executable
FAIL: gcc.dg/debug/trivial.c -gdwarf-21 -O (test for excess errors)
WARNING: gcc.dg/debug/trivial.c -gdwarf-21 -O compilation failed to produce executable
FAIL: gcc.dg/debug/trivial.c -gdwarf-21 -O3 (test for excess errors)
WARNING: gcc.dg/debug/trivial.c -gdwarf-21 -O3 compilation failed to produce executable
FAIL: gcc.dg/debug/trivial.c -gdwarf-23 (test for excess errors)
WARNING: gcc.dg/debug/trivial.c -gdwarf-23 compilation failed to produce executable
FAIL: gcc.dg/debug/trivial.c -gdwarf-23 -O (test for excess errors)
WARNING: gcc.dg/debug/trivial.c -gdwarf-23 -O compilation failed to produce executable
FAIL: gcc.dg/debug/trivial.c -gdwarf-23 -O3 (test for excess errors)
WARNING: gcc.dg/debug/trivial.c -gdwarf-23 -O3 compilation failed to produce executable
XPASS: gcc.dg/Warray-bounds.c (test for warnings, line 59)
XPASS: gcc.dg/Warray-bounds.c (test for warnings, line 65)
FAIL: gcc.dg/Wshadow-3.c (test for warnings, line 47)
FAIL: gcc.dg/Wshadow-3.c (test for excess errors)
FAIL: gcc.dg/and-1.c scan-assembler-not nand
FAIL: gcc.dg/func-ptr-conv-1.c bad conversion (test for warnings, line 40)
FAIL: gcc.dg/func-ptr-conv-1.c bad conversion (test for warnings, line 41)
FAIL: gcc.dg/func-ptr-conv-1.c (test for excess errors)
FAIL: gcc.dg/pr34989-1.c (internal compiler error)
FAIL: gcc.dg/pr34989-1.c (test for excess errors)
FAIL: gcc.dg/pr36902.c (test for warnings, line 47)
FAIL: gcc.dg/pr36902.c (test for excess errors)
FAIL: gcc.dg/sms-6.c scan-rtl-dump-times sms "SMS succeeded" 3
FAIL: gcc.dg/sms-7.c scan-rtl-dump-times sms "SMS succeeded" 3
FAIL: gcc.dg/sms-8.c scan-rtl-dump-times sms "SMS succeeded" 1
XPASS: gcc.dg/struct/wo_prof_array_through_pointer.c scan-ipa-dump ipa_struct_reorg "Number of structures to transform is 1"
FAIL: gcc.dg/struct/wo_prof_double_malloc.c (internal compiler error)
FAIL: gcc.dg/struct/wo_prof_double_malloc.c (test for excess errors)
WARNING: gcc.dg/struct/wo_prof_double_malloc.c compilation failed to produce executable
FAIL: gcc.dg/tree-ssa/vrp47.c scan-tree-dump-times vrp1 "[xy][^ ]* !=" 0
FAIL: gcc.dg/tree-ssa/vrp47.c scan-tree-dump-times dom1 "x[^ ]* & y" 1
FAIL: gcc.dg/vect/costmodel/ppc/costmodel-vect-31d.c scan-tree-dump-times vect "vectorization not profitable" 1
FAIL: gcc.dg/vect/costmodel/ppc/costmodel-vect-68d.c scan-tree-dump-times vect "vectorization not profitable" 1
FAIL: gcc.dg/vect/costmodel/ppc/costmodel-vect-76a.c scan-tree-dump-times vect "vectorized 1 loops" 1
FAIL: gcc.dg/vect/costmodel/ppc/costmodel-vect-76b.c scan-tree-dump-times vect "vectorization not profitable" 1
FAIL: gcc.dg/vect/pr35821-altivec.c scan-tree-dump-times vect "vectorized 1 loops" 1
FAIL: gcc.dg/vect/vect-reduc-dot-u8b.c (internal compiler error)
FAIL: gcc.dg/vect/vect-reduc-dot-u8b.c (test for excess errors)
WARNING: gcc.dg/vect/vect-reduc-dot-u8b.c compilation failed to produce executable
FAIL: gcc.dg/vect/slp-perm-1.c (internal compiler error)
FAIL: gcc.dg/vect/slp-perm-1.c (test for excess errors)
WARNING: gcc.dg/vect/slp-perm-1.c compilation failed to produce executable
FAIL: gcc.dg/vect/slp-perm-2.c (internal compiler error)
FAIL: gcc.dg/vect/slp-perm-2.c (test for excess errors)
WARNING: gcc.dg/vect/slp-perm-2.c compilation failed to produce executable
FAIL: gcc.dg/vect/slp-perm-3.c (internal compiler error)
FAIL: gcc.dg/vect/slp-perm-3.c (test for excess errors)
WARNING: gcc.dg/vect/slp-perm-3.c compilation failed to produce executable
FAIL: gcc.dg/vect/slp-perm-8.c (internal compiler error)
FAIL: gcc.dg/vect/slp-perm-8.c (test for excess errors)
WARNING: gcc.dg/vect/slp-perm-8.c compilation failed to produce executable
FAIL: gcc.dg/vect/slp-perm-8.c scan-tree-dump-times vect "vectorized 1 loops" 2
FAIL: gcc.dg/vect/no-scevccp-outer-13.c (internal compiler error)
FAIL: gcc.dg/vect/no-scevccp-outer-13.c (test for excess errors)
WARNING: gcc.dg/vect/no-scevccp-outer-13.c compilation failed to produce executable
FAIL: gcc.dg/vect/no-scevccp-outer-7.c (internal compiler error)
FAIL: gcc.dg/vect/no-scevccp-outer-7.c (test for excess errors)
WARNING: gcc.dg/vect/no-scevccp-outer-7.c compilation failed to produce executable
FAIL: gcc.target/powerpc/405-dlmzb-strlen-1.c scan-assembler dlmzb\\\\.
FAIL: gcc.target/powerpc/440-dlmzb-strlen-1.c scan-assembler dlmzb\\\\.
=== gcc Summary for unix/-m32 ===
# of expected passes 54838
# of unexpected successes 3
# of unexpected failures 303
# of expected failures 153
# of unresolved testcases 18
# of unsupported tests 561
Running target unix/-m64
FAIL: gcc.c-torture/compile/limits-exprparen.c -O0 (test for excess errors)
FAIL: gcc.c-torture/compile/limits-exprparen.c -O1 (test for excess errors)
FAIL: gcc.c-torture/compile/limits-exprparen.c -O2 (test for excess errors)
FAIL: gcc.c-torture/compile/limits-exprparen.c -O3 -fomit-frame-pointer (test for excess errors)
FAIL: gcc.c-torture/compile/limits-exprparen.c -O3 -g (test for excess errors)
FAIL: gcc.c-torture/compile/limits-exprparen.c -Os (test for excess errors)
FAIL: gcc.c-torture/compile/pr34688.c -O2 (internal compiler error)
FAIL: gcc.c-torture/compile/pr34688.c -O2 (test for excess errors)
FAIL: gcc.c-torture/compile/pr34688.c -O3 -fomit-frame-pointer (internal compiler error)
FAIL: gcc.c-torture/compile/pr34688.c -O3 -fomit-frame-pointer (test for excess errors)
FAIL: gcc.c-torture/compile/pr34688.c -O3 -fomit-frame-pointer -funroll-loops (internal compiler error)
FAIL: gcc.c-torture/compile/pr34688.c -O3 -fomit-frame-pointer -funroll-loops (test for excess errors)
FAIL: gcc.c-torture/compile/pr34688.c -O3 -fomit-frame-pointer -funroll-all-loops -finline-functions (internal compiler error)
FAIL: gcc.c-torture/compile/pr34688.c -O3 -fomit-frame-pointer -funroll-all-loops -finline-functions (test for excess errors)
FAIL: gcc.c-torture/compile/pr34688.c -O3 -g (internal compiler error)
FAIL: gcc.c-torture/compile/pr34688.c -O3 -g (test for excess errors)
FAIL: gcc.dg/debug/20000503-1.c -gdwarf-21 (test for excess errors)
FAIL: gcc.dg/debug/20000503-1.c -gdwarf-21 -O (test for excess errors)
FAIL: gcc.dg/debug/20000503-1.c -gdwarf-21 -O3 (test for excess errors)
FAIL: gcc.dg/debug/20000503-1.c -gdwarf-23 (test for excess errors)
FAIL: gcc.dg/debug/20000503-1.c -gdwarf-23 -O (test for excess errors)
FAIL: gcc.dg/debug/20000503-1.c -gdwarf-23 -O3 (test for excess errors)
FAIL: gcc.dg/debug/20010207-1.c -gdwarf-21 (test for excess errors)
FAIL: gcc.dg/debug/20010207-1.c -gdwarf-21 -O (test for excess errors)
FAIL: gcc.dg/debug/20010207-1.c -gdwarf-21 -O3 (test for excess errors)
FAIL: gcc.dg/debug/20010207-1.c -gdwarf-23 (test for excess errors)
FAIL: gcc.dg/debug/20010207-1.c -gdwarf-23 -O (test for excess errors)
FAIL: gcc.dg/debug/20010207-1.c -gdwarf-23 -O3 (test for excess errors)
FAIL: gcc.dg/debug/20011223-1.c -gdwarf-21 (test for excess errors)
FAIL: gcc.dg/debug/20011223-1.c -gdwarf-21 -O (test for excess errors)
FAIL: gcc.dg/debug/20011223-1.c -gdwarf-21 -O3 (test for excess errors)
FAIL: gcc.dg/debug/20011223-1.c -gdwarf-23 (test for excess errors)
FAIL: gcc.dg/debug/20011223-1.c -gdwarf-23 -O (test for excess errors)
FAIL: gcc.dg/debug/20011223-1.c -gdwarf-23 -O3 (test for excess errors)
FAIL: gcc.dg/debug/20020104-2.c -gdwarf-21 (test for excess errors)
FAIL: gcc.dg/debug/20020104-2.c -gdwarf-21 -O (test for excess errors)
FAIL: gcc.dg/debug/20020104-2.c -gdwarf-21 -O3 (test for excess errors)
FAIL: gcc.dg/debug/20020104-2.c -gdwarf-23 (test for excess errors)
FAIL: gcc.dg/debug/20020104-2.c -gdwarf-23 -O (test for excess errors)
FAIL: gcc.dg/debug/20020104-2.c -gdwarf-23 -O3 (test for excess errors)
FAIL: gcc.dg/debug/20020220-1.c -gdwarf-21 (test for excess errors)
WARNING: gcc.dg/debug/20020220-1.c -gdwarf-21 compilation failed to produce executable
FAIL: gcc.dg/debug/20020220-1.c -gdwarf-21 -O (test for excess errors)
WARNING: gcc.dg/debug/20020220-1.c -gdwarf-21 -O compilation failed to produce executable
FAIL: gcc.dg/debug/20020220-1.c -gdwarf-21 -O3 (test for excess errors)
WARNING: gcc.dg/debug/20020220-1.c -gdwarf-21 -O3 compilation failed to produce executable
FAIL: gcc.dg/debug/20020220-1.c -gdwarf-23 (test for excess errors)
WARNING: gcc.dg/debug/20020220-1.c -gdwarf-23 compilation failed to produce executable
FAIL: gcc.dg/debug/20020220-1.c -gdwarf-23 -O (test for excess errors)
WARNING: gcc.dg/debug/20020220-1.c -gdwarf-23 -O compilation failed to produce executable
FAIL: gcc.dg/debug/20020220-1.c -gdwarf-23 -O3 (test for excess errors)
WARNING: gcc.dg/debug/20020220-1.c -gdwarf-23 -O3 compilation failed to produce executable
FAIL: gcc.dg/debug/20020224-1.c -gdwarf-21 (test for excess errors)
FAIL: gcc.dg/debug/20020224-1.c -gdwarf-21 -O (test for excess errors)
FAIL: gcc.dg/debug/20020224-1.c -gdwarf-21 -O3 (test for excess errors)
FAIL: gcc.dg/debug/20020224-1.c -gdwarf-23 (test for excess errors)
FAIL: gcc.dg/debug/20020224-1.c -gdwarf-23 -O (test for excess errors)
FAIL: gcc.dg/debug/20020224-1.c -gdwarf-23 -O3 (test for excess errors)
FAIL: gcc.dg/debug/20020327-1.c -gdwarf-21 (test for excess errors)
FAIL: gcc.dg/debug/20020327-1.c -gdwarf-21 -O (test for excess errors)
FAIL: gcc.dg/debug/20020327-1.c -gdwarf-21 -O3 (test for excess errors)
FAIL: gcc.dg/debug/20020327-1.c -gdwarf-23 (test for excess errors)
FAIL: gcc.dg/debug/20020327-1.c -gdwarf-23 -O (test for excess errors)
FAIL: gcc.dg/debug/20020327-1.c -gdwarf-23 -O3 (test for excess errors)
FAIL: gcc.dg/debug/20030605-1.c -gdwarf-21 (test for excess errors)
FAIL: gcc.dg/debug/20030605-1.c -gdwarf-21 -O (test for excess errors)
FAIL: gcc.dg/debug/20030605-1.c -gdwarf-21 -O3 (test for excess errors)
FAIL: gcc.dg/debug/20030605-1.c -gdwarf-23 (test for excess errors)
FAIL: gcc.dg/debug/20030605-1.c -gdwarf-23 -O (test for excess errors)
FAIL: gcc.dg/debug/20030605-1.c -gdwarf-23 -O3 (test for excess errors)
FAIL: gcc.dg/debug/20031231-1.c -gdwarf-21 (test for excess errors)
FAIL: gcc.dg/debug/20031231-1.c -gdwarf-21 -O (test for excess errors)
FAIL: gcc.dg/debug/20031231-1.c -gdwarf-21 -O3 (test for excess errors)
FAIL: gcc.dg/debug/20031231-1.c -gdwarf-23 (test for excess errors)
FAIL: gcc.dg/debug/20031231-1.c -gdwarf-23 -O (test for excess errors)
FAIL: gcc.dg/debug/20031231-1.c -gdwarf-23 -O3 (test for excess errors)
FAIL: gcc.dg/debug/20041023-1.c -gdwarf-21 (test for excess errors)
FAIL: gcc.dg/debug/20041023-1.c -gdwarf-21 -O (test for excess errors)
FAIL: gcc.dg/debug/20041023-1.c -gdwarf-21 -O3 (test for excess errors)
FAIL: gcc.dg/debug/20041023-1.c -gdwarf-23 (test for excess errors)
FAIL: gcc.dg/debug/20041023-1.c -gdwarf-23 -O (test for excess errors)
FAIL: gcc.dg/debug/20041023-1.c -gdwarf-23 -O3 (test for excess errors)
FAIL: gcc.dg/debug/20041219-1.c -gdwarf-21 (test for excess errors)
FAIL: gcc.dg/debug/20041219-1.c -gdwarf-21 -O (test for excess errors)
FAIL: gcc.dg/debug/20041219-1.c -gdwarf-21 -O3 (test for excess errors)
FAIL: gcc.dg/debug/20041219-1.c -gdwarf-23 (test for excess errors)
FAIL: gcc.dg/debug/20041219-1.c -gdwarf-23 -O (test for excess errors)
FAIL: gcc.dg/debug/20041219-1.c -gdwarf-23 -O3 (test for excess errors)
FAIL: gcc.dg/debug/20050907-1.c -gdwarf-21 (test for excess errors)
FAIL: gcc.dg/debug/20050907-1.c -gdwarf-21 -O (test for excess errors)
FAIL: gcc.dg/debug/20050907-1.c -gdwarf-21 -O3 (test for excess errors)
FAIL: gcc.dg/debug/20050907-1.c -gdwarf-23 (test for excess errors)
FAIL: gcc.dg/debug/20050907-1.c -gdwarf-23 -O (test for excess errors)
FAIL: gcc.dg/debug/20050907-1.c -gdwarf-23 -O3 (test for excess errors)
FAIL: gcc.dg/debug/const-1.c -gdwarf-21 (test for excess errors)
FAIL: gcc.dg/debug/const-1.c -gdwarf-21 -O (test for excess errors)
FAIL: gcc.dg/debug/const-1.c -gdwarf-21 -O3 (test for excess errors)
FAIL: gcc.dg/debug/const-1.c -gdwarf-23 (test for excess errors)
FAIL: gcc.dg/debug/const-1.c -gdwarf-23 -O (test for excess errors)
FAIL: gcc.dg/debug/const-1.c -gdwarf-23 -O3 (test for excess errors)
FAIL: gcc.dg/debug/const-2.c -gdwarf-21 (test for excess errors)
FAIL: gcc.dg/debug/const-2.c -gdwarf-21 -O (test for excess errors)
FAIL: gcc.dg/debug/const-2.c -gdwarf-21 -O3 (test for excess errors)
FAIL: gcc.dg/debug/const-2.c -gdwarf-23 (test for excess errors)
FAIL: gcc.dg/debug/const-2.c -gdwarf-23 -O (test for excess errors)
FAIL: gcc.dg/debug/const-2.c -gdwarf-23 -O3 (test for excess errors)
FAIL: gcc.dg/debug/const-3.c -gdwarf-21 (test for excess errors)
ERROR: gcc.dg/debug/const-3.c: error executing dg-final: couldn't open "const-3.s": no such file or directory
UNRESOLVED: gcc.dg/debug/const-3.c: error executing dg-final: couldn't open "const-3.s": no such file or directory
FAIL: gcc.dg/debug/const-3.c -gdwarf-21 -O (test for excess errors)
ERROR: gcc.dg/debug/const-3.c: error executing dg-final: couldn't open "const-3.s": no such file or directory
UNRESOLVED: gcc.dg/debug/const-3.c: error executing dg-final: couldn't open "const-3.s": no such file or directory
FAIL: gcc.dg/debug/const-3.c -gdwarf-21 -O3 (test for excess errors)
ERROR: gcc.dg/debug/const-3.c: error executing dg-final: couldn't open "const-3.s": no such file or directory
UNRESOLVED: gcc.dg/debug/const-3.c: error executing dg-final: couldn't open "const-3.s": no such file or directory
FAIL: gcc.dg/debug/const-3.c -gdwarf-23 (test for excess errors)
ERROR: gcc.dg/debug/const-3.c: error executing dg-final: couldn't open "const-3.s": no such file or directory
UNRESOLVED: gcc.dg/debug/const-3.c: error executing dg-final: couldn't open "const-3.s": no such file or directory
FAIL: gcc.dg/debug/const-3.c -gdwarf-23 -O (test for excess errors)
ERROR: gcc.dg/debug/const-3.c: error executing dg-final: couldn't open "const-3.s": no such file or directory
UNRESOLVED: gcc.dg/debug/const-3.c: error executing dg-final: couldn't open "const-3.s": no such file or directory
FAIL: gcc.dg/debug/const-3.c -gdwarf-23 -O3 (test for excess errors)
ERROR: gcc.dg/debug/const-3.c: error executing dg-final: couldn't open "const-3.s": no such file or directory
UNRESOLVED: gcc.dg/debug/const-3.c: error executing dg-final: couldn't open "const-3.s": no such file or directory
FAIL: gcc.dg/debug/crash1.c -gdwarf-21 (test for excess errors)
FAIL: gcc.dg/debug/crash1.c -gdwarf-21 -O (test for excess errors)
FAIL: gcc.dg/debug/crash1.c -gdwarf-21 -O3 (test for excess errors)
FAIL: gcc.dg/debug/crash1.c -gdwarf-23 (test for excess errors)
FAIL: gcc.dg/debug/crash1.c -gdwarf-23 -O (test for excess errors)
FAIL: gcc.dg/debug/crash1.c -gdwarf-23 -O3 (test for excess errors)
FAIL: gcc.dg/debug/debug-1.c -gdwarf-23 (test for excess errors)
ERROR: gcc.dg/debug/debug-1.c: error executing dg-final: couldn't open "debug-1.s": no such file or directory
UNRESOLVED: gcc.dg/debug/debug-1.c: error executing dg-final: couldn't open "debug-1.s": no such file or directory
FAIL: gcc.dg/debug/debug-1.c -gdwarf-23 -O (test for excess errors)
ERROR: gcc.dg/debug/debug-1.c: error executing dg-final: couldn't open "debug-1.s": no such file or directory
UNRESOLVED: gcc.dg/debug/debug-1.c: error executing dg-final: couldn't open "debug-1.s": no such file or directory
FAIL: gcc.dg/debug/debug-1.c -gdwarf-23 -O3 (test for excess errors)
ERROR: gcc.dg/debug/debug-1.c: error executing dg-final: couldn't open "debug-1.s": no such file or directory
UNRESOLVED: gcc.dg/debug/debug-1.c: error executing dg-final: couldn't open "debug-1.s": no such file or directory
FAIL: gcc.dg/debug/debug-2.c -gdwarf-23 (test for excess errors)
ERROR: gcc.dg/debug/debug-2.c: error executing dg-final: couldn't open "debug-2.s": no such file or directory
UNRESOLVED: gcc.dg/debug/debug-2.c: error executing dg-final: couldn't open "debug-2.s": no such file or directory
FAIL: gcc.dg/debug/debug-2.c -gdwarf-23 -O (test for excess errors)
ERROR: gcc.dg/debug/debug-2.c: error executing dg-final: couldn't open "debug-2.s": no such file or directory
UNRESOLVED: gcc.dg/debug/debug-2.c: error executing dg-final: couldn't open "debug-2.s": no such file or directory
FAIL: gcc.dg/debug/debug-2.c -gdwarf-23 -O3 (test for excess errors)
ERROR: gcc.dg/debug/debug-2.c: error executing dg-final: couldn't open "debug-2.s": no such file or directory
UNRESOLVED: gcc.dg/debug/debug-2.c: error executing dg-final: couldn't open "debug-2.s": no such file or directory
FAIL: gcc.dg/debug/debug-3.c -gdwarf-21 (test for excess errors)
FAIL: gcc.dg/debug/debug-3.c -gdwarf-21 -O (test for excess errors)
FAIL: gcc.dg/debug/debug-3.c -gdwarf-21 -O3 (test for excess errors)
FAIL: gcc.dg/debug/debug-3.c -gdwarf-23 (test for excess errors)
FAIL: gcc.dg/debug/debug-3.c -gdwarf-23 -O (test for excess errors)
FAIL: gcc.dg/debug/debug-3.c -gdwarf-23 -O3 (test for excess errors)
FAIL: gcc.dg/debug/debug-4.c -gdwarf-21 (test for excess errors)
FAIL: gcc.dg/debug/debug-4.c -gdwarf-21 -O (test for excess errors)
FAIL: gcc.dg/debug/debug-4.c -gdwarf-21 -O3 (test for excess errors)
FAIL: gcc.dg/debug/debug-4.c -gdwarf-23 (test for excess errors)
FAIL: gcc.dg/debug/debug-4.c -gdwarf-23 -O (test for excess errors)
FAIL: gcc.dg/debug/debug-4.c -gdwarf-23 -O3 (test for excess errors)
FAIL: gcc.dg/debug/debug-5.c -gdwarf-21 (test for excess errors)
FAIL: gcc.dg/debug/debug-5.c -gdwarf-21 -O (test for excess errors)
FAIL: gcc.dg/debug/debug-5.c -gdwarf-21 -O3 (test for excess errors)
FAIL: gcc.dg/debug/debug-5.c -gdwarf-23 (test for excess errors)
FAIL: gcc.dg/debug/debug-5.c -gdwarf-23 -O (test for excess errors)
FAIL: gcc.dg/debug/debug-5.c -gdwarf-23 -O3 (test for excess errors)
FAIL: gcc.dg/debug/debug-6.c -gdwarf-23 (test for excess errors)
ERROR: gcc.dg/debug/debug-6.c: error executing dg-final: couldn't open "debug-6.s": no such file or directory
UNRESOLVED: gcc.dg/debug/debug-6.c: error executing dg-final: couldn't open "debug-6.s": no such file or directory
FAIL: gcc.dg/debug/debug-6.c -gdwarf-23 -O (test for excess errors)
ERROR: gcc.dg/debug/debug-6.c: error executing dg-final: couldn't open "debug-6.s": no such file or directory
UNRESOLVED: gcc.dg/debug/debug-6.c: error executing dg-final: couldn't open "debug-6.s": no such file or directory
FAIL: gcc.dg/debug/debug-6.c -gdwarf-23 -O3 (test for excess errors)
ERROR: gcc.dg/debug/debug-6.c: error executing dg-final: couldn't open "debug-6.s": no such file or directory
UNRESOLVED: gcc.dg/debug/debug-6.c: error executing dg-final: couldn't open "debug-6.s": no such file or directory
FAIL: gcc.dg/debug/debug-7.c -gdwarf-21 (test for excess errors)
FAIL: gcc.dg/debug/debug-7.c -gdwarf-21 -O (test for excess errors)
FAIL: gcc.dg/debug/debug-7.c -gdwarf-21 -O3 (test for excess errors)
FAIL: gcc.dg/debug/debug-7.c -gdwarf-23 (test for excess errors)
FAIL: gcc.dg/debug/debug-7.c -gdwarf-23 -O (test for excess errors)
FAIL: gcc.dg/debug/debug-7.c -gdwarf-23 -O3 (test for excess errors)
FAIL: gcc.dg/debug/dwarf2-1.c -gdwarf-21 (test for excess errors)
FAIL: gcc.dg/debug/dwarf2-1.c -gdwarf-21 -O (test for excess errors)
FAIL: gcc.dg/debug/dwarf2-1.c -gdwarf-21 -O3 (test for excess errors)
FAIL: gcc.dg/debug/dwarf2-1.c -gdwarf-23 (test for excess errors)
FAIL: gcc.dg/debug/dwarf2-1.c -gdwarf-23 -O (test for excess errors)
FAIL: gcc.dg/debug/dwarf2-1.c -gdwarf-23 -O3 (test for excess errors)
FAIL: gcc.dg/debug/dwarf2-2.c -gdwarf-21 (test for excess errors)
FAIL: gcc.dg/debug/dwarf2-2.c -gdwarf-21 -O (test for excess errors)
FAIL: gcc.dg/debug/dwarf2-2.c -gdwarf-21 -O3 (test for excess errors)
FAIL: gcc.dg/debug/dwarf2-2.c -gdwarf-23 (test for excess errors)
FAIL: gcc.dg/debug/dwarf2-2.c -gdwarf-23 -O (test for excess errors)
FAIL: gcc.dg/debug/dwarf2-2.c -gdwarf-23 -O3 (test for excess errors)
FAIL: gcc.dg/debug/dwarf2-3.c -gdwarf-21 (test for excess errors)
FAIL: gcc.dg/debug/dwarf2-3.c -gdwarf-21 -O (test for excess errors)
FAIL: gcc.dg/debug/dwarf2-3.c -gdwarf-21 -O3 (test for excess errors)
FAIL: gcc.dg/debug/dwarf2-3.c -gdwarf-23 (test for excess errors)
FAIL: gcc.dg/debug/dwarf2-3.c -gdwarf-23 -O (test for excess errors)
FAIL: gcc.dg/debug/dwarf2-3.c -gdwarf-23 -O3 (test for excess errors)
FAIL: gcc.dg/debug/enum-1.c -gdwarf-23 (test for excess errors)
ERROR: gcc.dg/debug/enum-1.c: error executing dg-final: couldn't open "enum-1.s": no such file or directory
UNRESOLVED: gcc.dg/debug/enum-1.c: error executing dg-final: couldn't open "enum-1.s": no such file or directory
FAIL: gcc.dg/debug/enum-1.c -gdwarf-23 -O (test for excess errors)
ERROR: gcc.dg/debug/enum-1.c: error executing dg-final: couldn't open "enum-1.s": no such file or directory
UNRESOLVED: gcc.dg/debug/enum-1.c: error executing dg-final: couldn't open "enum-1.s": no such file or directory
FAIL: gcc.dg/debug/enum-1.c -gdwarf-23 -O3 (test for excess errors)
ERROR: gcc.dg/debug/enum-1.c: error executing dg-final: couldn't open "enum-1.s": no such file or directory
UNRESOLVED: gcc.dg/debug/enum-1.c: error executing dg-final: couldn't open "enum-1.s": no such file or directory
FAIL: gcc.dg/debug/pr16676.c -gdwarf-21 (test for excess errors)
FAIL: gcc.dg/debug/pr16676.c -gdwarf-21 -O (test for excess errors)
FAIL: gcc.dg/debug/pr16676.c -gdwarf-21 -O3 (test for excess errors)
FAIL: gcc.dg/debug/pr16676.c -gdwarf-23 (test for excess errors)
FAIL: gcc.dg/debug/pr16676.c -gdwarf-23 -O (test for excess errors)
FAIL: gcc.dg/debug/pr16676.c -gdwarf-23 -O3 (test for excess errors)
FAIL: gcc.dg/debug/pr26881.c -gdwarf-21 (test for excess errors)
FAIL: gcc.dg/debug/pr26881.c -gdwarf-21 -O (test for excess errors)
FAIL: gcc.dg/debug/pr26881.c -gdwarf-21 -O3 (test for excess errors)
FAIL: gcc.dg/debug/pr26881.c -gdwarf-23 (test for excess errors)
FAIL: gcc.dg/debug/pr26881.c -gdwarf-23 -O (test for excess errors)
FAIL: gcc.dg/debug/pr26881.c -gdwarf-23 -O3 (test for excess errors)
FAIL: gcc.dg/debug/pr29558.c -gdwarf-21 (test for excess errors)
FAIL: gcc.dg/debug/pr29558.c -gdwarf-21 -O (test for excess errors)
FAIL: gcc.dg/debug/pr29558.c -gdwarf-21 -O3 (test for excess errors)
FAIL: gcc.dg/debug/pr29558.c -gdwarf-23 (test for excess errors)
FAIL: gcc.dg/debug/pr29558.c -gdwarf-23 -O (test for excess errors)
FAIL: gcc.dg/debug/pr29558.c -gdwarf-23 -O3 (test for excess errors)
FAIL: gcc.dg/debug/pr29609-1.c -gdwarf-21 (test for excess errors)
WARNING: gcc.dg/debug/pr29609-1.c -gdwarf-21 compilation failed to produce executable
FAIL: gcc.dg/debug/pr29609-1.c -gdwarf-21 -O (test for excess errors)
WARNING: gcc.dg/debug/pr29609-1.c -gdwarf-21 -O compilation failed to produce executable
FAIL: gcc.dg/debug/pr29609-1.c -gdwarf-21 -O3 (test for excess errors)
WARNING: gcc.dg/debug/pr29609-1.c -gdwarf-21 -O3 compilation failed to produce executable
FAIL: gcc.dg/debug/pr29609-1.c -gdwarf-23 (test for excess errors)
WARNING: gcc.dg/debug/pr29609-1.c -gdwarf-23 compilation failed to produce executable
FAIL: gcc.dg/debug/pr29609-1.c -gdwarf-23 -O (test for excess errors)
WARNING: gcc.dg/debug/pr29609-1.c -gdwarf-23 -O compilation failed to produce executable
FAIL: gcc.dg/debug/pr29609-1.c -gdwarf-23 -O3 (test for excess errors)
WARNING: gcc.dg/debug/pr29609-1.c -gdwarf-23 -O3 compilation failed to produce executable
FAIL: gcc.dg/debug/pr29609-2.c -gdwarf-21 (test for excess errors)
WARNING: gcc.dg/debug/pr29609-2.c -gdwarf-21 compilation failed to produce executable
FAIL: gcc.dg/debug/pr29609-2.c -gdwarf-21 -O (test for excess errors)
WARNING: gcc.dg/debug/pr29609-2.c -gdwarf-21 -O compilation failed to produce executable
FAIL: gcc.dg/debug/pr29609-2.c -gdwarf-21 -O3 (test for excess errors)
WARNING: gcc.dg/debug/pr29609-2.c -gdwarf-21 -O3 compilation failed to produce executable
FAIL: gcc.dg/debug/pr29609-2.c -gdwarf-23 (test for excess errors)
WARNING: gcc.dg/debug/pr29609-2.c -gdwarf-23 compilation failed to produce executable
FAIL: gcc.dg/debug/pr29609-2.c -gdwarf-23 -O (test for excess errors)
WARNING: gcc.dg/debug/pr29609-2.c -gdwarf-23 -O compilation failed to produce executable
FAIL: gcc.dg/debug/pr29609-2.c -gdwarf-23 -O3 (test for excess errors)
WARNING: gcc.dg/debug/pr29609-2.c -gdwarf-23 -O3 compilation failed to produce executable
FAIL: gcc.dg/debug/pr32610.c -gdwarf-21 (test for excess errors)
FAIL: gcc.dg/debug/pr32610.c -gdwarf-21 -O (test for excess errors)
FAIL: gcc.dg/debug/pr32610.c -gdwarf-21 -O3 (test for excess errors)
FAIL: gcc.dg/debug/pr32610.c -gdwarf-23 (test for excess errors)
FAIL: gcc.dg/debug/pr32610.c -gdwarf-23 -O (test for excess errors)
FAIL: gcc.dg/debug/pr32610.c -gdwarf-23 -O3 (test for excess errors)
FAIL: gcc.dg/debug/pr33316.c -gdwarf-21 (test for excess errors)
FAIL: gcc.dg/debug/pr33316.c -gdwarf-21 -O (test for excess errors)
FAIL: gcc.dg/debug/pr33316.c -gdwarf-21 -O3 (test for excess errors)
FAIL: gcc.dg/debug/pr33316.c -gdwarf-23 (test for excess errors)
FAIL: gcc.dg/debug/pr33316.c -gdwarf-23 -O (test for excess errors)
FAIL: gcc.dg/debug/pr33316.c -gdwarf-23 -O3 (test for excess errors)
FAIL: gcc.dg/debug/pr36690-1.c -gdwarf-21 (test for excess errors)
WARNING: gcc.dg/debug/pr36690-1.c -gdwarf-21 compilation failed to produce executable
FAIL: gcc.dg/debug/pr36690-1.c -gdwarf-21 -O (test for excess errors)
WARNING: gcc.dg/debug/pr36690-1.c -gdwarf-21 -O compilation failed to produce executable
FAIL: gcc.dg/debug/pr36690-1.c -gdwarf-21 -O3 (test for excess errors)
WARNING: gcc.dg/debug/pr36690-1.c -gdwarf-21 -O3 compilation failed to produce executable
FAIL: gcc.dg/debug/pr36690-1.c -gdwarf-23 (test for excess errors)
WARNING: gcc.dg/debug/pr36690-1.c -gdwarf-23 compilation failed to produce executable
FAIL: gcc.dg/debug/pr36690-1.c -gdwarf-23 -O (test for excess errors)
WARNING: gcc.dg/debug/pr36690-1.c -gdwarf-23 -O compilation failed to produce executable
FAIL: gcc.dg/debug/pr36690-1.c -gdwarf-23 -O3 (test for excess errors)
WARNING: gcc.dg/debug/pr36690-1.c -gdwarf-23 -O3 compilation failed to produce executable
FAIL: gcc.dg/debug/pr36690-2.c -gdwarf-21 (test for excess errors)
WARNING: gcc.dg/debug/pr36690-2.c -gdwarf-21 compilation failed to produce executable
FAIL: gcc.dg/debug/pr36690-2.c -gdwarf-21 -O (test for excess errors)
WARNING: gcc.dg/debug/pr36690-2.c -gdwarf-21 -O compilation failed to produce executable
FAIL: gcc.dg/debug/pr36690-2.c -gdwarf-21 -O3 (test for excess errors)
WARNING: gcc.dg/debug/pr36690-2.c -gdwarf-21 -O3 compilation failed to produce executable
FAIL: gcc.dg/debug/pr36690-2.c -gdwarf-23 (test for excess errors)
WARNING: gcc.dg/debug/pr36690-2.c -gdwarf-23 compilation failed to produce executable
FAIL: gcc.dg/debug/pr36690-2.c -gdwarf-23 -O (test for excess errors)
WARNING: gcc.dg/debug/pr36690-2.c -gdwarf-23 -O compilation failed to produce executable
FAIL: gcc.dg/debug/pr36690-2.c -gdwarf-23 -O3 (test for excess errors)
WARNING: gcc.dg/debug/pr36690-2.c -gdwarf-23 -O3 compilation failed to produce executable
FAIL: gcc.dg/debug/pr36690-3.c -gdwarf-21 (test for excess errors)
WARNING: gcc.dg/debug/pr36690-3.c -gdwarf-21 compilation failed to produce executable
FAIL: gcc.dg/debug/pr36690-3.c -gdwarf-21 -O (test for excess errors)
WARNING: gcc.dg/debug/pr36690-3.c -gdwarf-21 -O compilation failed to produce executable
FAIL: gcc.dg/debug/pr36690-3.c -gdwarf-21 -O3 (test for excess errors)
WARNING: gcc.dg/debug/pr36690-3.c -gdwarf-21 -O3 compilation failed to produce executable
FAIL: gcc.dg/debug/pr36690-3.c -gdwarf-23 (test for excess errors)
WARNING: gcc.dg/debug/pr36690-3.c -gdwarf-23 compilation failed to produce executable
FAIL: gcc.dg/debug/pr36690-3.c -gdwarf-23 -O (test for excess errors)
WARNING: gcc.dg/debug/pr36690-3.c -gdwarf-23 -O compilation failed to produce executable
FAIL: gcc.dg/debug/pr36690-3.c -gdwarf-23 -O3 (test for excess errors)
WARNING: gcc.dg/debug/pr36690-3.c -gdwarf-23 -O3 compilation failed to produce executable
FAIL: gcc.dg/debug/pr37616.c -gdwarf-21 (test for excess errors)
WARNING: gcc.dg/debug/pr37616.c -gdwarf-21 compilation failed to produce executable
FAIL: gcc.dg/debug/pr37616.c -gdwarf-21 -O (test for excess errors)
WARNING: gcc.dg/debug/pr37616.c -gdwarf-21 -O compilation failed to produce executable
FAIL: gcc.dg/debug/pr37616.c -gdwarf-21 -O3 (test for excess errors)
WARNING: gcc.dg/debug/pr37616.c -gdwarf-21 -O3 compilation failed to produce executable
FAIL: gcc.dg/debug/pr37616.c -gdwarf-23 (test for excess errors)
WARNING: gcc.dg/debug/pr37616.c -gdwarf-23 compilation failed to produce executable
FAIL: gcc.dg/debug/pr37616.c -gdwarf-23 -O (test for excess errors)
WARNING: gcc.dg/debug/pr37616.c -gdwarf-23 -O compilation failed to produce executable
FAIL: gcc.dg/debug/pr37616.c -gdwarf-23 -O3 (test for excess errors)
WARNING: gcc.dg/debug/pr37616.c -gdwarf-23 -O3 compilation failed to produce executable
FAIL: gcc.dg/debug/pr39412.c -gdwarf-21 (test for excess errors)
FAIL: gcc.dg/debug/pr39412.c -gdwarf-21 -O (test for excess errors)
FAIL: gcc.dg/debug/pr39412.c -gdwarf-21 -O3 (test for excess errors)
FAIL: gcc.dg/debug/pr39412.c -gdwarf-23 (test for excess errors)
FAIL: gcc.dg/debug/pr39412.c -gdwarf-23 -O (test for excess errors)
FAIL: gcc.dg/debug/pr39412.c -gdwarf-23 -O3 (test for excess errors)
FAIL: gcc.dg/debug/redecl-1.c -gdwarf-21 (test for excess errors)
FAIL: gcc.dg/debug/redecl-1.c -gdwarf-21 -O (test for excess errors)
FAIL: gcc.dg/debug/redecl-1.c -gdwarf-21 -O3 (test for excess errors)
FAIL: gcc.dg/debug/redecl-1.c -gdwarf-23 (test for excess errors)
FAIL: gcc.dg/debug/redecl-1.c -gdwarf-23 -O (test for excess errors)
FAIL: gcc.dg/debug/redecl-1.c -gdwarf-23 -O3 (test for excess errors)
FAIL: gcc.dg/debug/redecl-2.c -gdwarf-21 (test for excess errors)
FAIL: gcc.dg/debug/redecl-2.c -gdwarf-21 -O (test for excess errors)
FAIL: gcc.dg/debug/redecl-2.c -gdwarf-21 -O3 (test for excess errors)
FAIL: gcc.dg/debug/redecl-2.c -gdwarf-23 (test for excess errors)
FAIL: gcc.dg/debug/redecl-2.c -gdwarf-23 -O (test for excess errors)
FAIL: gcc.dg/debug/redecl-2.c -gdwarf-23 -O3 (test for excess errors)
FAIL: gcc.dg/debug/redecl-3.c -gdwarf-21 (test for excess errors)
FAIL: gcc.dg/debug/redecl-3.c -gdwarf-21 -O (test for excess errors)
FAIL: gcc.dg/debug/redecl-3.c -gdwarf-21 -O3 (test for excess errors)
FAIL: gcc.dg/debug/redecl-3.c -gdwarf-23 (test for excess errors)
FAIL: gcc.dg/debug/redecl-3.c -gdwarf-23 -O (test for excess errors)
FAIL: gcc.dg/debug/redecl-3.c -gdwarf-23 -O3 (test for excess errors)
FAIL: gcc.dg/debug/redecl-4.c -gdwarf-21 (test for excess errors)
FAIL: gcc.dg/debug/redecl-4.c -gdwarf-21 -O (test for excess errors)
FAIL: gcc.dg/debug/redecl-4.c -gdwarf-21 -O3 (test for excess errors)
FAIL: gcc.dg/debug/redecl-4.c -gdwarf-23 (test for excess errors)
FAIL: gcc.dg/debug/redecl-4.c -gdwarf-23 -O (test for excess errors)
FAIL: gcc.dg/debug/redecl-4.c -gdwarf-23 -O3 (test for excess errors)
FAIL: gcc.dg/debug/redecl-5.c -gdwarf-21 (test for excess errors)
FAIL: gcc.dg/debug/redecl-5.c -gdwarf-21 -O (test for excess errors)
FAIL: gcc.dg/debug/redecl-5.c -gdwarf-21 -O3 (test for excess errors)
FAIL: gcc.dg/debug/redecl-5.c -gdwarf-23 (test for excess errors)
FAIL: gcc.dg/debug/redecl-5.c -gdwarf-23 -O (test for excess errors)
FAIL: gcc.dg/debug/redecl-5.c -gdwarf-23 -O3 (test for excess errors)
FAIL: gcc.dg/debug/trivial.c -gdwarf-21 (test for excess errors)
WARNING: gcc.dg/debug/trivial.c -gdwarf-21 compilation failed to produce executable
FAIL: gcc.dg/debug/trivial.c -gdwarf-21 -O (test for excess errors)
WARNING: gcc.dg/debug/trivial.c -gdwarf-21 -O compilation failed to produce executable
FAIL: gcc.dg/debug/trivial.c -gdwarf-21 -O3 (test for excess errors)
WARNING: gcc.dg/debug/trivial.c -gdwarf-21 -O3 compilation failed to produce executable
FAIL: gcc.dg/debug/trivial.c -gdwarf-23 (test for excess errors)
WARNING: gcc.dg/debug/trivial.c -gdwarf-23 compilation failed to produce executable
FAIL: gcc.dg/debug/trivial.c -gdwarf-23 -O (test for excess errors)
WARNING: gcc.dg/debug/trivial.c -gdwarf-23 -O compilation failed to produce executable
FAIL: gcc.dg/debug/trivial.c -gdwarf-23 -O3 (test for excess errors)
WARNING: gcc.dg/debug/trivial.c -gdwarf-23 -O3 compilation failed to produce executable
XPASS: gcc.dg/Warray-bounds.c (test for warnings, line 59)
XPASS: gcc.dg/Warray-bounds.c (test for warnings, line 65)
FAIL: gcc.dg/Wshadow-3.c (test for warnings, line 47)
FAIL: gcc.dg/Wshadow-3.c (test for excess errors)
FAIL: gcc.dg/and-1.c scan-assembler-not nand
FAIL: gcc.dg/func-ptr-conv-1.c bad conversion (test for warnings, line 40)
FAIL: gcc.dg/func-ptr-conv-1.c bad conversion (test for warnings, line 41)
FAIL: gcc.dg/func-ptr-conv-1.c (test for excess errors)
FAIL: gcc.dg/pr34989-1.c (internal compiler error)
FAIL: gcc.dg/pr34989-1.c (test for excess errors)
FAIL: gcc.dg/pr36902.c (test for warnings, line 47)
FAIL: gcc.dg/pr36902.c (test for excess errors)
FAIL: gcc.dg/sms-6.c scan-rtl-dump-times sms "SMS succeeded" 3
FAIL: gcc.dg/sms-7.c scan-rtl-dump-times sms "SMS succeeded" 3
XPASS: gcc.dg/struct/wo_prof_array_through_pointer.c scan-ipa-dump ipa_struct_reorg "Number of structures to transform is 1"
FAIL: gcc.dg/struct/wo_prof_double_malloc.c (internal compiler error)
FAIL: gcc.dg/struct/wo_prof_double_malloc.c (test for excess errors)
WARNING: gcc.dg/struct/wo_prof_double_malloc.c compilation failed to produce executable
FAIL: gcc.dg/tree-ssa/vrp47.c scan-tree-dump-times vrp1 "[xy][^ ]* !=" 0
FAIL: gcc.dg/tree-ssa/vrp47.c scan-tree-dump-times dom1 "x[^ ]* & y" 1
FAIL: gcc.dg/vect/costmodel/ppc/costmodel-vect-31d.c scan-tree-dump-times vect "vectorization not profitable" 1
FAIL: gcc.dg/vect/costmodel/ppc/costmodel-vect-68d.c scan-tree-dump-times vect "vectorization not profitable" 1
FAIL: gcc.dg/vect/costmodel/ppc/costmodel-vect-76a.c scan-tree-dump-times vect "vectorized 1 loops" 1
FAIL: gcc.dg/vect/costmodel/ppc/costmodel-vect-76b.c scan-tree-dump-times vect "vectorization not profitable" 1
FAIL: gcc.dg/vect/pr35821-altivec.c scan-tree-dump-times vect "vectorized 1 loops" 1
FAIL: gcc.dg/vect/vect-reduc-dot-u8b.c (internal compiler error)
FAIL: gcc.dg/vect/vect-reduc-dot-u8b.c (test for excess errors)
WARNING: gcc.dg/vect/vect-reduc-dot-u8b.c compilation failed to produce executable
FAIL: gcc.dg/vect/slp-perm-1.c (internal compiler error)
FAIL: gcc.dg/vect/slp-perm-1.c (test for excess errors)
WARNING: gcc.dg/vect/slp-perm-1.c compilation failed to produce executable
FAIL: gcc.dg/vect/slp-perm-2.c (internal compiler error)
FAIL: gcc.dg/vect/slp-perm-2.c (test for excess errors)
WARNING: gcc.dg/vect/slp-perm-2.c compilation failed to produce executable
FAIL: gcc.dg/vect/slp-perm-3.c (internal compiler error)
FAIL: gcc.dg/vect/slp-perm-3.c (test for excess errors)
WARNING: gcc.dg/vect/slp-perm-3.c compilation failed to produce executable
FAIL: gcc.dg/vect/slp-perm-8.c (internal compiler error)
FAIL: gcc.dg/vect/slp-perm-8.c (test for excess errors)
WARNING: gcc.dg/vect/slp-perm-8.c compilation failed to produce executable
FAIL: gcc.dg/vect/slp-perm-8.c scan-tree-dump-times vect "vectorized 1 loops" 2
FAIL: gcc.dg/vect/no-scevccp-outer-13.c (internal compiler error)
FAIL: gcc.dg/vect/no-scevccp-outer-13.c (test for excess errors)
WARNING: gcc.dg/vect/no-scevccp-outer-13.c compilation failed to produce executable
FAIL: gcc.dg/vect/no-scevccp-outer-7.c (internal compiler error)
FAIL: gcc.dg/vect/no-scevccp-outer-7.c (test for excess errors)
WARNING: gcc.dg/vect/no-scevccp-outer-7.c compilation failed to produce executable
FAIL: gcc.target/powerpc/ppc64-abi-1.c execution test
FAIL: gcc.target/powerpc/ppc64-double-1.c scan-assembler-not stfd
=== gcc Summary for unix/-m64 ===
# of expected passes 54672
# of unexpected successes 3
# of unexpected failures 312
# of expected failures 156
# of unresolved testcases 18
# of unsupported tests 629
=== gcc Summary ===
# of expected passes 109510
# of unexpected failures 615
# of unexpected successes 6
# of expected failures 309
# of unresolved testcases 36
# of unsupported tests 1190
/extra_space/gccbuild/build/nightly/build-gcc-trunk/gcc/xgcc version 4.5.0 20090614 (experimental) [trunk revision 148470] (GCC)
=== gfortran tests ===
Running target unix/-m32
FAIL: gfortran.dg/debug/trivial.f -gdwarf-21 (test for excess errors)
FAIL: gfortran.dg/debug/trivial.f -gdwarf-23 (test for excess errors)
FAIL: gfortran.dg/csqrt_2.f -O0 execution test
FAIL: gfortran.dg/csqrt_2.f -O1 execution test
FAIL: gfortran.dg/csqrt_2.f -O2 execution test
FAIL: gfortran.dg/csqrt_2.f -O3 -fomit-frame-pointer execution test
FAIL: gfortran.dg/csqrt_2.f -O3 -fomit-frame-pointer -funroll-loops execution test
FAIL: gfortran.dg/csqrt_2.f -O3 -fomit-frame-pointer -funroll-all-loops -finline-functions execution test
FAIL: gfortran.dg/csqrt_2.f -O3 -g execution test
FAIL: gfortran.dg/csqrt_2.f -Os execution test
=== gfortran Summary for unix/-m32 ===
# of expected passes 30354
# of unexpected failures 10
# of expected failures 13
# of unsupported tests 264
Running target unix/-m64
FAIL: gfortran.dg/debug/trivial.f -gdwarf-21 (test for excess errors)
FAIL: gfortran.dg/debug/trivial.f -gdwarf-23 (test for excess errors)
FAIL: gfortran.dg/csqrt_2.f -O0 execution test
FAIL: gfortran.dg/csqrt_2.f -O1 execution test
FAIL: gfortran.dg/csqrt_2.f -O2 execution test
FAIL: gfortran.dg/csqrt_2.f -O3 -fomit-frame-pointer execution test
FAIL: gfortran.dg/csqrt_2.f -O3 -fomit-frame-pointer -funroll-loops execution test
FAIL: gfortran.dg/csqrt_2.f -O3 -fomit-frame-pointer -funroll-all-loops -finline-functions execution test
FAIL: gfortran.dg/csqrt_2.f -O3 -g execution test
FAIL: gfortran.dg/csqrt_2.f -Os execution test
=== gfortran Summary for unix/-m64 ===
# of expected passes 30521
# of unexpected failures 10
# of expected failures 13
# of unsupported tests 183
=== gfortran Summary ===
# of expected passes 60875
# of unexpected failures 20
# of expected failures 26
# of unsupported tests 447
/extra_space/gccbuild/build/nightly/build-gcc-trunk/gcc/testsuite/gfortran/../../gfortran version 4.5.0 20090614 (experimental) [trunk revision 148470] (GCC)
=== libgomp tests ===
Running target unix/-m32
=== libgomp Summary for unix/-m32 ===
# of expected passes 2408
Running target unix/-m64
=== libgomp Summary for unix/-m64 ===
# of expected passes 2408
=== libgomp Summary ===
# of expected passes 4816
=== libmudflap tests ===
Running target unix/-m32
FAIL: libmudflap.c/pass54-frag.c execution test
FAIL: libmudflap.c/pass54-frag.c execution test
FAIL: libmudflap.c/pass54-frag.c (-static) execution test
FAIL: libmudflap.c/pass54-frag.c (-static) execution test
FAIL: libmudflap.c++/pass41-frag.cxx execution test
FAIL: libmudflap.c++/pass41-frag.cxx (-static) execution test
FAIL: libmudflap.c++/pass41-frag.cxx ( -O) execution test
FAIL: libmudflap.c++/pass41-frag.cxx (-O2) execution test
FAIL: libmudflap.c++/pass41-frag.cxx (-O3) execution test
WARNING: program timed out.
FAIL: libmudflap.cth/pass39-frag.c (-O2) (rerun 17) execution test
FAIL: libmudflap.cth/pass39-frag.c (-O2) (rerun 17) output pattern test
WARNING: program timed out.
FAIL: libmudflap.cth/pass39-frag.c (-O3) (rerun 5) execution test
FAIL: libmudflap.cth/pass39-frag.c (-O3) (rerun 5) output pattern test
WARNING: program timed out.
FAIL: libmudflap.cth/pass39-frag.c (-O3) (rerun 7) execution test
FAIL: libmudflap.cth/pass39-frag.c (-O3) (rerun 7) output pattern test
=== libmudflap Summary for unix/-m32 ===
# of expected passes 1879
# of unexpected failures 15
Running target unix/-m64
FAIL: libmudflap.c/pass54-frag.c execution test
FAIL: libmudflap.c/pass54-frag.c execution test
FAIL: libmudflap.c/pass54-frag.c (-static) execution test
FAIL: libmudflap.c/pass54-frag.c (-static) execution test
FAIL: libmudflap.c++/pass41-frag.cxx execution test
FAIL: libmudflap.c++/pass41-frag.cxx (-static) execution test
FAIL: libmudflap.c++/pass41-frag.cxx ( -O) execution test
FAIL: libmudflap.c++/pass41-frag.cxx (-O2) execution test
FAIL: libmudflap.c++/pass41-frag.cxx (-O3) execution test
WARNING: program timed out.
FAIL: libmudflap.cth/pass39-frag.c (-O2) (rerun 12) execution test
FAIL: libmudflap.cth/pass39-frag.c (-O2) (rerun 12) output pattern test
WARNING: program timed out.
FAIL: libmudflap.cth/pass39-frag.c (-O2) (rerun 14) execution test
=== libmudflap Summary for unix/-m64 ===
# of expected passes 1882
# of unexpected failures 12
=== libmudflap Summary ===
# of expected passes 3761
# of unexpected failures 27
=== libstdc++ tests ===
Running target unix/-m32
FAIL: abi_check
XPASS: 26_numerics/headers/cmath/c99_classification_macros_c.cc (test for excess errors)
=== libstdc++ Summary for unix/-m32 ===
# of expected passes 6749
# of unexpected successes 1
# of unexpected failures 1
# of expected failures 81
# of unsupported tests 15
Running target unix/-m64
FAIL: abi_check
XPASS: 26_numerics/complex/13450.cc execution test
XPASS: 26_numerics/complex/complex_value.cc execution test
XPASS: 26_numerics/complex/pow.cc execution test
XPASS: 26_numerics/headers/cmath/c99_classification_macros_c.cc (test for excess errors)
=== libstdc++ Summary for unix/-m64 ===
# of expected passes 6746
# of unexpected successes 4
# of unexpected failures 1
# of expected failures 81
# of unsupported tests 15
=== libstdc++ Summary ===
# of expected passes 13495
# of unexpected failures 2
# of unexpected successes 5
# of expected failures 162
# of unsupported tests 30
Compiler version: 4.5.0 20090614 (experimental) [trunk revision 148470] (GCC)
Platform: powerpc64-unknown-linux-gnu
configure flags: --prefix=/opt/gcc-nightly/trunk-20090614 --build=powerpc64-linux --host=powerpc64-linux --target=powerpc64-linux --with-cpu=default32 --with-as=/opt/gcc-nightly/binutils-20080904/bin/as --with-ld=/opt/gcc-nightly/binutils-20080904/bin/ld --enable-threads=posix --enable-shared --enable-__cxa_atexit --enable-languages=c,c++,fortran --enable-checking --disable-alsa --with-gmp=/opt/gcc-nightly/gmp-mpfr-static --with-mpfr=/opt/gcc-nightly/gmp-mpfr-static --enable-decimal-float
fail XPASS: gcc.test-framework/dg-bogus-exp-XF.c bogus pass test (test for bogus messages, line 6)
fail FAIL: gcc.test-framework/dg-warning-exp-P.c warning test (test for warnings, line 6) (PRMS 42)
fail FAIL: gcc.test-framework/dg-warning-exp-P.c warning test (test for warnings, line 10) (PRMS 42)
fail FAIL: gcc.test-framework/dg-warning-exp-P.c (test for excess errors) (PRMS 42)
=== Test Framework Summary ===
# of expected passes 2527
# of unexpected failures 4
More information about the Gcc-testresults
mailing list