Results for 4.5.0 20090614 (experimental) [trunk revision 148466] (GCC) testsuite on i686-pc-linux-gnu
H.J. Lu ia32
hjl@gnu-9.sc.intel.com
Sun Jun 14 04:31:00 GMT 2009
LAST_UPDATED: Sun Jun 14 02:10:35 UTC 2009 (revision 148466)
Native configuration is i686-pc-linux-gnu
=== gcc tests ===
Running target unix
FAIL: gcc.c-torture/compile/limits-exprparen.c -O0 (test for excess errors)
FAIL: gcc.c-torture/compile/limits-exprparen.c -O1 (test for excess errors)
FAIL: gcc.c-torture/compile/limits-exprparen.c -O2 (test for excess errors)
FAIL: gcc.c-torture/compile/limits-exprparen.c -O3 -fomit-frame-pointer (test for excess errors)
FAIL: gcc.c-torture/compile/limits-exprparen.c -O3 -g (test for excess errors)
FAIL: gcc.c-torture/compile/limits-exprparen.c -Os (test for excess errors)
FAIL: gcc.dg/debug/20000503-1.c -gdwarf-21 (test for excess errors)
FAIL: gcc.dg/debug/20000503-1.c -gdwarf-21 -O (test for excess errors)
FAIL: gcc.dg/debug/20000503-1.c -gdwarf-21 -O3 (test for excess errors)
FAIL: gcc.dg/debug/20000503-1.c -gdwarf-23 (test for excess errors)
FAIL: gcc.dg/debug/20000503-1.c -gdwarf-23 -O (test for excess errors)
FAIL: gcc.dg/debug/20000503-1.c -gdwarf-23 -O3 (test for excess errors)
FAIL: gcc.dg/debug/20010207-1.c -gdwarf-21 (test for excess errors)
FAIL: gcc.dg/debug/20010207-1.c -gdwarf-21 -O (test for excess errors)
FAIL: gcc.dg/debug/20010207-1.c -gdwarf-21 -O3 (test for excess errors)
FAIL: gcc.dg/debug/20010207-1.c -gdwarf-23 (test for excess errors)
FAIL: gcc.dg/debug/20010207-1.c -gdwarf-23 -O (test for excess errors)
FAIL: gcc.dg/debug/20010207-1.c -gdwarf-23 -O3 (test for excess errors)
FAIL: gcc.dg/debug/20011223-1.c -gdwarf-21 (test for excess errors)
FAIL: gcc.dg/debug/20011223-1.c -gdwarf-21 -O (test for excess errors)
FAIL: gcc.dg/debug/20011223-1.c -gdwarf-21 -O3 (test for excess errors)
FAIL: gcc.dg/debug/20011223-1.c -gdwarf-23 (test for excess errors)
FAIL: gcc.dg/debug/20011223-1.c -gdwarf-23 -O (test for excess errors)
FAIL: gcc.dg/debug/20011223-1.c -gdwarf-23 -O3 (test for excess errors)
FAIL: gcc.dg/debug/20020104-2.c -gdwarf-21 (test for excess errors)
FAIL: gcc.dg/debug/20020104-2.c -gdwarf-21 -O (test for excess errors)
FAIL: gcc.dg/debug/20020104-2.c -gdwarf-21 -O3 (test for excess errors)
FAIL: gcc.dg/debug/20020104-2.c -gdwarf-23 (test for excess errors)
FAIL: gcc.dg/debug/20020104-2.c -gdwarf-23 -O (test for excess errors)
FAIL: gcc.dg/debug/20020104-2.c -gdwarf-23 -O3 (test for excess errors)
FAIL: gcc.dg/debug/20020220-1.c -gdwarf-21 (test for excess errors)
WARNING: gcc.dg/debug/20020220-1.c -gdwarf-21 compilation failed to produce executable
FAIL: gcc.dg/debug/20020220-1.c -gdwarf-21 -O (test for excess errors)
WARNING: gcc.dg/debug/20020220-1.c -gdwarf-21 -O compilation failed to produce executable
FAIL: gcc.dg/debug/20020220-1.c -gdwarf-21 -O3 (test for excess errors)
WARNING: gcc.dg/debug/20020220-1.c -gdwarf-21 -O3 compilation failed to produce executable
FAIL: gcc.dg/debug/20020220-1.c -gdwarf-23 (test for excess errors)
WARNING: gcc.dg/debug/20020220-1.c -gdwarf-23 compilation failed to produce executable
FAIL: gcc.dg/debug/20020220-1.c -gdwarf-23 -O (test for excess errors)
WARNING: gcc.dg/debug/20020220-1.c -gdwarf-23 -O compilation failed to produce executable
FAIL: gcc.dg/debug/20020220-1.c -gdwarf-23 -O3 (test for excess errors)
WARNING: gcc.dg/debug/20020220-1.c -gdwarf-23 -O3 compilation failed to produce executable
FAIL: gcc.dg/debug/20020224-1.c -gdwarf-21 (test for excess errors)
FAIL: gcc.dg/debug/20020224-1.c -gdwarf-21 -O (test for excess errors)
FAIL: gcc.dg/debug/20020224-1.c -gdwarf-21 -O3 (test for excess errors)
FAIL: gcc.dg/debug/20020224-1.c -gdwarf-23 (test for excess errors)
FAIL: gcc.dg/debug/20020224-1.c -gdwarf-23 -O (test for excess errors)
FAIL: gcc.dg/debug/20020224-1.c -gdwarf-23 -O3 (test for excess errors)
FAIL: gcc.dg/debug/20020327-1.c -gdwarf-21 (test for excess errors)
FAIL: gcc.dg/debug/20020327-1.c -gdwarf-21 -O (test for excess errors)
FAIL: gcc.dg/debug/20020327-1.c -gdwarf-21 -O3 (test for excess errors)
FAIL: gcc.dg/debug/20020327-1.c -gdwarf-23 (test for excess errors)
FAIL: gcc.dg/debug/20020327-1.c -gdwarf-23 -O (test for excess errors)
FAIL: gcc.dg/debug/20020327-1.c -gdwarf-23 -O3 (test for excess errors)
FAIL: gcc.dg/debug/20030605-1.c -gdwarf-21 (test for excess errors)
FAIL: gcc.dg/debug/20030605-1.c -gdwarf-21 -O (test for excess errors)
FAIL: gcc.dg/debug/20030605-1.c -gdwarf-21 -O3 (test for excess errors)
FAIL: gcc.dg/debug/20030605-1.c -gdwarf-23 (test for excess errors)
FAIL: gcc.dg/debug/20030605-1.c -gdwarf-23 -O (test for excess errors)
FAIL: gcc.dg/debug/20030605-1.c -gdwarf-23 -O3 (test for excess errors)
FAIL: gcc.dg/debug/20031231-1.c -gdwarf-21 (test for excess errors)
FAIL: gcc.dg/debug/20031231-1.c -gdwarf-21 -O (test for excess errors)
FAIL: gcc.dg/debug/20031231-1.c -gdwarf-21 -O3 (test for excess errors)
FAIL: gcc.dg/debug/20031231-1.c -gdwarf-23 (test for excess errors)
FAIL: gcc.dg/debug/20031231-1.c -gdwarf-23 -O (test for excess errors)
FAIL: gcc.dg/debug/20031231-1.c -gdwarf-23 -O3 (test for excess errors)
FAIL: gcc.dg/debug/20041023-1.c -gdwarf-21 (test for excess errors)
FAIL: gcc.dg/debug/20041023-1.c -gdwarf-21 -O (test for excess errors)
FAIL: gcc.dg/debug/20041023-1.c -gdwarf-21 -O3 (test for excess errors)
FAIL: gcc.dg/debug/20041023-1.c -gdwarf-23 (test for excess errors)
FAIL: gcc.dg/debug/20041023-1.c -gdwarf-23 -O (test for excess errors)
FAIL: gcc.dg/debug/20041023-1.c -gdwarf-23 -O3 (test for excess errors)
FAIL: gcc.dg/debug/20041219-1.c -gdwarf-21 (test for excess errors)
FAIL: gcc.dg/debug/20041219-1.c -gdwarf-21 -O (test for excess errors)
FAIL: gcc.dg/debug/20041219-1.c -gdwarf-21 -O3 (test for excess errors)
FAIL: gcc.dg/debug/20041219-1.c -gdwarf-23 (test for excess errors)
FAIL: gcc.dg/debug/20041219-1.c -gdwarf-23 -O (test for excess errors)
FAIL: gcc.dg/debug/20041219-1.c -gdwarf-23 -O3 (test for excess errors)
FAIL: gcc.dg/debug/20050907-1.c -gdwarf-21 (test for excess errors)
FAIL: gcc.dg/debug/20050907-1.c -gdwarf-21 -O (test for excess errors)
FAIL: gcc.dg/debug/20050907-1.c -gdwarf-21 -O3 (test for excess errors)
FAIL: gcc.dg/debug/20050907-1.c -gdwarf-23 (test for excess errors)
FAIL: gcc.dg/debug/20050907-1.c -gdwarf-23 -O (test for excess errors)
FAIL: gcc.dg/debug/20050907-1.c -gdwarf-23 -O3 (test for excess errors)
FAIL: gcc.dg/debug/const-1.c -gdwarf-21 (test for excess errors)
FAIL: gcc.dg/debug/const-1.c -gdwarf-21 -O (test for excess errors)
FAIL: gcc.dg/debug/const-1.c -gdwarf-21 -O3 (test for excess errors)
FAIL: gcc.dg/debug/const-1.c -gdwarf-23 (test for excess errors)
FAIL: gcc.dg/debug/const-1.c -gdwarf-23 -O (test for excess errors)
FAIL: gcc.dg/debug/const-1.c -gdwarf-23 -O3 (test for excess errors)
FAIL: gcc.dg/debug/const-2.c -gdwarf-21 (test for excess errors)
FAIL: gcc.dg/debug/const-2.c -gdwarf-21 -O (test for excess errors)
FAIL: gcc.dg/debug/const-2.c -gdwarf-21 -O3 (test for excess errors)
FAIL: gcc.dg/debug/const-2.c -gdwarf-23 (test for excess errors)
FAIL: gcc.dg/debug/const-2.c -gdwarf-23 -O (test for excess errors)
FAIL: gcc.dg/debug/const-2.c -gdwarf-23 -O3 (test for excess errors)
FAIL: gcc.dg/debug/const-3.c -gdwarf-21 (test for excess errors)
ERROR: gcc.dg/debug/const-3.c: error executing dg-final: couldn't open "const-3.s": no such file or directory
UNRESOLVED: gcc.dg/debug/const-3.c: error executing dg-final: couldn't open "const-3.s": no such file or directory
FAIL: gcc.dg/debug/const-3.c -gdwarf-21 -O (test for excess errors)
ERROR: gcc.dg/debug/const-3.c: error executing dg-final: couldn't open "const-3.s": no such file or directory
UNRESOLVED: gcc.dg/debug/const-3.c: error executing dg-final: couldn't open "const-3.s": no such file or directory
FAIL: gcc.dg/debug/const-3.c -gdwarf-21 -O3 (test for excess errors)
ERROR: gcc.dg/debug/const-3.c: error executing dg-final: couldn't open "const-3.s": no such file or directory
UNRESOLVED: gcc.dg/debug/const-3.c: error executing dg-final: couldn't open "const-3.s": no such file or directory
FAIL: gcc.dg/debug/const-3.c -gdwarf-23 (test for excess errors)
ERROR: gcc.dg/debug/const-3.c: error executing dg-final: couldn't open "const-3.s": no such file or directory
UNRESOLVED: gcc.dg/debug/const-3.c: error executing dg-final: couldn't open "const-3.s": no such file or directory
FAIL: gcc.dg/debug/const-3.c -gdwarf-23 -O (test for excess errors)
ERROR: gcc.dg/debug/const-3.c: error executing dg-final: couldn't open "const-3.s": no such file or directory
UNRESOLVED: gcc.dg/debug/const-3.c: error executing dg-final: couldn't open "const-3.s": no such file or directory
FAIL: gcc.dg/debug/const-3.c -gdwarf-23 -O3 (test for excess errors)
ERROR: gcc.dg/debug/const-3.c: error executing dg-final: couldn't open "const-3.s": no such file or directory
UNRESOLVED: gcc.dg/debug/const-3.c: error executing dg-final: couldn't open "const-3.s": no such file or directory
FAIL: gcc.dg/debug/crash1.c -gdwarf-21 (test for excess errors)
FAIL: gcc.dg/debug/crash1.c -gdwarf-21 -O (test for excess errors)
FAIL: gcc.dg/debug/crash1.c -gdwarf-21 -O3 (test for excess errors)
FAIL: gcc.dg/debug/crash1.c -gdwarf-23 (test for excess errors)
FAIL: gcc.dg/debug/crash1.c -gdwarf-23 -O (test for excess errors)
FAIL: gcc.dg/debug/crash1.c -gdwarf-23 -O3 (test for excess errors)
FAIL: gcc.dg/debug/debug-1.c -gdwarf-23 (test for excess errors)
ERROR: gcc.dg/debug/debug-1.c: error executing dg-final: couldn't open "debug-1.s": no such file or directory
UNRESOLVED: gcc.dg/debug/debug-1.c: error executing dg-final: couldn't open "debug-1.s": no such file or directory
FAIL: gcc.dg/debug/debug-1.c -gdwarf-23 -O (test for excess errors)
ERROR: gcc.dg/debug/debug-1.c: error executing dg-final: couldn't open "debug-1.s": no such file or directory
UNRESOLVED: gcc.dg/debug/debug-1.c: error executing dg-final: couldn't open "debug-1.s": no such file or directory
FAIL: gcc.dg/debug/debug-1.c -gdwarf-23 -O3 (test for excess errors)
ERROR: gcc.dg/debug/debug-1.c: error executing dg-final: couldn't open "debug-1.s": no such file or directory
UNRESOLVED: gcc.dg/debug/debug-1.c: error executing dg-final: couldn't open "debug-1.s": no such file or directory
FAIL: gcc.dg/debug/debug-2.c -gdwarf-23 (test for excess errors)
ERROR: gcc.dg/debug/debug-2.c: error executing dg-final: couldn't open "debug-2.s": no such file or directory
UNRESOLVED: gcc.dg/debug/debug-2.c: error executing dg-final: couldn't open "debug-2.s": no such file or directory
FAIL: gcc.dg/debug/debug-2.c -gdwarf-23 -O (test for excess errors)
ERROR: gcc.dg/debug/debug-2.c: error executing dg-final: couldn't open "debug-2.s": no such file or directory
UNRESOLVED: gcc.dg/debug/debug-2.c: error executing dg-final: couldn't open "debug-2.s": no such file or directory
FAIL: gcc.dg/debug/debug-2.c -gdwarf-23 -O3 (test for excess errors)
ERROR: gcc.dg/debug/debug-2.c: error executing dg-final: couldn't open "debug-2.s": no such file or directory
UNRESOLVED: gcc.dg/debug/debug-2.c: error executing dg-final: couldn't open "debug-2.s": no such file or directory
FAIL: gcc.dg/debug/debug-3.c -gdwarf-21 (test for excess errors)
FAIL: gcc.dg/debug/debug-3.c -gdwarf-21 -O (test for excess errors)
FAIL: gcc.dg/debug/debug-3.c -gdwarf-21 -O3 (test for excess errors)
FAIL: gcc.dg/debug/debug-3.c -gdwarf-23 (test for excess errors)
FAIL: gcc.dg/debug/debug-3.c -gdwarf-23 -O (test for excess errors)
FAIL: gcc.dg/debug/debug-3.c -gdwarf-23 -O3 (test for excess errors)
FAIL: gcc.dg/debug/debug-4.c -gdwarf-21 (test for excess errors)
FAIL: gcc.dg/debug/debug-4.c -gdwarf-21 -O (test for excess errors)
FAIL: gcc.dg/debug/debug-4.c -gdwarf-21 -O3 (test for excess errors)
FAIL: gcc.dg/debug/debug-4.c -gdwarf-23 (test for excess errors)
FAIL: gcc.dg/debug/debug-4.c -gdwarf-23 -O (test for excess errors)
FAIL: gcc.dg/debug/debug-4.c -gdwarf-23 -O3 (test for excess errors)
FAIL: gcc.dg/debug/debug-5.c -gdwarf-21 (test for excess errors)
FAIL: gcc.dg/debug/debug-5.c -gdwarf-21 -O (test for excess errors)
FAIL: gcc.dg/debug/debug-5.c -gdwarf-21 -O3 (test for excess errors)
FAIL: gcc.dg/debug/debug-5.c -gdwarf-23 (test for excess errors)
FAIL: gcc.dg/debug/debug-5.c -gdwarf-23 -O (test for excess errors)
FAIL: gcc.dg/debug/debug-5.c -gdwarf-23 -O3 (test for excess errors)
FAIL: gcc.dg/debug/debug-6.c -gdwarf-23 (test for excess errors)
ERROR: gcc.dg/debug/debug-6.c: error executing dg-final: couldn't open "debug-6.s": no such file or directory
UNRESOLVED: gcc.dg/debug/debug-6.c: error executing dg-final: couldn't open "debug-6.s": no such file or directory
FAIL: gcc.dg/debug/debug-6.c -gdwarf-23 -O (test for excess errors)
ERROR: gcc.dg/debug/debug-6.c: error executing dg-final: couldn't open "debug-6.s": no such file or directory
UNRESOLVED: gcc.dg/debug/debug-6.c: error executing dg-final: couldn't open "debug-6.s": no such file or directory
FAIL: gcc.dg/debug/debug-6.c -gdwarf-23 -O3 (test for excess errors)
ERROR: gcc.dg/debug/debug-6.c: error executing dg-final: couldn't open "debug-6.s": no such file or directory
UNRESOLVED: gcc.dg/debug/debug-6.c: error executing dg-final: couldn't open "debug-6.s": no such file or directory
FAIL: gcc.dg/debug/debug-7.c -gdwarf-21 (test for excess errors)
FAIL: gcc.dg/debug/debug-7.c -gdwarf-21 -O (test for excess errors)
FAIL: gcc.dg/debug/debug-7.c -gdwarf-21 -O3 (test for excess errors)
FAIL: gcc.dg/debug/debug-7.c -gdwarf-23 (test for excess errors)
FAIL: gcc.dg/debug/debug-7.c -gdwarf-23 -O (test for excess errors)
FAIL: gcc.dg/debug/debug-7.c -gdwarf-23 -O3 (test for excess errors)
FAIL: gcc.dg/debug/dwarf2-1.c -gdwarf-21 (test for excess errors)
FAIL: gcc.dg/debug/dwarf2-1.c -gdwarf-21 -O (test for excess errors)
FAIL: gcc.dg/debug/dwarf2-1.c -gdwarf-21 -O3 (test for excess errors)
FAIL: gcc.dg/debug/dwarf2-1.c -gdwarf-23 (test for excess errors)
FAIL: gcc.dg/debug/dwarf2-1.c -gdwarf-23 -O (test for excess errors)
FAIL: gcc.dg/debug/dwarf2-1.c -gdwarf-23 -O3 (test for excess errors)
FAIL: gcc.dg/debug/dwarf2-2.c -gdwarf-21 (test for excess errors)
FAIL: gcc.dg/debug/dwarf2-2.c -gdwarf-21 -O (test for excess errors)
FAIL: gcc.dg/debug/dwarf2-2.c -gdwarf-21 -O3 (test for excess errors)
FAIL: gcc.dg/debug/dwarf2-2.c -gdwarf-23 (test for excess errors)
FAIL: gcc.dg/debug/dwarf2-2.c -gdwarf-23 -O (test for excess errors)
FAIL: gcc.dg/debug/dwarf2-2.c -gdwarf-23 -O3 (test for excess errors)
FAIL: gcc.dg/debug/dwarf2-3.c -gdwarf-21 (test for excess errors)
FAIL: gcc.dg/debug/dwarf2-3.c -gdwarf-21 -O (test for excess errors)
FAIL: gcc.dg/debug/dwarf2-3.c -gdwarf-21 -O3 (test for excess errors)
FAIL: gcc.dg/debug/dwarf2-3.c -gdwarf-23 (test for excess errors)
FAIL: gcc.dg/debug/dwarf2-3.c -gdwarf-23 -O (test for excess errors)
FAIL: gcc.dg/debug/dwarf2-3.c -gdwarf-23 -O3 (test for excess errors)
FAIL: gcc.dg/debug/enum-1.c -gdwarf-23 (test for excess errors)
ERROR: gcc.dg/debug/enum-1.c: error executing dg-final: couldn't open "enum-1.s": no such file or directory
UNRESOLVED: gcc.dg/debug/enum-1.c: error executing dg-final: couldn't open "enum-1.s": no such file or directory
FAIL: gcc.dg/debug/enum-1.c -gdwarf-23 -O (test for excess errors)
ERROR: gcc.dg/debug/enum-1.c: error executing dg-final: couldn't open "enum-1.s": no such file or directory
UNRESOLVED: gcc.dg/debug/enum-1.c: error executing dg-final: couldn't open "enum-1.s": no such file or directory
FAIL: gcc.dg/debug/enum-1.c -gdwarf-23 -O3 (test for excess errors)
ERROR: gcc.dg/debug/enum-1.c: error executing dg-final: couldn't open "enum-1.s": no such file or directory
UNRESOLVED: gcc.dg/debug/enum-1.c: error executing dg-final: couldn't open "enum-1.s": no such file or directory
FAIL: gcc.dg/debug/pr16676.c -gdwarf-21 (test for excess errors)
FAIL: gcc.dg/debug/pr16676.c -gdwarf-21 -O (test for excess errors)
FAIL: gcc.dg/debug/pr16676.c -gdwarf-21 -O3 (test for excess errors)
FAIL: gcc.dg/debug/pr16676.c -gdwarf-23 (test for excess errors)
FAIL: gcc.dg/debug/pr16676.c -gdwarf-23 -O (test for excess errors)
FAIL: gcc.dg/debug/pr16676.c -gdwarf-23 -O3 (test for excess errors)
FAIL: gcc.dg/debug/pr26881.c -gdwarf-21 (test for excess errors)
FAIL: gcc.dg/debug/pr26881.c -gdwarf-21 -O (test for excess errors)
FAIL: gcc.dg/debug/pr26881.c -gdwarf-21 -O3 (test for excess errors)
FAIL: gcc.dg/debug/pr26881.c -gdwarf-23 (test for excess errors)
FAIL: gcc.dg/debug/pr26881.c -gdwarf-23 -O (test for excess errors)
FAIL: gcc.dg/debug/pr26881.c -gdwarf-23 -O3 (test for excess errors)
FAIL: gcc.dg/debug/pr29558.c -gdwarf-21 (test for excess errors)
FAIL: gcc.dg/debug/pr29558.c -gdwarf-21 -O (test for excess errors)
FAIL: gcc.dg/debug/pr29558.c -gdwarf-21 -O3 (test for excess errors)
FAIL: gcc.dg/debug/pr29558.c -gdwarf-23 (test for excess errors)
FAIL: gcc.dg/debug/pr29558.c -gdwarf-23 -O (test for excess errors)
FAIL: gcc.dg/debug/pr29558.c -gdwarf-23 -O3 (test for excess errors)
FAIL: gcc.dg/debug/pr29609-1.c -gdwarf-21 (test for excess errors)
WARNING: gcc.dg/debug/pr29609-1.c -gdwarf-21 compilation failed to produce executable
FAIL: gcc.dg/debug/pr29609-1.c -gdwarf-21 -O (test for excess errors)
WARNING: gcc.dg/debug/pr29609-1.c -gdwarf-21 -O compilation failed to produce executable
FAIL: gcc.dg/debug/pr29609-1.c -gdwarf-21 -O3 (test for excess errors)
WARNING: gcc.dg/debug/pr29609-1.c -gdwarf-21 -O3 compilation failed to produce executable
FAIL: gcc.dg/debug/pr29609-1.c -gdwarf-23 (test for excess errors)
WARNING: gcc.dg/debug/pr29609-1.c -gdwarf-23 compilation failed to produce executable
FAIL: gcc.dg/debug/pr29609-1.c -gdwarf-23 -O (test for excess errors)
WARNING: gcc.dg/debug/pr29609-1.c -gdwarf-23 -O compilation failed to produce executable
FAIL: gcc.dg/debug/pr29609-1.c -gdwarf-23 -O3 (test for excess errors)
WARNING: gcc.dg/debug/pr29609-1.c -gdwarf-23 -O3 compilation failed to produce executable
FAIL: gcc.dg/debug/pr29609-2.c -gdwarf-21 (test for excess errors)
WARNING: gcc.dg/debug/pr29609-2.c -gdwarf-21 compilation failed to produce executable
FAIL: gcc.dg/debug/pr29609-2.c -gdwarf-21 -O (test for excess errors)
WARNING: gcc.dg/debug/pr29609-2.c -gdwarf-21 -O compilation failed to produce executable
FAIL: gcc.dg/debug/pr29609-2.c -gdwarf-21 -O3 (test for excess errors)
WARNING: gcc.dg/debug/pr29609-2.c -gdwarf-21 -O3 compilation failed to produce executable
FAIL: gcc.dg/debug/pr29609-2.c -gdwarf-23 (test for excess errors)
WARNING: gcc.dg/debug/pr29609-2.c -gdwarf-23 compilation failed to produce executable
FAIL: gcc.dg/debug/pr29609-2.c -gdwarf-23 -O (test for excess errors)
WARNING: gcc.dg/debug/pr29609-2.c -gdwarf-23 -O compilation failed to produce executable
FAIL: gcc.dg/debug/pr29609-2.c -gdwarf-23 -O3 (test for excess errors)
WARNING: gcc.dg/debug/pr29609-2.c -gdwarf-23 -O3 compilation failed to produce executable
FAIL: gcc.dg/debug/pr32610.c -gdwarf-21 (test for excess errors)
FAIL: gcc.dg/debug/pr32610.c -gdwarf-21 -O (test for excess errors)
FAIL: gcc.dg/debug/pr32610.c -gdwarf-21 -O3 (test for excess errors)
FAIL: gcc.dg/debug/pr32610.c -gdwarf-23 (test for excess errors)
FAIL: gcc.dg/debug/pr32610.c -gdwarf-23 -O (test for excess errors)
FAIL: gcc.dg/debug/pr32610.c -gdwarf-23 -O3 (test for excess errors)
FAIL: gcc.dg/debug/pr33316.c -gdwarf-21 (test for excess errors)
FAIL: gcc.dg/debug/pr33316.c -gdwarf-21 -O (test for excess errors)
FAIL: gcc.dg/debug/pr33316.c -gdwarf-21 -O3 (test for excess errors)
FAIL: gcc.dg/debug/pr33316.c -gdwarf-23 (test for excess errors)
FAIL: gcc.dg/debug/pr33316.c -gdwarf-23 -O (test for excess errors)
FAIL: gcc.dg/debug/pr33316.c -gdwarf-23 -O3 (test for excess errors)
FAIL: gcc.dg/debug/pr36690-1.c -gdwarf-21 (test for excess errors)
WARNING: gcc.dg/debug/pr36690-1.c -gdwarf-21 compilation failed to produce executable
FAIL: gcc.dg/debug/pr36690-1.c -gdwarf-21 -O (test for excess errors)
WARNING: gcc.dg/debug/pr36690-1.c -gdwarf-21 -O compilation failed to produce executable
FAIL: gcc.dg/debug/pr36690-1.c -gdwarf-21 -O3 (test for excess errors)
WARNING: gcc.dg/debug/pr36690-1.c -gdwarf-21 -O3 compilation failed to produce executable
FAIL: gcc.dg/debug/pr36690-1.c -gdwarf-23 (test for excess errors)
WARNING: gcc.dg/debug/pr36690-1.c -gdwarf-23 compilation failed to produce executable
FAIL: gcc.dg/debug/pr36690-1.c -gdwarf-23 -O (test for excess errors)
WARNING: gcc.dg/debug/pr36690-1.c -gdwarf-23 -O compilation failed to produce executable
FAIL: gcc.dg/debug/pr36690-1.c -gdwarf-23 -O3 (test for excess errors)
WARNING: gcc.dg/debug/pr36690-1.c -gdwarf-23 -O3 compilation failed to produce executable
FAIL: gcc.dg/debug/pr36690-2.c -gdwarf-21 (test for excess errors)
WARNING: gcc.dg/debug/pr36690-2.c -gdwarf-21 compilation failed to produce executable
FAIL: gcc.dg/debug/pr36690-2.c -gdwarf-21 -O (test for excess errors)
WARNING: gcc.dg/debug/pr36690-2.c -gdwarf-21 -O compilation failed to produce executable
FAIL: gcc.dg/debug/pr36690-2.c -gdwarf-21 -O3 (test for excess errors)
WARNING: gcc.dg/debug/pr36690-2.c -gdwarf-21 -O3 compilation failed to produce executable
FAIL: gcc.dg/debug/pr36690-2.c -gdwarf-23 (test for excess errors)
WARNING: gcc.dg/debug/pr36690-2.c -gdwarf-23 compilation failed to produce executable
FAIL: gcc.dg/debug/pr36690-2.c -gdwarf-23 -O (test for excess errors)
WARNING: gcc.dg/debug/pr36690-2.c -gdwarf-23 -O compilation failed to produce executable
FAIL: gcc.dg/debug/pr36690-2.c -gdwarf-23 -O3 (test for excess errors)
WARNING: gcc.dg/debug/pr36690-2.c -gdwarf-23 -O3 compilation failed to produce executable
FAIL: gcc.dg/debug/pr36690-3.c -gdwarf-21 (test for excess errors)
WARNING: gcc.dg/debug/pr36690-3.c -gdwarf-21 compilation failed to produce executable
FAIL: gcc.dg/debug/pr36690-3.c -gdwarf-21 -O (test for excess errors)
WARNING: gcc.dg/debug/pr36690-3.c -gdwarf-21 -O compilation failed to produce executable
FAIL: gcc.dg/debug/pr36690-3.c -gdwarf-21 -O3 (test for excess errors)
WARNING: gcc.dg/debug/pr36690-3.c -gdwarf-21 -O3 compilation failed to produce executable
FAIL: gcc.dg/debug/pr36690-3.c -gdwarf-23 (test for excess errors)
WARNING: gcc.dg/debug/pr36690-3.c -gdwarf-23 compilation failed to produce executable
FAIL: gcc.dg/debug/pr36690-3.c -gdwarf-23 -O (test for excess errors)
WARNING: gcc.dg/debug/pr36690-3.c -gdwarf-23 -O compilation failed to produce executable
FAIL: gcc.dg/debug/pr36690-3.c -gdwarf-23 -O3 (test for excess errors)
WARNING: gcc.dg/debug/pr36690-3.c -gdwarf-23 -O3 compilation failed to produce executable
FAIL: gcc.dg/debug/pr37616.c -gdwarf-21 (test for excess errors)
WARNING: gcc.dg/debug/pr37616.c -gdwarf-21 compilation failed to produce executable
FAIL: gcc.dg/debug/pr37616.c -gdwarf-21 -O (test for excess errors)
WARNING: gcc.dg/debug/pr37616.c -gdwarf-21 -O compilation failed to produce executable
FAIL: gcc.dg/debug/pr37616.c -gdwarf-21 -O3 (test for excess errors)
WARNING: gcc.dg/debug/pr37616.c -gdwarf-21 -O3 compilation failed to produce executable
FAIL: gcc.dg/debug/pr37616.c -gdwarf-23 (test for excess errors)
WARNING: gcc.dg/debug/pr37616.c -gdwarf-23 compilation failed to produce executable
FAIL: gcc.dg/debug/pr37616.c -gdwarf-23 -O (test for excess errors)
WARNING: gcc.dg/debug/pr37616.c -gdwarf-23 -O compilation failed to produce executable
FAIL: gcc.dg/debug/pr37616.c -gdwarf-23 -O3 (test for excess errors)
WARNING: gcc.dg/debug/pr37616.c -gdwarf-23 -O3 compilation failed to produce executable
FAIL: gcc.dg/debug/pr39412.c -gdwarf-21 (test for excess errors)
FAIL: gcc.dg/debug/pr39412.c -gdwarf-21 -O (test for excess errors)
FAIL: gcc.dg/debug/pr39412.c -gdwarf-21 -O3 (test for excess errors)
FAIL: gcc.dg/debug/pr39412.c -gdwarf-23 (test for excess errors)
FAIL: gcc.dg/debug/pr39412.c -gdwarf-23 -O (test for excess errors)
FAIL: gcc.dg/debug/pr39412.c -gdwarf-23 -O3 (test for excess errors)
FAIL: gcc.dg/debug/redecl-1.c -gdwarf-21 (test for excess errors)
FAIL: gcc.dg/debug/redecl-1.c -gdwarf-21 -O (test for excess errors)
FAIL: gcc.dg/debug/redecl-1.c -gdwarf-21 -O3 (test for excess errors)
FAIL: gcc.dg/debug/redecl-1.c -gdwarf-23 (test for excess errors)
FAIL: gcc.dg/debug/redecl-1.c -gdwarf-23 -O (test for excess errors)
FAIL: gcc.dg/debug/redecl-1.c -gdwarf-23 -O3 (test for excess errors)
FAIL: gcc.dg/debug/redecl-2.c -gdwarf-21 (test for excess errors)
FAIL: gcc.dg/debug/redecl-2.c -gdwarf-21 -O (test for excess errors)
FAIL: gcc.dg/debug/redecl-2.c -gdwarf-21 -O3 (test for excess errors)
FAIL: gcc.dg/debug/redecl-2.c -gdwarf-23 (test for excess errors)
FAIL: gcc.dg/debug/redecl-2.c -gdwarf-23 -O (test for excess errors)
FAIL: gcc.dg/debug/redecl-2.c -gdwarf-23 -O3 (test for excess errors)
FAIL: gcc.dg/debug/redecl-3.c -gdwarf-21 (test for excess errors)
FAIL: gcc.dg/debug/redecl-3.c -gdwarf-21 -O (test for excess errors)
FAIL: gcc.dg/debug/redecl-3.c -gdwarf-21 -O3 (test for excess errors)
FAIL: gcc.dg/debug/redecl-3.c -gdwarf-23 (test for excess errors)
FAIL: gcc.dg/debug/redecl-3.c -gdwarf-23 -O (test for excess errors)
FAIL: gcc.dg/debug/redecl-3.c -gdwarf-23 -O3 (test for excess errors)
FAIL: gcc.dg/debug/redecl-4.c -gdwarf-21 (test for excess errors)
FAIL: gcc.dg/debug/redecl-4.c -gdwarf-21 -O (test for excess errors)
FAIL: gcc.dg/debug/redecl-4.c -gdwarf-21 -O3 (test for excess errors)
FAIL: gcc.dg/debug/redecl-4.c -gdwarf-23 (test for excess errors)
FAIL: gcc.dg/debug/redecl-4.c -gdwarf-23 -O (test for excess errors)
FAIL: gcc.dg/debug/redecl-4.c -gdwarf-23 -O3 (test for excess errors)
FAIL: gcc.dg/debug/redecl-5.c -gdwarf-21 (test for excess errors)
FAIL: gcc.dg/debug/redecl-5.c -gdwarf-21 -O (test for excess errors)
FAIL: gcc.dg/debug/redecl-5.c -gdwarf-21 -O3 (test for excess errors)
FAIL: gcc.dg/debug/redecl-5.c -gdwarf-23 (test for excess errors)
FAIL: gcc.dg/debug/redecl-5.c -gdwarf-23 -O (test for excess errors)
FAIL: gcc.dg/debug/redecl-5.c -gdwarf-23 -O3 (test for excess errors)
FAIL: gcc.dg/debug/trivial.c -gdwarf-21 (test for excess errors)
WARNING: gcc.dg/debug/trivial.c -gdwarf-21 compilation failed to produce executable
FAIL: gcc.dg/debug/trivial.c -gdwarf-21 -O (test for excess errors)
WARNING: gcc.dg/debug/trivial.c -gdwarf-21 -O compilation failed to produce executable
FAIL: gcc.dg/debug/trivial.c -gdwarf-21 -O3 (test for excess errors)
WARNING: gcc.dg/debug/trivial.c -gdwarf-21 -O3 compilation failed to produce executable
FAIL: gcc.dg/debug/trivial.c -gdwarf-23 (test for excess errors)
WARNING: gcc.dg/debug/trivial.c -gdwarf-23 compilation failed to produce executable
FAIL: gcc.dg/debug/trivial.c -gdwarf-23 -O (test for excess errors)
WARNING: gcc.dg/debug/trivial.c -gdwarf-23 -O compilation failed to produce executable
FAIL: gcc.dg/debug/trivial.c -gdwarf-23 -O3 (test for excess errors)
WARNING: gcc.dg/debug/trivial.c -gdwarf-23 -O3 compilation failed to produce executable
XPASS: gcc.dg/Warray-bounds.c (test for warnings, line 59)
XPASS: gcc.dg/Warray-bounds.c (test for warnings, line 65)
FAIL: gcc.dg/Wshadow-3.c (test for warnings, line 47)
FAIL: gcc.dg/Wshadow-3.c (test for excess errors)
FAIL: gcc.dg/func-ptr-conv-1.c bad conversion (test for warnings, line 40)
FAIL: gcc.dg/func-ptr-conv-1.c bad conversion (test for warnings, line 41)
FAIL: gcc.dg/func-ptr-conv-1.c (test for excess errors)
FAIL: gcc.dg/pr36902.c (test for warnings, line 47)
FAIL: gcc.dg/pr36902.c (test for excess errors)
XPASS: gcc.dg/struct/wo_prof_array_through_pointer.c scan-ipa-dump ipa_struct_reorg "Number of structures to transform is 1"
=== gcc Summary ===
# of expected passes 57391
# of unexpected failures 271
# of unexpected successes 3
# of expected failures 194
# of unresolved testcases 18
# of unsupported tests 463
/export/build/gnu/gcc/build-i686-linux/gcc/xgcc version 4.5.0 20090614 (experimental) [trunk revision 148466] (GCC)
=== gfortran tests ===
Running target unix
FAIL: gfortran.dg/debug/trivial.f -gdwarf-21 (test for excess errors)
FAIL: gfortran.dg/debug/trivial.f -gdwarf-23 (test for excess errors)
=== gfortran Summary ===
# of expected passes 30683
# of unexpected failures 2
# of expected failures 20
# of unsupported tests 105
/export/build/gnu/gcc/build-i686-linux/gcc/testsuite/gfortran/../../gfortran version 4.5.0 20090614 (experimental) [trunk revision 148466] (GCC)
=== g++ tests ===
Running target unix
FAIL: g++.dg/debug/anonunion1.C -gdwarf-21 (test for excess errors)
FAIL: g++.dg/debug/anonunion1.C -gdwarf-21 -O2 (test for excess errors)
FAIL: g++.dg/debug/anonunion1.C -gdwarf-21 -O3 (test for excess errors)
FAIL: g++.dg/debug/anonunion1.C -gdwarf-23 (test for excess errors)
FAIL: g++.dg/debug/anonunion1.C -gdwarf-23 -O2 (test for excess errors)
FAIL: g++.dg/debug/anonunion1.C -gdwarf-23 -O3 (test for excess errors)
FAIL: g++.dg/debug/const1.C -gdwarf-21 (test for excess errors)
FAIL: g++.dg/debug/const1.C -gdwarf-21 -O2 (test for excess errors)
FAIL: g++.dg/debug/const1.C -gdwarf-21 -O3 (test for excess errors)
FAIL: g++.dg/debug/const1.C -gdwarf-23 (test for excess errors)
FAIL: g++.dg/debug/const1.C -gdwarf-23 -O2 (test for excess errors)
FAIL: g++.dg/debug/const1.C -gdwarf-23 -O3 (test for excess errors)
FAIL: g++.dg/debug/const2.C -gdwarf-21 (test for excess errors)
FAIL: g++.dg/debug/const2.C -gdwarf-21 -O2 (test for excess errors)
FAIL: g++.dg/debug/const2.C -gdwarf-21 -O3 (test for excess errors)
FAIL: g++.dg/debug/const2.C -gdwarf-23 (test for excess errors)
FAIL: g++.dg/debug/const2.C -gdwarf-23 -O2 (test for excess errors)
FAIL: g++.dg/debug/const2.C -gdwarf-23 -O3 (test for excess errors)
FAIL: g++.dg/debug/const3.C -gdwarf-21 (test for excess errors)
FAIL: g++.dg/debug/const3.C -gdwarf-21 -O2 (test for excess errors)
FAIL: g++.dg/debug/const3.C -gdwarf-21 -O3 (test for excess errors)
FAIL: g++.dg/debug/const3.C -gdwarf-23 (test for excess errors)
FAIL: g++.dg/debug/const3.C -gdwarf-23 -O2 (test for excess errors)
FAIL: g++.dg/debug/const3.C -gdwarf-23 -O3 (test for excess errors)
FAIL: g++.dg/debug/const4.C -gdwarf-21 (test for excess errors)
FAIL: g++.dg/debug/const4.C -gdwarf-21 -O2 (test for excess errors)
FAIL: g++.dg/debug/const4.C -gdwarf-21 -O3 (test for excess errors)
FAIL: g++.dg/debug/const4.C -gdwarf-23 (test for excess errors)
FAIL: g++.dg/debug/const4.C -gdwarf-23 -O2 (test for excess errors)
FAIL: g++.dg/debug/const4.C -gdwarf-23 -O3 (test for excess errors)
FAIL: g++.dg/debug/crash1.C -gdwarf-21 (test for excess errors)
FAIL: g++.dg/debug/crash1.C -gdwarf-21 -O2 (test for excess errors)
FAIL: g++.dg/debug/crash1.C -gdwarf-21 -O3 (test for excess errors)
FAIL: g++.dg/debug/crash1.C -gdwarf-23 (test for excess errors)
FAIL: g++.dg/debug/crash1.C -gdwarf-23 -O2 (test for excess errors)
FAIL: g++.dg/debug/crash1.C -gdwarf-23 -O3 (test for excess errors)
FAIL: g++.dg/debug/debug1.C -gdwarf-21 (test for excess errors)
FAIL: g++.dg/debug/debug1.C -gdwarf-21 -O2 (test for excess errors)
FAIL: g++.dg/debug/debug1.C -gdwarf-21 -O3 (test for excess errors)
FAIL: g++.dg/debug/debug1.C -gdwarf-23 (test for excess errors)
FAIL: g++.dg/debug/debug1.C -gdwarf-23 -O2 (test for excess errors)
FAIL: g++.dg/debug/debug1.C -gdwarf-23 -O3 (test for excess errors)
FAIL: g++.dg/debug/debug2.C -gdwarf-21 (test for excess errors)
FAIL: g++.dg/debug/debug2.C -gdwarf-21 -O2 (test for excess errors)
FAIL: g++.dg/debug/debug2.C -gdwarf-21 -O3 (test for excess errors)
FAIL: g++.dg/debug/debug2.C -gdwarf-23 (test for excess errors)
FAIL: g++.dg/debug/debug2.C -gdwarf-23 -O2 (test for excess errors)
FAIL: g++.dg/debug/debug2.C -gdwarf-23 -O3 (test for excess errors)
FAIL: g++.dg/debug/debug3.C -gdwarf-21 (test for excess errors)
FAIL: g++.dg/debug/debug3.C -gdwarf-21 -O2 (test for excess errors)
FAIL: g++.dg/debug/debug3.C -gdwarf-21 -O3 (test for excess errors)
FAIL: g++.dg/debug/debug3.C -gdwarf-23 (test for excess errors)
FAIL: g++.dg/debug/debug3.C -gdwarf-23 -O2 (test for excess errors)
FAIL: g++.dg/debug/debug3.C -gdwarf-23 -O3 (test for excess errors)
FAIL: g++.dg/debug/debug4.C -gdwarf-21 (test for excess errors)
FAIL: g++.dg/debug/debug4.C -gdwarf-21 -O2 (test for excess errors)
FAIL: g++.dg/debug/debug4.C -gdwarf-21 -O3 (test for excess errors)
FAIL: g++.dg/debug/debug4.C -gdwarf-23 (test for excess errors)
FAIL: g++.dg/debug/debug4.C -gdwarf-23 -O2 (test for excess errors)
FAIL: g++.dg/debug/debug4.C -gdwarf-23 -O3 (test for excess errors)
FAIL: g++.dg/debug/debug5.C -gdwarf-21 (test for excess errors)
FAIL: g++.dg/debug/debug5.C -gdwarf-21 -O2 (test for excess errors)
FAIL: g++.dg/debug/debug5.C -gdwarf-21 -O3 (test for excess errors)
FAIL: g++.dg/debug/debug5.C -gdwarf-23 (test for excess errors)
FAIL: g++.dg/debug/debug5.C -gdwarf-23 -O2 (test for excess errors)
FAIL: g++.dg/debug/debug5.C -gdwarf-23 -O3 (test for excess errors)
FAIL: g++.dg/debug/debug6.C -gdwarf-21 (test for excess errors)
FAIL: g++.dg/debug/debug6.C -gdwarf-21 -O2 (test for excess errors)
FAIL: g++.dg/debug/debug6.C -gdwarf-21 -O3 (test for excess errors)
FAIL: g++.dg/debug/debug6.C -gdwarf-23 (test for excess errors)
FAIL: g++.dg/debug/debug6.C -gdwarf-23 -O2 (test for excess errors)
FAIL: g++.dg/debug/debug6.C -gdwarf-23 -O3 (test for excess errors)
FAIL: g++.dg/debug/debug7.C -gdwarf-21 (test for errors, line 10)
FAIL: g++.dg/debug/debug7.C -gdwarf-21 (test for excess errors)
FAIL: g++.dg/debug/debug7.C -gdwarf-21 -O2 (test for errors, line 10)
FAIL: g++.dg/debug/debug7.C -gdwarf-21 -O2 (test for excess errors)
FAIL: g++.dg/debug/debug7.C -gdwarf-21 -O3 (test for errors, line 10)
FAIL: g++.dg/debug/debug7.C -gdwarf-21 -O3 (test for excess errors)
FAIL: g++.dg/debug/debug7.C -gdwarf-23 (test for errors, line 10)
FAIL: g++.dg/debug/debug7.C -gdwarf-23 (test for excess errors)
FAIL: g++.dg/debug/debug7.C -gdwarf-23 -O2 (test for errors, line 10)
FAIL: g++.dg/debug/debug7.C -gdwarf-23 -O2 (test for excess errors)
FAIL: g++.dg/debug/debug7.C -gdwarf-23 -O3 (test for errors, line 10)
FAIL: g++.dg/debug/debug7.C -gdwarf-23 -O3 (test for excess errors)
FAIL: g++.dg/debug/debug8.C -gdwarf-21 (test for excess errors)
FAIL: g++.dg/debug/debug8.C -gdwarf-21 -O2 (test for excess errors)
FAIL: g++.dg/debug/debug8.C -gdwarf-21 -O3 (test for excess errors)
FAIL: g++.dg/debug/debug8.C -gdwarf-23 (test for excess errors)
FAIL: g++.dg/debug/debug8.C -gdwarf-23 -O2 (test for excess errors)
FAIL: g++.dg/debug/debug8.C -gdwarf-23 -O3 (test for excess errors)
FAIL: g++.dg/debug/debug9.C -gdwarf-21 (test for excess errors)
FAIL: g++.dg/debug/debug9.C -gdwarf-21 -O2 (test for excess errors)
FAIL: g++.dg/debug/debug9.C -gdwarf-21 -O3 (test for excess errors)
FAIL: g++.dg/debug/debug9.C -gdwarf-23 (test for excess errors)
FAIL: g++.dg/debug/debug9.C -gdwarf-23 -O2 (test for excess errors)
FAIL: g++.dg/debug/debug9.C -gdwarf-23 -O3 (test for excess errors)
FAIL: g++.dg/debug/dwarf2-1.C -gdwarf-21 (test for excess errors)
FAIL: g++.dg/debug/dwarf2-1.C -gdwarf-21 -O2 (test for excess errors)
FAIL: g++.dg/debug/dwarf2-1.C -gdwarf-21 -O3 (test for excess errors)
FAIL: g++.dg/debug/dwarf2-1.C -gdwarf-23 (test for excess errors)
FAIL: g++.dg/debug/dwarf2-1.C -gdwarf-23 -O2 (test for excess errors)
FAIL: g++.dg/debug/dwarf2-1.C -gdwarf-23 -O3 (test for excess errors)
FAIL: g++.dg/debug/dwarf2-2.C -gdwarf-21 (test for excess errors)
FAIL: g++.dg/debug/dwarf2-2.C -gdwarf-21 -O2 (test for excess errors)
FAIL: g++.dg/debug/dwarf2-2.C -gdwarf-21 -O3 (test for excess errors)
FAIL: g++.dg/debug/dwarf2-2.C -gdwarf-23 (test for excess errors)
FAIL: g++.dg/debug/dwarf2-2.C -gdwarf-23 -O2 (test for excess errors)
FAIL: g++.dg/debug/dwarf2-2.C -gdwarf-23 -O3 (test for excess errors)
FAIL: g++.dg/debug/enum-1.C -gdwarf-23 (test for excess errors)
ERROR: g++.dg/debug/enum-1.C: error executing dg-final: couldn't open "enum-1.s": no such file or directory
UNRESOLVED: g++.dg/debug/enum-1.C: error executing dg-final: couldn't open "enum-1.s": no such file or directory
FAIL: g++.dg/debug/enum-1.C -gdwarf-23 -O2 (test for excess errors)
ERROR: g++.dg/debug/enum-1.C: error executing dg-final: couldn't open "enum-1.s": no such file or directory
UNRESOLVED: g++.dg/debug/enum-1.C: error executing dg-final: couldn't open "enum-1.s": no such file or directory
FAIL: g++.dg/debug/enum-1.C -gdwarf-23 -O3 (test for excess errors)
ERROR: g++.dg/debug/enum-1.C: error executing dg-final: couldn't open "enum-1.s": no such file or directory
UNRESOLVED: g++.dg/debug/enum-1.C: error executing dg-final: couldn't open "enum-1.s": no such file or directory
FAIL: g++.dg/debug/enum-2.C -gdwarf-23 (test for excess errors)
ERROR: g++.dg/debug/enum-2.C: error executing dg-final: couldn't open "enum-2.s": no such file or directory
UNRESOLVED: g++.dg/debug/enum-2.C: error executing dg-final: couldn't open "enum-2.s": no such file or directory
FAIL: g++.dg/debug/enum-2.C -gdwarf-23 -O2 (test for excess errors)
ERROR: g++.dg/debug/enum-2.C: error executing dg-final: couldn't open "enum-2.s": no such file or directory
UNRESOLVED: g++.dg/debug/enum-2.C: error executing dg-final: couldn't open "enum-2.s": no such file or directory
FAIL: g++.dg/debug/enum-2.C -gdwarf-23 -O3 (test for excess errors)
ERROR: g++.dg/debug/enum-2.C: error executing dg-final: couldn't open "enum-2.s": no such file or directory
UNRESOLVED: g++.dg/debug/enum-2.C: error executing dg-final: couldn't open "enum-2.s": no such file or directory
FAIL: g++.dg/debug/minimal1.C -gdwarf-21 (test for excess errors)
FAIL: g++.dg/debug/minimal1.C -gdwarf-21 -O2 (test for excess errors)
FAIL: g++.dg/debug/minimal1.C -gdwarf-21 -O3 (test for excess errors)
FAIL: g++.dg/debug/minimal1.C -gdwarf-23 (test for excess errors)
FAIL: g++.dg/debug/minimal1.C -gdwarf-23 -O2 (test for excess errors)
FAIL: g++.dg/debug/minimal1.C -gdwarf-23 -O3 (test for excess errors)
FAIL: g++.dg/debug/namespace1.C -gdwarf-21 (test for excess errors)
FAIL: g++.dg/debug/namespace1.C -gdwarf-21 -O2 (test for excess errors)
FAIL: g++.dg/debug/namespace1.C -gdwarf-21 -O3 (test for excess errors)
FAIL: g++.dg/debug/namespace1.C -gdwarf-23 (test for excess errors)
FAIL: g++.dg/debug/namespace1.C -gdwarf-23 -O2 (test for excess errors)
FAIL: g++.dg/debug/namespace1.C -gdwarf-23 -O3 (test for excess errors)
FAIL: g++.dg/debug/namespace2.C -gdwarf-21 (test for excess errors)
FAIL: g++.dg/debug/namespace2.C -gdwarf-21 -O2 (test for excess errors)
FAIL: g++.dg/debug/namespace2.C -gdwarf-21 -O3 (test for excess errors)
FAIL: g++.dg/debug/namespace2.C -gdwarf-23 (test for excess errors)
FAIL: g++.dg/debug/namespace2.C -gdwarf-23 -O2 (test for excess errors)
FAIL: g++.dg/debug/namespace2.C -gdwarf-23 -O3 (test for excess errors)
FAIL: g++.dg/debug/pr16792.C -gdwarf-21 (test for excess errors)
FAIL: g++.dg/debug/pr16792.C -gdwarf-21 -O2 (test for excess errors)
FAIL: g++.dg/debug/pr16792.C -gdwarf-21 -O3 (test for excess errors)
FAIL: g++.dg/debug/pr16792.C -gdwarf-23 (test for excess errors)
FAIL: g++.dg/debug/pr16792.C -gdwarf-23 -O2 (test for excess errors)
FAIL: g++.dg/debug/pr16792.C -gdwarf-23 -O3 (test for excess errors)
FAIL: g++.dg/debug/pr22514.C -gdwarf-21 (test for errors, line 12)
FAIL: g++.dg/debug/pr22514.C -gdwarf-21 (test for excess errors)
FAIL: g++.dg/debug/pr22514.C -gdwarf-21 -O2 (test for errors, line 12)
FAIL: g++.dg/debug/pr22514.C -gdwarf-21 -O2 (test for excess errors)
FAIL: g++.dg/debug/pr22514.C -gdwarf-21 -O3 (test for errors, line 12)
FAIL: g++.dg/debug/pr22514.C -gdwarf-21 -O3 (test for excess errors)
FAIL: g++.dg/debug/pr22514.C -gdwarf-23 (test for errors, line 12)
FAIL: g++.dg/debug/pr22514.C -gdwarf-23 (test for excess errors)
FAIL: g++.dg/debug/pr22514.C -gdwarf-23 -O2 (test for errors, line 12)
FAIL: g++.dg/debug/pr22514.C -gdwarf-23 -O2 (test for excess errors)
FAIL: g++.dg/debug/pr22514.C -gdwarf-23 -O3 (test for errors, line 12)
FAIL: g++.dg/debug/pr22514.C -gdwarf-23 -O3 (test for excess errors)
FAIL: g++.dg/debug/pr27657.C -gdwarf-21 (test for excess errors)
FAIL: g++.dg/debug/pr27657.C -gdwarf-21 -O2 (test for excess errors)
FAIL: g++.dg/debug/pr27657.C -gdwarf-21 -O3 (test for excess errors)
FAIL: g++.dg/debug/pr27657.C -gdwarf-23 (test for excess errors)
FAIL: g++.dg/debug/pr27657.C -gdwarf-23 -O2 (test for excess errors)
FAIL: g++.dg/debug/pr27657.C -gdwarf-23 -O3 (test for excess errors)
FAIL: g++.dg/debug/pr29906.C -gdwarf-21 (test for excess errors)
FAIL: g++.dg/debug/pr29906.C -gdwarf-21 -O2 (test for excess errors)
FAIL: g++.dg/debug/pr29906.C -gdwarf-21 -O3 (test for excess errors)
FAIL: g++.dg/debug/pr29906.C -gdwarf-23 (test for excess errors)
FAIL: g++.dg/debug/pr29906.C -gdwarf-23 -O2 (test for excess errors)
FAIL: g++.dg/debug/pr29906.C -gdwarf-23 -O3 (test for excess errors)
FAIL: g++.dg/debug/pr30898.C -gdwarf-21 (test for excess errors)
FAIL: g++.dg/debug/pr30898.C -gdwarf-21 -O2 (test for excess errors)
FAIL: g++.dg/debug/pr30898.C -gdwarf-21 -O3 (test for excess errors)
FAIL: g++.dg/debug/pr30898.C -gdwarf-23 (test for excess errors)
FAIL: g++.dg/debug/pr30898.C -gdwarf-23 -O2 (test for excess errors)
FAIL: g++.dg/debug/pr30898.C -gdwarf-23 -O3 (test for excess errors)
FAIL: g++.dg/debug/pr34895.C -gdwarf-21 (test for excess errors)
FAIL: g++.dg/debug/pr34895.C -gdwarf-21 -O2 (test for excess errors)
FAIL: g++.dg/debug/pr34895.C -gdwarf-21 -O3 (test for excess errors)
FAIL: g++.dg/debug/pr34895.C -gdwarf-23 (test for excess errors)
FAIL: g++.dg/debug/pr34895.C -gdwarf-23 -O2 (test for excess errors)
FAIL: g++.dg/debug/pr34895.C -gdwarf-23 -O3 (test for excess errors)
FAIL: g++.dg/debug/static1.C -gdwarf-21 (test for excess errors)
FAIL: g++.dg/debug/static1.C -gdwarf-21 -O2 (test for excess errors)
FAIL: g++.dg/debug/static1.C -gdwarf-21 -O3 (test for excess errors)
FAIL: g++.dg/debug/static1.C -gdwarf-23 (test for excess errors)
FAIL: g++.dg/debug/static1.C -gdwarf-23 -O2 (test for excess errors)
FAIL: g++.dg/debug/static1.C -gdwarf-23 -O3 (test for excess errors)
FAIL: g++.dg/debug/template1.C -gdwarf-21 (test for excess errors)
FAIL: g++.dg/debug/template1.C -gdwarf-21 -O2 (test for excess errors)
FAIL: g++.dg/debug/template1.C -gdwarf-21 -O3 (test for excess errors)
FAIL: g++.dg/debug/template1.C -gdwarf-23 (test for excess errors)
FAIL: g++.dg/debug/template1.C -gdwarf-23 -O2 (test for excess errors)
FAIL: g++.dg/debug/template1.C -gdwarf-23 -O3 (test for excess errors)
FAIL: g++.dg/debug/trivial.C -gdwarf-21 (test for excess errors)
WARNING: g++.dg/debug/trivial.C -gdwarf-21 compilation failed to produce executable
FAIL: g++.dg/debug/trivial.C -gdwarf-21 -O2 (test for excess errors)
WARNING: g++.dg/debug/trivial.C -gdwarf-21 -O2 compilation failed to produce executable
FAIL: g++.dg/debug/trivial.C -gdwarf-21 -O3 (test for excess errors)
WARNING: g++.dg/debug/trivial.C -gdwarf-21 -O3 compilation failed to produce executable
FAIL: g++.dg/debug/trivial.C -gdwarf-23 (test for excess errors)
WARNING: g++.dg/debug/trivial.C -gdwarf-23 compilation failed to produce executable
FAIL: g++.dg/debug/trivial.C -gdwarf-23 -O2 (test for excess errors)
WARNING: g++.dg/debug/trivial.C -gdwarf-23 -O2 compilation failed to produce executable
FAIL: g++.dg/debug/trivial.C -gdwarf-23 -O3 (test for excess errors)
WARNING: g++.dg/debug/trivial.C -gdwarf-23 -O3 compilation failed to produce executable
FAIL: g++.dg/debug/typedef1.C -gdwarf-21 (test for excess errors)
FAIL: g++.dg/debug/typedef1.C -gdwarf-21 -O2 (test for excess errors)
FAIL: g++.dg/debug/typedef1.C -gdwarf-21 -O3 (test for excess errors)
FAIL: g++.dg/debug/typedef1.C -gdwarf-23 (test for excess errors)
FAIL: g++.dg/debug/typedef1.C -gdwarf-23 -O2 (test for excess errors)
FAIL: g++.dg/debug/typedef1.C -gdwarf-23 -O3 (test for excess errors)
FAIL: g++.dg/debug/typedef2.C -gdwarf-21 (test for excess errors)
FAIL: g++.dg/debug/typedef2.C -gdwarf-21 -O2 (test for excess errors)
FAIL: g++.dg/debug/typedef2.C -gdwarf-21 -O3 (test for excess errors)
FAIL: g++.dg/debug/typedef2.C -gdwarf-23 (test for excess errors)
FAIL: g++.dg/debug/typedef2.C -gdwarf-23 -O2 (test for excess errors)
FAIL: g++.dg/debug/typedef2.C -gdwarf-23 -O3 (test for excess errors)
FAIL: g++.dg/debug/typedef3.C -gdwarf-21 (test for excess errors)
FAIL: g++.dg/debug/typedef3.C -gdwarf-21 -O2 (test for excess errors)
FAIL: g++.dg/debug/typedef3.C -gdwarf-21 -O3 (test for excess errors)
FAIL: g++.dg/debug/typedef3.C -gdwarf-23 (test for excess errors)
FAIL: g++.dg/debug/typedef3.C -gdwarf-23 -O2 (test for excess errors)
FAIL: g++.dg/debug/typedef3.C -gdwarf-23 -O3 (test for excess errors)
FAIL: g++.dg/debug/using1.C -gdwarf-21 (test for excess errors)
FAIL: g++.dg/debug/using1.C -gdwarf-21 -O2 (test for excess errors)
FAIL: g++.dg/debug/using1.C -gdwarf-21 -O3 (test for excess errors)
FAIL: g++.dg/debug/using1.C -gdwarf-23 (test for excess errors)
FAIL: g++.dg/debug/using1.C -gdwarf-23 -O2 (test for excess errors)
FAIL: g++.dg/debug/using1.C -gdwarf-23 -O3 (test for excess errors)
FAIL: g++.dg/debug/using2.C -gdwarf-21 (test for excess errors)
FAIL: g++.dg/debug/using2.C -gdwarf-21 -O2 (test for excess errors)
FAIL: g++.dg/debug/using2.C -gdwarf-21 -O3 (test for excess errors)
FAIL: g++.dg/debug/using2.C -gdwarf-23 (test for excess errors)
FAIL: g++.dg/debug/using2.C -gdwarf-23 -O2 (test for excess errors)
FAIL: g++.dg/debug/using2.C -gdwarf-23 -O3 (test for excess errors)
FAIL: g++.dg/debug/using3.C -gdwarf-21 (test for excess errors)
FAIL: g++.dg/debug/using3.C -gdwarf-21 -O2 (test for excess errors)
FAIL: g++.dg/debug/using3.C -gdwarf-21 -O3 (test for excess errors)
FAIL: g++.dg/debug/using3.C -gdwarf-23 (test for excess errors)
FAIL: g++.dg/debug/using3.C -gdwarf-23 -O2 (test for excess errors)
FAIL: g++.dg/debug/using3.C -gdwarf-23 -O3 (test for excess errors)
FAIL: g++.dg/debug/vartrack1.C -gdwarf-21 (test for excess errors)
FAIL: g++.dg/debug/vartrack1.C -gdwarf-21 -O2 (test for excess errors)
FAIL: g++.dg/debug/vartrack1.C -gdwarf-21 -O3 (test for excess errors)
FAIL: g++.dg/debug/vartrack1.C -gdwarf-23 (test for excess errors)
FAIL: g++.dg/debug/vartrack1.C -gdwarf-23 -O2 (test for excess errors)
FAIL: g++.dg/debug/vartrack1.C -gdwarf-23 -O3 (test for excess errors)
FAIL: g++.dg/torture/pr32950.C -O1 (internal compiler error)
FAIL: g++.dg/torture/pr32950.C -O1 (test for excess errors)
FAIL: g++.dg/torture/pr32950.C -O2 (internal compiler error)
FAIL: g++.dg/torture/pr32950.C -O2 (test for excess errors)
FAIL: g++.dg/torture/pr32950.C -O3 -fomit-frame-pointer (internal compiler error)
FAIL: g++.dg/torture/pr32950.C -O3 -fomit-frame-pointer (test for excess errors)
FAIL: g++.dg/torture/pr32950.C -O3 -g (internal compiler error)
FAIL: g++.dg/torture/pr32950.C -O3 -g (test for excess errors)
FAIL: g++.dg/torture/pr32950.C -Os (internal compiler error)
FAIL: g++.dg/torture/pr32950.C -Os (test for excess errors)
=== g++ Summary ===
# of expected passes 19907
# of unexpected failures 244
# of expected failures 148
# of unresolved testcases 6
# of unsupported tests 102
/export/build/gnu/gcc/build-i686-linux/gcc/testsuite/g++/../../g++ version 4.5.0 20090614 (experimental) [trunk revision 148466] (GCC)
=== objc tests ===
Running target unix
=== objc Summary ===
# of expected passes 1873
# of expected failures 7
# of unsupported tests 24
/export/build/gnu/gcc/build-i686-linux/gcc/xgcc version 4.5.0 20090614 (experimental) [trunk revision 148466] (GCC)
=== libffi tests ===
Running target unix
=== libffi Summary ===
# of expected passes 1589
# of expected failures 15
# of unsupported tests 15
=== libgomp tests ===
Running target unix
=== libgomp Summary ===
# of expected passes 2408
=== libjava tests ===
Running target unix
=== libjava Summary ===
# of expected passes 2574
=== libmudflap tests ===
Running target unix
FAIL: libmudflap.c/fail17-frag.c (-static) (test for excess errors)
FAIL: libmudflap.c/fail23-frag.c (-static) (test for excess errors)
FAIL: libmudflap.c/fail25-frag.c (-static) (test for excess errors)
FAIL: libmudflap.c/fail4-frag.c (-static) (test for excess errors)
FAIL: libmudflap.c/fail5-frag.c (-static) (test for excess errors)
FAIL: libmudflap.c/fail6-frag.c (-static) (test for excess errors)
FAIL: libmudflap.c/fail7-frag.c (-static) (test for excess errors)
FAIL: libmudflap.c/fail8-frag.c (-static) (test for excess errors)
FAIL: libmudflap.c/fail9-frag.c (-static) (test for excess errors)
FAIL: libmudflap.c/heap-scalestress.c (-static) (test for excess errors)
FAIL: libmudflap.c/hook-allocstuff.c (-static) (test for excess errors)
FAIL: libmudflap.c/pass-stratcliff.c (-static) (test for excess errors)
FAIL: libmudflap.c/pass30-frag.c (-static) (test for excess errors)
FAIL: libmudflap.c/pass30-frag.c (-static) (test for excess errors)
FAIL: libmudflap.c/pass4-frag.c (-static) (test for excess errors)
FAIL: libmudflap.c/pass4-frag.c (-static) (test for excess errors)
FAIL: libmudflap.c/pass45-frag.c (-static) (test for excess errors)
FAIL: libmudflap.c/pass45-frag.c (-static) (test for excess errors)
FAIL: libmudflap.c/pass46-frag.c (-static) (test for excess errors)
FAIL: libmudflap.c/pass46-frag.c (-static) (test for excess errors)
FAIL: libmudflap.c/pass47-frag.c (-static) (test for excess errors)
FAIL: libmudflap.c/pass47-frag.c (-static) (test for excess errors)
FAIL: libmudflap.c/pass49-frag.c (-static) (test for excess errors)
FAIL: libmudflap.c/pass49-frag.c (-static) (test for excess errors)
FAIL: libmudflap.c/pass5-frag.c (-static) (test for excess errors)
FAIL: libmudflap.c/pass5-frag.c (-static) (test for excess errors)
FAIL: libmudflap.c/pass51-frag.c (-static) (test for excess errors)
FAIL: libmudflap.c/pass51-frag.c (-static) (test for excess errors)
FAIL: libmudflap.c/pass52-frag.c (-static) (test for excess errors)
FAIL: libmudflap.c/pass52-frag.c (-static) (test for excess errors)
FAIL: libmudflap.c/pass6-frag.c (-static) (test for excess errors)
FAIL: libmudflap.c/pass6-frag.c (-static) (test for excess errors)
FAIL: libmudflap.c/pass7-frag.c (-static) (test for excess errors)
FAIL: libmudflap.c/pass7-frag.c (-static) (test for excess errors)
FAIL: libmudflap.c/pass8-frag.c (-static) (test for excess errors)
FAIL: libmudflap.c/pass8-frag.c (-static) (test for excess errors)
FAIL: libmudflap.c/pass9-frag.c (-static) (test for excess errors)
FAIL: libmudflap.c/pass9-frag.c (-static) (test for excess errors)
FAIL: libmudflap.c++/pass41-frag.cxx execution test
FAIL: libmudflap.c++/fail24-frag.cxx (-static) (test for excess errors)
FAIL: libmudflap.c++/pass31-frag.cxx (-static) (test for excess errors)
FAIL: libmudflap.c++/pass41-frag.cxx (-static) execution test
FAIL: libmudflap.c++/pass41-frag.cxx ( -O) execution test
FAIL: libmudflap.c++/pass41-frag.cxx (-O2) execution test
FAIL: libmudflap.c++/pass41-frag.cxx (-O3) execution test
FAIL: libmudflap.cth/pass37-frag.c (-static -DSTATIC) (test for excess errors)
FAIL: libmudflap.cth/pass37-frag.c (-static -DSTATIC) execution test
FAIL: libmudflap.cth/pass37-frag.c (-static -DSTATIC) output pattern test
FAIL: libmudflap.cth/pass37-frag.c (-static -DSTATIC) (rerun 1) execution test
FAIL: libmudflap.cth/pass37-frag.c (-static -DSTATIC) (rerun 1) output pattern test
FAIL: libmudflap.cth/pass37-frag.c (-static -DSTATIC) (rerun 2) execution test
FAIL: libmudflap.cth/pass37-frag.c (-static -DSTATIC) (rerun 2) output pattern test
FAIL: libmudflap.cth/pass37-frag.c (-static -DSTATIC) (rerun 3) execution test
FAIL: libmudflap.cth/pass37-frag.c (-static -DSTATIC) (rerun 3) output pattern test
FAIL: libmudflap.cth/pass37-frag.c (-static -DSTATIC) (rerun 4) execution test
FAIL: libmudflap.cth/pass37-frag.c (-static -DSTATIC) (rerun 4) output pattern test
FAIL: libmudflap.cth/pass37-frag.c (-static -DSTATIC) (rerun 5) execution test
FAIL: libmudflap.cth/pass37-frag.c (-static -DSTATIC) (rerun 5) output pattern test
FAIL: libmudflap.cth/pass37-frag.c (-static -DSTATIC) (rerun 6) execution test
FAIL: libmudflap.cth/pass37-frag.c (-static -DSTATIC) (rerun 6) output pattern test
FAIL: libmudflap.cth/pass37-frag.c (-static -DSTATIC) (rerun 7) execution test
FAIL: libmudflap.cth/pass37-frag.c (-static -DSTATIC) (rerun 7) output pattern test
FAIL: libmudflap.cth/pass37-frag.c (-static -DSTATIC) (rerun 8) execution test
FAIL: libmudflap.cth/pass37-frag.c (-static -DSTATIC) (rerun 8) output pattern test
FAIL: libmudflap.cth/pass37-frag.c (-static -DSTATIC) (rerun 9) execution test
FAIL: libmudflap.cth/pass37-frag.c (-static -DSTATIC) (rerun 9) output pattern test
FAIL: libmudflap.cth/pass37-frag.c (-static -DSTATIC) (rerun 10) execution test
FAIL: libmudflap.cth/pass37-frag.c (-static -DSTATIC) (rerun 10) output pattern test
FAIL: libmudflap.cth/pass37-frag.c (-static -DSTATIC) (rerun 11) execution test
FAIL: libmudflap.cth/pass37-frag.c (-static -DSTATIC) (rerun 11) output pattern test
FAIL: libmudflap.cth/pass37-frag.c (-static -DSTATIC) (rerun 12) execution test
FAIL: libmudflap.cth/pass37-frag.c (-static -DSTATIC) (rerun 12) output pattern test
FAIL: libmudflap.cth/pass37-frag.c (-static -DSTATIC) (rerun 13) execution test
FAIL: libmudflap.cth/pass37-frag.c (-static -DSTATIC) (rerun 13) output pattern test
FAIL: libmudflap.cth/pass37-frag.c (-static -DSTATIC) (rerun 14) execution test
FAIL: libmudflap.cth/pass37-frag.c (-static -DSTATIC) (rerun 14) output pattern test
FAIL: libmudflap.cth/pass37-frag.c (-static -DSTATIC) (rerun 15) execution test
FAIL: libmudflap.cth/pass37-frag.c (-static -DSTATIC) (rerun 15) output pattern test
FAIL: libmudflap.cth/pass37-frag.c (-static -DSTATIC) (rerun 16) execution test
FAIL: libmudflap.cth/pass37-frag.c (-static -DSTATIC) (rerun 16) output pattern test
FAIL: libmudflap.cth/pass37-frag.c (-static -DSTATIC) (rerun 17) execution test
FAIL: libmudflap.cth/pass37-frag.c (-static -DSTATIC) (rerun 17) output pattern test
FAIL: libmudflap.cth/pass37-frag.c (-static -DSTATIC) (rerun 18) execution test
FAIL: libmudflap.cth/pass37-frag.c (-static -DSTATIC) (rerun 18) output pattern test
FAIL: libmudflap.cth/pass37-frag.c (-static -DSTATIC) (rerun 19) execution test
FAIL: libmudflap.cth/pass37-frag.c (-static -DSTATIC) (rerun 19) output pattern test
FAIL: libmudflap.cth/pass39-frag.c (-static -DSTATIC) (test for excess errors)
FAIL: libmudflap.cth/pass39-frag.c (-static -DSTATIC) execution test
FAIL: libmudflap.cth/pass39-frag.c (-static -DSTATIC) output pattern test
FAIL: libmudflap.cth/pass39-frag.c (-static -DSTATIC) (rerun 1) execution test
FAIL: libmudflap.cth/pass39-frag.c (-static -DSTATIC) (rerun 1) output pattern test
FAIL: libmudflap.cth/pass39-frag.c (-static -DSTATIC) (rerun 2) execution test
FAIL: libmudflap.cth/pass39-frag.c (-static -DSTATIC) (rerun 2) output pattern test
FAIL: libmudflap.cth/pass39-frag.c (-static -DSTATIC) (rerun 3) execution test
FAIL: libmudflap.cth/pass39-frag.c (-static -DSTATIC) (rerun 3) output pattern test
FAIL: libmudflap.cth/pass39-frag.c (-static -DSTATIC) (rerun 4) execution test
FAIL: libmudflap.cth/pass39-frag.c (-static -DSTATIC) (rerun 4) output pattern test
FAIL: libmudflap.cth/pass39-frag.c (-static -DSTATIC) (rerun 5) execution test
FAIL: libmudflap.cth/pass39-frag.c (-static -DSTATIC) (rerun 5) output pattern test
FAIL: libmudflap.cth/pass39-frag.c (-static -DSTATIC) (rerun 6) execution test
FAIL: libmudflap.cth/pass39-frag.c (-static -DSTATIC) (rerun 6) output pattern test
FAIL: libmudflap.cth/pass39-frag.c (-static -DSTATIC) (rerun 7) execution test
FAIL: libmudflap.cth/pass39-frag.c (-static -DSTATIC) (rerun 7) output pattern test
FAIL: libmudflap.cth/pass39-frag.c (-static -DSTATIC) (rerun 8) execution test
FAIL: libmudflap.cth/pass39-frag.c (-static -DSTATIC) (rerun 8) output pattern test
FAIL: libmudflap.cth/pass39-frag.c (-static -DSTATIC) (rerun 9) execution test
FAIL: libmudflap.cth/pass39-frag.c (-static -DSTATIC) (rerun 9) output pattern test
FAIL: libmudflap.cth/pass39-frag.c (-static -DSTATIC) (rerun 10) execution test
FAIL: libmudflap.cth/pass39-frag.c (-static -DSTATIC) (rerun 10) output pattern test
FAIL: libmudflap.cth/pass39-frag.c (-static -DSTATIC) (rerun 11) execution test
FAIL: libmudflap.cth/pass39-frag.c (-static -DSTATIC) (rerun 11) output pattern test
FAIL: libmudflap.cth/pass39-frag.c (-static -DSTATIC) (rerun 12) execution test
FAIL: libmudflap.cth/pass39-frag.c (-static -DSTATIC) (rerun 12) output pattern test
FAIL: libmudflap.cth/pass39-frag.c (-static -DSTATIC) (rerun 13) execution test
FAIL: libmudflap.cth/pass39-frag.c (-static -DSTATIC) (rerun 13) output pattern test
FAIL: libmudflap.cth/pass39-frag.c (-static -DSTATIC) (rerun 14) execution test
FAIL: libmudflap.cth/pass39-frag.c (-static -DSTATIC) (rerun 14) output pattern test
FAIL: libmudflap.cth/pass39-frag.c (-static -DSTATIC) (rerun 15) execution test
FAIL: libmudflap.cth/pass39-frag.c (-static -DSTATIC) (rerun 15) output pattern test
FAIL: libmudflap.cth/pass39-frag.c (-static -DSTATIC) (rerun 16) execution test
FAIL: libmudflap.cth/pass39-frag.c (-static -DSTATIC) (rerun 16) output pattern test
FAIL: libmudflap.cth/pass39-frag.c (-static -DSTATIC) (rerun 17) execution test
FAIL: libmudflap.cth/pass39-frag.c (-static -DSTATIC) (rerun 17) output pattern test
FAIL: libmudflap.cth/pass39-frag.c (-static -DSTATIC) (rerun 18) execution test
FAIL: libmudflap.cth/pass39-frag.c (-static -DSTATIC) (rerun 18) output pattern test
FAIL: libmudflap.cth/pass39-frag.c (-static -DSTATIC) (rerun 19) execution test
FAIL: libmudflap.cth/pass39-frag.c (-static -DSTATIC) (rerun 19) output pattern test
FAIL: libmudflap.cth/pass40-frag.c (-static -DSTATIC) (test for excess errors)
FAIL: libmudflap.cth/pass40-frag.c (-static -DSTATIC) execution test
FAIL: libmudflap.cth/pass40-frag.c (-static -DSTATIC) output pattern test
FAIL: libmudflap.cth/pass59-frag.c (-static -DSTATIC) (test for excess errors)
FAIL: libmudflap.cth/pass59-frag.c (-static -DSTATIC) execution test
FAIL: libmudflap.cth/pass59-frag.c (-static -DSTATIC) output pattern test
FAIL: libmudflap.cth/pass39-frag.c (-O2) (rerun 17) execution test
FAIL: libmudflap.cth/pass39-frag.c (-O2) (rerun 17) output pattern test
=== libmudflap Summary ===
# of expected passes 1759
# of unexpected failures 135
=== libstdc++ tests ===
Running target unix
XPASS: 26_numerics/headers/cmath/c99_classification_macros_c.cc (test for excess errors)
FAIL: ext/pb_ds/regression/hash_data_map_rand.cc execution test
FAIL: ext/pb_ds/regression/hash_no_data_map_rand.cc execution test
FAIL: ext/pb_ds/regression/list_update_data_map_rand.cc execution test
FAIL: ext/pb_ds/regression/list_update_no_data_map_rand.cc execution test
FAIL: ext/pb_ds/regression/tree_data_map_rand.cc execution test
FAIL: ext/pb_ds/regression/tree_no_data_map_rand.cc execution test
FAIL: ext/pb_ds/regression/trie_data_map_rand.cc execution test
FAIL: ext/pb_ds/regression/trie_no_data_map_rand.cc execution test
WARNING: program timed out.
WARNING: program timed out.
=== libstdc++ Summary ===
# of expected passes 6725
# of unexpected failures 8
# of unexpected successes 1
# of expected failures 81
# of unsupported tests 24
Compiler version: 4.5.0 20090614 (experimental) [trunk revision 148466] (GCC)
Platform: i686-pc-linux-gnu
configure flags: --enable-clocale=gnu --with-system-zlib --enable-checking=assert --with-demangler-in-ld --enable-shared --enable-threads=posix --enable-haifa --prefix=/usr/gcc-4.5 --with-local-prefix=/usr/local
More information about the Gcc-testresults
mailing list