Results for 4.5.0 20090609 (experimental) (GCC) testsuite on arm-none-eabi
CodeSourcery Automatic Testing System
gcc@codesourcery.com
Wed Jun 10 09:52:00 GMT 2009
LAST_UPDATED: Tue Jun 9 07:19:32 UTC 2009 (/trunk revision 148308)
Target is arm-none-eabi
Host is i686-pc-linux-gnu
=== g++ tests ===
Running target arm-sim-fsf
FAIL: tmpdir-g++.dg-struct-layout-1/t004 cp_compat_x_tst.o compile
FAIL: tmpdir-g++.dg-struct-layout-1/t004 cp_compat_y_tst.o compile
FAIL: g++.dg/conversion/enum1.C execution test
FAIL: g++.dg/ipa/iinline-1.C scan-ipa-dump inline "String::funcOne[^\\n]*inline copy in int main"
XPASS: g++.dg/other/packed1.C execution test
FAIL: g++.dg/template/cond5.C (internal compiler error)
FAIL: g++.dg/template/cond5.C (test for excess errors)
FAIL: g++.dg/tree-ssa/ehcleanup-1.C scan-tree-dump-times ehcleanup1 "Empty EH handler" 1
FAIL: g++.dg/tree-ssa/new1.C scan-tree-dump-not forwprop1 "= .* \\+ -"
FAIL: g++.dg/torture/pr32950.C -O1 (internal compiler error)
FAIL: g++.dg/torture/pr32950.C -O1 (test for excess errors)
FAIL: g++.dg/torture/pr32950.C -O2 (internal compiler error)
FAIL: g++.dg/torture/pr32950.C -O2 (test for excess errors)
FAIL: g++.dg/torture/pr32950.C -O3 -fomit-frame-pointer (internal compiler error)
FAIL: g++.dg/torture/pr32950.C -O3 -fomit-frame-pointer (test for excess errors)
FAIL: g++.dg/torture/pr32950.C -O3 -g (internal compiler error)
FAIL: g++.dg/torture/pr32950.C -O3 -g (test for excess errors)
FAIL: g++.dg/torture/pr32950.C -Os (internal compiler error)
FAIL: g++.dg/torture/pr32950.C -Os (test for excess errors)
=== g++ Summary ===
# of expected passes 18885
# of unexpected failures 18
# of unexpected successes 1
# of expected failures 147
# of unsupported tests 183
/scratch/gcc/nightly-2009-06-09-mainline/arm-none-eabi/obj/test-mainline-0-arm-none-eabi/host-i686-pc-linux-gnu/fsf-mainline/bin/arm-none-eabi-g++ version 4.5.0 20090609 (experimental) (GCC)
Host is i686-pc-linux-gnu
=== gcc tests ===
Running target arm-sim-fsf
FAIL: gcc.c-torture/compile/pr39845.c -O0 (test for excess errors)
FAIL: gcc.c-torture/compile/pr39845.c -O1 (test for excess errors)
FAIL: gcc.c-torture/compile/pr39845.c -O2 (test for excess errors)
FAIL: gcc.c-torture/compile/pr39845.c -O3 -fomit-frame-pointer (test for excess errors)
FAIL: gcc.c-torture/compile/pr39845.c -O3 -fomit-frame-pointer -funroll-loops (test for excess errors)
FAIL: gcc.c-torture/compile/pr39845.c -O3 -fomit-frame-pointer -funroll-all-loops -finline-functions (test for excess errors)
FAIL: gcc.c-torture/compile/pr39845.c -O3 -g (test for excess errors)
FAIL: gcc.c-torture/compile/pr39845.c -Os (test for excess errors)
FAIL: gcc.dg/compat/struct-layout-1 c_compat_x_tst.o compile
FAIL: gcc.dg/compat/struct-layout-1 c_compat_y_tst.o compile
UNRESOLVED: gcc.dg/compat/struct-layout-1 c_compat_x_tst.o-c_compat_y_tst.o link
UNRESOLVED: gcc.dg/compat/struct-layout-1 c_compat_x_tst.o-c_compat_y_tst.o execute
XPASS: gcc.dg/Warray-bounds.c (test for warnings, line 59)
XPASS: gcc.dg/Warray-bounds.c (test for warnings, line 65)
FAIL: gcc.dg/pr34989-1.c (internal compiler error)
FAIL: gcc.dg/pr34989-1.c (test for excess errors)
FAIL: gcc.dg/uninit-13.c unconditional (test for warnings, line 8)
FAIL: gcc.dg/uninit-13.c (test for excess errors)
XPASS: gcc.dg/struct/wo_prof_array_through_pointer.c scan-ipa-dump ipa_struct_reorg "Number of structures to transform is 1"
FAIL: gcc.dg/struct/wo_prof_double_malloc.c (internal compiler error)
FAIL: gcc.dg/struct/wo_prof_double_malloc.c (test for excess errors)
UNRESOLVED: gcc.dg/struct/wo_prof_double_malloc.c compilation failed to produce executable
FAIL: gcc.dg/vect/vect-35.c scan-tree-dump-times vect "vectorized 2 loops" 1
FAIL: gcc.dg/vect/slp-36.c (internal compiler error)
FAIL: gcc.dg/vect/slp-36.c (test for excess errors)
FAIL: gcc.target/arm/neon/polytypes.c (test for excess errors)
FAIL: gcc.target/arm/neon/vget_lowf32.c scan-assembler vmov[ \\t]+[dD][0-9]+, [dD][0-9]+!?([ \\t]+@[a-zA-Z0-9 ]+)?\\n
FAIL: gcc.target/arm/neon/vget_lowp16.c scan-assembler vmov[ \\t]+[dD][0-9]+, [dD][0-9]+!?([ \\t]+@[a-zA-Z0-9 ]+)?\\n
FAIL: gcc.target/arm/neon/vget_lowp8.c scan-assembler vmov[ \\t]+[dD][0-9]+, [dD][0-9]+!?([ \\t]+@[a-zA-Z0-9 ]+)?\\n
FAIL: gcc.target/arm/neon/vget_lows16.c scan-assembler vmov[ \\t]+[dD][0-9]+, [dD][0-9]+!?([ \\t]+@[a-zA-Z0-9 ]+)?\\n
FAIL: gcc.target/arm/neon/vget_lows32.c scan-assembler vmov[ \\t]+[dD][0-9]+, [dD][0-9]+!?([ \\t]+@[a-zA-Z0-9 ]+)?\\n
FAIL: gcc.target/arm/neon/vget_lows64.c scan-assembler vmov[ \\t]+[dD][0-9]+, [dD][0-9]+!?([ \\t]+@[a-zA-Z0-9 ]+)?\\n
FAIL: gcc.target/arm/neon/vget_lows8.c scan-assembler vmov[ \\t]+[dD][0-9]+, [dD][0-9]+!?([ \\t]+@[a-zA-Z0-9 ]+)?\\n
FAIL: gcc.target/arm/neon/vget_lowu16.c scan-assembler vmov[ \\t]+[dD][0-9]+, [dD][0-9]+!?([ \\t]+@[a-zA-Z0-9 ]+)?\\n
FAIL: gcc.target/arm/neon/vget_lowu32.c scan-assembler vmov[ \\t]+[dD][0-9]+, [dD][0-9]+!?([ \\t]+@[a-zA-Z0-9 ]+)?\\n
FAIL: gcc.target/arm/neon/vget_lowu64.c scan-assembler vmov[ \\t]+[dD][0-9]+, [dD][0-9]+!?([ \\t]+@[a-zA-Z0-9 ]+)?\\n
FAIL: gcc.target/arm/neon/vget_lowu8.c scan-assembler vmov[ \\t]+[dD][0-9]+, [dD][0-9]+!?([ \\t]+@[a-zA-Z0-9 ]+)?\\n
=== gcc Summary ===
# of expected passes 54005
# of unexpected failures 31
# of unexpected successes 3
# of expected failures 206
# of unresolved testcases 3
# of unsupported tests 660
/scratch/gcc/nightly-2009-06-09-mainline/arm-none-eabi/obj/test-mainline-0-arm-none-eabi/host-i686-pc-linux-gnu/fsf-mainline/bin/arm-none-eabi-gcc version 4.5.0 20090609 (experimental) (GCC)
Host is i686-pc-linux-gnu
=== libstdc++ tests ===
Running target arm-sim-fsf
FAIL: 22_locale/collate/transform/wchar_t/28277.cc execution test
FAIL: 22_locale/ctype/scan/wchar_t/1.cc execution test
FAIL: 27_io/basic_filebuf/underflow/wchar_t/11603.cc execution test
FAIL: 27_io/basic_ostream/inserters_arithmetic/wchar_t/4402.cc execution test
FAIL: 27_io/basic_stringbuf/overflow/wchar_t/1.cc execution test
FAIL: ext/array_allocator/check_delete.cc (test for excess errors)
UNRESOLVED: ext/array_allocator/check_delete.cc compilation failed to produce executable
FAIL: ext/array_allocator/check_new.cc (test for excess errors)
UNRESOLVED: ext/array_allocator/check_new.cc compilation failed to produce executable
FAIL: ext/bitmap_allocator/check_delete.cc (test for excess errors)
UNRESOLVED: ext/bitmap_allocator/check_delete.cc compilation failed to produce executable
FAIL: ext/bitmap_allocator/check_new.cc (test for excess errors)
UNRESOLVED: ext/bitmap_allocator/check_new.cc compilation failed to produce executable
FAIL: ext/debug_allocator/check_delete.cc (test for excess errors)
UNRESOLVED: ext/debug_allocator/check_delete.cc compilation failed to produce executable
FAIL: ext/debug_allocator/check_new.cc (test for excess errors)
UNRESOLVED: ext/debug_allocator/check_new.cc compilation failed to produce executable
FAIL: ext/malloc_allocator/check_delete.cc (test for excess errors)
UNRESOLVED: ext/malloc_allocator/check_delete.cc compilation failed to produce executable
FAIL: ext/malloc_allocator/check_new.cc (test for excess errors)
UNRESOLVED: ext/malloc_allocator/check_new.cc compilation failed to produce executable
FAIL: ext/malloc_allocator/deallocate_global.cc (test for excess errors)
UNRESOLVED: ext/malloc_allocator/deallocate_global.cc compilation failed to produce executable
FAIL: ext/malloc_allocator/deallocate_local.cc (test for excess errors)
UNRESOLVED: ext/malloc_allocator/deallocate_local.cc compilation failed to produce executable
FAIL: ext/mt_allocator/check_delete.cc (test for excess errors)
UNRESOLVED: ext/mt_allocator/check_delete.cc compilation failed to produce executable
FAIL: ext/mt_allocator/check_new.cc (test for excess errors)
UNRESOLVED: ext/mt_allocator/check_new.cc compilation failed to produce executable
FAIL: ext/new_allocator/check_delete.cc (test for excess errors)
UNRESOLVED: ext/new_allocator/check_delete.cc compilation failed to produce executable
FAIL: ext/new_allocator/check_new.cc (test for excess errors)
UNRESOLVED: ext/new_allocator/check_new.cc compilation failed to produce executable
FAIL: ext/new_allocator/deallocate_global.cc (test for excess errors)
UNRESOLVED: ext/new_allocator/deallocate_global.cc compilation failed to produce executable
FAIL: ext/new_allocator/deallocate_local.cc (test for excess errors)
UNRESOLVED: ext/new_allocator/deallocate_local.cc compilation failed to produce executable
FAIL: ext/pool_allocator/check_delete.cc (test for excess errors)
UNRESOLVED: ext/pool_allocator/check_delete.cc compilation failed to produce executable
FAIL: ext/pool_allocator/check_new.cc (test for excess errors)
UNRESOLVED: ext/pool_allocator/check_new.cc compilation failed to produce executable
XPASS: ext/stdio_filebuf/char/10063-2.cc execution test
XPASS: ext/stdio_filebuf/char/10063-3.cc execution test
=== libstdc++ Summary ===
# of expected passes 5714
# of unexpected failures 23
# of unexpected successes 2
# of expected failures 85
# of unresolved testcases 18
# of unsupported tests 365
Host is i686-pc-linux-gnu
=== g++ tests ===
Running target arm-sim-fsf/-mthumb
FAIL: tmpdir-g++.dg-struct-layout-1/t004 cp_compat_x_tst.o compile
FAIL: tmpdir-g++.dg-struct-layout-1/t004 cp_compat_y_tst.o compile
FAIL: g++.dg/conversion/enum1.C execution test
FAIL: g++.dg/ipa/iinline-1.C scan-ipa-dump inline "String::funcOne[^\\n]*inline copy in int main"
XPASS: g++.dg/other/packed1.C execution test
FAIL: g++.dg/template/cond5.C (internal compiler error)
FAIL: g++.dg/template/cond5.C (test for excess errors)
FAIL: g++.dg/tree-ssa/ehcleanup-1.C scan-tree-dump-times ehcleanup1 "Empty EH handler" 1
FAIL: g++.dg/tree-ssa/new1.C scan-tree-dump-not forwprop1 "= .* \\+ -"
FAIL: g++.dg/torture/pr32950.C -O1 (internal compiler error)
FAIL: g++.dg/torture/pr32950.C -O1 (test for excess errors)
FAIL: g++.dg/torture/pr32950.C -O2 (internal compiler error)
FAIL: g++.dg/torture/pr32950.C -O2 (test for excess errors)
FAIL: g++.dg/torture/pr32950.C -O3 -fomit-frame-pointer (internal compiler error)
FAIL: g++.dg/torture/pr32950.C -O3 -fomit-frame-pointer (test for excess errors)
FAIL: g++.dg/torture/pr32950.C -O3 -g (internal compiler error)
FAIL: g++.dg/torture/pr32950.C -O3 -g (test for excess errors)
FAIL: g++.dg/torture/pr32950.C -Os (internal compiler error)
FAIL: g++.dg/torture/pr32950.C -Os (test for excess errors)
=== g++ Summary ===
# of expected passes 18815
# of unexpected failures 18
# of unexpected successes 1
# of expected failures 147
# of unsupported tests 194
/scratch/gcc/nightly-2009-06-09-mainline/arm-none-eabi/obj/test-mainline-0-arm-none-eabi/host-i686-pc-linux-gnu/fsf-mainline/bin/arm-none-eabi-g++ version 4.5.0 20090609 (experimental) (GCC)
Host is i686-pc-linux-gnu
=== gcc tests ===
Running target arm-sim-fsf/-mthumb
FAIL: gcc.c-torture/compile/pr39845.c -O0 (test for excess errors)
FAIL: gcc.c-torture/compile/pr39845.c -O1 (test for excess errors)
FAIL: gcc.c-torture/compile/pr39845.c -O2 (test for excess errors)
FAIL: gcc.c-torture/compile/pr39845.c -O3 -fomit-frame-pointer (test for excess errors)
FAIL: gcc.c-torture/compile/pr39845.c -O3 -fomit-frame-pointer -funroll-loops (test for excess errors)
FAIL: gcc.c-torture/compile/pr39845.c -O3 -fomit-frame-pointer -funroll-all-loops -finline-functions (test for excess errors)
FAIL: gcc.c-torture/compile/pr39845.c -O3 -g (test for excess errors)
FAIL: gcc.c-torture/compile/pr39845.c -Os (test for excess errors)
XPASS: gcc.c-torture/execute/941014-1.c execution, -O0
FAIL: gcc.dg/compat/struct-layout-1 c_compat_x_tst.o compile
FAIL: gcc.dg/compat/struct-layout-1 c_compat_y_tst.o compile
UNRESOLVED: gcc.dg/compat/struct-layout-1 c_compat_x_tst.o-c_compat_y_tst.o link
UNRESOLVED: gcc.dg/compat/struct-layout-1 c_compat_x_tst.o-c_compat_y_tst.o execute
XPASS: gcc.dg/Warray-bounds.c (test for warnings, line 59)
XPASS: gcc.dg/Warray-bounds.c (test for warnings, line 65)
FAIL: gcc.dg/pr34989-1.c (internal compiler error)
FAIL: gcc.dg/pr34989-1.c (test for excess errors)
FAIL: gcc.dg/uninit-13.c unconditional (test for warnings, line 8)
FAIL: gcc.dg/uninit-13.c (test for excess errors)
XPASS: gcc.dg/struct/wo_prof_array_through_pointer.c scan-ipa-dump ipa_struct_reorg "Number of structures to transform is 1"
FAIL: gcc.dg/struct/wo_prof_double_malloc.c (internal compiler error)
FAIL: gcc.dg/struct/wo_prof_double_malloc.c (test for excess errors)
UNRESOLVED: gcc.dg/struct/wo_prof_double_malloc.c compilation failed to produce executable
=== gcc Summary ===
# of expected passes 49293
# of unexpected failures 16
# of unexpected successes 4
# of expected failures 76
# of unresolved testcases 3
# of unsupported tests 2519
/scratch/gcc/nightly-2009-06-09-mainline/arm-none-eabi/obj/test-mainline-0-arm-none-eabi/host-i686-pc-linux-gnu/fsf-mainline/bin/arm-none-eabi-gcc version 4.5.0 20090609 (experimental) (GCC)
Host is i686-pc-linux-gnu
=== libstdc++ tests ===
Running target arm-sim-fsf/-mthumb
FAIL: 22_locale/collate/transform/wchar_t/28277.cc execution test
FAIL: 22_locale/ctype/scan/wchar_t/1.cc execution test
FAIL: 27_io/basic_filebuf/underflow/wchar_t/11603.cc execution test
FAIL: 27_io/basic_ostream/inserters_arithmetic/wchar_t/4402.cc execution test
FAIL: 27_io/basic_stringbuf/overflow/wchar_t/1.cc execution test
FAIL: ext/array_allocator/check_delete.cc (test for excess errors)
UNRESOLVED: ext/array_allocator/check_delete.cc compilation failed to produce executable
FAIL: ext/array_allocator/check_new.cc (test for excess errors)
UNRESOLVED: ext/array_allocator/check_new.cc compilation failed to produce executable
FAIL: ext/bitmap_allocator/check_delete.cc (test for excess errors)
UNRESOLVED: ext/bitmap_allocator/check_delete.cc compilation failed to produce executable
FAIL: ext/bitmap_allocator/check_new.cc (test for excess errors)
UNRESOLVED: ext/bitmap_allocator/check_new.cc compilation failed to produce executable
FAIL: ext/debug_allocator/check_delete.cc (test for excess errors)
UNRESOLVED: ext/debug_allocator/check_delete.cc compilation failed to produce executable
FAIL: ext/debug_allocator/check_new.cc (test for excess errors)
UNRESOLVED: ext/debug_allocator/check_new.cc compilation failed to produce executable
FAIL: ext/malloc_allocator/check_delete.cc (test for excess errors)
UNRESOLVED: ext/malloc_allocator/check_delete.cc compilation failed to produce executable
FAIL: ext/malloc_allocator/check_new.cc (test for excess errors)
UNRESOLVED: ext/malloc_allocator/check_new.cc compilation failed to produce executable
FAIL: ext/malloc_allocator/deallocate_global.cc (test for excess errors)
UNRESOLVED: ext/malloc_allocator/deallocate_global.cc compilation failed to produce executable
FAIL: ext/malloc_allocator/deallocate_local.cc (test for excess errors)
UNRESOLVED: ext/malloc_allocator/deallocate_local.cc compilation failed to produce executable
FAIL: ext/mt_allocator/check_delete.cc (test for excess errors)
UNRESOLVED: ext/mt_allocator/check_delete.cc compilation failed to produce executable
FAIL: ext/mt_allocator/check_new.cc (test for excess errors)
UNRESOLVED: ext/mt_allocator/check_new.cc compilation failed to produce executable
FAIL: ext/new_allocator/check_delete.cc (test for excess errors)
UNRESOLVED: ext/new_allocator/check_delete.cc compilation failed to produce executable
FAIL: ext/new_allocator/check_new.cc (test for excess errors)
UNRESOLVED: ext/new_allocator/check_new.cc compilation failed to produce executable
FAIL: ext/new_allocator/deallocate_global.cc (test for excess errors)
UNRESOLVED: ext/new_allocator/deallocate_global.cc compilation failed to produce executable
FAIL: ext/new_allocator/deallocate_local.cc (test for excess errors)
UNRESOLVED: ext/new_allocator/deallocate_local.cc compilation failed to produce executable
FAIL: ext/pool_allocator/check_delete.cc (test for excess errors)
UNRESOLVED: ext/pool_allocator/check_delete.cc compilation failed to produce executable
FAIL: ext/pool_allocator/check_new.cc (test for excess errors)
UNRESOLVED: ext/pool_allocator/check_new.cc compilation failed to produce executable
XPASS: ext/stdio_filebuf/char/10063-2.cc execution test
XPASS: ext/stdio_filebuf/char/10063-3.cc execution test
=== libstdc++ Summary ===
# of expected passes 5714
# of unexpected failures 23
# of unexpected successes 2
# of expected failures 85
# of unresolved testcases 18
# of unsupported tests 365
Compiler version: 4.5.0 20090609 (experimental) (GCC)
Platform: arm-none-eabi
configure flags: --build=i686-pc-linux-gnu --host=i686-pc-linux-gnu --target=arm-none-eabi --enable-threads --disable-libmudflap --disable-libssp --disable-libstdcxx-pch --with-gnu-as --with-gnu-ld --enable-languages=c,c++ --disable-shared --with-newlib --disable-nls --prefix=/opt/codesourcery --with-headers=yes --with-sysroot=/opt/codesourcery/arm-none-eabi --with-build-sysroot=/scratch/gcc/nightly-2009-06-09-mainline/arm-none-eabi/install/arm-none-eabi --with-gmp=/scratch/gcc/nightly-2009-06-09-mainline/arm-none-eabi/obj/host-libs-mainline-0-arm-none-eabi-i686-pc-linux-gnu/usr --with-mpfr=/scratch/gcc/nightly-2009-06-09-mainline/arm-none-eabi/obj/host-libs-mainline-0-arm-none-eabi-i686-pc-linux-gnu/usr --with-mpc=/scratch/gcc/nightly-2009-06-09-mainline/arm-none-eabi/obj/host-libs-mainline-0-arm-none-eabi-i686-pc-linux-gnu/usr --with-ppl=/scratch/gcc/nightly-2009-06-09-mainline/arm-none-eabi/obj/host-libs-mainline-0-arm-none-eabi-i686-pc-linux-gnu/usr --with-host-libstdcxx!
='-static-libgcc -Wl,-Bstatic,-lstdc++,-Bdynamic -lm' --with-cloog=/scratch/gcc/nightly-2009-06-09-mainline/arm-none-eabi/obj/host-libs-mainline-0-arm-none-eabi-i686-pc-linux-gnu/usr --disable-libgomp --enable-poison-system-directories --with-build-time-tools=/scratch/gcc/nightly-2009-06-09-mainline/arm-none-eabi/install/arm-none-eabi/bin --with-build-time-tools=/scratch/gcc/nightly-2009-06-09-mainline/arm-none-eabi/install/arm-none-eabi/bin
More information about the Gcc-testresults
mailing list