Results for 4.3.4 20090610 (prerelease) [gcc-4_3-branch revision 148340] (GCC) testsuite on ia64-suse-linux-gnu
Andreas Schwab
schwab@linux-m68k.org
Wed Jun 10 09:09:00 GMT 2009
LAST_UPDATED: Wed Jun 10 08:00:16 UTC 2009 (revision 148340)
=== acats tests ===
FAIL: c390003
FAIL: c390005
FAIL: c390006
FAIL: c390007
FAIL: c390010
FAIL: c390011
FAIL: c39006a
FAIL: c39006b
FAIL: c39006c
FAIL: c39006d
FAIL: c39006e
FAIL: c39006f
FAIL: c87b62c
FAIL: c93003a
FAIL: c93004a
FAIL: c93004d
FAIL: c93004f
FAIL: ce2102o
FAIL: ce2102p
FAIL: ce2106b
FAIL: ce2108e
FAIL: ce2108f
FAIL: ce2108g
FAIL: ce2108h
=== acats Summary ===
# of expected passes 2291
# of unexpected failures 24
Native configuration is ia64-suse-linux-gnu
=== g++ tests ===
Running target unix
FAIL: g++.dg/torture/pr31863.C -O2 (test for excess errors)
FAIL: g++.dg/torture/pr31863.C -O3 -fomit-frame-pointer (test for excess errors)
FAIL: g++.dg/vect/pr36648.cc scan-tree-dump-times vect "vectorized 1 loops" 1
FAIL: g++.dg/vect/pr36648.cc scan-tree-dump-times vect "vectorizing stmts using SLP" 1
FAIL: g++.old-deja/g++.robertl/eb35.C (test for excess errors)
=== g++ Summary ===
# of expected passes 16923
# of unexpected failures 5
# of expected failures 92
# of unsupported tests 138
/usr/local/gcc/gcc-20090610/Build/gcc/testsuite/g++/../../g++ version 4.3.4 20090610 (prerelease) [gcc-4_3-branch revision 148340] (GCC)
=== gnat tests ===
Running target unix
=== gnat Summary ===
# of expected passes 375
# of expected failures 1
=== objc tests ===
Running target unix
FAIL: objc/execute/class-7.m compilation, -O3 -fomit-frame-pointer -fgnu-runtime
UNRESOLVED: objc/execute/class-7.m execution, -O3 -fomit-frame-pointer -fgnu-runtime
FAIL: objc/execute/class-7.m compilation, -O3 -g -fgnu-runtime
UNRESOLVED: objc/execute/class-7.m execution, -O3 -g -fgnu-runtime
FAIL: objc/execute/class-9.m compilation, -O1 -fgnu-runtime
UNRESOLVED: objc/execute/class-9.m execution, -O1 -fgnu-runtime
FAIL: objc/execute/class_self-1.m compilation, -O3 -g -fgnu-runtime
UNRESOLVED: objc/execute/class_self-1.m execution, -O3 -g -fgnu-runtime
FAIL: objc/execute/compatibility_alias.m compilation, -O0 -fgnu-runtime
UNRESOLVED: objc/execute/compatibility_alias.m execution, -O0 -fgnu-runtime
FAIL: objc/execute/compatibility_alias.m compilation, -O1 -fgnu-runtime
UNRESOLVED: objc/execute/compatibility_alias.m execution, -O1 -fgnu-runtime
FAIL: objc/execute/compatibility_alias.m compilation, -O2 -fgnu-runtime
UNRESOLVED: objc/execute/compatibility_alias.m execution, -O2 -fgnu-runtime
FAIL: objc/execute/compatibility_alias.m compilation, -O3 -fomit-frame-pointer -fgnu-runtime
UNRESOLVED: objc/execute/compatibility_alias.m execution, -O3 -fomit-frame-pointer -fgnu-runtime
FAIL: objc/execute/compatibility_alias.m compilation, -O3 -g -fgnu-runtime
UNRESOLVED: objc/execute/compatibility_alias.m execution, -O3 -g -fgnu-runtime
FAIL: objc/execute/encode-1.m compilation, -O1 -fgnu-runtime
UNRESOLVED: objc/execute/encode-1.m execution, -O1 -fgnu-runtime
FAIL: objc/execute/encode-1.m compilation, -O3 -fomit-frame-pointer -fgnu-runtime
UNRESOLVED: objc/execute/encode-1.m execution, -O3 -fomit-frame-pointer -fgnu-runtime
FAIL: objc/execute/encode-1.m compilation, -O3 -g -fgnu-runtime
UNRESOLVED: objc/execute/encode-1.m execution, -O3 -g -fgnu-runtime
FAIL: objc/execute/encode-1.m compilation, -Os -fgnu-runtime
UNRESOLVED: objc/execute/encode-1.m execution, -Os -fgnu-runtime
FAIL: objc/execute/enumeration-1.m compilation, -O0 -fgnu-runtime
UNRESOLVED: objc/execute/enumeration-1.m execution, -O0 -fgnu-runtime
FAIL: objc/execute/enumeration-1.m compilation, -O1 -fgnu-runtime
UNRESOLVED: objc/execute/enumeration-1.m execution, -O1 -fgnu-runtime
FAIL: objc/execute/enumeration-1.m compilation, -O2 -fgnu-runtime
UNRESOLVED: objc/execute/enumeration-1.m execution, -O2 -fgnu-runtime
FAIL: objc/execute/enumeration-1.m compilation, -O3 -fomit-frame-pointer -fgnu-runtime
UNRESOLVED: objc/execute/enumeration-1.m execution, -O3 -fomit-frame-pointer -fgnu-runtime
FAIL: objc/execute/enumeration-1.m compilation, -O3 -g -fgnu-runtime
UNRESOLVED: objc/execute/enumeration-1.m execution, -O3 -g -fgnu-runtime
FAIL: objc/execute/enumeration-2.m compilation, -O1 -fgnu-runtime
UNRESOLVED: objc/execute/enumeration-2.m execution, -O1 -fgnu-runtime
FAIL: objc/execute/enumeration-2.m compilation, -O3 -g -fgnu-runtime
UNRESOLVED: objc/execute/enumeration-2.m execution, -O3 -g -fgnu-runtime
=== objc Summary ===
# of expected passes 1788
# of unexpected failures 20
# of expected failures 7
# of unresolved testcases 20
# of unsupported tests 25
/usr/local/gcc/gcc-20090610/Build/gcc/xgcc version 4.3.4 20090610 (prerelease) [gcc-4_3-branch revision 148340] (GCC)
=== libffi tests ===
Running target unix
=== libffi Summary ===
# of expected passes 1389
# of unsupported tests 10
=== libgomp tests ===
Running target unix
=== libgomp Summary ===
# of expected passes 1763
=== libjava tests ===
Running target unix
FAIL: getlocalvartable output
FAIL: PR19870 -O3 -findirect-dispatch compilation from source
FAIL: PR19870_2 -O3 compilation from source
FAIL: PR19921 -findirect-dispatch compilation from source
FAIL: PR19921 -O3 compilation from source
FAIL: PR20056 compilation from source
FAIL: PR20056 -findirect-dispatch compilation from source
FAIL: PR20056 -O3 compilation from source
FAIL: Throw_3 -O3 output - source compiled test
FAIL: Throw_3 -O3 -findirect-dispatch output - source compiled test
=== libjava Summary ===
# of expected passes 2538
# of unexpected failures 10
# of untested testcases 14
=== libmudflap tests ===
Running target unix
FAIL: libmudflap.c++/pass41-frag.cxx execution test
FAIL: libmudflap.c++/pass41-frag.cxx ( -O) execution test
FAIL: libmudflap.c++/pass41-frag.cxx (-O2) execution test
FAIL: libmudflap.c++/pass41-frag.cxx (-O3) execution test
=== libmudflap Summary ===
# of expected passes 1389
# of unexpected failures 4
=== libstdc++ tests ===
Running target unix
FAIL: 22_locale/num_get/get/wchar_t/4.cc (test for excess errors)
WARNING: 22_locale/num_get/get/wchar_t/4.cc compilation failed to produce executable
FAIL: 22_locale/num_get/requirements/explicit_instantiation.cc (test for excess errors)
XPASS: 26_numerics/headers/cmath/c99_classification_macros_c.cc (test for excess errors)
FAIL: 27_io/basic_istream/seekg/char/fstream.cc (test for excess errors)
WARNING: 27_io/basic_istream/seekg/char/fstream.cc compilation failed to produce executable
FAIL: 27_io/basic_istream/seekg/char/sstream.cc (test for excess errors)
WARNING: 27_io/basic_istream/seekg/char/sstream.cc compilation failed to produce executable
FAIL: 27_io/basic_istream/sentry/wchar_t/12297.cc (test for excess errors)
WARNING: 27_io/basic_istream/sentry/wchar_t/12297.cc compilation failed to produce executable
FAIL: 27_io/basic_istream/tellg/char/1.cc (test for excess errors)
WARNING: 27_io/basic_istream/tellg/char/1.cc compilation failed to produce executable
FAIL: 27_io/basic_istream/tellg/char/8348.cc (test for excess errors)
WARNING: 27_io/basic_istream/tellg/char/8348.cc compilation failed to produce executable
FAIL: 27_io/basic_istream/tellg/char/exceptions_badbit_throw.cc (test for excess errors)
WARNING: 27_io/basic_istream/tellg/char/exceptions_badbit_throw.cc compilation failed to produce executable
FAIL: 27_io/basic_istream/tellg/char/fstream.cc (test for excess errors)
WARNING: 27_io/basic_istream/tellg/char/fstream.cc compilation failed to produce executable
FAIL: 27_io/basic_istream/tellg/char/sstream.cc (test for excess errors)
WARNING: 27_io/basic_istream/tellg/char/sstream.cc compilation failed to produce executable
FAIL: 27_io/basic_istream/tellg/wchar_t/2.cc (test for excess errors)
WARNING: 27_io/basic_istream/tellg/wchar_t/2.cc compilation failed to produce executable
FAIL: tr1/5_numerical_facilities/special_functions/12_ellint_1/compile.cc (test for excess errors)
FAIL: tr1/5_numerical_facilities/special_functions/13_ellint_2/compile_2.cc (test for excess errors)
=== libstdc++ Summary ===
# of expected passes 5555
# of unexpected failures 13
# of unexpected successes 1
# of expected failures 59
# of unsupported tests 10
Compiler version: 4.3.4 20090610 (prerelease) [gcc-4_3-branch revision 148340] (GCC)
Platform: ia64-suse-linux-gnu
configure flags: --prefix=/usr --build=ia64-suse-linux --host=ia64-suse-linux --enable-shared --enable-threads --enable-__cxa_atexit --with-system-zlib --with-system-libunwind
More information about the Gcc-testresults
mailing list