Results for 4.4.1 20090605 (prerelease) [gcc-4_4-branch revision 148227] (GCC) testsuite on hppa-unknown-linux-gnu
John David Anglin
dave@mx3210.hia.nrc.ca
Sun Jun 7 05:24:00 GMT 2009
LAST_UPDATED: Fri Jun 5 20:29:32 UTC 2009 (revision 148227)
=== acats tests ===
=== acats Summary ===
# of expected passes 2315
# of unexpected failures 0
Native configuration is hppa-unknown-linux-gnu
=== g++ tests ===
Running target unix
=== g++ Summary ===
# of expected passes 19126
# of expected failures 152
# of unsupported tests 157
/home/dave/gnu/gcc/objdir/gcc/testsuite/g++/../../g++ version 4.4.1 20090605 (prerelease) [gcc-4_4-branch revision 148227] (GCC)
=== gcc tests ===
Running target unix
WARNING: program timed out.
FAIL: gcc.c-torture/execute/951115-1.c compilation, -O0
UNRESOLVED: gcc.c-torture/execute/951115-1.c execution, -O0
WARNING: program timed out.
FAIL: gcc.c-torture/execute/va-arg-pack-1.c compilation, -O3 -fomit-frame-pointer
UNRESOLVED: gcc.c-torture/execute/va-arg-pack-1.c execution, -O3 -fomit-frame-pointer
XPASS: gcc.dg/tree-ssa/loop-1.c scan-assembler-times foo 5
=== gcc Summary ===
# of expected passes 49508
# of unexpected failures 2
# of unexpected successes 1
# of expected failures 128
# of unresolved testcases 2
# of unsupported tests 513
/home/dave/gnu/gcc/objdir/gcc/xgcc version 4.4.1 20090605 (prerelease) [gcc-4_4-branch revision 148227] (GCC)
=== gfortran tests ===
Running target unix
WARNING: program timed out.
FAIL: gfortran.dg/interface_12.f90 -O1 (test for excess errors)
UNRESOLVED: gfortran.dg/interface_12.f90 -O1 compilation failed to produce executable
WARNING: program timed out.
WARNING: program timed out.
FAIL: gfortran.fortran-torture/execute/retarray.f90 compilation, -O1
=== gfortran Summary ===
# of expected passes 28488
# of unexpected failures 2
# of expected failures 10
# of unresolved testcases 1
# of untested testcases 1
# of unsupported tests 263
/home/dave/gnu/gcc/objdir/gcc/testsuite/gfortran/../../gfortran version 4.4.1 20090605 (prerelease) [gcc-4_4-branch revision 148227] (GCC)
=== gnat tests ===
Running target unix
=== gnat Summary ===
# of expected passes 613
# of expected failures 6
=== obj-c++ tests ===
Running target unix
XPASS: obj-c++.dg/comp-types-10.mm (test for excess errors)
UNRESOLVED: obj-c++.dg/lookup-2.mm compilation failed to produce executable
UNRESOLVED: obj-c++.dg/try-catch-2.mm compilation failed to produce executable
UNRESOLVED: obj-c++.dg/try-catch-9.mm compilation failed to produce executable
=== obj-c++ Summary ===
# of expected passes 436
# of unexpected successes 1
# of expected failures 9
# of unresolved testcases 3
# of unsupported tests 13
/home/dave/gnu/gcc/objdir/gcc/testsuite/obj-c++/../../g++ version 4.4.1 20090605 (prerelease) [gcc-4_4-branch revision 148227] (GCC)
=== objc tests ===
Running target unix
WARNING: program timed out.
FAIL: objc/execute/bf-11.m compilation, -O3 -fomit-frame-pointer -fgnu-runtime
UNRESOLVED: objc/execute/bf-11.m execution, -O3 -fomit-frame-pointer -fgnu-runtime
=== objc Summary ===
# of expected passes 1862
# of unexpected failures 1
# of expected failures 15
# of unresolved testcases 1
# of unsupported tests 24
/home/dave/gnu/gcc/objdir/gcc/xgcc version 4.4.1 20090605 (prerelease) [gcc-4_4-branch revision 148227] (GCC)
=== libffi tests ===
Running target unix
WARNING: program timed out.
FAIL: libffi.call/cls_align_uint16.c -O2 -fomit-frame-pointer (test for excess errors)
UNRESOLVED: libffi.call/cls_align_uint16.c -O2 -fomit-frame-pointer compilation failed to produce executable
=== libffi Summary ===
# of expected passes 1386
# of unexpected failures 1
# of unresolved testcases 1
# of unsupported tests 10
=== libgomp tests ===
Running target unix
FAIL: libgomp.fortran/vla6.f90 -O0 execution test
=== libgomp Summary ===
# of expected passes 2391
# of unexpected failures 1
# of unsupported tests 7
=== libjava tests ===
Running target unix
=== libjava Summary ===
# of expected passes 2574
=== libmudflap tests ===
Running target unix
FAIL: libmudflap.c++/pass41-frag.cxx execution test
FAIL: libmudflap.c++/pass41-frag.cxx (-static) execution test
FAIL: libmudflap.c++/pass41-frag.cxx (-O2) execution test
FAIL: libmudflap.c++/pass41-frag.cxx (-O3) execution test
WARNING: program timed out.
FAIL: libmudflap.cth/pass40-frag.c execution test
FAIL: libmudflap.cth/pass40-frag.c output pattern test
WARNING: program timed out.
FAIL: libmudflap.cth/pass40-frag.c (-static -DSTATIC) execution test
FAIL: libmudflap.cth/pass40-frag.c (-static -DSTATIC) output pattern test
WARNING: program timed out.
FAIL: libmudflap.cth/pass40-frag.c (-O2) execution test
FAIL: libmudflap.cth/pass40-frag.c (-O2) output pattern test
WARNING: program timed out.
FAIL: libmudflap.cth/pass40-frag.c (-O3) execution test
FAIL: libmudflap.cth/pass40-frag.c (-O3) output pattern test
=== libmudflap Summary ===
# of expected passes 1882
# of unexpected failures 12
=== libstdc++ tests ===
Running target unix
FAIL: 22_locale/time_get/get_date/wchar_t/4.cc execution test
XPASS: 29_atomics/atomic_address/cons/aggregate.cc (test for excess errors)
WARNING: program timed out.
FAIL: ext/rope/pthread7-rope.cc execution test
=== libstdc++ Summary ===
# of expected passes 6489
# of unexpected failures 2
# of unexpected successes 1
# of expected failures 80
# of unsupported tests 19
Compiler version: 4.4.1 20090605 (prerelease) [gcc-4_4-branch revision 148227] (GCC)
Platform: hppa-unknown-linux-gnu
configure flags: --with-gnu-as --with-gnu-ld --enable-shared --prefix=/home/dave/opt/gnu/gcc/gcc-4.4.0 --with-local-prefix=/home/dave/opt/gnu --enable-threads=posix --enable-__cxa_atexit --build=hppa-linux --enable-clocale=gnu --enable-java-gc=boehm --enable-java-awt=xlib --disable-libstdcxx-pch --enable-languages=c,c++,objc,fortran,obj-c++,java,ada
More information about the Gcc-testresults
mailing list