Results for 4.5.0 20090604 (experimental) [trunk revision 148180] (GCC) testsuite on i386-apple-darwin8.10.1
François-Xavier Coudert
coudert@quatramaran.ens.fr
Thu Jun 4 23:06:00 GMT 2009
LAST_UPDATED: Thu Jun 4 19:39:38 UTC 2009 (revision 148180)
Native configuration is i386-apple-darwin8.10.1
=== gcc tests ===
Running target unix
FAIL: gcc.c-torture/compile/limits-exprparen.c -O0 (test for excess errors)
FAIL: gcc.c-torture/compile/limits-exprparen.c -O1 (test for excess errors)
FAIL: gcc.c-torture/compile/limits-exprparen.c -O2 (test for excess errors)
FAIL: gcc.c-torture/compile/limits-exprparen.c -O3 -fomit-frame-pointer (test for excess errors)
FAIL: gcc.c-torture/compile/limits-exprparen.c -O3 -g (test for excess errors)
FAIL: gcc.c-torture/compile/limits-exprparen.c -Os (test for excess errors)
FAIL: gcc.dg/debug/dwarf2/pr37726.c scan-assembler-times "parm[^
FAIL: gcc.dg/debug/dwarf2/pr37726.c scan-assembler-times "var[^
XPASS: gcc.dg/Warray-bounds.c (test for warnings, line 59)
XPASS: gcc.dg/Warray-bounds.c (test for warnings, line 65)
FAIL: gcc.dg/c99-stdint-1.c (test for excess errors)
FAIL: gcc.dg/framework-2.c (test for errors, line 4)
FAIL: gcc.dg/framework-2.c (test for excess errors)
FAIL: gcc.dg/pr34989-1.c (internal compiler error)
FAIL: gcc.dg/pr34989-1.c (test for excess errors)
FAIL: gcc.dg/profile-generate-3.c (test for excess errors)
FAIL: gcc.dg/ssp-1.c (test for excess errors)
FAIL: gcc.dg/pch/save-temps-1.c -O0 -g assembly comparison
FAIL: gcc.dg/pch/save-temps-1.c -O3 -g assembly comparison
XPASS: gcc.dg/struct/wo_prof_array_through_pointer.c scan-ipa-dump ipa_struct_reorg "Number of structures to transform is 1"
FAIL: gcc.dg/struct/wo_prof_double_malloc.c (internal compiler error)
FAIL: gcc.dg/struct/wo_prof_double_malloc.c (test for excess errors)
WARNING: gcc.dg/struct/wo_prof_double_malloc.c compilation failed to produce executable
FAIL: gcc.target/i386/excess-precision-1.c execution test
FAIL: gcc.target/i386/excess-precision-2.c execution test
FAIL: gcc.target/i386/excess-precision-3.c execution test
=== gcc Summary ===
# of expected passes55193
# of unexpected failures22
# of unexpected successes3
# of expected failures150
# of unsupported tests1184
/private/tmp/gfortran-20090604/ibin/gcc/xgcc version 4.5.0 20090604 (experimental) [trunk revision 148180] (GCC)
=== gfortran tests ===
Running target unix
=== gfortran Summary ===
# of expected passes30501
# of expected failures20
# of unsupported tests135
/private/tmp/gfortran-20090604/ibin/gcc/testsuite/gfortran/../../gfortran version 4.5.0 20090604 (experimental) [trunk revision 148180] (GCC)
=== libgomp tests ===
Running target unix
=== libgomp Summary ===
# of expected passes1517
# of unsupported tests72
Compiler version: 4.5.0 20090604 (experimental) [trunk revision 148180] (GCC)
Platform: i386-apple-darwin8.10.1
configure flags: --prefix=/usr/local/gfortran --enable-languages=c,fortran --with-gmp=/tmp/gfortran-20090604/gfortran_libs --enable-bootstrap
More information about the Gcc-testresults
mailing list