Results for 4.5.0 20090504 (experimental) (lto merged with rev 147098) testsuite on i686-pc-linux-gnu
Diego Novillo
dnovillo@google.com
Tue Jun 2 12:00:00 GMT 2009
Native configuration is i686-pc-linux-gnu
=== g++ tests ===
Running target unix
FAIL: g++.dg/inherit/thunk1.C (test for excess errors)
WARNING: g++.dg/inherit/thunk1.C compilation failed to produce executable
FAIL: g++.dg/lto/20081109 cp_lto_20081109_0.o-cp_lto_20081109_1.o execute -O0 -fwhopr
FAIL: g++.dg/lto/20081109 cp_lto_20081109_0.o-cp_lto_20081109_1.o execute -O2 -fwhopr
FAIL: g++.dg/torture/stackalign/eh-vararg-2.C -O2 -flto execution test
FAIL: g++.dg/torture/stackalign/eh-vararg-2.C -O3 -flto execution test
FAIL: g++.dg/torture/stackalign/eh-vararg-2.C -O2 -fwhopr execution test
FAIL: g++.dg/torture/stackalign/eh-vararg-2.C -O3 -fwhopr execution test
FAIL: g++.dg/torture/stackalign/throw-1.C -O2 -flto execution test
FAIL: g++.dg/torture/stackalign/throw-1.C -O2 -fwhopr execution test
FAIL: g++.dg/torture/stackalign/unwind-3.C -O2 -flto execution test
FAIL: g++.dg/torture/stackalign/unwind-3.C -O2 -fwhopr execution test
FAIL: g++.dg/torture/stackalign/unwind-5.C -O2 -flto execution test
FAIL: g++.dg/torture/stackalign/unwind-5.C -O3 -flto execution test
FAIL: g++.dg/torture/stackalign/unwind-5.C -O2 -fwhopr execution test
FAIL: g++.dg/torture/stackalign/unwind-5.C -O3 -fwhopr execution test
FAIL: g++.dg/torture/stackalign/unwind-6.C -O2 -flto execution test
FAIL: g++.dg/torture/stackalign/unwind-6.C -O3 -flto execution test
FAIL: g++.dg/torture/stackalign/unwind-6.C -O2 -fwhopr execution test
FAIL: g++.dg/torture/stackalign/unwind-6.C -O3 -fwhopr execution test
FAIL: g++.old-deja/g++.jason/thunk3.C (test for excess errors)
WARNING: g++.old-deja/g++.jason/thunk3.C compilation failed to produce executable
=== g++ Summary ===
# of expected passes 21132
# of unexpected failures 20
# of expected failures 140
# of unsupported tests 102
/usr/local/google/dnovillo/perf/sbox/lto/local.x86_64/bld/gcc/testsuite/g++/../../g++ version 4.5.0 20090504 (experimental) (lto merged with rev 147098)
=== gcc tests ===
Running target unix
FAIL: gcc.c-torture/execute/builtins/mempcpy.c execution, -O3 -flto
FAIL: gcc.c-torture/execute/builtins/mempcpy.c execution, -O3 -fwhopr
FAIL: gcc.c-torture/execute/builtins/strcat.c execution, -O3 -flto
FAIL: gcc.c-torture/execute/builtins/strcat.c execution, -O3 -fwhopr
FAIL: gcc.c-torture/execute/builtins/strcpy-2.c execution, -O3 -flto
FAIL: gcc.c-torture/execute/builtins/strcpy-2.c execution, -O3 -fwhopr
FAIL: gcc.c-torture/execute/builtins/strlen-2.c execution, -O3 -flto
FAIL: gcc.c-torture/execute/builtins/strlen-2.c execution, -O3 -fwhopr
FAIL: gcc.c-torture/execute/builtins/strlen-3.c execution, -O3 -flto
FAIL: gcc.c-torture/execute/builtins/strlen-3.c execution, -O3 -fwhopr
FAIL: gcc.c-torture/execute/builtins/strncpy.c execution, -O3 -flto
FAIL: gcc.c-torture/execute/builtins/strncpy.c execution, -O3 -fwhopr
FAIL: gcc.c-torture/execute/builtins/strpcpy.c execution, -O3 -flto
FAIL: gcc.c-torture/execute/builtins/strpcpy.c execution, -O3 -fwhopr
FAIL: gcc.c-torture/execute/20020412-1.c execution, -O0 -flto
FAIL: gcc.c-torture/execute/20020412-1.c execution, -O2 -flto
FAIL: gcc.c-torture/execute/20020412-1.c execution, -O3 -flto
FAIL: gcc.c-torture/execute/20020412-1.c execution, -O0 -fwhopr
FAIL: gcc.c-torture/execute/20020412-1.c execution, -O2 -fwhopr
FAIL: gcc.c-torture/execute/20020412-1.c execution, -O3 -fwhopr
FAIL: gcc.c-torture/execute/20041214-1.c compilation, -O2 -flto (internal compiler error)
UNRESOLVED: gcc.c-torture/execute/20041214-1.c execution, -O2 -flto
FAIL: gcc.c-torture/execute/20041214-1.c compilation, -O3 -flto (internal compiler error)
UNRESOLVED: gcc.c-torture/execute/20041214-1.c execution, -O3 -flto
FAIL: gcc.c-torture/execute/20041214-1.c compilation, -O2 -fwhopr (internal compiler error)
UNRESOLVED: gcc.c-torture/execute/20041214-1.c execution, -O2 -fwhopr
FAIL: gcc.c-torture/execute/20041214-1.c compilation, -O3 -fwhopr (internal compiler error)
UNRESOLVED: gcc.c-torture/execute/20041214-1.c execution, -O3 -fwhopr
FAIL: gcc.dg/autopar/parallelization-1.c scan-tree-dump-times optimized "loopfn" 5
XPASS: gcc.dg/Warray-bounds.c (test for warnings, line 59)
XPASS: gcc.dg/Warray-bounds.c (test for warnings, line 65)
FAIL: gcc.dg/visibility-7.c (test for warnings, line 8)
FAIL: gcc.dg/visibility-7.c (test for excess errors)
FAIL: gcc.dg/lto/20090116 c_lto_20090116_0.o-c_lto_20090116_0.o link, (internal compiler error)
UNRESOLVED: gcc.dg/lto/20090116 c_lto_20090116_0.o-c_lto_20090116_0.o execute -O1 -fwhopr -fPIC
FAIL: gcc.dg/lto/20090120 c_lto_20090120_0.o-c_lto_20090120_0.o link, (internal compiler error)
UNRESOLVED: gcc.dg/lto/20090120 c_lto_20090120_0.o-c_lto_20090120_0.o execute -flto -funsigned-char
XPASS: gcc.dg/struct/wo_prof_array_through_pointer.c scan-ipa-dump ipa_struct_reorg "Number of structures to transform is 1"
FAIL: gcc.dg/torture/ssa-pta-fn-1.c -O3 -flto execution test
FAIL: gcc.dg/torture/ssa-pta-fn-1.c -O3 -fwhopr execution test
FAIL: gcc.dg/torture/stackalign/comp-goto-1.c -O0 -flto execution test
FAIL: gcc.dg/torture/stackalign/comp-goto-1.c -O0 -fwhopr execution test
FAIL: gcc.dg/torture/stackalign/nested-3.c -O0 -flto execution test
FAIL: gcc.dg/torture/stackalign/nested-3.c -O0 -fwhopr execution test
FAIL: gcc.dg/torture/stackalign/non-local-goto-4.c -O0 -flto execution test
FAIL: gcc.dg/torture/stackalign/non-local-goto-4.c -O0 -fwhopr execution test
FAIL: gcc.dg/torture/stackalign/comp-goto-1.c -O0 -flto execution test
FAIL: gcc.dg/torture/stackalign/comp-goto-1.c -O0 -fwhopr execution test
FAIL: gcc.dg/torture/stackalign/nested-3.c -O0 -flto execution test
FAIL: gcc.dg/torture/stackalign/nested-3.c -O2 -flto execution test
FAIL: gcc.dg/torture/stackalign/nested-3.c -O3 -flto execution test
FAIL: gcc.dg/torture/stackalign/nested-3.c -O0 -fwhopr execution test
FAIL: gcc.dg/torture/stackalign/nested-3.c -O2 -fwhopr execution test
FAIL: gcc.dg/torture/stackalign/nested-3.c -O3 -fwhopr execution test
FAIL: gcc.dg/torture/stackalign/non-local-goto-4.c -O0 -flto execution test
FAIL: gcc.dg/torture/stackalign/non-local-goto-4.c -O0 -fwhopr execution test
FAIL: gcc.dg/torture/stackalign/comp-goto-1.c -O0 -flto execution test
FAIL: gcc.dg/torture/stackalign/comp-goto-1.c -O0 -fwhopr execution test
FAIL: gcc.dg/torture/stackalign/nested-1.c -O0 -flto execution test
FAIL: gcc.dg/torture/stackalign/nested-1.c -O0 -fwhopr execution test
FAIL: gcc.dg/torture/stackalign/nested-2.c -O0 -flto execution test
FAIL: gcc.dg/torture/stackalign/nested-2.c -O0 -fwhopr execution test
FAIL: gcc.dg/torture/stackalign/nested-3.c -O0 -flto execution test
FAIL: gcc.dg/torture/stackalign/nested-3.c -O0 -fwhopr execution test
FAIL: gcc.dg/torture/stackalign/non-local-goto-4.c -O0 -flto execution test
FAIL: gcc.dg/torture/stackalign/non-local-goto-4.c -O0 -fwhopr execution test
FAIL: gcc.dg/torture/stackalign/regparm-1.c -O0 -flto execution test
FAIL: gcc.dg/torture/stackalign/regparm-1.c -O2 -flto execution test
FAIL: gcc.dg/torture/stackalign/regparm-1.c -O0 -fwhopr execution test
FAIL: gcc.dg/torture/stackalign/regparm-1.c -O2 -fwhopr execution test
FAIL: gcc.dg/torture/stackalign/comp-goto-1.c -O0 -flto execution test
FAIL: gcc.dg/torture/stackalign/comp-goto-1.c -O0 -fwhopr execution test
FAIL: gcc.dg/torture/stackalign/nested-1.c -O0 -flto execution test
FAIL: gcc.dg/torture/stackalign/nested-1.c -O0 -fwhopr execution test
FAIL: gcc.dg/torture/stackalign/nested-2.c -O0 -flto execution test
FAIL: gcc.dg/torture/stackalign/nested-2.c -O2 -flto execution test
FAIL: gcc.dg/torture/stackalign/nested-2.c -O3 -flto execution test
FAIL: gcc.dg/torture/stackalign/nested-2.c -O0 -fwhopr execution test
FAIL: gcc.dg/torture/stackalign/nested-2.c -O2 -fwhopr execution test
FAIL: gcc.dg/torture/stackalign/nested-2.c -O3 -fwhopr execution test
FAIL: gcc.dg/torture/stackalign/nested-3.c -O0 -flto execution test
FAIL: gcc.dg/torture/stackalign/nested-3.c -O2 -flto execution test
FAIL: gcc.dg/torture/stackalign/nested-3.c -O3 -flto execution test
FAIL: gcc.dg/torture/stackalign/nested-3.c -O0 -fwhopr execution test
FAIL: gcc.dg/torture/stackalign/nested-3.c -O2 -fwhopr execution test
FAIL: gcc.dg/torture/stackalign/nested-3.c -O3 -fwhopr execution test
FAIL: gcc.dg/torture/stackalign/non-local-goto-4.c -O0 -flto execution test
FAIL: gcc.dg/torture/stackalign/non-local-goto-4.c -O0 -fwhopr execution test
FAIL: gcc.dg/torture/stackalign/regparm-1.c -O0 -flto execution test
FAIL: gcc.dg/torture/stackalign/regparm-1.c -O2 -flto execution test
FAIL: gcc.dg/torture/stackalign/regparm-1.c -O3 -flto execution test
FAIL: gcc.dg/torture/stackalign/regparm-1.c -O0 -fwhopr execution test
FAIL: gcc.dg/torture/stackalign/regparm-1.c -O2 -fwhopr execution test
FAIL: gcc.dg/torture/stackalign/regparm-1.c -O3 -fwhopr execution test
FAIL: gcc.dg/tree-ssa/pr27236.c scan-tree-dump-times optimized "foo_read" 5
FAIL: gcc.dg/tree-ssa/tailrecursion-5.c scan-tree-dump-times optimized "\\msum\\M" 4
FAIL: gcc.dg/tree-ssa/tailrecursion-5.c scan-tree-dump-times optimized "\\mfac\\M" 4
FAIL: gcc.dg/tree-ssa/tailrecursion-5.c scan-tree-dump-times optimized "\\msq_sum\\M" 4
FAIL: gcc.dg/tree-ssa/tailrecursion-5.c scan-tree-dump-times optimized "\\mpow2m1\\M" 4
FAIL: gcc.dg/tree-ssa/tailrecursion-5.c scan-tree-dump-times optimized "\\mfib\\M" 5
ERROR: tcl error sourcing /home/dnovillo/perf/sbox/lto/local.x86_64/src/gcc/testsuite/gcc.misc-tests/help.exp.
ERROR: syntax error in expression "\$pattern ne """
FAIL: gcc.misc-tests/i386-pf-sse-1.c scan-assembler prefetchnta
FAIL: gcc.misc-tests/i386-pf-sse-1.c scan-assembler prefetcht0
FAIL: gcc.misc-tests/i386-pf-sse-1.c scan-assembler prefetcht1
FAIL: gcc.misc-tests/i386-pf-sse-1.c scan-assembler prefetcht2
FAIL: gcc.misc-tests/i386-pf-sse-1.c scan-assembler prefetchnta
FAIL: gcc.misc-tests/i386-pf-sse-1.c scan-assembler prefetcht0
FAIL: gcc.misc-tests/i386-pf-sse-1.c scan-assembler prefetcht1
FAIL: gcc.misc-tests/i386-pf-sse-1.c scan-assembler prefetcht2
FAIL: gcc.misc-tests/i386-pf-sse-1.c scan-assembler prefetchnta
FAIL: gcc.misc-tests/i386-pf-sse-1.c scan-assembler prefetcht0
FAIL: gcc.misc-tests/i386-pf-sse-1.c scan-assembler prefetcht1
FAIL: gcc.misc-tests/i386-pf-sse-1.c scan-assembler prefetcht2
FAIL: gcc.misc-tests/i386-pf-sse-1.c scan-assembler prefetchnta
FAIL: gcc.misc-tests/i386-pf-sse-1.c scan-assembler prefetcht0
FAIL: gcc.misc-tests/i386-pf-sse-1.c scan-assembler prefetcht1
FAIL: gcc.misc-tests/i386-pf-sse-1.c scan-assembler prefetcht2
FAIL: gcc.misc-tests/i386-pf-sse-1.c scan-assembler prefetchnta
FAIL: gcc.misc-tests/i386-pf-sse-1.c scan-assembler prefetcht0
FAIL: gcc.misc-tests/i386-pf-sse-1.c scan-assembler prefetcht1
FAIL: gcc.misc-tests/i386-pf-sse-1.c scan-assembler prefetcht2
FAIL: gcc.misc-tests/i386-pf-sse-1.c scan-assembler prefetchnta
FAIL: gcc.misc-tests/i386-pf-sse-1.c scan-assembler prefetcht0
FAIL: gcc.misc-tests/i386-pf-sse-1.c scan-assembler prefetcht1
FAIL: gcc.misc-tests/i386-pf-sse-1.c scan-assembler prefetcht2
FAIL: gcc.misc-tests/i386-pf-3dnow-1.c scan-assembler prefetch
FAIL: gcc.misc-tests/i386-pf-3dnow-1.c scan-assembler prefetchw
FAIL: gcc.misc-tests/i386-pf-3dnow-1.c scan-assembler prefetch
FAIL: gcc.misc-tests/i386-pf-3dnow-1.c scan-assembler prefetchw
FAIL: gcc.misc-tests/i386-pf-3dnow-1.c scan-assembler prefetch
FAIL: gcc.misc-tests/i386-pf-3dnow-1.c scan-assembler prefetchw
FAIL: gcc.misc-tests/i386-pf-3dnow-1.c scan-assembler prefetch
FAIL: gcc.misc-tests/i386-pf-3dnow-1.c scan-assembler prefetchw
FAIL: gcc.misc-tests/i386-pf-3dnow-1.c scan-assembler prefetch
FAIL: gcc.misc-tests/i386-pf-3dnow-1.c scan-assembler prefetchw
FAIL: gcc.misc-tests/i386-pf-3dnow-1.c scan-assembler prefetch
FAIL: gcc.misc-tests/i386-pf-3dnow-1.c scan-assembler prefetchw
FAIL: gcc.misc-tests/i386-pf-athlon-1.c scan-assembler prefetchw
FAIL: gcc.misc-tests/i386-pf-athlon-1.c scan-assembler prefetchnta
FAIL: gcc.misc-tests/i386-pf-athlon-1.c scan-assembler prefetcht
FAIL: gcc.misc-tests/i386-pf-athlon-1.c scan-assembler prefetchw
FAIL: gcc.misc-tests/i386-pf-athlon-1.c scan-assembler prefetchnta
FAIL: gcc.misc-tests/i386-pf-athlon-1.c scan-assembler prefetcht
FAIL: gcc.misc-tests/i386-pf-athlon-1.c scan-assembler prefetchw
FAIL: gcc.misc-tests/i386-pf-athlon-1.c scan-assembler prefetchnta
FAIL: gcc.misc-tests/i386-pf-athlon-1.c scan-assembler prefetcht
FAIL: gcc.misc-tests/i386-pf-athlon-1.c scan-assembler prefetchw
FAIL: gcc.misc-tests/i386-pf-athlon-1.c scan-assembler prefetchnta
FAIL: gcc.misc-tests/i386-pf-athlon-1.c scan-assembler prefetcht
FAIL: gcc.misc-tests/i386-pf-athlon-1.c scan-assembler prefetchw
FAIL: gcc.misc-tests/i386-pf-athlon-1.c scan-assembler prefetchnta
FAIL: gcc.misc-tests/i386-pf-athlon-1.c scan-assembler prefetcht
FAIL: gcc.misc-tests/i386-pf-athlon-1.c scan-assembler prefetchw
FAIL: gcc.misc-tests/i386-pf-athlon-1.c scan-assembler prefetchnta
FAIL: gcc.misc-tests/i386-pf-athlon-1.c scan-assembler prefetcht
=== gcc Summary ===
# of expected passes 86896
# of unexpected failures 145
# of unexpected successes 3
# of expected failures 143
# of unresolved testcases 6
# of unsupported tests 1063
/usr/local/google/dnovillo/perf/sbox/lto/local.x86_64/bld/gcc/xgcc version 4.5.0 20090504 (experimental) (lto merged with rev 147098)
=== gfortran tests ===
Running target unix
FAIL: gfortran.dg/csqrt_2.f -O0 execution test
FAIL: gfortran.dg/csqrt_2.f -O1 execution test
FAIL: gfortran.dg/csqrt_2.f -O2 execution test
FAIL: gfortran.dg/csqrt_2.f -O3 -fomit-frame-pointer execution test
FAIL: gfortran.dg/csqrt_2.f -O3 -fomit-frame-pointer -funroll-loops execution test
FAIL: gfortran.dg/csqrt_2.f -O3 -fomit-frame-pointer -funroll-all-loops -finline-functions execution test
FAIL: gfortran.dg/csqrt_2.f -O3 -g execution test
FAIL: gfortran.dg/csqrt_2.f -Os execution test
FAIL: gfortran.dg/csqrt_2.f execution test
=== gfortran Summary ===
# of expected passes 33388
# of unexpected failures 9
# of expected failures 11
# of unsupported tests 106
/usr/local/google/dnovillo/perf/sbox/lto/local.x86_64/bld/gcc/testsuite/gfortran/../../gfortran version 4.5.0 20090504 (experimental) (lto merged with rev 147098)
=== objc tests ===
Running target unix
FAIL: objc/execute/exceptions/catchall-1.m execution, -O0 -fgnu-runtime
FAIL: objc/execute/exceptions/catchall-1.m execution, -O1 -fgnu-runtime
FAIL: objc/execute/exceptions/catchall-1.m execution, -O2 -fgnu-runtime
FAIL: objc/execute/exceptions/catchall-1.m execution, -Os -fgnu-runtime
FAIL: objc/execute/exceptions/catchall-1.m execution,
FAIL: objc/execute/exceptions/handler-1.m execution, -O0 -fgnu-runtime
FAIL: objc/execute/exceptions/handler-1.m execution, -O1 -fgnu-runtime
FAIL: objc/execute/exceptions/handler-1.m execution, -O2 -fgnu-runtime
FAIL: objc/execute/exceptions/handler-1.m execution, -O3 -fomit-frame-pointer -fgnu-runtime
FAIL: objc/execute/exceptions/handler-1.m execution, -O3 -g -fgnu-runtime
FAIL: objc/execute/exceptions/handler-1.m execution, -Os -fgnu-runtime
FAIL: objc/execute/exceptions/handler-1.m execution,
FAIL: objc/execute/exceptions/local-variables-1.m execution, -O0 -fgnu-runtime
FAIL: objc/execute/exceptions/local-variables-1.m execution, -O1 -fgnu-runtime
FAIL: objc/execute/exceptions/local-variables-1.m execution, -O2 -fgnu-runtime
FAIL: objc/execute/exceptions/local-variables-1.m execution, -Os -fgnu-runtime
FAIL: objc/execute/exceptions/local-variables-1.m execution,
=== objc Summary ===
# of expected passes 2063
# of unexpected failures 17
# of expected failures 7
# of unsupported tests 24
/usr/local/google/dnovillo/perf/sbox/lto/local.x86_64/bld/gcc/xgcc version 4.5.0 20090504 (experimental) (lto merged with rev 147098)
=== libffi tests ===
Running target unix
=== libffi Summary ===
# of expected passes 1389
# of unsupported tests 10
=== libjava tests ===
Running target unix
=== libjava Summary ===
# of expected passes 2574
Compiler version: 4.5.0 20090504 (experimental) (lto merged with rev 147098)
Platform: i686-pc-linux-gnu
configure flags: --prefix=/home/dnovillo/perf/sbox/lto/local.x86_64/inst --srcdir=/home/dnovillo/perf/sbox/lto/local.x86_64/src --with-gmp=/home/dnovillo/i686 --with-mpfr=/home/dnovillo/i686 --build=i686-pc-linux-gnu --host=i686-pc-linux-gnu --disable-libmudflap --enable-checking=release
More information about the Gcc-testresults
mailing list