Results for 4.5.0 20090701 (experimental) [trunk revision 149140] (GCC) testsuite on armv7l-unknown-linux-gnueabi
Robert Nelson
robertcnelson@gmail.com
Fri Jul 3 07:09:00 GMT 2009
LAST_UPDATED: Wed Jul 1 14:13:41 UTC 2009 (revision 149140)
Native configuration is armv7l-unknown-linux-gnueabi
=== libgomp tests ===
Running target unix
WARNING: program timed out.
FAIL: libgomp.fortran/strassen.f90 -O execution test
=== libgomp Summary ===
# of expected passes 2393
# of unexpected failures 1
# of unsupported tests 7
=== libmudflap tests ===
Running target unix
FAIL: libmudflap.c/pass54-frag.c execution test
FAIL: libmudflap.c/pass54-frag.c execution test
FAIL: libmudflap.c/fail31-frag.c (-O3) crash test
FAIL: libmudflap.c/fail31-frag.c (-O3) output pattern test
FAIL: libmudflap.c/pass45-frag.c (-O3) execution test
FAIL: libmudflap.c/pass45-frag.c (-O3) output pattern test
FAIL: libmudflap.c/pass45-frag.c (-O3) execution test
FAIL: libmudflap.c/pass45-frag.c (-O3) output pattern test
FAIL: libmudflap.c++/pass41-frag.cxx execution test
FAIL: libmudflap.c++/pass41-frag.cxx (-static) execution test
FAIL: libmudflap.c++/pass41-frag.cxx ( -O) execution test
FAIL: libmudflap.c++/pass41-frag.cxx (-O2) execution test
FAIL: libmudflap.c++/pass41-frag.cxx (-O3) execution test
=== libmudflap Summary ===
# of expected passes 1881
# of unexpected failures 13
=== libstdc++ tests ===
Running target unix
FAIL: 21_strings/basic_string/inserters_extractors/wchar_t/28277.cc execution test
FAIL: 23_containers/vector/bool/modifiers/insert/31370.cc execution test
XPASS: 26_numerics/headers/cmath/c99_classification_macros_c.cc (test for excess errors)
FAIL: 27_io/basic_ostream/inserters_character/wchar_t/28277-3.cc execution test
FAIL: 27_io/basic_ostream/inserters_character/wchar_t/28277-4.cc execution test
FAIL: ext/vstring/inserters_extractors/wchar_t/28277.cc execution test
=== libstdc++ Summary ===
# of expected passes 6072
# of unexpected failures 5
# of unexpected successes 1
# of expected failures 82
# of unsupported tests 412
=== g++ tests ===
Running target unix
FAIL: g++.dg/ext/arm-fp16/arm-fp16-ops-1.C (test for excess errors)
FAIL: g++.dg/ext/arm-fp16/arm-fp16-ops-2.C (test for excess errors)
FAIL: g++.dg/ext/arm-fp16/arm-fp16-ops-3.C (test for excess errors)
FAIL: g++.dg/ext/arm-fp16/arm-fp16-ops-4.C (test for excess errors)
FAIL: g++.dg/ipa/iinline-1.C scan-ipa-dump inline "String::funcOne[^\\n]*inline copy in int main"
FAIL: g++.dg/template/cond5.C (internal compiler error)
FAIL: g++.dg/template/cond5.C (test for excess errors)
FAIL: g++.dg/tree-ssa/ehcleanup-1.C scan-tree-dump-times ehcleanup1 "Empty EH handler" 1
FAIL: g++.dg/tree-ssa/new1.C scan-tree-dump-not forwprop1 "= .* \\+ -"
=== g++ Summary ===
# of expected passes 19653
# of unexpected failures 9
# of expected failures 148
# of unsupported tests 152
/opt/trunk/objdir/gcc/testsuite/g++/../../g++ version 4.5.0 20090701 (experimental) [trunk revision 149140] (GCC)
=== gcc tests ===
Running target unix
WARNING: program timed out.
FAIL: gcc.c-torture/compile/limits-fndefn.c -O3 -g (test for excess errors)
FAIL: gcc.c-torture/compile/limits-structnest.c -O2 (test for excess errors)
FAIL: gcc.c-torture/compile/limits-structnest.c -O3 -fomit-frame-pointer (test for excess errors)
FAIL: gcc.c-torture/compile/limits-structnest.c -O3 -g (test for excess errors)
FAIL: gcc.c-torture/compile/limits-structnest.c -Os (test for excess errors)
XPASS: gcc.dg/Warray-bounds.c (test for warnings, line 59)
XPASS: gcc.dg/Warray-bounds.c (test for warnings, line 65)
FAIL: gcc.dg/Wshadow-3.c (test for warnings, line 47)
FAIL: gcc.dg/Wshadow-3.c (test for excess errors)
FAIL: gcc.dg/c99-stdint-1.c (test for excess errors)
FAIL: gcc.dg/c99-stdint-7.c (test for excess errors)
FAIL: gcc.dg/pr34989-1.c (internal compiler error)
FAIL: gcc.dg/pr34989-1.c (test for excess errors)
FAIL: gcc.dg/pr36902.c (test for warnings, line 47)
FAIL: gcc.dg/pr36902.c (test for excess errors)
FAIL: gcc.dg/uninit-13.c unconditional (test for warnings, line 8)
FAIL: gcc.dg/uninit-13.c (test for excess errors)
XPASS: gcc.dg/struct/wo_prof_array_through_pointer.c scan-ipa-dump ipa_struct_reorg "Number of structures to transform is 1"
FAIL: gcc.dg/struct/wo_prof_double_malloc.c (internal compiler error)
FAIL: gcc.dg/struct/wo_prof_double_malloc.c (test for excess errors)
UNRESOLVED: gcc.dg/struct/wo_prof_double_malloc.c compilation failed to produce executable
FAIL: gcc.dg/torture/arm-fp16-int-convert-alt.c -O0 (test for excess errors)
FAIL: gcc.dg/torture/arm-fp16-int-convert-alt.c -O1 (test for excess errors)
FAIL: gcc.dg/torture/arm-fp16-int-convert-alt.c -O2 (test for excess errors)
FAIL: gcc.dg/torture/arm-fp16-int-convert-alt.c -O3 -fomit-frame-pointer (test for excess errors)
FAIL: gcc.dg/torture/arm-fp16-int-convert-alt.c -O3 -g (test for excess errors)
FAIL: gcc.dg/torture/arm-fp16-int-convert-alt.c -Os (test for excess errors)
FAIL: gcc.dg/torture/arm-fp16-int-convert-ieee.c -O0 (test for excess errors)
FAIL: gcc.dg/torture/arm-fp16-int-convert-ieee.c -O1 (test for excess errors)
FAIL: gcc.dg/torture/arm-fp16-int-convert-ieee.c -O2 (test for excess errors)
FAIL: gcc.dg/torture/arm-fp16-int-convert-ieee.c -O3 -fomit-frame-pointer (test for excess errors)
FAIL: gcc.dg/torture/arm-fp16-int-convert-ieee.c -O3 -g (test for excess errors)
FAIL: gcc.dg/torture/arm-fp16-int-convert-ieee.c -Os (test for excess errors)
FAIL: gcc.dg/torture/arm-fp16-ops-1.c -O0 (test for excess errors)
FAIL: gcc.dg/torture/arm-fp16-ops-1.c -O1 (test for excess errors)
FAIL: gcc.dg/torture/arm-fp16-ops-1.c -O2 (test for excess errors)
FAIL: gcc.dg/torture/arm-fp16-ops-1.c -O3 -fomit-frame-pointer (test for excess errors)
FAIL: gcc.dg/torture/arm-fp16-ops-1.c -O3 -g (test for excess errors)
FAIL: gcc.dg/torture/arm-fp16-ops-1.c -Os (test for excess errors)
FAIL: gcc.dg/torture/arm-fp16-ops-2.c -O0 (test for excess errors)
FAIL: gcc.dg/torture/arm-fp16-ops-2.c -O1 (test for excess errors)
FAIL: gcc.dg/torture/arm-fp16-ops-2.c -O2 (test for excess errors)
FAIL: gcc.dg/torture/arm-fp16-ops-2.c -O3 -fomit-frame-pointer (test for excess errors)
FAIL: gcc.dg/torture/arm-fp16-ops-2.c -O3 -g (test for excess errors)
FAIL: gcc.dg/torture/arm-fp16-ops-2.c -Os (test for excess errors)
FAIL: gcc.dg/torture/arm-fp16-ops-3.c -O0 (test for excess errors)
FAIL: gcc.dg/torture/arm-fp16-ops-3.c -O1 (test for excess errors)
FAIL: gcc.dg/torture/arm-fp16-ops-3.c -O2 (test for excess errors)
FAIL: gcc.dg/torture/arm-fp16-ops-3.c -O3 -fomit-frame-pointer (test for excess errors)
FAIL: gcc.dg/torture/arm-fp16-ops-3.c -O3 -g (test for excess errors)
FAIL: gcc.dg/torture/arm-fp16-ops-3.c -Os (test for excess errors)
FAIL: gcc.dg/torture/arm-fp16-ops-4.c -O0 (test for excess errors)
FAIL: gcc.dg/torture/arm-fp16-ops-4.c -O1 (test for excess errors)
FAIL: gcc.dg/torture/arm-fp16-ops-4.c -O2 (test for excess errors)
FAIL: gcc.dg/torture/arm-fp16-ops-4.c -O3 -fomit-frame-pointer (test for excess errors)
FAIL: gcc.dg/torture/arm-fp16-ops-4.c -O3 -g (test for excess errors)
FAIL: gcc.dg/torture/arm-fp16-ops-4.c -Os (test for excess errors)
FAIL: gcc.dg/tree-prof/bb-reorg.c compilation, -fprofile-use -D_PROFILE_USE
UNRESOLVED: gcc.dg/tree-prof/bb-reorg.c execution, -fprofile-use -D_PROFILE_USE
FAIL: gcc.dg/tree-prof/pr34999.c compilation, -fprofile-use -D_PROFILE_USE
UNRESOLVED: gcc.dg/tree-prof/pr34999.c execution, -fprofile-use -D_PROFILE_USE
FAIL: gcc.dg/vect/vect-35.c scan-tree-dump-times vect "vectorized 2 loops" 1
FAIL: gcc.dg/vect/vect-nest-cycle-3.c scan-tree-dump-times vect "OUTER LOOP VECTORIZED" 1
FAIL: gcc.dg/vect/slp-36.c (internal compiler error)
FAIL: gcc.dg/vect/slp-36.c (test for excess errors)
FAIL: gcc.target/arm/fp16-builtins-1.c (test for excess errors)
FAIL: gcc.target/arm/fp16-rounding-alt-1.c (test for excess errors)
FAIL: gcc.target/arm/fp16-rounding-ieee-1.c (test for excess errors)
FAIL: gcc.target/arm/fp16-unprototyped-1.c (test for excess errors)
FAIL: gcc.target/arm/fp16-variadic-1.c (test for excess errors)
ERROR: gcc.target/arm/neon-modes-1.c: Unrecognized option type: arm_neon for " dg-add-options 4 arm_neon "
UNRESOLVED: gcc.target/arm/neon-modes-1.c: Unrecognized option type: arm_neon for " dg-add-options 4 arm_neon "
FAIL: gcc.target/arm/neon/polytypes.c (test for excess errors)
FAIL: gcc.target/arm/neon/vget_lowf32.c scan-assembler vmov[ \\t]+[dD][0-9]+, [dD][0-9]+!?([ \\t]+@[a-zA-Z0-9 ]+)?\\n
FAIL: gcc.target/arm/neon/vget_lowp16.c scan-assembler vmov[ \\t]+[dD][0-9]+, [dD][0-9]+!?([ \\t]+@[a-zA-Z0-9 ]+)?\\n
FAIL: gcc.target/arm/neon/vget_lowp8.c scan-assembler vmov[ \\t]+[dD][0-9]+, [dD][0-9]+!?([ \\t]+@[a-zA-Z0-9 ]+)?\\n
FAIL: gcc.target/arm/neon/vget_lows16.c scan-assembler vmov[ \\t]+[dD][0-9]+, [dD][0-9]+!?([ \\t]+@[a-zA-Z0-9 ]+)?\\n
FAIL: gcc.target/arm/neon/vget_lows32.c scan-assembler vmov[ \\t]+[dD][0-9]+, [dD][0-9]+!?([ \\t]+@[a-zA-Z0-9 ]+)?\\n
FAIL: gcc.target/arm/neon/vget_lows64.c scan-assembler vmov[ \\t]+[dD][0-9]+, [dD][0-9]+!?([ \\t]+@[a-zA-Z0-9 ]+)?\\n
FAIL: gcc.target/arm/neon/vget_lows8.c scan-assembler vmov[ \\t]+[dD][0-9]+, [dD][0-9]+!?([ \\t]+@[a-zA-Z0-9 ]+)?\\n
FAIL: gcc.target/arm/neon/vget_lowu16.c scan-assembler vmov[ \\t]+[dD][0-9]+, [dD][0-9]+!?([ \\t]+@[a-zA-Z0-9 ]+)?\\n
FAIL: gcc.target/arm/neon/vget_lowu32.c scan-assembler vmov[ \\t]+[dD][0-9]+, [dD][0-9]+!?([ \\t]+@[a-zA-Z0-9 ]+)?\\n
FAIL: gcc.target/arm/neon/vget_lowu64.c scan-assembler vmov[ \\t]+[dD][0-9]+, [dD][0-9]+!?([ \\t]+@[a-zA-Z0-9 ]+)?\\n
FAIL: gcc.target/arm/neon/vget_lowu8.c scan-assembler vmov[ \\t]+[dD][0-9]+, [dD][0-9]+!?([ \\t]+@[a-zA-Z0-9 ]+)?\\n
=== gcc Summary ===
# of expected passes 56906
# of unexpected failures 76
# of unexpected successes 3
# of expected failures 210
# of unresolved testcases 4
# of unsupported tests 611
/opt/trunk/objdir/gcc/xgcc version 4.5.0 20090701 (experimental) [trunk revision 149140] (GCC)
=== gfortran tests ===
Running target unix
FAIL: gfortran.dg/integer_exponentiation_4.f90 -O (test for errors, line 26)
FAIL: gfortran.dg/integer_exponentiation_4.f90 -O (test for errors, line 27)
FAIL: gfortran.dg/integer_exponentiation_4.f90 -O (test for errors, line 35)
FAIL: gfortran.dg/integer_exponentiation_4.f90 -O (test for errors, line 36)
FAIL: gfortran.dg/integer_exponentiation_4.f90 -O (test for errors, line 37)
FAIL: gfortran.dg/integer_exponentiation_4.f90 -O (test for errors, line 38)
FAIL: gfortran.dg/integer_exponentiation_4.f90 -O (test for excess errors)
WARNING: program timed out.
FAIL: gfortran.dg/vect/fast-math-pr38968.f90 execution test
FAIL: gfortran.dg/vect/fast-math-pr38968.f90 scan-tree-dump vect "vectorized 1 loops"
=== gfortran Summary ===
# of expected passes 30146
# of unexpected failures 9
# of expected failures 20
# of unsupported tests 263
/opt/trunk/objdir/gcc/testsuite/gfortran/../../gfortran version 4.5.0 20090701 (experimental) [trunk revision 149140] (GCC)
Compiler version: 4.5.0 20090701 (experimental) [trunk revision 149140] (GCC)
Platform: armv7l-unknown-linux-gnueabi
configure flags: --prefix=/opt/install-gcc-trunk --enable-languages=c,c++,fortran --enable-stage1-checking=release
Build Logs: http://rcn-ee.homeip.net:81/dl/gcc/
More information about the Gcc-testresults
mailing list