Results for 4.4.0 20090122 (experimental) [trunk revision 143566] (GCC) gcc testsuite on i686-pc-cygwin
Christian Joensson
christian.joensson@gmail.com
Sun Jan 25 19:06:00 GMT 2009
Windows XP Pro/SP3 cygwin Pentium M processor 2.13GHz system with packages:
binutils 20080624-2 2.18.50.20080625
bison 2.3-1 2.3
cygwin 1.5.25-15
dejagnu 20021217-2 1.4.2.x
expect 20030128-1 5.26
gcc 3.4.4-3
gcc-ada 3.4.4-3
gcc-g++ 3.4.4-3
gmp 4.2.4-1
make 3.81-2
mpfr 2.3.2-1
tcltk 20080420-1 8.4
w32api 3.13-1
LAST_UPDATED: Thu Jan 22 12:37:51 UTC 2009 (revision 143566)
Native configuration is i686-pc-cygwin
=== gcc tests ===
Running target unix
FAIL: gcc.c-torture/compile/limits-declparen.c (internal compiler error)
FAIL: gcc.c-torture/compile/limits-declparen.c (test for excess errors)
FAIL: gcc.c-torture/compile/limits-exprparen.c (internal compiler error)
FAIL: gcc.c-torture/compile/limits-exprparen.c (test for excess errors)
FAIL: gcc.c-torture/compile/limits-exprparen.c (internal compiler error)
FAIL: gcc.c-torture/compile/limits-exprparen.c (test for excess errors)
FAIL: gcc.c-torture/compile/limits-exprparen.c (internal compiler error)
FAIL: gcc.c-torture/compile/limits-exprparen.c (test for excess errors)
FAIL: gcc.c-torture/compile/limits-exprparen.c (internal compiler error)
FAIL: gcc.c-torture/compile/limits-exprparen.c (test for excess errors)
FAIL: gcc.c-torture/compile/limits-exprparen.c (internal compiler error)
FAIL: gcc.c-torture/compile/limits-exprparen.c (test for excess errors)
FAIL: gcc.c-torture/compile/limits-exprparen.c (internal compiler error)
FAIL: gcc.c-torture/compile/limits-exprparen.c (test for excess errors)
FAIL: gcc.c-torture/compile/limits-pointer.c (internal compiler error)
FAIL: gcc.c-torture/compile/limits-pointer.c (test for excess errors)
FAIL: gcc.c-torture/compile/limits-structnest.c (internal compiler error)
FAIL: gcc.c-torture/compile/limits-structnest.c (test for excess errors)
FAIL: gcc.c-torture/compile/limits-structnest.c (internal compiler error)
FAIL: gcc.c-torture/compile/limits-structnest.c (test for excess errors)
FAIL: gcc.c-torture/compile/limits-structnest.c (internal compiler error)
FAIL: gcc.c-torture/compile/limits-structnest.c (test for excess errors)
FAIL: gcc.c-torture/compile/limits-structnest.c (internal compiler error)
FAIL: gcc.c-torture/compile/limits-structnest.c (test for excess errors)
FAIL: gcc.c-torture/compile/limits-structnest.c (internal compiler error)
FAIL: gcc.c-torture/compile/limits-structnest.c (test for excess errors)
FAIL: gcc.c-torture/compile/limits-structnest.c (internal compiler error)
FAIL: gcc.c-torture/compile/limits-structnest.c (test for excess errors)
WARNING: program timed out.
FAIL: gcc.c-torture/execute/930603-1.c compilation, -O0
UNRESOLVED: gcc.c-torture/execute/930603-1.c execution, -O0
FAIL: gcc.dg/20020425-1.c (internal compiler error)
FAIL: gcc.dg/20020425-1.c (test for excess errors)
FAIL: gcc.dg/20021014-1.c (test for excess errors)
WARNING: gcc.dg/20021014-1.c compilation failed to produce executable
FAIL: gcc.dg/alias-7.c execution test
FAIL: gcc.dg/dll-4.c scan-assembler (foo2:.*.comm[ \\t_]*foo1)
FAIL: gcc.dg/utf32-4.c (test for warnings, line 18)
FAIL: largefile.c (test for excess errors)
FAIL: gcc.dg/pch/largefile.c -O0 -g assembly comparison
FAIL: largefile.c (test for excess errors)
FAIL: gcc.dg/pch/largefile.c -O0 assembly comparison
FAIL: largefile.c (test for excess errors)
FAIL: gcc.dg/pch/largefile.c -O1 assembly comparison
FAIL: largefile.c (test for excess errors)
FAIL: gcc.dg/pch/largefile.c -O2 assembly comparison
FAIL: largefile.c (test for excess errors)
FAIL: gcc.dg/pch/largefile.c -O3 -fomit-frame-pointer assembly comparison
FAIL: largefile.c (test for excess errors)
FAIL: gcc.dg/pch/largefile.c -O3 -g assembly comparison
FAIL: largefile.c (test for excess errors)
FAIL: gcc.dg/pch/largefile.c -Os assembly comparison
FAIL: gcc.dg/torture/fp-int-convert-float128.c (test for excess errors)
WARNING: gcc.dg/torture/fp-int-convert-float128.c compilation failed
to produce executable
FAIL: gcc.dg/torture/fp-int-convert-float128.c (test for excess errors)
WARNING: gcc.dg/torture/fp-int-convert-float128.c compilation failed
to produce executable
FAIL: gcc.dg/torture/fp-int-convert-float128.c (test for excess errors)
WARNING: gcc.dg/torture/fp-int-convert-float128.c compilation failed
to produce executable
FAIL: gcc.dg/torture/fp-int-convert-float128.c (test for excess errors)
WARNING: gcc.dg/torture/fp-int-convert-float128.c compilation failed
to produce executable
FAIL: gcc.dg/torture/fp-int-convert-float128.c (test for excess errors)
WARNING: gcc.dg/torture/fp-int-convert-float128.c compilation failed
to produce executable
FAIL: gcc.dg/torture/fp-int-convert-float128.c (test for excess errors)
WARNING: gcc.dg/torture/fp-int-convert-float128.c compilation failed
to produce executable
FAIL: gcc.dg/tree-ssa/pr27781.c scan-tree-dump optimized "func \\(\\);"
FAIL: gcc.dg/tree-ssa/pr36881.c scan-assembler-not CSWTCH
FAIL: gcc.dg/tree-ssa/pr36881.c scan-tree-dump switchconv "need
runtime relocations"
FAIL: gcc.dg/tree-ssa/ssa-store-ccp-2.c scan-tree-dump-times optimized
"conststaticvariable" 1
FAIL: gcc.dg/tree-ssa/ssa-store-ccp-4.c scan-tree-dump-times optimized
"conststaticvariable" 1
FAIL: gcc.dg/vect/pr25413.c scan-tree-dump-times vect "vectorized 1 loops" 0
FAIL: gcc.dg/vect/pr25413.c scan-tree-dump-times vect "vector
alignment may not be reachable" 1
FAIL: gcc.dg/vect/pr25413.c scan-tree-dump-times vect "not vectorized:
unsupported unaligned store" 1
FAIL: gcc.target/i386/avx-vcmppd-1.c (test for excess errors)
WARNING: gcc.target/i386/avx-vcmppd-1.c compilation failed to produce executable
FAIL: gcc.target/i386/avx-vcmppd-256-1.c (test for excess errors)
WARNING: gcc.target/i386/avx-vcmppd-256-1.c compilation failed to
produce executable
FAIL: gcc.target/i386/avx-vcmpps-1.c (test for excess errors)
WARNING: gcc.target/i386/avx-vcmpps-1.c compilation failed to produce executable
FAIL: gcc.target/i386/avx-vcmpps-256-1.c (test for excess errors)
WARNING: gcc.target/i386/avx-vcmpps-256-1.c compilation failed to
produce executable
FAIL: gcc.target/i386/avx-vcmpsd-1.c (test for excess errors)
WARNING: gcc.target/i386/avx-vcmpsd-1.c compilation failed to produce executable
FAIL: gcc.target/i386/avx-vcmpss-1.c (test for excess errors)
WARNING: gcc.target/i386/avx-vcmpss-1.c compilation failed to produce executable
FAIL: gcc.target/i386/avx-vmovntdq-256-1.c (test for excess errors)
WARNING: gcc.target/i386/avx-vmovntdq-256-1.c compilation failed to
produce executable
FAIL: gcc.target/i386/avx-vmovntpd-256-1.c (test for excess errors)
WARNING: gcc.target/i386/avx-vmovntpd-256-1.c compilation failed to
produce executable
FAIL: gcc.target/i386/avx-vmovntps-256-1.c (test for excess errors)
WARNING: gcc.target/i386/avx-vmovntps-256-1.c compilation failed to
produce executable
FAIL: gcc.target/i386/pic-1.c (test for errors, line 11)
FAIL: gcc.target/i386/pr25993.c (test for excess errors)
FAIL: gcc.target/i386/pr32000-2.c (test for excess errors)
WARNING: gcc.target/i386/pr32000-2.c compilation failed to produce executable
FAIL: gcc.target/i386/pr37843-1.c scan-assembler call[\\\\t ]*foo
FAIL: gcc.target/i386/pr37843-2.c scan-assembler jmp[\\\\t ]*foo
FAIL: gcc.target/i386/pr37843-3.c scan-assembler jmp[\\\\t ]*foo
FAIL: gcc.target/i386/stackalign/return-3.c (test for excess errors)
FAIL: gcc.target/i386/stackalign/return-3.c (test for excess errors)
FAIL: gcc.target/i386/stackalign/return-3.c (test for excess errors)
FAIL: gcc.target/i386/stackalign/return-3.c (test for excess errors)
=== gcc Summary ===
# of expected passes 59335
# of unexpected failures 82
# of expected failures 185
# of unresolved testcases 1
# of unsupported tests 618
/usr/local/src/trunk/objdir/gcc/xgcc version 4.4.0 20090122
(experimental) [trunk revision 143566] (GCC)
Compiler version: 4.4.0 20090122 (experimental) [trunk revision
143566] (GCC) gcc
Platform: i686-pc-cygwin
configure flags: --enable-languages=c
BOOT_CFLAGS=-O2 -march=pentium-m -pipe
Counting all warnings,
there are 436 warnings in stage0 of this bootstrap.
Number of warnings per file:
256 gcc/gimple.h
46 gcc/dfp.c
30 gcc/unwind-dw2-fde.c
17 gcc/gcc.c
9 gcc/config/i386/i386.md
6 gcc/config/i386/cygming-crtend.c
6 gcc/builtins.c
6 fixincludes/fixincl.x
4 gcc/gengtype.c
4 gcc/gengtype-parse.c
3 gengtype-lex.c
3 gcc/tree-data-ref.c
3 gcc/gimplify.c
3 gcc/config/i386/sse.md
3 gcc/c-typeck.c
2 gcc/var-tracking.c
2 gcc/stringpool.c
2 gcc/sel-sched-ir.c
2 gcc/sched-deps.c
2 gcc/jump.c
2 gcc/expr.c
2 gcc/dominance.c
2 gcc/config/i386/i386.c
2 gcc/c-lex.c
1 libtool
1 libssp/ssp.c
1 libssp/ssp-local.c
1 gcc/tree.c
1 gcc/tree-vrp.c
1 gcc/tree-ssa-pre.c
1 gcc/tree-cfg.c
1 gcc/statistics.c
1 gcc/rtlanal.c
1 gcc/pretty-print.c
1 gcc/prefix.c
1 gcc/passes.c
1 gcc/langhooks.c
1 gcc/gimple-low.c
1 gcc/ggc-page.c
1 gcc/ggc-common.c
1 gcc/cselib.c
1 gcc/c-decl.c
1 gcc/alias.c
Number of warning types:
326 cast discards qualifiers from pointer target type
50 dereferencing type-punned pointer will break strict-aliasing rules
26 dereferencing pointer \`???' does break strict-aliasing rules
12 operand 1 missing mode?
6 string length \`???' is greater than the length \`???' ISO C89
compilers are required to support
3 destructor priorities from 0 to 100 are reserved for the implementation
3 constructor priorities from 0 to 100 are reserved for the implementation
3 comparison between signed and unsigned
2 visibility attribute not supported in this configuration; ignored
2 request for implicit conversion from \`???' to \`???' not
permitted in C++
2 comparison between signed and unsigned integer expressions
1 undefined symbols not allowed in i686-pc-cygwin shared libraries
More information about the Gcc-testresults
mailing list