Results for 4.4.0 20090125 (experimental) [trunk revision 143661] (GCC) testsuite on x86_64-unknown-linux-gnu
guerby@gcc13.fsffrance.org
guerby@gcc13.fsffrance.org
Sun Jan 25 12:20:00 GMT 2009
LAST_UPDATED: Sun Jan 25 08:51:31 UTC 2009 (revision 143661)
=== acats tests ===
=== acats Summary ===
# of expected passes 2313
# of unexpected failures 0
Native configuration is x86_64-unknown-linux-gnu
=== gcc tests ===
Running target unix
FAIL: gcc.dg/tree-prof/bb-reorg.c compilation, -fprofile-use -D_PROFILE_USE
UNRESOLVED: gcc.dg/tree-prof/bb-reorg.c execution, -fprofile-use -D_PROFILE_USE
FAIL: gcc.dg/tree-prof/pr34999.c compilation, -fprofile-use -D_PROFILE_USE
UNRESOLVED: gcc.dg/tree-prof/pr34999.c execution, -fprofile-use -D_PROFILE_USE
FAIL: gcc.target/i386/pr34256.c scan-assembler-times mov 2
=== gcc Summary ===
# of expected passes 54607
# of unexpected failures 3
# of expected failures 185
# of unresolved testcases 2
# of unsupported tests 1267
/home/guerby/build/gcc/xgcc version 4.4.0 20090125 (experimental) [trunk revision 143661] (GCC)
=== gnat tests ===
Running target unix
FAIL: gnat.dg/rep_clause2.adb (test for excess errors)
=== gnat Summary ===
# of expected passes 603
# of unexpected failures 1
# of expected failures 6
=== libgomp tests ===
Running target unix
=== libgomp Summary ===
# of expected passes 249
=== libmudflap tests ===
Running target unix
=== libmudflap Summary ===
# of expected passes 1740
# of unsupported tests 2
Compiler version: 4.4.0 20090125 (experimental) [trunk revision 143661] (GCC)
Platform: x86_64-unknown-linux-gnu
configure flags: --prefix=/n/13/guerby/install-trunk --enable-languages=c,ada --enable-__cxa_atexit --disable-nls --enable-threads=posix --with-mpfr=/opt/cfarm/mpfr-2.3.1
More information about the Gcc-testresults
mailing list