Results for 4.4.0 20090118 (experimental) [trunk revision 143486] (GCC) testsuite on hppa64-hp-hpux11.11
John David Anglin
dave@hiauly3.hia.nrc.ca
Mon Jan 19 16:10:00 GMT 2009
LAST_UPDATED: Sun Jan 18 21:29:53 UTC 2009 (revision 143486)
Native configuration is hppa64-hp-hpux11.11
=== g++ tests ===
Running target unix
=== g++ Summary ===
# of expected passes 17866
# of expected failures 143
# of unsupported tests 198
/test/gnu/gcc/objdir/gcc/testsuite/g++/../../g++ version 4.4.0 20090118 (experimental) [trunk revision 143486] (GCC)
=== gcc tests ===
Running target unix
FAIL: gcc.c-torture/execute/pr36227.c compilation, -O0
UNRESOLVED: gcc.c-torture/execute/pr36227.c execution, -O0
FAIL: gcc.c-torture/execute/pr36227.c compilation, -O1
UNRESOLVED: gcc.c-torture/execute/pr36227.c execution, -O1
FAIL: gcc.c-torture/execute/pr36227.c compilation, -O2
UNRESOLVED: gcc.c-torture/execute/pr36227.c execution, -O2
FAIL: gcc.c-torture/execute/pr36227.c compilation, -O3 -fomit-frame-pointer
UNRESOLVED: gcc.c-torture/execute/pr36227.c execution, -O3 -fomit-frame-pointer
FAIL: gcc.c-torture/execute/pr36227.c compilation, -O3 -g
UNRESOLVED: gcc.c-torture/execute/pr36227.c execution, -O3 -g
FAIL: gcc.c-torture/execute/pr36227.c compilation, -Os
UNRESOLVED: gcc.c-torture/execute/pr36227.c execution, -Os
XPASS: gcc.dg/funcorder.c scan-assembler-not link_error,%r
FAIL: gcc.dg/pr35729.c scan-rtl-dump-times loop2_invariant "Decided to move invariant" 0
=== gcc Summary ===
# of expected passes 47565
# of unexpected failures 7
# of unexpected successes 1
# of expected failures 129
# of unresolved testcases 6
# of unsupported tests 569
/test/gnu/gcc/objdir/gcc/xgcc version 4.4.0 20090118 (experimental) [trunk revision 143486] (GCC)
=== gfortran tests ===
Running target unix
=== gfortran Summary ===
# of expected passes 28117
# of expected failures 10
# of unsupported tests 259
/test/gnu/gcc/objdir/gcc/testsuite/gfortran/../../gfortran version 4.4.0 20090118 (experimental) [trunk revision 143486] (GCC)
=== obj-c++ tests ===
Running target unix
WARNING: obj-c++.dg/lookup-2.mm compilation failed to produce executable
WARNING: obj-c++.dg/try-catch-2.mm compilation failed to produce executable
WARNING: obj-c++.dg/try-catch-9.mm compilation failed to produce executable
=== obj-c++ Summary ===
# of expected passes 427
# of expected failures 21
# of unsupported tests 13
/test/gnu/gcc/objdir/gcc/testsuite/obj-c++/../../g++ version 4.4.0 20090118 (experimental) [trunk revision 143486] (GCC)
=== objc tests ===
Running target unix
FAIL: objc/execute/forward-1.m execution, -O0 -fgnu-runtime
FAIL: objc/execute/forward-1.m execution, -O1 -fgnu-runtime
FAIL: objc/execute/forward-1.m execution, -O2 -fgnu-runtime
FAIL: objc/execute/forward-1.m execution, -O3 -fomit-frame-pointer -fgnu-runtime
FAIL: objc/execute/forward-1.m execution, -O3 -fomit-frame-pointer -funroll-loops -fgnu-runtime
FAIL: objc/execute/forward-1.m execution, -O3 -fomit-frame-pointer -funroll-all-loops -finline-functions -fgnu-runtime
FAIL: objc/execute/forward-1.m execution, -O3 -g -fgnu-runtime
FAIL: objc/execute/forward-1.m execution, -Os -fgnu-runtime
=== objc Summary ===
# of expected passes 1820
# of unexpected failures 8
# of expected failures 7
# of unsupported tests 25
/test/gnu/gcc/objdir/gcc/xgcc version 4.4.0 20090118 (experimental) [trunk revision 143486] (GCC)
=== libgomp tests ===
Running target unix
=== libgomp Summary ===
# of expected passes 2327
# of unsupported tests 9
=== libstdc++ tests ===
Running target unix
=== libstdc++ Summary ===
# of expected passes 5443
# of expected failures 72
# of unsupported tests 500
Compiler version: 4.4.0 20090118 (experimental) [trunk revision 143486] (GCC)
Platform: hppa64-hp-hpux11.11
configure flags: --with-gnu-as --with-as=/opt/gnu64/bin/as --with-ld=/usr/ccs/bin/ld --enable-shared --disable-nls --with-local-prefix=/opt/gnu64 --prefix=/opt/gnu64/gcc/gcc-4.4.0 --build=hppa64-hp-hpux11.11 --enable-threads=posix --disable-libmudflap --with-gmp=/opt/gnu64/gcc/gcc-4.4.0 --enable-languages=c,c++,fortran,objc,obj-c++
More information about the Gcc-testresults
mailing list