Results for 4.4.0 20090116 (experimental) [trunk revision 143450] (GCC) testsuite on mips64octeon-unknown-linux-gnu
Adam Nemet
anemet@caviumnetworks.com
Sat Jan 17 16:19:00 GMT 2009
LAST_UPDATED: Fri Jan 16 23:32:03 UTC 2009 (revision 143450)
Native configuration is mips64octeon-unknown-linux-gnu
=== g++ tests ===
Running target unix
FAIL: g++.dg/cdce3.C execution test
FAIL: g++.dg/ipa/iinline-1.C scan-ipa-dump inline "String::funcOne[^\\n]*inline copy in int main"
=== g++ Summary ===
# of expected passes 18839
# of unexpected failures 2
# of expected failures 141
# of unsupported tests 151
/mnt/src/gcc-clean/mips64octeon-unknown-linux-gnu/gcc/testsuite/g++/../../g++ version 4.4.0 20090116 (experimental) [trunk revision 143450] (GCC)
=== gcc tests ===
Running target unix
FAIL: gcc.c-torture/execute/loop-2f.c execution, -O0
FAIL: gcc.c-torture/execute/loop-2f.c execution, -O1
FAIL: gcc.c-torture/execute/loop-2f.c execution, -O2
FAIL: gcc.c-torture/execute/loop-2f.c execution, -O3 -fomit-frame-pointer
FAIL: gcc.c-torture/execute/loop-2f.c execution, -O3 -fomit-frame-pointer -funroll-loops
FAIL: gcc.c-torture/execute/loop-2f.c execution, -O3 -fomit-frame-pointer -funroll-all-loops -finline-functions
FAIL: gcc.c-torture/execute/loop-2f.c execution, -O3 -g
FAIL: gcc.c-torture/execute/loop-2f.c execution, -Os
FAIL: gcc.c-torture/execute/loop-2g.c execution, -O0
FAIL: gcc.c-torture/execute/loop-2g.c execution, -O1
FAIL: gcc.c-torture/execute/loop-2g.c execution, -O2
FAIL: gcc.c-torture/execute/loop-2g.c execution, -O3 -fomit-frame-pointer
FAIL: gcc.c-torture/execute/loop-2g.c execution, -O3 -fomit-frame-pointer -funroll-loops
FAIL: gcc.c-torture/execute/loop-2g.c execution, -O3 -fomit-frame-pointer -funroll-all-loops -finline-functions
FAIL: gcc.c-torture/execute/loop-2g.c execution, -O3 -g
FAIL: gcc.c-torture/execute/loop-2g.c execution, -Os
FAIL: gcc.dg/pr35729.c scan-rtl-dump-times loop2_invariant "Decided to move invariant" 0
ERROR: tcl error sourcing /mnt/src/gcc-clean/src/gcc/testsuite/gcc.dg/tree-ssa/tree-ssa.exp.
ERROR: unmatched open brace in list
FAIL: gcc.target/mips/branch-1.c scan-assembler \\tandi\\t.*\\tandi\\t.*\\tandi\\t.*\\tandi\\t
FAIL: gcc.target/mips/dpaq_sa_l_w.c (test for excess errors)
ERROR: gcc.target/mips/dpaq_sa_l_w.c: error executing dg-final: couldn't open "dpaq_sa_l_w.s": no such file or directory
UNRESOLVED: gcc.target/mips/dpaq_sa_l_w.c: error executing dg-final: couldn't open "dpaq_sa_l_w.s": no such file or directory
FAIL: gcc.target/mips/dpsq_sa_l_w.c (test for excess errors)
ERROR: gcc.target/mips/dpsq_sa_l_w.c: error executing dg-final: couldn't open "dpsq_sa_l_w.s": no such file or directory
UNRESOLVED: gcc.target/mips/dpsq_sa_l_w.c: error executing dg-final: couldn't open "dpsq_sa_l_w.s": no such file or directory
FAIL: gcc.target/mips/dspr2-MULT.c scan-assembler ac2
FAIL: gcc.target/mips/dspr2-MULTU.c scan-assembler ac2
FAIL: gcc.target/mips/fixed-scalar-type.c (test for excess errors)
ERROR: gcc.target/mips/fixed-scalar-type.c: error executing dg-final: couldn't open "fixed-scalar-type.s": no such file or directory
UNRESOLVED: gcc.target/mips/fixed-scalar-type.c: error executing dg-final: couldn't open "fixed-scalar-type.s": no such file or directory
FAIL: gcc.target/mips/fixed-vector-type.c (test for excess errors)
ERROR: gcc.target/mips/fixed-vector-type.c: error executing dg-final: couldn't open "fixed-vector-type.s": no such file or directory
UNRESOLVED: gcc.target/mips/fixed-vector-type.c: error executing dg-final: couldn't open "fixed-vector-type.s": no such file or directory
=== gcc Summary ===
# of expected passes 48632
# of unexpected failures 24
# of expected failures 105
# of unresolved testcases 4
# of unsupported tests 457
/mnt/src/gcc-clean/mips64octeon-unknown-linux-gnu/gcc/xgcc version 4.4.0 20090116 (experimental) [trunk revision 143450] (GCC)
=== gfortran tests ===
Running target unix
FAIL: gfortran.dg/large_real_kind_2.F90 -O0 execution test
FAIL: gfortran.dg/large_real_kind_2.F90 -O1 execution test
FAIL: gfortran.dg/large_real_kind_2.F90 -O2 execution test
FAIL: gfortran.dg/large_real_kind_2.F90 -O3 -fomit-frame-pointer execution test
FAIL: gfortran.dg/large_real_kind_2.F90 -O3 -fomit-frame-pointer -funroll-loops execution test
FAIL: gfortran.dg/large_real_kind_2.F90 -O3 -fomit-frame-pointer -funroll-all-loops -finline-functions execution test
FAIL: gfortran.dg/large_real_kind_2.F90 -O3 -g execution test
FAIL: gfortran.dg/large_real_kind_2.F90 -Os execution test
FAIL: gfortran.dg/proc_ptr_5.f90 -O0 execution test
FAIL: gfortran.dg/proc_ptr_5.f90 -O1 execution test
FAIL: gfortran.dg/proc_ptr_5.f90 -O2 execution test
FAIL: gfortran.dg/proc_ptr_5.f90 -O3 -fomit-frame-pointer execution test
FAIL: gfortran.dg/proc_ptr_5.f90 -O3 -fomit-frame-pointer -funroll-loops execution test
FAIL: gfortran.dg/proc_ptr_5.f90 -O3 -fomit-frame-pointer -funroll-all-loops -finline-functions execution test
FAIL: gfortran.dg/proc_ptr_5.f90 -O3 -g execution test
FAIL: gfortran.dg/proc_ptr_5.f90 -Os execution test
WARNING: program timed out.
WARNING: program timed out.
WARNING: program timed out.
WARNING: program timed out.
WARNING: program timed out.
WARNING: program timed out.
WARNING: program timed out.
WARNING: program timed out.
=== gfortran Summary ===
# of expected passes 28612
# of unexpected failures 16
# of expected failures 10
# of unsupported tests 44
/mnt/src/gcc-clean/mips64octeon-unknown-linux-gnu/gcc/testsuite/gfortran/../../gfortran version 4.4.0 20090116 (experimental) [trunk revision 143450] (GCC)
=== objc tests ===
Running target unix
FAIL: objc/execute/forward-1.m execution, -O0 -fgnu-runtime
FAIL: objc/execute/forward-1.m execution, -O1 -fgnu-runtime
FAIL: objc/execute/forward-1.m execution, -O2 -fgnu-runtime
FAIL: objc/execute/forward-1.m execution, -O3 -fomit-frame-pointer -fgnu-runtime
FAIL: objc/execute/forward-1.m execution, -O3 -fomit-frame-pointer -funroll-loops -fgnu-runtime
FAIL: objc/execute/forward-1.m execution, -O3 -fomit-frame-pointer -funroll-all-loops -finline-functions -fgnu-runtime
FAIL: objc/execute/forward-1.m execution, -O3 -g -fgnu-runtime
FAIL: objc/execute/forward-1.m execution, -Os -fgnu-runtime
=== objc Summary ===
# of expected passes 1822
# of unexpected failures 8
# of expected failures 7
# of unsupported tests 24
/mnt/src/gcc-clean/mips64octeon-unknown-linux-gnu/gcc/xgcc version 4.4.0 20090116 (experimental) [trunk revision 143450] (GCC)
=== libffi tests ===
Running target unix
FAIL: libffi.call/closure_fn1.c -O0 -W -Wall output pattern test, is 0 0 0 0 127 0 0 8 9 10 11 12 13 19 21 1 3: 234
FAIL: libffi.call/closure_fn2.c -O0 -W -Wall output pattern test, is 0 0 0 0 127 0 0 8 9 10 11 12 13 19 21 1 3: 234
FAIL: libffi.call/closure_fn3.c -O0 -W -Wall output pattern test, is 0 0 0 0 0 0 0 0 9 10 11 12 13 19 21 1 3: 99
FAIL: libffi.call/closure_fn6.c -O0 -W -Wall output pattern test, is 1 2 3 4 127 0 0 0 9 10 11 12 13 19 21 1 3: 236
FAIL: libffi.call/cls_16byte.c -O0 -W -Wall output pattern test, is 7 0 9 1 0 3: 8 0 12
FAIL: libffi.call/cls_18byte.c -O0 -W -Wall output pattern test, is 1.06019e-314 127 126 1.06019e-314 3.95253e-323 125 124 0: 1.06019e-314 252 250 1.06019e-314
FAIL: libffi.call/cls_19byte.c -O0 -W -Wall output pattern test, is 1.05821e-314 127 126 1.05821e-314 120 0 125 124 2.59029e-319 119: 1.05821e-314 252 250 1.05823e-314 239
FAIL: libffi.call/cls_20byte.c -O0 -W -Wall output pattern test, is 1.06058e-314 0 3 3.95253e-323 0 7: 1.06058e-314 0 10
FAIL: libffi.call/cls_20byte1.c -O0 -W -Wall output pattern test, is 1 0 1.05705e-314 4 0 0: 5 0 1.05705e-314
FAIL: libffi.call/cls_24byte.c -O0 -W -Wall output pattern test, is 1.06047e-314 0 6 5 3.95253e-323 0 3 7 2.62112e-319 5 7 9 8 6 1 9: 8 11 17 25
FAIL: libffi.call/cls_64byte.c -O0 -W -Wall output pattern test, is 13 13 11 20 6 12 12 18
FAIL: libffi.call/cls_9byte1.c -O0 -W -Wall output pattern test, is 7 1.0575e-314 1 1.0575e-314: 8 2.115e-314
FAIL: libffi.call/cls_9byte2.c -O0 -W -Wall output pattern test, is 1.0594e-314 8 0 9: 1.0594e-314 17
FAIL: libffi.call/cls_align_double.c -O0 -W -Wall output pattern test, is 12 0 127 1 0 13: 13 0 140
FAIL: libffi.call/cls_double.c -O0 -W -Wall output pattern test, is nan: nan
FAIL: libffi.call/cls_float.c -O0 -W -Wall output pattern test, is nan: nan
FAIL: libffi.call/float.c -O0 -W -Wall execution test
FAIL: libffi.call/float1.c -O0 -W -Wall execution test
FAIL: libffi.call/float2.c -O0 -W -Wall execution test
FAIL: libffi.call/float3.c -O0 -W -Wall execution test
FAIL: libffi.call/float4.c -O0 -W -Wall execution test
FAIL: libffi.call/many.c -O0 -W -Wall execution test
FAIL: libffi.call/nested_struct.c -O0 -W -Wall execution test
FAIL: libffi.call/nested_struct1.c -O0 -W -Wall execution test
FAIL: libffi.call/nested_struct4.c -O0 -W -Wall execution test
FAIL: libffi.call/nested_struct6.c -O0 -W -Wall execution test
FAIL: libffi.call/problem1.c -O0 -W -Wall output pattern test, is 1.05798e-314 0 1.05798e-314 3.95253e-323 0 0: 1.05798e-314 0 1.05798e-314
FAIL: libffi.call/return_dbl.c -O0 -W -Wall execution test
FAIL: libffi.call/return_dbl1.c -O0 -W -Wall execution test
FAIL: libffi.call/return_dbl2.c -O0 -W -Wall execution test
FAIL: libffi.call/return_fl.c -O0 -W -Wall execution test
FAIL: libffi.call/return_fl1.c -O0 -W -Wall execution test
FAIL: libffi.call/return_fl2.c -O0 -W -Wall execution test
FAIL: libffi.call/return_fl3.c -O0 -W -Wall execution test
FAIL: libffi.call/return_ldl.c -O0 -W -Wall execution test
FAIL: libffi.call/struct1.c -O0 -W -Wall execution test
FAIL: libffi.call/struct2.c -O0 -W -Wall execution test
FAIL: libffi.call/struct6.c -O0 -W -Wall execution test
FAIL: libffi.call/struct7.c -O0 -W -Wall execution test
FAIL: libffi.call/closure_fn1.c -O2 output pattern test, is 0 0 0 0 127 0 0 8 9 10 11 12 13 19 21 1 3: 234
FAIL: libffi.call/closure_fn2.c -O2 output pattern test, is 0 0 0 0 127 0 0 8 9 10 11 12 13 19 21 1 3: 234
FAIL: libffi.call/closure_fn3.c -O2 output pattern test, is 0 0 0 0 0 0 0 0 9 10 11 12 13 19 21 1 3: 99
FAIL: libffi.call/closure_fn6.c -O2 output pattern test, is 1 2 3 4 127 0 0 0 9 10 11 12 13 19 21 1 3: 236
FAIL: libffi.call/cls_16byte.c -O2 output pattern test, is 7 0 9 1 0 3: 8 0 12
FAIL: libffi.call/cls_18byte.c -O2 output pattern test, is 1.0582e-314 127 126 1.0582e-314 3.95253e-323 125 124 0: 1.0582e-314 252 250 1.0582e-314
FAIL: libffi.call/cls_19byte.c -O2 output pattern test, is 1.05736e-314 127 126 1.05736e-314 120 0 125 124 2.59029e-319 119: 1.05736e-314 252 250 1.05739e-314 239
FAIL: libffi.call/cls_20byte.c -O2 output pattern test, is 1.05887e-314 0 3 3.95253e-323 0 7: 1.05887e-314 0 10
FAIL: libffi.call/cls_20byte1.c -O2 output pattern test, is 1 0 1.05882e-314 4 0 0: 5 0 1.05882e-314
FAIL: libffi.call/cls_24byte.c -O2 output pattern test, is 1.05683e-314 0 6 5 3.95253e-323 0 3 7 2.62112e-319 5 7 9 8 6 1 9: 8 11 17 25
FAIL: libffi.call/cls_64byte.c -O2 output pattern test, is 13 13 11 20 6 12 12 18
FAIL: libffi.call/cls_9byte1.c -O2 output pattern test, is 7 1.0587e-314 1 1.0587e-314: 8 2.1174e-314
FAIL: libffi.call/cls_9byte2.c -O2 output pattern test, is 1.05994e-314 8 0 9: 1.05994e-314 17
FAIL: libffi.call/cls_align_double.c -O2 output pattern test, is 12 0 127 1 0 13: 13 0 140
FAIL: libffi.call/cls_double.c -O2 output pattern test, is nan: nan
FAIL: libffi.call/cls_float.c -O2 output pattern test, is nan: nan
FAIL: libffi.call/float.c -O2 execution test
FAIL: libffi.call/float1.c -O2 execution test
FAIL: libffi.call/float2.c -O2 execution test
FAIL: libffi.call/float3.c -O2 execution test
FAIL: libffi.call/float4.c -O2 execution test
FAIL: libffi.call/many.c -O2 execution test
FAIL: libffi.call/nested_struct.c -O2 execution test
FAIL: libffi.call/nested_struct1.c -O2 execution test
FAIL: libffi.call/nested_struct4.c -O2 execution test
FAIL: libffi.call/nested_struct6.c -O2 execution test
FAIL: libffi.call/problem1.c -O2 output pattern test, is 1.05803e-314 0 1.05803e-314 3.95253e-323 0 0: 1.05803e-314 0 1.05803e-314
FAIL: libffi.call/return_dbl.c -O2 execution test
FAIL: libffi.call/return_dbl1.c -O2 execution test
FAIL: libffi.call/return_dbl2.c -O2 execution test
FAIL: libffi.call/return_fl.c -O2 execution test
FAIL: libffi.call/return_fl1.c -O2 execution test
FAIL: libffi.call/return_fl2.c -O2 execution test
FAIL: libffi.call/return_fl3.c -O2 execution test
FAIL: libffi.call/return_ldl.c -O2 execution test
FAIL: libffi.call/struct1.c -O2 execution test
FAIL: libffi.call/struct2.c -O2 execution test
FAIL: libffi.call/struct6.c -O2 execution test
FAIL: libffi.call/struct7.c -O2 execution test
FAIL: libffi.call/closure_fn1.c -O3 output pattern test, is 0 0 0 0 127 0 0 8 9 10 11 12 13 19 21 1 3: 234
FAIL: libffi.call/closure_fn2.c -O3 output pattern test, is 0 0 0 0 127 0 0 8 9 10 11 12 13 19 21 1 3: 234
FAIL: libffi.call/closure_fn3.c -O3 output pattern test, is 0 0 0 0 0 0 0 0 9 10 11 12 13 19 21 1 3: 99
FAIL: libffi.call/closure_fn6.c -O3 output pattern test, is 1 2 3 4 127 0 0 0 9 10 11 12 13 19 21 1 3: 236
FAIL: libffi.call/cls_16byte.c -O3 output pattern test, is 7 0 9 1 0 3: 8 0 12
FAIL: libffi.call/cls_18byte.c -O3 output pattern test, is 1.05911e-314 127 126 1.05911e-314 3.95253e-323 125 124 0: 1.05911e-314 252 250 1.05911e-314
FAIL: libffi.call/cls_19byte.c -O3 output pattern test, is 1.05854e-314 127 126 1.05854e-314 120 0 125 124 2.59029e-319 119: 1.05854e-314 252 250 1.05857e-314 239
FAIL: libffi.call/cls_20byte.c -O3 output pattern test, is 1.06058e-314 0 3 3.95253e-323 0 7: 1.06058e-314 0 10
FAIL: libffi.call/cls_20byte1.c -O3 output pattern test, is 1 0 1.05818e-314 4 0 0: 5 0 1.05818e-314
FAIL: libffi.call/cls_24byte.c -O3 output pattern test, is 1.05939e-314 0 6 5 3.95253e-323 0 3 7 2.62112e-319 5 7 9 8 6 1 9: 8 11 17 25
FAIL: libffi.call/cls_64byte.c -O3 output pattern test, is 13 13 11 20 6 12 12 18
FAIL: libffi.call/cls_9byte1.c -O3 output pattern test, is 7 1.05801e-314 1 1.05801e-314: 8 2.11602e-314
FAIL: libffi.call/cls_9byte2.c -O3 output pattern test, is 1.05907e-314 8 0 9: 1.05907e-314 17
FAIL: libffi.call/cls_align_double.c -O3 output pattern test, is 12 0 127 1 0 13: 13 0 140
FAIL: libffi.call/cls_double.c -O3 output pattern test, is nan: nan
FAIL: libffi.call/cls_float.c -O3 output pattern test, is nan: nan
FAIL: libffi.call/float.c -O3 execution test
FAIL: libffi.call/float1.c -O3 execution test
FAIL: libffi.call/float2.c -O3 execution test
FAIL: libffi.call/float3.c -O3 execution test
FAIL: libffi.call/float4.c -O3 execution test
FAIL: libffi.call/many.c -O3 execution test
FAIL: libffi.call/nested_struct.c -O3 execution test
FAIL: libffi.call/nested_struct1.c -O3 execution test
FAIL: libffi.call/nested_struct4.c -O3 execution test
FAIL: libffi.call/nested_struct6.c -O3 execution test
FAIL: libffi.call/problem1.c -O3 output pattern test, is 1.05712e-314 0 1.05712e-314 3.95253e-323 0 0: 1.05712e-314 0 1.05712e-314
FAIL: libffi.call/return_dbl.c -O3 execution test
FAIL: libffi.call/return_dbl1.c -O3 execution test
FAIL: libffi.call/return_dbl2.c -O3 execution test
FAIL: libffi.call/return_fl.c -O3 execution test
FAIL: libffi.call/return_fl1.c -O3 execution test
FAIL: libffi.call/return_fl2.c -O3 execution test
FAIL: libffi.call/return_fl3.c -O3 execution test
FAIL: libffi.call/return_ldl.c -O3 execution test
FAIL: libffi.call/struct1.c -O3 execution test
FAIL: libffi.call/struct2.c -O3 execution test
FAIL: libffi.call/struct6.c -O3 execution test
FAIL: libffi.call/struct7.c -O3 execution test
FAIL: libffi.call/closure_fn1.c -Os output pattern test, is 0 0 0 0 127 0 0 8 9 10 11 12 13 19 21 1 3: 234
FAIL: libffi.call/closure_fn2.c -Os output pattern test, is 0 0 0 0 127 0 0 8 9 10 11 12 13 19 21 1 3: 234
FAIL: libffi.call/closure_fn3.c -Os output pattern test, is 0 0 0 0 0 0 0 0 9 10 11 12 13 19 21 1 3: 99
FAIL: libffi.call/closure_fn6.c -Os output pattern test, is 1 2 3 4 127 0 0 0 9 10 11 12 13 19 21 1 3: 236
FAIL: libffi.call/cls_16byte.c -Os output pattern test, is 7 0 9 1 0 3: 8 0 12
FAIL: libffi.call/cls_18byte.c -Os output pattern test, is 1.05815e-314 127 126 1.05815e-314 3.95253e-323 125 124 0: 1.05815e-314 252 250 1.05815e-314
FAIL: libffi.call/cls_19byte.c -Os output pattern test, is 1.05971e-314 127 126 1.05971e-314 120 0 125 124 2.59029e-319 119: 1.05971e-314 252 250 1.05974e-314 239
FAIL: libffi.call/cls_20byte.c -Os output pattern test, is 1.05973e-314 0 3 3.95253e-323 0 7: 1.05973e-314 0 10
FAIL: libffi.call/cls_20byte1.c -Os output pattern test, is 1 0 1.06079e-314 4 0 0: 5 0 1.06079e-314
FAIL: libffi.call/cls_24byte.c -Os output pattern test, is 1.05871e-314 0 6 5 3.95253e-323 0 3 7 2.62112e-319 5 7 9 8 6 1 9: 8 11 17 25
FAIL: libffi.call/cls_64byte.c -Os output pattern test, is 13 13 11 20 6 12 12 18
FAIL: libffi.call/cls_9byte1.c -Os output pattern test, is 7 1.05947e-314 1 1.05947e-314: 8 2.11894e-314
FAIL: libffi.call/cls_9byte2.c -Os output pattern test, is 1.06045e-314 8 0 9: 1.06045e-314 17
FAIL: libffi.call/cls_align_double.c -Os output pattern test, is 12 0 127 1 0 13: 13 0 140
FAIL: libffi.call/cls_double.c -Os output pattern test, is nan: nan
FAIL: libffi.call/cls_float.c -Os output pattern test, is nan: nan
FAIL: libffi.call/float.c -Os execution test
FAIL: libffi.call/float1.c -Os execution test
FAIL: libffi.call/float2.c -Os execution test
FAIL: libffi.call/float3.c -Os execution test
FAIL: libffi.call/float4.c -Os execution test
FAIL: libffi.call/many.c -Os execution test
FAIL: libffi.call/nested_struct.c -Os execution test
FAIL: libffi.call/nested_struct1.c -Os execution test
FAIL: libffi.call/nested_struct4.c -Os execution test
FAIL: libffi.call/nested_struct6.c -Os execution test
FAIL: libffi.call/problem1.c -Os output pattern test, is 1.05989e-314 0 1.05989e-314 3.95253e-323 0 0: 1.05989e-314 0 1.05989e-314
FAIL: libffi.call/return_dbl.c -Os execution test
FAIL: libffi.call/return_dbl1.c -Os execution test
FAIL: libffi.call/return_dbl2.c -Os execution test
FAIL: libffi.call/return_fl.c -Os execution test
FAIL: libffi.call/return_fl1.c -Os execution test
FAIL: libffi.call/return_fl2.c -Os execution test
FAIL: libffi.call/return_fl3.c -Os execution test
FAIL: libffi.call/return_ldl.c -Os execution test
FAIL: libffi.call/struct1.c -Os execution test
FAIL: libffi.call/struct2.c -Os execution test
FAIL: libffi.call/struct6.c -Os execution test
FAIL: libffi.call/struct7.c -Os execution test
FAIL: libffi.call/closure_fn1.c -O2 -fomit-frame-pointer output pattern test, is 0 0 0 0 127 0 0 8 9 10 11 12 13 19 21 1 3: 234
FAIL: libffi.call/closure_fn2.c -O2 -fomit-frame-pointer output pattern test, is 0 0 0 0 127 0 0 8 9 10 11 12 13 19 21 1 3: 234
FAIL: libffi.call/closure_fn3.c -O2 -fomit-frame-pointer output pattern test, is 0 0 0 0 0 0 0 0 9 10 11 12 13 19 21 1 3: 99
FAIL: libffi.call/closure_fn6.c -O2 -fomit-frame-pointer output pattern test, is 1 2 3 4 127 0 0 0 9 10 11 12 13 19 21 1 3: 236
FAIL: libffi.call/cls_16byte.c -O2 -fomit-frame-pointer output pattern test, is 7 0 9 1 0 3: 8 0 12
FAIL: libffi.call/cls_18byte.c -O2 -fomit-frame-pointer output pattern test, is 1.05763e-314 127 126 1.05763e-314 3.95253e-323 125 124 0: 1.05763e-314 252 250 1.05763e-314
FAIL: libffi.call/cls_19byte.c -O2 -fomit-frame-pointer output pattern test, is 1.05943e-314 127 126 1.05943e-314 120 0 125 124 2.59029e-319 119: 1.05943e-314 252 250 1.05945e-314 239
FAIL: libffi.call/cls_20byte.c -O2 -fomit-frame-pointer output pattern test, is 1.05781e-314 0 3 3.95253e-323 0 7: 1.05781e-314 0 10
FAIL: libffi.call/cls_20byte1.c -O2 -fomit-frame-pointer output pattern test, is 1 0 1.05821e-314 4 0 0: 5 0 1.05821e-314
FAIL: libffi.call/cls_24byte.c -O2 -fomit-frame-pointer output pattern test, is 1.05742e-314 0 6 5 3.95253e-323 0 3 7 2.62112e-319 5 7 9 8 6 1 9: 8 11 17 25
FAIL: libffi.call/cls_64byte.c -O2 -fomit-frame-pointer output pattern test, is 13 13 11 20 6 12 12 18
FAIL: libffi.call/cls_9byte1.c -O2 -fomit-frame-pointer output pattern test, is 7 1.05973e-314 1 1.05973e-314: 8 2.11947e-314
FAIL: libffi.call/cls_9byte2.c -O2 -fomit-frame-pointer output pattern test, is 1.05711e-314 8 0 9: 1.05711e-314 17
FAIL: libffi.call/cls_align_double.c -O2 -fomit-frame-pointer output pattern test, is 12 0 127 1 0 13: 13 0 140
FAIL: libffi.call/cls_double.c -O2 -fomit-frame-pointer output pattern test, is nan: nan
FAIL: libffi.call/cls_float.c -O2 -fomit-frame-pointer output pattern test, is nan: nan
FAIL: libffi.call/float.c -O2 -fomit-frame-pointer execution test
FAIL: libffi.call/float1.c -O2 -fomit-frame-pointer execution test
FAIL: libffi.call/float2.c -O2 -fomit-frame-pointer execution test
FAIL: libffi.call/float3.c -O2 -fomit-frame-pointer execution test
FAIL: libffi.call/float4.c -O2 -fomit-frame-pointer execution test
FAIL: libffi.call/many.c -O2 -fomit-frame-pointer execution test
FAIL: libffi.call/nested_struct.c -O2 -fomit-frame-pointer execution test
FAIL: libffi.call/nested_struct1.c -O2 -fomit-frame-pointer execution test
FAIL: libffi.call/nested_struct4.c -O2 -fomit-frame-pointer execution test
FAIL: libffi.call/nested_struct6.c -O2 -fomit-frame-pointer execution test
FAIL: libffi.call/problem1.c -O2 -fomit-frame-pointer output pattern test, is 1.0575e-314 0 1.0575e-314 3.95253e-323 0 0: 1.0575e-314 0 1.0575e-314
FAIL: libffi.call/return_dbl.c -O2 -fomit-frame-pointer execution test
FAIL: libffi.call/return_dbl1.c -O2 -fomit-frame-pointer execution test
FAIL: libffi.call/return_dbl2.c -O2 -fomit-frame-pointer execution test
FAIL: libffi.call/return_fl.c -O2 -fomit-frame-pointer execution test
FAIL: libffi.call/return_fl1.c -O2 -fomit-frame-pointer execution test
FAIL: libffi.call/return_fl2.c -O2 -fomit-frame-pointer execution test
FAIL: libffi.call/return_fl3.c -O2 -fomit-frame-pointer execution test
FAIL: libffi.call/return_ldl.c -O2 -fomit-frame-pointer execution test
FAIL: libffi.call/struct1.c -O2 -fomit-frame-pointer execution test
FAIL: libffi.call/struct2.c -O2 -fomit-frame-pointer execution test
FAIL: libffi.call/struct6.c -O2 -fomit-frame-pointer execution test
FAIL: libffi.call/struct7.c -O2 -fomit-frame-pointer execution test
FAIL: libffi.special/unwindtest.cc -shared-libgcc -lstdc++ execution test
FAIL: libffi.special/unwindtest.cc -shared-libgcc -lstdc++ execution test
FAIL: libffi.special/unwindtest.cc -shared-libgcc -lstdc++ execution test
FAIL: libffi.special/unwindtest.cc -shared-libgcc -lstdc++ execution test
=== libffi Summary ===
# of expected passes 1166
# of unexpected failures 199
# of unsupported tests 10
=== libgomp tests ===
Running target unix
FAIL: libgomp.c/atomic-4.c execution test
FAIL: libgomp.c/copyin-1.c execution test
FAIL: libgomp.c/copyin-2.c execution test
FAIL: libgomp.c/copyin-3.c execution test
FAIL: libgomp.c/icv-2.c execution test
FAIL: libgomp.c/lock-3.c execution test
FAIL: libgomp.c/nqueens-1.c execution test
FAIL: libgomp.c++/copyin-1.C -O0 execution test
FAIL: libgomp.c++/copyin-1.C -O1 execution test
FAIL: libgomp.c++/copyin-1.C -O2 execution test
FAIL: libgomp.c++/copyin-1.C -O3 -fomit-frame-pointer execution test
FAIL: libgomp.c++/copyin-1.C -O3 -fomit-frame-pointer -funroll-loops execution test
FAIL: libgomp.c++/copyin-1.C -O3 -fomit-frame-pointer -funroll-all-loops -finline-functions execution test
FAIL: libgomp.c++/copyin-1.C -O3 -g (test for excess errors)
UNRESOLVED: libgomp.c++/copyin-1.C -O3 -g compilation failed to produce executable
FAIL: libgomp.c++/copyin-1.C -Os execution test
FAIL: libgomp.c++/copyin-2.C -O0 execution test
FAIL: libgomp.c++/copyin-2.C -O1 execution test
FAIL: libgomp.c++/copyin-2.C -O2 execution test
FAIL: libgomp.c++/copyin-2.C -O3 -fomit-frame-pointer execution test
FAIL: libgomp.c++/copyin-2.C -O3 -fomit-frame-pointer -funroll-loops execution test
FAIL: libgomp.c++/copyin-2.C -O3 -fomit-frame-pointer -funroll-all-loops -finline-functions execution test
FAIL: libgomp.c++/copyin-2.C -O3 -g (test for excess errors)
UNRESOLVED: libgomp.c++/copyin-2.C -O3 -g compilation failed to produce executable
FAIL: libgomp.c++/copyin-2.C -Os execution test
FAIL: libgomp.c++/ctor-10.C -O0 execution test
FAIL: libgomp.c++/ctor-10.C -O1 execution test
FAIL: libgomp.c++/ctor-10.C -O2 execution test
FAIL: libgomp.c++/ctor-10.C -O3 -fomit-frame-pointer execution test
FAIL: libgomp.c++/ctor-10.C -O3 -fomit-frame-pointer -funroll-loops execution test
FAIL: libgomp.c++/ctor-10.C -O3 -fomit-frame-pointer -funroll-all-loops -finline-functions execution test
FAIL: libgomp.c++/ctor-10.C -O3 -g (test for excess errors)
UNRESOLVED: libgomp.c++/ctor-10.C -O3 -g compilation failed to produce executable
FAIL: libgomp.c++/ctor-10.C -Os execution test
FAIL: libgomp.c++/ctor-5.C -O3 -g (test for excess errors)
UNRESOLVED: libgomp.c++/ctor-5.C -O3 -g compilation failed to produce executable
FAIL: libgomp.c++/ctor-8.C -O0 execution test
FAIL: libgomp.c++/ctor-8.C -O1 execution test
FAIL: libgomp.c++/ctor-8.C -O2 execution test
FAIL: libgomp.c++/ctor-8.C -O3 -fomit-frame-pointer execution test
FAIL: libgomp.c++/ctor-8.C -O3 -fomit-frame-pointer -funroll-loops execution test
FAIL: libgomp.c++/ctor-8.C -O3 -fomit-frame-pointer -funroll-all-loops -finline-functions execution test
FAIL: libgomp.c++/ctor-8.C -O3 -g (test for excess errors)
UNRESOLVED: libgomp.c++/ctor-8.C -O3 -g compilation failed to produce executable
FAIL: libgomp.c++/ctor-8.C -Os execution test
FAIL: libgomp.c++/ctor-9.C -O0 execution test
FAIL: libgomp.c++/ctor-9.C -O1 execution test
FAIL: libgomp.c++/ctor-9.C -O2 execution test
FAIL: libgomp.c++/ctor-9.C -O3 -g (test for excess errors)
UNRESOLVED: libgomp.c++/ctor-9.C -O3 -g compilation failed to produce executable
FAIL: libgomp.c++/ctor-9.C -Os execution test
FAIL: libgomp.c++/pr24455.C -O0 execution test
FAIL: libgomp.c++/pr24455.C -O3 -g (test for excess errors)
UNRESOLVED: libgomp.c++/pr24455.C -O3 -g compilation failed to produce executable
FAIL: libgomp.fortran/allocatable2.f90 -O0 execution test
FAIL: libgomp.fortran/allocatable2.f90 -O1 execution test
FAIL: libgomp.fortran/allocatable2.f90 -O2 execution test
FAIL: libgomp.fortran/allocatable2.f90 -O3 -fomit-frame-pointer execution test
FAIL: libgomp.fortran/allocatable2.f90 -O3 -fomit-frame-pointer -funroll-loops execution test
FAIL: libgomp.fortran/allocatable2.f90 -O3 -fomit-frame-pointer -funroll-all-loops -finline-functions execution test
FAIL: libgomp.fortran/allocatable2.f90 -O3 -g (test for excess errors)
UNRESOLVED: libgomp.fortran/allocatable2.f90 -O3 -g compilation failed to produce executable
FAIL: libgomp.fortran/allocatable2.f90 -Os execution test
FAIL: libgomp.fortran/appendix-a/a.22.7.f90 -O0 execution test
FAIL: libgomp.fortran/appendix-a/a.22.7.f90 -O1 execution test
FAIL: libgomp.fortran/appendix-a/a.22.7.f90 -O2 execution test
FAIL: libgomp.fortran/appendix-a/a.22.7.f90 -O3 -fomit-frame-pointer execution test
FAIL: libgomp.fortran/appendix-a/a.22.7.f90 -O3 -fomit-frame-pointer -funroll-loops execution test
FAIL: libgomp.fortran/appendix-a/a.22.7.f90 -O3 -fomit-frame-pointer -funroll-all-loops -finline-functions execution test
FAIL: libgomp.fortran/appendix-a/a.22.7.f90 -O3 -g (test for excess errors)
UNRESOLVED: libgomp.fortran/appendix-a/a.22.7.f90 -O3 -g compilation failed to produce executable
FAIL: libgomp.fortran/appendix-a/a.22.7.f90 -Os execution test
FAIL: libgomp.fortran/appendix-a/a.22.8.f90 -O2 execution test
FAIL: libgomp.fortran/appendix-a/a.22.8.f90 -O3 -fomit-frame-pointer execution test
FAIL: libgomp.fortran/appendix-a/a.22.8.f90 -O3 -fomit-frame-pointer -funroll-loops execution test
FAIL: libgomp.fortran/appendix-a/a.22.8.f90 -O3 -fomit-frame-pointer -funroll-all-loops -finline-functions execution test
FAIL: libgomp.fortran/appendix-a/a.22.8.f90 -O3 -g (test for excess errors)
UNRESOLVED: libgomp.fortran/appendix-a/a.22.8.f90 -O3 -g compilation failed to produce executable
FAIL: libgomp.fortran/appendix-a/a.22.8.f90 -Os execution test
FAIL: libgomp.fortran/crayptr2.f90 -O0 execution test
FAIL: libgomp.fortran/crayptr2.f90 -O1 execution test
FAIL: libgomp.fortran/crayptr2.f90 -O2 execution test
FAIL: libgomp.fortran/crayptr2.f90 -O3 -fomit-frame-pointer execution test
FAIL: libgomp.fortran/crayptr2.f90 -O3 -fomit-frame-pointer -funroll-loops execution test
FAIL: libgomp.fortran/crayptr2.f90 -O3 -fomit-frame-pointer -funroll-all-loops -finline-functions execution test
FAIL: libgomp.fortran/crayptr2.f90 -O3 -g (test for excess errors)
UNRESOLVED: libgomp.fortran/crayptr2.f90 -O3 -g compilation failed to produce executable
FAIL: libgomp.fortran/crayptr2.f90 -Os execution test
FAIL: libgomp.fortran/omp_parse2.f90 -O3 -fomit-frame-pointer execution test
FAIL: libgomp.fortran/omp_parse3.f90 -O0 execution test
FAIL: libgomp.fortran/omp_parse3.f90 -O1 execution test
FAIL: libgomp.fortran/omp_parse3.f90 -O2 execution test
FAIL: libgomp.fortran/omp_parse3.f90 -O3 -fomit-frame-pointer execution test
FAIL: libgomp.fortran/omp_parse3.f90 -O3 -fomit-frame-pointer -funroll-loops execution test
FAIL: libgomp.fortran/omp_parse3.f90 -O3 -fomit-frame-pointer -funroll-all-loops -finline-functions execution test
FAIL: libgomp.fortran/omp_parse3.f90 -O3 -g (test for excess errors)
UNRESOLVED: libgomp.fortran/omp_parse3.f90 -O3 -g compilation failed to produce executable
FAIL: libgomp.fortran/omp_parse3.f90 -Os execution test
FAIL: libgomp.fortran/pr25162.f -O0 execution test
FAIL: libgomp.fortran/pr25162.f -O1 execution test
FAIL: libgomp.fortran/pr25162.f -O2 execution test
FAIL: libgomp.fortran/pr25162.f -O3 -fomit-frame-pointer execution test
FAIL: libgomp.fortran/pr25162.f -O3 -fomit-frame-pointer -funroll-loops execution test
FAIL: libgomp.fortran/pr25162.f -O3 -fomit-frame-pointer -funroll-all-loops -finline-functions execution test
FAIL: libgomp.fortran/pr25162.f -O3 -g (test for excess errors)
UNRESOLVED: libgomp.fortran/pr25162.f -O3 -g compilation failed to produce executable
FAIL: libgomp.fortran/pr25162.f -Os execution test
FAIL: libgomp.fortran/pr32550.f90 -O0 execution test
FAIL: libgomp.fortran/pr32550.f90 -O1 execution test
FAIL: libgomp.fortran/pr32550.f90 -O2 execution test
FAIL: libgomp.fortran/pr32550.f90 -O3 -fomit-frame-pointer execution test
FAIL: libgomp.fortran/pr32550.f90 -O3 -fomit-frame-pointer -funroll-loops execution test
FAIL: libgomp.fortran/pr32550.f90 -O3 -fomit-frame-pointer -funroll-all-loops -finline-functions execution test
FAIL: libgomp.fortran/pr32550.f90 -O3 -g (test for excess errors)
UNRESOLVED: libgomp.fortran/pr32550.f90 -O3 -g compilation failed to produce executable
FAIL: libgomp.fortran/pr32550.f90 -Os execution test
WARNING: program timed out.
FAIL: libgomp.fortran/strassen.f90 -O execution test
FAIL: libgomp.fortran/threadprivate1.f90 -O0 execution test
FAIL: libgomp.fortran/threadprivate1.f90 -O1 execution test
FAIL: libgomp.fortran/threadprivate1.f90 -O2 execution test
FAIL: libgomp.fortran/threadprivate1.f90 -O3 -fomit-frame-pointer execution test
FAIL: libgomp.fortran/threadprivate1.f90 -O3 -fomit-frame-pointer -funroll-loops execution test
FAIL: libgomp.fortran/threadprivate1.f90 -O3 -fomit-frame-pointer -funroll-all-loops -finline-functions execution test
FAIL: libgomp.fortran/threadprivate1.f90 -O3 -g (test for excess errors)
UNRESOLVED: libgomp.fortran/threadprivate1.f90 -O3 -g compilation failed to produce executable
FAIL: libgomp.fortran/threadprivate1.f90 -Os execution test
FAIL: libgomp.fortran/threadprivate2.f90 -O0 execution test
FAIL: libgomp.fortran/threadprivate2.f90 -O1 execution test
FAIL: libgomp.fortran/threadprivate2.f90 -O2 execution test
FAIL: libgomp.fortran/threadprivate2.f90 -O3 -fomit-frame-pointer execution test
FAIL: libgomp.fortran/threadprivate2.f90 -O3 -fomit-frame-pointer -funroll-loops execution test
FAIL: libgomp.fortran/threadprivate2.f90 -O3 -fomit-frame-pointer -funroll-all-loops -finline-functions execution test
FAIL: libgomp.fortran/threadprivate2.f90 -O3 -g (test for excess errors)
UNRESOLVED: libgomp.fortran/threadprivate2.f90 -O3 -g compilation failed to produce executable
FAIL: libgomp.fortran/threadprivate2.f90 -Os execution test
FAIL: libgomp.fortran/threadprivate3.f90 -O0 execution test
FAIL: libgomp.fortran/threadprivate3.f90 -O1 execution test
FAIL: libgomp.fortran/threadprivate3.f90 -O2 execution test
FAIL: libgomp.fortran/threadprivate3.f90 -O3 -fomit-frame-pointer execution test
FAIL: libgomp.fortran/threadprivate3.f90 -O3 -fomit-frame-pointer -funroll-loops execution test
FAIL: libgomp.fortran/threadprivate3.f90 -O3 -fomit-frame-pointer -funroll-all-loops -finline-functions execution test
FAIL: libgomp.fortran/threadprivate3.f90 -O3 -g (test for excess errors)
UNRESOLVED: libgomp.fortran/threadprivate3.f90 -O3 -g compilation failed to produce executable
FAIL: libgomp.fortran/threadprivate3.f90 -Os execution test
=== libgomp Summary ===
# of expected passes 2201
# of unexpected failures 127
# of unresolved testcases 17
=== libjava tests ===
Running target unix
FAIL: calls output
FAIL: InvokeReturn output - source compiled test
FAIL: InvokeReturn -findirect-dispatch output - source compiled test
FAIL: InvokeReturn -O3 output - source compiled test
FAIL: InvokeReturn -O3 -findirect-dispatch output - source compiled test
=== libjava Summary ===
# of expected passes 2567
# of unexpected failures 5
=== libmudflap tests ===
Running target unix
FAIL: libmudflap.c/fail17-frag.c (-static) (test for excess errors)
WARNING: libmudflap.c/fail17-frag.c (-static) compilation failed to produce executable
FAIL: libmudflap.c/fail23-frag.c (-static) (test for excess errors)
WARNING: libmudflap.c/fail23-frag.c (-static) compilation failed to produce executable
FAIL: libmudflap.c/fail25-frag.c (-static) (test for excess errors)
WARNING: libmudflap.c/fail25-frag.c (-static) compilation failed to produce executable
FAIL: libmudflap.c/fail4-frag.c (-static) (test for excess errors)
WARNING: libmudflap.c/fail4-frag.c (-static) compilation failed to produce executable
FAIL: libmudflap.c/fail5-frag.c (-static) (test for excess errors)
WARNING: libmudflap.c/fail5-frag.c (-static) compilation failed to produce executable
FAIL: libmudflap.c/fail6-frag.c (-static) (test for excess errors)
WARNING: libmudflap.c/fail6-frag.c (-static) compilation failed to produce executable
FAIL: libmudflap.c/fail7-frag.c (-static) (test for excess errors)
WARNING: libmudflap.c/fail7-frag.c (-static) compilation failed to produce executable
FAIL: libmudflap.c/fail8-frag.c (-static) (test for excess errors)
WARNING: libmudflap.c/fail8-frag.c (-static) compilation failed to produce executable
FAIL: libmudflap.c/fail9-frag.c (-static) (test for excess errors)
WARNING: libmudflap.c/fail9-frag.c (-static) compilation failed to produce executable
FAIL: libmudflap.c/heap-scalestress.c (-static) (test for excess errors)
WARNING: libmudflap.c/heap-scalestress.c (-static) compilation failed to produce executable
FAIL: libmudflap.c/hook-allocstuff.c (-static) (test for excess errors)
WARNING: libmudflap.c/hook-allocstuff.c (-static) compilation failed to produce executable
FAIL: libmudflap.c/pass-stratcliff.c (-static) (test for excess errors)
WARNING: libmudflap.c/pass-stratcliff.c (-static) compilation failed to produce executable
FAIL: libmudflap.c/pass30-frag.c (-static) (test for excess errors)
WARNING: libmudflap.c/pass30-frag.c (-static) compilation failed to produce executable
FAIL: libmudflap.c/pass30-frag.c (-static) (test for excess errors)
WARNING: libmudflap.c/pass30-frag.c (-static) compilation failed to produce executable
FAIL: libmudflap.c/pass4-frag.c (-static) (test for excess errors)
WARNING: libmudflap.c/pass4-frag.c (-static) compilation failed to produce executable
FAIL: libmudflap.c/pass4-frag.c (-static) (test for excess errors)
WARNING: libmudflap.c/pass4-frag.c (-static) compilation failed to produce executable
FAIL: libmudflap.c/pass45-frag.c (-static) (test for excess errors)
WARNING: libmudflap.c/pass45-frag.c (-static) compilation failed to produce executable
FAIL: libmudflap.c/pass45-frag.c (-static) (test for excess errors)
WARNING: libmudflap.c/pass45-frag.c (-static) compilation failed to produce executable
FAIL: libmudflap.c/pass46-frag.c (-static) (test for excess errors)
WARNING: libmudflap.c/pass46-frag.c (-static) compilation failed to produce executable
FAIL: libmudflap.c/pass46-frag.c (-static) (test for excess errors)
WARNING: libmudflap.c/pass46-frag.c (-static) compilation failed to produce executable
FAIL: libmudflap.c/pass47-frag.c (-static) (test for excess errors)
WARNING: libmudflap.c/pass47-frag.c (-static) compilation failed to produce executable
FAIL: libmudflap.c/pass47-frag.c (-static) (test for excess errors)
WARNING: libmudflap.c/pass47-frag.c (-static) compilation failed to produce executable
FAIL: libmudflap.c/pass49-frag.c (-static) (test for excess errors)
WARNING: libmudflap.c/pass49-frag.c (-static) compilation failed to produce executable
FAIL: libmudflap.c/pass49-frag.c (-static) (test for excess errors)
WARNING: libmudflap.c/pass49-frag.c (-static) compilation failed to produce executable
FAIL: libmudflap.c/pass5-frag.c (-static) (test for excess errors)
WARNING: libmudflap.c/pass5-frag.c (-static) compilation failed to produce executable
FAIL: libmudflap.c/pass5-frag.c (-static) (test for excess errors)
WARNING: libmudflap.c/pass5-frag.c (-static) compilation failed to produce executable
FAIL: libmudflap.c/pass51-frag.c (-static) (test for excess errors)
WARNING: libmudflap.c/pass51-frag.c (-static) compilation failed to produce executable
FAIL: libmudflap.c/pass51-frag.c (-static) (test for excess errors)
WARNING: libmudflap.c/pass51-frag.c (-static) compilation failed to produce executable
FAIL: libmudflap.c/pass52-frag.c (-static) (test for excess errors)
WARNING: libmudflap.c/pass52-frag.c (-static) compilation failed to produce executable
FAIL: libmudflap.c/pass52-frag.c (-static) (test for excess errors)
WARNING: libmudflap.c/pass52-frag.c (-static) compilation failed to produce executable
FAIL: libmudflap.c/pass6-frag.c (-static) (test for excess errors)
WARNING: libmudflap.c/pass6-frag.c (-static) compilation failed to produce executable
FAIL: libmudflap.c/pass6-frag.c (-static) (test for excess errors)
WARNING: libmudflap.c/pass6-frag.c (-static) compilation failed to produce executable
FAIL: libmudflap.c/pass7-frag.c (-static) (test for excess errors)
WARNING: libmudflap.c/pass7-frag.c (-static) compilation failed to produce executable
FAIL: libmudflap.c/pass7-frag.c (-static) (test for excess errors)
WARNING: libmudflap.c/pass7-frag.c (-static) compilation failed to produce executable
FAIL: libmudflap.c/pass8-frag.c (-static) (test for excess errors)
WARNING: libmudflap.c/pass8-frag.c (-static) compilation failed to produce executable
FAIL: libmudflap.c/pass8-frag.c (-static) (test for excess errors)
WARNING: libmudflap.c/pass8-frag.c (-static) compilation failed to produce executable
FAIL: libmudflap.c/pass9-frag.c (-static) (test for excess errors)
WARNING: libmudflap.c/pass9-frag.c (-static) compilation failed to produce executable
FAIL: libmudflap.c/pass9-frag.c (-static) (test for excess errors)
WARNING: libmudflap.c/pass9-frag.c (-static) compilation failed to produce executable
FAIL: libmudflap.c++/pass41-frag.cxx execution test
FAIL: libmudflap.c++/fail24-frag.cxx (-static) (test for excess errors)
WARNING: libmudflap.c++/fail24-frag.cxx (-static) compilation failed to produce executable
FAIL: libmudflap.c++/pass31-frag.cxx (-static) (test for excess errors)
WARNING: libmudflap.c++/pass31-frag.cxx (-static) compilation failed to produce executable
FAIL: libmudflap.c++/pass41-frag.cxx (-static) execution test
FAIL: libmudflap.c++/pass41-frag.cxx (-O2) execution test
FAIL: libmudflap.c++/pass41-frag.cxx (-O3) execution test
WARNING: program timed out.
FAIL: libmudflap.cth/pass37-frag.c execution test
FAIL: libmudflap.cth/pass37-frag.c output pattern test
WARNING: program timed out.
FAIL: libmudflap.cth/pass37-frag.c (rerun 1) execution test
FAIL: libmudflap.cth/pass37-frag.c (rerun 1) output pattern test
WARNING: program timed out.
FAIL: libmudflap.cth/pass37-frag.c (rerun 2) execution test
FAIL: libmudflap.cth/pass37-frag.c (rerun 2) output pattern test
WARNING: program timed out.
FAIL: libmudflap.cth/pass37-frag.c (rerun 3) execution test
FAIL: libmudflap.cth/pass37-frag.c (rerun 3) output pattern test
WARNING: program timed out.
FAIL: libmudflap.cth/pass37-frag.c (rerun 4) execution test
FAIL: libmudflap.cth/pass37-frag.c (rerun 4) output pattern test
WARNING: program timed out.
FAIL: libmudflap.cth/pass37-frag.c (rerun 5) execution test
FAIL: libmudflap.cth/pass37-frag.c (rerun 5) output pattern test
WARNING: program timed out.
FAIL: libmudflap.cth/pass37-frag.c (rerun 6) execution test
FAIL: libmudflap.cth/pass37-frag.c (rerun 6) output pattern test
WARNING: program timed out.
FAIL: libmudflap.cth/pass37-frag.c (rerun 7) execution test
FAIL: libmudflap.cth/pass37-frag.c (rerun 7) output pattern test
WARNING: program timed out.
FAIL: libmudflap.cth/pass37-frag.c (rerun 8) execution test
FAIL: libmudflap.cth/pass37-frag.c (rerun 8) output pattern test
WARNING: program timed out.
FAIL: libmudflap.cth/pass37-frag.c (rerun 9) execution test
FAIL: libmudflap.cth/pass37-frag.c (rerun 9) output pattern test
WARNING: program timed out.
FAIL: libmudflap.cth/pass37-frag.c (rerun 10) execution test
FAIL: libmudflap.cth/pass37-frag.c (rerun 10) output pattern test
WARNING: program timed out.
FAIL: libmudflap.cth/pass37-frag.c (rerun 11) execution test
FAIL: libmudflap.cth/pass37-frag.c (rerun 11) output pattern test
WARNING: program timed out.
FAIL: libmudflap.cth/pass37-frag.c (rerun 12) execution test
FAIL: libmudflap.cth/pass37-frag.c (rerun 12) output pattern test
WARNING: program timed out.
FAIL: libmudflap.cth/pass37-frag.c (rerun 13) execution test
FAIL: libmudflap.cth/pass37-frag.c (rerun 13) output pattern test
WARNING: program timed out.
FAIL: libmudflap.cth/pass37-frag.c (rerun 14) execution test
FAIL: libmudflap.cth/pass37-frag.c (rerun 14) output pattern test
WARNING: program timed out.
FAIL: libmudflap.cth/pass37-frag.c (rerun 15) execution test
FAIL: libmudflap.cth/pass37-frag.c (rerun 15) output pattern test
WARNING: program timed out.
FAIL: libmudflap.cth/pass37-frag.c (rerun 16) execution test
FAIL: libmudflap.cth/pass37-frag.c (rerun 16) output pattern test
WARNING: program timed out.
FAIL: libmudflap.cth/pass37-frag.c (rerun 17) execution test
FAIL: libmudflap.cth/pass37-frag.c (rerun 17) output pattern test
WARNING: program timed out.
FAIL: libmudflap.cth/pass37-frag.c (rerun 18) execution test
FAIL: libmudflap.cth/pass37-frag.c (rerun 18) output pattern test
WARNING: program timed out.
FAIL: libmudflap.cth/pass37-frag.c (rerun 19) execution test
FAIL: libmudflap.cth/pass37-frag.c (rerun 19) output pattern test
WARNING: program timed out.
FAIL: libmudflap.cth/pass39-frag.c execution test
FAIL: libmudflap.cth/pass39-frag.c output pattern test
WARNING: program timed out.
FAIL: libmudflap.cth/pass39-frag.c (rerun 1) execution test
FAIL: libmudflap.cth/pass39-frag.c (rerun 1) output pattern test
WARNING: program timed out.
FAIL: libmudflap.cth/pass39-frag.c (rerun 2) execution test
FAIL: libmudflap.cth/pass39-frag.c (rerun 2) output pattern test
WARNING: program timed out.
FAIL: libmudflap.cth/pass39-frag.c (rerun 3) execution test
FAIL: libmudflap.cth/pass39-frag.c (rerun 3) output pattern test
WARNING: program timed out.
FAIL: libmudflap.cth/pass39-frag.c (rerun 4) execution test
FAIL: libmudflap.cth/pass39-frag.c (rerun 4) output pattern test
WARNING: program timed out.
FAIL: libmudflap.cth/pass39-frag.c (rerun 5) execution test
FAIL: libmudflap.cth/pass39-frag.c (rerun 5) output pattern test
WARNING: program timed out.
FAIL: libmudflap.cth/pass39-frag.c (rerun 6) execution test
FAIL: libmudflap.cth/pass39-frag.c (rerun 6) output pattern test
WARNING: program timed out.
FAIL: libmudflap.cth/pass39-frag.c (rerun 7) execution test
FAIL: libmudflap.cth/pass39-frag.c (rerun 7) output pattern test
WARNING: program timed out.
FAIL: libmudflap.cth/pass39-frag.c (rerun 8) execution test
FAIL: libmudflap.cth/pass39-frag.c (rerun 8) output pattern test
WARNING: program timed out.
FAIL: libmudflap.cth/pass39-frag.c (rerun 9) execution test
FAIL: libmudflap.cth/pass39-frag.c (rerun 9) output pattern test
WARNING: program timed out.
FAIL: libmudflap.cth/pass39-frag.c (rerun 10) execution test
FAIL: libmudflap.cth/pass39-frag.c (rerun 10) output pattern test
WARNING: program timed out.
FAIL: libmudflap.cth/pass39-frag.c (rerun 11) execution test
FAIL: libmudflap.cth/pass39-frag.c (rerun 11) output pattern test
WARNING: program timed out.
FAIL: libmudflap.cth/pass39-frag.c (rerun 12) execution test
FAIL: libmudflap.cth/pass39-frag.c (rerun 12) output pattern test
WARNING: program timed out.
FAIL: libmudflap.cth/pass39-frag.c (rerun 13) execution test
FAIL: libmudflap.cth/pass39-frag.c (rerun 13) output pattern test
WARNING: program timed out.
FAIL: libmudflap.cth/pass39-frag.c (rerun 14) execution test
FAIL: libmudflap.cth/pass39-frag.c (rerun 14) output pattern test
WARNING: program timed out.
FAIL: libmudflap.cth/pass39-frag.c (rerun 15) execution test
FAIL: libmudflap.cth/pass39-frag.c (rerun 15) output pattern test
WARNING: program timed out.
FAIL: libmudflap.cth/pass39-frag.c (rerun 16) execution test
FAIL: libmudflap.cth/pass39-frag.c (rerun 16) output pattern test
WARNING: program timed out.
FAIL: libmudflap.cth/pass39-frag.c (rerun 17) execution test
FAIL: libmudflap.cth/pass39-frag.c (rerun 17) output pattern test
WARNING: program timed out.
FAIL: libmudflap.cth/pass39-frag.c (rerun 18) execution test
FAIL: libmudflap.cth/pass39-frag.c (rerun 18) output pattern test
WARNING: program timed out.
FAIL: libmudflap.cth/pass39-frag.c (rerun 19) execution test
FAIL: libmudflap.cth/pass39-frag.c (rerun 19) output pattern test
WARNING: program timed out.
FAIL: libmudflap.cth/pass40-frag.c execution test
WARNING: program timed out.
FAIL: libmudflap.cth/pass59-frag.c execution test
FAIL: libmudflap.cth/pass59-frag.c output pattern test
FAIL: libmudflap.cth/pass37-frag.c (-static -DSTATIC) (test for excess errors)
FAIL: libmudflap.cth/pass39-frag.c (-static -DSTATIC) (test for excess errors)
FAIL: libmudflap.cth/pass40-frag.c (-static -DSTATIC) (test for excess errors)
FAIL: libmudflap.cth/pass59-frag.c (-static -DSTATIC) (test for excess errors)
WARNING: program timed out.
FAIL: libmudflap.cth/pass37-frag.c (-O2) execution test
FAIL: libmudflap.cth/pass37-frag.c (-O2) output pattern test
WARNING: program timed out.
FAIL: libmudflap.cth/pass37-frag.c (-O2) (rerun 1) execution test
FAIL: libmudflap.cth/pass37-frag.c (-O2) (rerun 1) output pattern test
WARNING: program timed out.
FAIL: libmudflap.cth/pass37-frag.c (-O2) (rerun 2) execution test
FAIL: libmudflap.cth/pass37-frag.c (-O2) (rerun 2) output pattern test
WARNING: program timed out.
FAIL: libmudflap.cth/pass37-frag.c (-O2) (rerun 3) execution test
FAIL: libmudflap.cth/pass37-frag.c (-O2) (rerun 3) output pattern test
WARNING: program timed out.
FAIL: libmudflap.cth/pass37-frag.c (-O2) (rerun 4) execution test
FAIL: libmudflap.cth/pass37-frag.c (-O2) (rerun 4) output pattern test
WARNING: program timed out.
FAIL: libmudflap.cth/pass37-frag.c (-O2) (rerun 5) execution test
FAIL: libmudflap.cth/pass37-frag.c (-O2) (rerun 5) output pattern test
WARNING: program timed out.
FAIL: libmudflap.cth/pass37-frag.c (-O2) (rerun 6) execution test
FAIL: libmudflap.cth/pass37-frag.c (-O2) (rerun 6) output pattern test
WARNING: program timed out.
FAIL: libmudflap.cth/pass37-frag.c (-O2) (rerun 7) execution test
FAIL: libmudflap.cth/pass37-frag.c (-O2) (rerun 7) output pattern test
WARNING: program timed out.
FAIL: libmudflap.cth/pass37-frag.c (-O2) (rerun 8) execution test
FAIL: libmudflap.cth/pass37-frag.c (-O2) (rerun 8) output pattern test
WARNING: program timed out.
FAIL: libmudflap.cth/pass37-frag.c (-O2) (rerun 9) execution test
FAIL: libmudflap.cth/pass37-frag.c (-O2) (rerun 9) output pattern test
WARNING: program timed out.
FAIL: libmudflap.cth/pass37-frag.c (-O2) (rerun 10) execution test
FAIL: libmudflap.cth/pass37-frag.c (-O2) (rerun 10) output pattern test
WARNING: program timed out.
FAIL: libmudflap.cth/pass37-frag.c (-O2) (rerun 11) execution test
FAIL: libmudflap.cth/pass37-frag.c (-O2) (rerun 11) output pattern test
WARNING: program timed out.
FAIL: libmudflap.cth/pass37-frag.c (-O2) (rerun 12) execution test
FAIL: libmudflap.cth/pass37-frag.c (-O2) (rerun 12) output pattern test
WARNING: program timed out.
FAIL: libmudflap.cth/pass37-frag.c (-O2) (rerun 13) execution test
FAIL: libmudflap.cth/pass37-frag.c (-O2) (rerun 13) output pattern test
WARNING: program timed out.
FAIL: libmudflap.cth/pass37-frag.c (-O2) (rerun 14) execution test
FAIL: libmudflap.cth/pass37-frag.c (-O2) (rerun 14) output pattern test
WARNING: program timed out.
FAIL: libmudflap.cth/pass37-frag.c (-O2) (rerun 15) execution test
FAIL: libmudflap.cth/pass37-frag.c (-O2) (rerun 15) output pattern test
WARNING: program timed out.
FAIL: libmudflap.cth/pass37-frag.c (-O2) (rerun 16) execution test
FAIL: libmudflap.cth/pass37-frag.c (-O2) (rerun 16) output pattern test
WARNING: program timed out.
FAIL: libmudflap.cth/pass37-frag.c (-O2) (rerun 17) execution test
FAIL: libmudflap.cth/pass37-frag.c (-O2) (rerun 17) output pattern test
WARNING: program timed out.
FAIL: libmudflap.cth/pass37-frag.c (-O2) (rerun 18) execution test
FAIL: libmudflap.cth/pass37-frag.c (-O2) (rerun 18) output pattern test
WARNING: program timed out.
FAIL: libmudflap.cth/pass37-frag.c (-O2) (rerun 19) execution test
FAIL: libmudflap.cth/pass37-frag.c (-O2) (rerun 19) output pattern test
WARNING: program timed out.
FAIL: libmudflap.cth/pass39-frag.c (-O2) execution test
FAIL: libmudflap.cth/pass39-frag.c (-O2) output pattern test
WARNING: program timed out.
FAIL: libmudflap.cth/pass39-frag.c (-O2) (rerun 1) execution test
FAIL: libmudflap.cth/pass39-frag.c (-O2) (rerun 1) output pattern test
WARNING: program timed out.
FAIL: libmudflap.cth/pass39-frag.c (-O2) (rerun 2) execution test
FAIL: libmudflap.cth/pass39-frag.c (-O2) (rerun 2) output pattern test
WARNING: program timed out.
FAIL: libmudflap.cth/pass39-frag.c (-O2) (rerun 3) execution test
FAIL: libmudflap.cth/pass39-frag.c (-O2) (rerun 3) output pattern test
WARNING: program timed out.
FAIL: libmudflap.cth/pass39-frag.c (-O2) (rerun 4) execution test
FAIL: libmudflap.cth/pass39-frag.c (-O2) (rerun 4) output pattern test
WARNING: program timed out.
FAIL: libmudflap.cth/pass39-frag.c (-O2) (rerun 5) execution test
FAIL: libmudflap.cth/pass39-frag.c (-O2) (rerun 5) output pattern test
WARNING: program timed out.
FAIL: libmudflap.cth/pass39-frag.c (-O2) (rerun 6) execution test
FAIL: libmudflap.cth/pass39-frag.c (-O2) (rerun 6) output pattern test
WARNING: program timed out.
FAIL: libmudflap.cth/pass39-frag.c (-O2) (rerun 7) execution test
FAIL: libmudflap.cth/pass39-frag.c (-O2) (rerun 7) output pattern test
WARNING: program timed out.
FAIL: libmudflap.cth/pass39-frag.c (-O2) (rerun 8) execution test
FAIL: libmudflap.cth/pass39-frag.c (-O2) (rerun 8) output pattern test
WARNING: program timed out.
FAIL: libmudflap.cth/pass39-frag.c (-O2) (rerun 9) execution test
FAIL: libmudflap.cth/pass39-frag.c (-O2) (rerun 9) output pattern test
WARNING: program timed out.
FAIL: libmudflap.cth/pass39-frag.c (-O2) (rerun 10) execution test
FAIL: libmudflap.cth/pass39-frag.c (-O2) (rerun 10) output pattern test
WARNING: program timed out.
FAIL: libmudflap.cth/pass39-frag.c (-O2) (rerun 11) execution test
FAIL: libmudflap.cth/pass39-frag.c (-O2) (rerun 11) output pattern test
WARNING: program timed out.
FAIL: libmudflap.cth/pass39-frag.c (-O2) (rerun 12) execution test
FAIL: libmudflap.cth/pass39-frag.c (-O2) (rerun 12) output pattern test
WARNING: program timed out.
FAIL: libmudflap.cth/pass39-frag.c (-O2) (rerun 13) execution test
FAIL: libmudflap.cth/pass39-frag.c (-O2) (rerun 13) output pattern test
WARNING: program timed out.
FAIL: libmudflap.cth/pass39-frag.c (-O2) (rerun 14) execution test
FAIL: libmudflap.cth/pass39-frag.c (-O2) (rerun 14) output pattern test
WARNING: program timed out.
FAIL: libmudflap.cth/pass39-frag.c (-O2) (rerun 15) execution test
FAIL: libmudflap.cth/pass39-frag.c (-O2) (rerun 15) output pattern test
WARNING: program timed out.
FAIL: libmudflap.cth/pass39-frag.c (-O2) (rerun 16) execution test
FAIL: libmudflap.cth/pass39-frag.c (-O2) (rerun 16) output pattern test
WARNING: program timed out.
FAIL: libmudflap.cth/pass39-frag.c (-O2) (rerun 17) execution test
FAIL: libmudflap.cth/pass39-frag.c (-O2) (rerun 17) output pattern test
WARNING: program timed out.
FAIL: libmudflap.cth/pass39-frag.c (-O2) (rerun 18) execution test
FAIL: libmudflap.cth/pass39-frag.c (-O2) (rerun 18) output pattern test
WARNING: program timed out.
FAIL: libmudflap.cth/pass39-frag.c (-O2) (rerun 19) execution test
FAIL: libmudflap.cth/pass39-frag.c (-O2) (rerun 19) output pattern test
WARNING: program timed out.
FAIL: libmudflap.cth/pass40-frag.c (-O2) execution test
WARNING: program timed out.
FAIL: libmudflap.cth/pass59-frag.c (-O2) execution test
FAIL: libmudflap.cth/pass59-frag.c (-O2) output pattern test
WARNING: program timed out.
FAIL: libmudflap.cth/pass37-frag.c (-O3) execution test
FAIL: libmudflap.cth/pass37-frag.c (-O3) output pattern test
WARNING: program timed out.
FAIL: libmudflap.cth/pass37-frag.c (-O3) (rerun 1) execution test
FAIL: libmudflap.cth/pass37-frag.c (-O3) (rerun 1) output pattern test
WARNING: program timed out.
FAIL: libmudflap.cth/pass37-frag.c (-O3) (rerun 2) execution test
FAIL: libmudflap.cth/pass37-frag.c (-O3) (rerun 2) output pattern test
WARNING: program timed out.
FAIL: libmudflap.cth/pass37-frag.c (-O3) (rerun 3) execution test
FAIL: libmudflap.cth/pass37-frag.c (-O3) (rerun 3) output pattern test
WARNING: program timed out.
FAIL: libmudflap.cth/pass37-frag.c (-O3) (rerun 4) execution test
FAIL: libmudflap.cth/pass37-frag.c (-O3) (rerun 4) output pattern test
WARNING: program timed out.
FAIL: libmudflap.cth/pass37-frag.c (-O3) (rerun 5) execution test
FAIL: libmudflap.cth/pass37-frag.c (-O3) (rerun 5) output pattern test
WARNING: program timed out.
FAIL: libmudflap.cth/pass37-frag.c (-O3) (rerun 6) execution test
FAIL: libmudflap.cth/pass37-frag.c (-O3) (rerun 6) output pattern test
WARNING: program timed out.
FAIL: libmudflap.cth/pass37-frag.c (-O3) (rerun 7) execution test
FAIL: libmudflap.cth/pass37-frag.c (-O3) (rerun 7) output pattern test
WARNING: program timed out.
FAIL: libmudflap.cth/pass37-frag.c (-O3) (rerun 8) execution test
FAIL: libmudflap.cth/pass37-frag.c (-O3) (rerun 8) output pattern test
WARNING: program timed out.
FAIL: libmudflap.cth/pass37-frag.c (-O3) (rerun 9) execution test
FAIL: libmudflap.cth/pass37-frag.c (-O3) (rerun 9) output pattern test
WARNING: program timed out.
FAIL: libmudflap.cth/pass37-frag.c (-O3) (rerun 10) execution test
FAIL: libmudflap.cth/pass37-frag.c (-O3) (rerun 10) output pattern test
WARNING: program timed out.
FAIL: libmudflap.cth/pass37-frag.c (-O3) (rerun 11) execution test
FAIL: libmudflap.cth/pass37-frag.c (-O3) (rerun 11) output pattern test
WARNING: program timed out.
FAIL: libmudflap.cth/pass37-frag.c (-O3) (rerun 12) execution test
FAIL: libmudflap.cth/pass37-frag.c (-O3) (rerun 12) output pattern test
WARNING: program timed out.
FAIL: libmudflap.cth/pass37-frag.c (-O3) (rerun 13) execution test
FAIL: libmudflap.cth/pass37-frag.c (-O3) (rerun 13) output pattern test
WARNING: program timed out.
FAIL: libmudflap.cth/pass37-frag.c (-O3) (rerun 14) execution test
FAIL: libmudflap.cth/pass37-frag.c (-O3) (rerun 14) output pattern test
WARNING: program timed out.
FAIL: libmudflap.cth/pass37-frag.c (-O3) (rerun 15) execution test
FAIL: libmudflap.cth/pass37-frag.c (-O3) (rerun 15) output pattern test
WARNING: program timed out.
FAIL: libmudflap.cth/pass37-frag.c (-O3) (rerun 16) execution test
FAIL: libmudflap.cth/pass37-frag.c (-O3) (rerun 16) output pattern test
WARNING: program timed out.
FAIL: libmudflap.cth/pass37-frag.c (-O3) (rerun 17) execution test
FAIL: libmudflap.cth/pass37-frag.c (-O3) (rerun 17) output pattern test
WARNING: program timed out.
FAIL: libmudflap.cth/pass37-frag.c (-O3) (rerun 18) execution test
FAIL: libmudflap.cth/pass37-frag.c (-O3) (rerun 18) output pattern test
WARNING: program timed out.
FAIL: libmudflap.cth/pass37-frag.c (-O3) (rerun 19) execution test
FAIL: libmudflap.cth/pass37-frag.c (-O3) (rerun 19) output pattern test
WARNING: program timed out.
FAIL: libmudflap.cth/pass39-frag.c (-O3) execution test
FAIL: libmudflap.cth/pass39-frag.c (-O3) output pattern test
WARNING: program timed out.
FAIL: libmudflap.cth/pass39-frag.c (-O3) (rerun 1) execution test
FAIL: libmudflap.cth/pass39-frag.c (-O3) (rerun 1) output pattern test
WARNING: program timed out.
FAIL: libmudflap.cth/pass39-frag.c (-O3) (rerun 2) execution test
FAIL: libmudflap.cth/pass39-frag.c (-O3) (rerun 2) output pattern test
WARNING: program timed out.
FAIL: libmudflap.cth/pass39-frag.c (-O3) (rerun 3) execution test
FAIL: libmudflap.cth/pass39-frag.c (-O3) (rerun 3) output pattern test
WARNING: program timed out.
FAIL: libmudflap.cth/pass39-frag.c (-O3) (rerun 4) execution test
FAIL: libmudflap.cth/pass39-frag.c (-O3) (rerun 4) output pattern test
WARNING: program timed out.
FAIL: libmudflap.cth/pass39-frag.c (-O3) (rerun 5) execution test
FAIL: libmudflap.cth/pass39-frag.c (-O3) (rerun 5) output pattern test
WARNING: program timed out.
FAIL: libmudflap.cth/pass39-frag.c (-O3) (rerun 6) execution test
FAIL: libmudflap.cth/pass39-frag.c (-O3) (rerun 6) output pattern test
WARNING: program timed out.
FAIL: libmudflap.cth/pass39-frag.c (-O3) (rerun 7) execution test
FAIL: libmudflap.cth/pass39-frag.c (-O3) (rerun 7) output pattern test
WARNING: program timed out.
FAIL: libmudflap.cth/pass39-frag.c (-O3) (rerun 8) execution test
FAIL: libmudflap.cth/pass39-frag.c (-O3) (rerun 8) output pattern test
WARNING: program timed out.
FAIL: libmudflap.cth/pass39-frag.c (-O3) (rerun 9) execution test
FAIL: libmudflap.cth/pass39-frag.c (-O3) (rerun 9) output pattern test
WARNING: program timed out.
FAIL: libmudflap.cth/pass39-frag.c (-O3) (rerun 10) execution test
FAIL: libmudflap.cth/pass39-frag.c (-O3) (rerun 10) output pattern test
WARNING: program timed out.
FAIL: libmudflap.cth/pass39-frag.c (-O3) (rerun 11) execution test
FAIL: libmudflap.cth/pass39-frag.c (-O3) (rerun 11) output pattern test
WARNING: program timed out.
FAIL: libmudflap.cth/pass39-frag.c (-O3) (rerun 12) execution test
FAIL: libmudflap.cth/pass39-frag.c (-O3) (rerun 12) output pattern test
WARNING: program timed out.
FAIL: libmudflap.cth/pass39-frag.c (-O3) (rerun 13) execution test
FAIL: libmudflap.cth/pass39-frag.c (-O3) (rerun 13) output pattern test
WARNING: program timed out.
FAIL: libmudflap.cth/pass39-frag.c (-O3) (rerun 14) execution test
FAIL: libmudflap.cth/pass39-frag.c (-O3) (rerun 14) output pattern test
WARNING: program timed out.
FAIL: libmudflap.cth/pass39-frag.c (-O3) (rerun 15) execution test
FAIL: libmudflap.cth/pass39-frag.c (-O3) (rerun 15) output pattern test
WARNING: program timed out.
FAIL: libmudflap.cth/pass39-frag.c (-O3) (rerun 16) execution test
FAIL: libmudflap.cth/pass39-frag.c (-O3) (rerun 16) output pattern test
WARNING: program timed out.
FAIL: libmudflap.cth/pass39-frag.c (-O3) (rerun 17) execution test
FAIL: libmudflap.cth/pass39-frag.c (-O3) (rerun 17) output pattern test
WARNING: program timed out.
FAIL: libmudflap.cth/pass39-frag.c (-O3) (rerun 18) execution test
FAIL: libmudflap.cth/pass39-frag.c (-O3) (rerun 18) output pattern test
WARNING: program timed out.
FAIL: libmudflap.cth/pass39-frag.c (-O3) (rerun 19) execution test
FAIL: libmudflap.cth/pass39-frag.c (-O3) (rerun 19) output pattern test
WARNING: program timed out.
FAIL: libmudflap.cth/pass40-frag.c (-O3) execution test
WARNING: program timed out.
FAIL: libmudflap.cth/pass59-frag.c (-O3) execution test
FAIL: libmudflap.cth/pass59-frag.c (-O3) output pattern test
=== libmudflap Summary ===
# of expected passes 1541
# of unexpected failures 297
=== libstdc++ tests ===
Running target unix
FAIL: abi_check
XPASS: 26_numerics/headers/cmath/c99_classification_macros_c.cc (test for excess errors)
=== libstdc++ Summary ===
# of expected passes 5774
# of unexpected failures 1
# of unexpected successes 1
# of expected failures 79
# of unsupported tests 331
Compiler version: 4.4.0 20090116 (experimental) [trunk revision 143450] (GCC)
Platform: mips64octeon-unknown-linux-gnu
configure flags: --target=mips64octeon-unknown-linux-gnu --prefix=/mnt/src/gcc-clean/mips64octeon-unknown-linux-gnu/../install-mips64octeon-unknown-linux-gnu --disable-fixed-point --build=mips64octeon-unknown-linux-gnu --disable-multilib
More information about the Gcc-testresults
mailing list