Results for 4.4.0 20090117 (experimental) [trunk revision 143454] (GCC) testsuite on x86_64-unknown-linux-gnu
guerby@gcc13.fsffrance.org
guerby@gcc13.fsffrance.org
Sat Jan 17 04:22:00 GMT 2009
LAST_UPDATED: Sat Jan 17 00:48:40 UTC 2009 (revision 143454)
=== acats tests ===
=== acats Summary ===
# of expected passes 2313
# of unexpected failures 0
Native configuration is x86_64-unknown-linux-gnu
=== gcc tests ===
Running target unix
FAIL: gcc.dg/tree-prof/bb-reorg.c compilation, -fprofile-use -D_PROFILE_USE
UNRESOLVED: gcc.dg/tree-prof/bb-reorg.c execution, -fprofile-use -D_PROFILE_USE
FAIL: gcc.dg/tree-prof/pr34999.c compilation, -fprofile-use -D_PROFILE_USE
UNRESOLVED: gcc.dg/tree-prof/pr34999.c execution, -fprofile-use -D_PROFILE_USE
ERROR: tcl error sourcing /home/guerby/trunk/gcc/testsuite/gcc.dg/tree-ssa/tree-ssa.exp.
ERROR: unmatched open brace in list
FAIL: gcc.target/i386/pr34256.c scan-assembler-times mov 2
=== gcc Summary ===
# of expected passes 53512
# of unexpected failures 3
# of expected failures 165
# of unresolved testcases 2
# of unsupported tests 1249
/home/guerby/build/gcc/xgcc version 4.4.0 20090117 (experimental) [trunk revision 143454] (GCC)
=== gnat tests ===
Running target unix
=== gnat Summary ===
# of expected passes 604
# of expected failures 6
=== libgomp tests ===
Running target unix
=== libgomp Summary ===
# of expected passes 249
=== libmudflap tests ===
Running target unix
=== libmudflap Summary ===
# of expected passes 1740
# of unsupported tests 2
Compiler version: 4.4.0 20090117 (experimental) [trunk revision 143454] (GCC)
Platform: x86_64-unknown-linux-gnu
configure flags: --prefix=/n/13/guerby/install-trunk --enable-languages=c,ada --enable-__cxa_atexit --disable-nls --enable-threads=posix --with-mpfr=/opt/cfarm/mpfr-2.3.1
More information about the Gcc-testresults
mailing list