Results for 4.4.0 20090225 (experimental) [trunk revision 144425] (GCC) testsuite on mipsel-unknown-linux-gnu
Laurent GUERBY gcc51
guerby@gcc51.fsffrance.org
Fri Feb 27 01:21:00 GMT 2009
LAST_UPDATED: Wed Feb 25 15:31:11 UTC 2009 (revision 144425)
=== acats tests ===
=== acats Summary ===
# of expected passes 2315
# of unexpected failures 0
Native configuration is mipsel-unknown-linux-gnu
=== gcc tests ===
Running target unix
FAIL: largefile.c -O0 -g -I. (test for excess errors)
FAIL: gcc.dg/pch/largefile.c -O0 -g assembly comparison
FAIL: largefile.c -O0 -I. (test for excess errors)
FAIL: gcc.dg/pch/largefile.c -O0 assembly comparison
FAIL: largefile.c -O1 -I. (test for excess errors)
FAIL: gcc.dg/pch/largefile.c -O1 assembly comparison
FAIL: largefile.c -O2 -I. (test for excess errors)
FAIL: gcc.dg/pch/largefile.c -O2 assembly comparison
FAIL: largefile.c -O3 -fomit-frame-pointer -I. (test for excess errors)
FAIL: gcc.dg/pch/largefile.c -O3 -fomit-frame-pointer assembly comparison
FAIL: largefile.c -O3 -g -I. (test for excess errors)
FAIL: gcc.dg/pch/largefile.c -O3 -g assembly comparison
FAIL: largefile.c -Os -I. (test for excess errors)
FAIL: gcc.dg/pch/largefile.c -Os assembly comparison
FAIL: gcc.target/mips/mips16-attributes.c (test for excess errors)
=== gcc Summary ===
# of expected passes 50007
# of unexpected failures 15
# of expected failures 126
# of unsupported tests 477
/home/guerby/build-144425/gcc/xgcc version 4.4.0 20090225 (experimental) [trunk revision 144425] (GCC)
=== gnat tests ===
Running target unix
=== gnat Summary ===
# of expected passes 608
# of expected failures 6
=== libgomp tests ===
Running target unix
=== libgomp Summary ===
# of expected passes 250
=== libmudflap tests ===
Running target unix
=== libmudflap Summary ===
# of expected passes 1740
# of unsupported tests 2
Compiler version: 4.4.0 20090225 (experimental) [trunk revision 144425] (GCC)
Platform: mipsel-unknown-linux-gnu
configure flags: --enable-languages=c,ada --enable-__cxa_atexit --disable-nls --enable-threads=posix --enable-stage1-checking=release --prefix=/n/51/guerby/install-trunk-144425 -build=mipsel-linux-gnu --host=mipsel-linux-gnu --target=mipsel-linux-gnu --disable-fixed-point
More information about the Gcc-testresults
mailing list