Results for 4.3.3 (GCC) testsuite on powerpc64-unknown-linux-gnu
Bradley J Lucier
lucier@math.purdue.edu
Thu Feb 12 22:28:00 GMT 2009
LAST_UPDATED: Obtained from SVN: tags/gcc_4_3_3_release revision 143643
Native configuration is powerpc64-unknown-linux-gnu
=== gcc tests ===
Running target unix
FAIL: gcc.c-torture/compile/limits-exprparen.c -O0 (test for excess errors)
FAIL: gcc.c-torture/compile/limits-exprparen.c -O1 (test for excess errors)
FAIL: gcc.c-torture/compile/limits-exprparen.c -O2 (test for excess errors)
FAIL: gcc.c-torture/compile/limits-exprparen.c -O3 -fomit-frame-pointer (test for excess errors)
FAIL: gcc.c-torture/compile/limits-exprparen.c -O3 -g (test for excess errors)
FAIL: gcc.c-torture/compile/limits-exprparen.c -Os (test for excess errors)
=== gcc Summary ===
# of expected passes 49904
# of unexpected failures 6
# of expected failures 175
# of untested testcases 35
# of unsupported tests 444
/home/lucier/programs/gcc/objdirs/gcc-4.3.3/gcc/xgcc version 4.3.3 (GCC)
=== libgomp tests ===
Running target unix
=== libgomp Summary ===
# of expected passes 185
=== libmudflap tests ===
Running target unix
FAIL: libmudflap.c/fail27-frag.c output pattern test
FAIL: libmudflap.c/fail27-frag.c (-static) output pattern test
FAIL: libmudflap.c/fail27-frag.c (-O2) output pattern test
FAIL: libmudflap.c/fail27-frag.c (-O3) output pattern test
=== libmudflap Summary ===
# of expected passes 1696
# of unexpected failures 4
# of unsupported tests 2
Compiler version: 4.3.3 (GCC)
Platform: powerpc64-unknown-linux-gnu
configure flags: --prefix=/pkgs/gcc-4.3.3 --enable-languages=c --with-cpu=default64
BOOT_CFLAGS=-g -O2
More information about the Gcc-testresults
mailing list