Results for 4.5.0 20091207 (experimental) [trunk revision 155030] (GCC) testsuite on i686-pc-linux-gnu
H.J. Lu
hjl@gnu-68.sc.intel.com
Mon Dec 7 06:28:00 GMT 2009
LAST_UPDATED: Mon Dec 7 02:55:28 UTC 2009 (revision 155030)
Native configuration is i686-pc-linux-gnu
=== g++ tests ===
Running target unix
FAIL: g++.dg/lto/20081109 cp_lto_20081109_0.o-cp_lto_20081109_1.o execute -O2 -fwhopr
FAIL: g++.dg/lto/20081119-1 cp_lto_20081119-1_0.o-cp_lto_20081119-1_1.o link
UNRESOLVED: g++.dg/lto/20081119-1 cp_lto_20081119-1_0.o-cp_lto_20081119-1_1.o execute -fPIC -fwhopr -r -nostdlib
FAIL: g++.dg/lto/20081123 cp_lto_20081123_0.o-cp_lto_20081123_1.o link
UNRESOLVED: g++.dg/lto/20081123 cp_lto_20081123_0.o-cp_lto_20081123_1.o execute -fwhopr -r -nostdlib -fPIC
FAIL: g++.dg/lto/20081219 cp_lto_20081219_0.o-cp_lto_20081219_1.o link
UNRESOLVED: g++.dg/lto/20081219 cp_lto_20081219_0.o-cp_lto_20081219_1.o execute -fPIC -fwhopr -O2
FAIL: g++.dg/lto/20090311-1 cp_lto_20090311-1_0.o-cp_lto_20090311-1_1.o link
UNRESOLVED: g++.dg/lto/20090311-1 cp_lto_20090311-1_0.o-cp_lto_20090311-1_1.o execute -O0 -fwhopr
FAIL: g++.dg/lto/20090311-1 cp_lto_20090311-1_0.o-cp_lto_20090311-1_1.o link
UNRESOLVED: g++.dg/lto/20090311-1 cp_lto_20090311-1_0.o-cp_lto_20090311-1_1.o execute -O2 -fwhopr
FAIL: g++.dg/lto/20090315 cp_lto_20090315_0.o-cp_lto_20090315_1.o link
UNRESOLVED: g++.dg/lto/20090315 cp_lto_20090315_0.o-cp_lto_20090315_1.o execute -O0 -fwhopr
FAIL: g++.dg/lto/20090315 cp_lto_20090315_0.o-cp_lto_20090315_1.o link
UNRESOLVED: g++.dg/lto/20090315 cp_lto_20090315_0.o-cp_lto_20090315_1.o execute -O2 -fwhopr
FAIL: g++.dg/lto/20091026-1 cp_lto_20091026-1_0.o-cp_lto_20091026-1_1.o link
UNRESOLVED: g++.dg/lto/20091026-1 cp_lto_20091026-1_0.o-cp_lto_20091026-1_1.o execute -O0 -fwhopr
FAIL: g++.dg/lto/20091026-1 cp_lto_20091026-1_0.o-cp_lto_20091026-1_1.o link
UNRESOLVED: g++.dg/lto/20091026-1 cp_lto_20091026-1_0.o-cp_lto_20091026-1_1.o execute -O2 -fwhopr
=== g++ Summary ===
# of expected passes 22397
# of unexpected failures 10
# of expected failures 147
# of unresolved testcases 9
# of unsupported tests 110
/export/gnu/import/svn/gcc-test/bld/gcc/testsuite/g++/../../g++ version 4.5.0 20091207 (experimental) [trunk revision 155030] (GCC)
=== gcc tests ===
Running target unix
FAIL: gcc.c-torture/compile/limits-exprparen.c -O0 (test for excess errors)
FAIL: gcc.c-torture/compile/limits-exprparen.c -O1 (test for excess errors)
FAIL: gcc.c-torture/compile/limits-exprparen.c -O2 (test for excess errors)
FAIL: gcc.c-torture/compile/limits-exprparen.c -O3 -fomit-frame-pointer (test for excess errors)
FAIL: gcc.c-torture/compile/limits-exprparen.c -O3 -g (test for excess errors)
FAIL: gcc.c-torture/compile/limits-exprparen.c -Os (test for excess errors)
FAIL: gcc.c-torture/compile/limits-exprparen.c -O2 -flto (test for excess errors)
FAIL: gcc.c-torture/compile/limits-exprparen.c -O2 -fwhopr (test for excess errors)
FAIL: gcc.c-torture/execute/builtins/abs-1.c compilation, -O2 -fwhopr
UNRESOLVED: gcc.c-torture/execute/builtins/abs-1.c execution, -O2 -fwhopr
FAIL: gcc.c-torture/execute/builtins/memcpy-chk.c compilation, -O2 -fwhopr
UNRESOLVED: gcc.c-torture/execute/builtins/memcpy-chk.c execution, -O2 -fwhopr
FAIL: gcc.c-torture/execute/builtins/memmove-2.c compilation, -O2 -fwhopr
UNRESOLVED: gcc.c-torture/execute/builtins/memmove-2.c execution, -O2 -fwhopr
FAIL: gcc.c-torture/execute/builtins/memmove-chk.c compilation, -O2 -fwhopr
UNRESOLVED: gcc.c-torture/execute/builtins/memmove-chk.c execution, -O2 -fwhopr
FAIL: gcc.c-torture/execute/builtins/memmove.c compilation, -O2 -fwhopr
UNRESOLVED: gcc.c-torture/execute/builtins/memmove.c execution, -O2 -fwhopr
FAIL: gcc.c-torture/execute/builtins/memops-asm.c compilation, -O2 -fwhopr
UNRESOLVED: gcc.c-torture/execute/builtins/memops-asm.c execution, -O2 -fwhopr
FAIL: gcc.c-torture/execute/builtins/mempcpy-2.c compilation, -O2 -fwhopr
UNRESOLVED: gcc.c-torture/execute/builtins/mempcpy-2.c execution, -O2 -fwhopr
FAIL: gcc.c-torture/execute/builtins/mempcpy-chk.c compilation, -O2 -fwhopr
UNRESOLVED: gcc.c-torture/execute/builtins/mempcpy-chk.c execution, -O2 -fwhopr
FAIL: gcc.c-torture/execute/builtins/mempcpy.c compilation, -O2 -fwhopr
UNRESOLVED: gcc.c-torture/execute/builtins/mempcpy.c execution, -O2 -fwhopr
FAIL: gcc.c-torture/execute/builtins/memset-chk.c compilation, -O2 -fwhopr
UNRESOLVED: gcc.c-torture/execute/builtins/memset-chk.c execution, -O2 -fwhopr
FAIL: gcc.c-torture/execute/builtins/memset.c compilation, -O2 -fwhopr
UNRESOLVED: gcc.c-torture/execute/builtins/memset.c execution, -O2 -fwhopr
FAIL: gcc.c-torture/execute/builtins/snprintf-chk.c compilation, -O2 -fwhopr
UNRESOLVED: gcc.c-torture/execute/builtins/snprintf-chk.c execution, -O2 -fwhopr
FAIL: gcc.c-torture/execute/builtins/sprintf-chk.c compilation, -O2 -fwhopr
UNRESOLVED: gcc.c-torture/execute/builtins/sprintf-chk.c execution, -O2 -fwhopr
FAIL: gcc.c-torture/execute/builtins/stpcpy-chk.c compilation, -O2 -fwhopr
UNRESOLVED: gcc.c-torture/execute/builtins/stpcpy-chk.c execution, -O2 -fwhopr
FAIL: gcc.c-torture/execute/builtins/strcat-chk.c compilation, -O2 -fwhopr
UNRESOLVED: gcc.c-torture/execute/builtins/strcat-chk.c execution, -O2 -fwhopr
FAIL: gcc.c-torture/execute/builtins/strcmp.c compilation, -O2 -fwhopr
UNRESOLVED: gcc.c-torture/execute/builtins/strcmp.c execution, -O2 -fwhopr
FAIL: gcc.c-torture/execute/builtins/strcpy-chk.c compilation, -O2 -fwhopr
UNRESOLVED: gcc.c-torture/execute/builtins/strcpy-chk.c execution, -O2 -fwhopr
FAIL: gcc.c-torture/execute/builtins/strcpy.c compilation, -O2 -fwhopr
UNRESOLVED: gcc.c-torture/execute/builtins/strcpy.c execution, -O2 -fwhopr
FAIL: gcc.c-torture/execute/builtins/strlen-3.c compilation, -O2 -fwhopr
UNRESOLVED: gcc.c-torture/execute/builtins/strlen-3.c execution, -O2 -fwhopr
FAIL: gcc.c-torture/execute/builtins/strlen.c compilation, -O2 -fwhopr
UNRESOLVED: gcc.c-torture/execute/builtins/strlen.c execution, -O2 -fwhopr
FAIL: gcc.c-torture/execute/builtins/strncat-chk.c compilation, -O2 -fwhopr
UNRESOLVED: gcc.c-torture/execute/builtins/strncat-chk.c execution, -O2 -fwhopr
FAIL: gcc.c-torture/execute/builtins/strncat.c compilation, -O2 -fwhopr
UNRESOLVED: gcc.c-torture/execute/builtins/strncat.c execution, -O2 -fwhopr
FAIL: gcc.c-torture/execute/builtins/strncpy-chk.c compilation, -O2 -fwhopr
UNRESOLVED: gcc.c-torture/execute/builtins/strncpy-chk.c execution, -O2 -fwhopr
FAIL: gcc.c-torture/execute/builtins/strpcpy-2.c compilation, -O2 -fwhopr
UNRESOLVED: gcc.c-torture/execute/builtins/strpcpy-2.c execution, -O2 -fwhopr
FAIL: gcc.c-torture/execute/builtins/strpcpy.c compilation, -O2 -fwhopr
UNRESOLVED: gcc.c-torture/execute/builtins/strpcpy.c execution, -O2 -fwhopr
FAIL: gcc.c-torture/execute/builtins/strrchr.c compilation, -O2 -fwhopr
UNRESOLVED: gcc.c-torture/execute/builtins/strrchr.c execution, -O2 -fwhopr
FAIL: gcc.c-torture/execute/builtins/strstr-asm.c compilation, -O2 -fwhopr
UNRESOLVED: gcc.c-torture/execute/builtins/strstr-asm.c execution, -O2 -fwhopr
FAIL: gcc.c-torture/execute/builtins/vsnprintf-chk.c compilation, -O2 -fwhopr
UNRESOLVED: gcc.c-torture/execute/builtins/vsnprintf-chk.c execution, -O2 -fwhopr
FAIL: gcc.c-torture/execute/builtins/vsprintf-chk.c compilation, -O2 -fwhopr
UNRESOLVED: gcc.c-torture/execute/builtins/vsprintf-chk.c execution, -O2 -fwhopr
XPASS: gcc.dg/Warray-bounds.c (test for warnings, line 59)
XPASS: gcc.dg/Warray-bounds.c (test for warnings, line 65)
XPASS: gcc.dg/Wunreachable-8.c (test for bogus messages, line 7)
FAIL: gcc.dg/pr34668-1.c (internal compiler error)
FAIL: gcc.dg/pr34668-1.c (test for excess errors)
XPASS: gcc.dg/uninit-6.c uninitialized variable warning (test for bogus messages, line 42)
XPASS: gcc.dg/guality/example.c -O0 execution test
XPASS: gcc.dg/guality/inline-params.c -O0 execution test
XPASS: gcc.dg/guality/inline-params.c -O1 execution test
XPASS: gcc.dg/guality/inline-params.c -O2 execution test
XPASS: gcc.dg/guality/inline-params.c -O3 -fomit-frame-pointer execution test
XPASS: gcc.dg/guality/inline-params.c -O3 -g execution test
XPASS: gcc.dg/guality/inline-params.c -Os execution test
XPASS: gcc.dg/guality/pr41353-1.c -O0 line 28 j == 28 + 37
FAIL: gcc.dg/guality/pr41353-1.c -O1 line 28 i1 == 2 * 37
FAIL: gcc.dg/guality/pr41353-1.c -O1 line 28 i2 == 3 * 37
FAIL: gcc.dg/guality/pr41353-1.c -O2 line 28 i1 == 2 * 37
FAIL: gcc.dg/guality/pr41353-1.c -O2 line 28 i2 == 3 * 37
FAIL: gcc.dg/guality/pr41353-1.c -O3 -fomit-frame-pointer line 28 i1 == 2 * 37
FAIL: gcc.dg/guality/pr41353-1.c -O3 -fomit-frame-pointer line 28 i2 == 3 * 37
FAIL: gcc.dg/guality/pr41353-1.c -O3 -g line 28 i1 == 2 * 37
FAIL: gcc.dg/guality/pr41353-1.c -O3 -g line 28 i2 == 3 * 37
FAIL: gcc.dg/guality/pr41353-1.c -Os line 28 i1 == 2 * 37
FAIL: gcc.dg/guality/pr41353-1.c -Os line 28 i2 == 3 * 37
XPASS: gcc.dg/guality/pr41447-1.c -O0 execution test
XPASS: gcc.dg/guality/pr41616-1.c -O0 execution test
XPASS: gcc.dg/guality/pr41616-1.c -O1 execution test
XPASS: gcc.dg/guality/pr41616-1.c -O2 execution test
XPASS: gcc.dg/guality/pr41616-1.c -Os execution test
FAIL: gcc.dg/lto/20081111 c_lto_20081111_0.o-c_lto_20081111_1.o link
UNRESOLVED: gcc.dg/lto/20081111 c_lto_20081111_0.o-c_lto_20081111_1.o execute -O0 -fwhopr
FAIL: gcc.dg/lto/20081111 c_lto_20081111_0.o-c_lto_20081111_1.o link
UNRESOLVED: gcc.dg/lto/20081111 c_lto_20081111_0.o-c_lto_20081111_1.o execute -O2 -fwhopr
FAIL: gcc.dg/lto/20081112 c_lto_20081112_0.o-c_lto_20081112_1.o link
UNRESOLVED: gcc.dg/lto/20081112 c_lto_20081112_0.o-c_lto_20081112_1.o execute -O2 -fwhopr
FAIL: gcc.dg/lto/20081120-2 c_lto_20081120-2_0.o-c_lto_20081120-2_1.o link
UNRESOLVED: gcc.dg/lto/20081120-2 c_lto_20081120-2_0.o-c_lto_20081120-2_1.o execute -fwhopr -r -nostdlib
XPASS: gcc.dg/struct/wo_prof_array_through_pointer.c scan-ipa-dump ipa_struct_reorg "Number of structures to transform is 1"
FAIL: gcc.dg/torture/builtin-math-7.c -O2 -flto execution test
FAIL: gcc.dg/torture/builtin-math-7.c -O2 -fwhopr execution test
FAIL: gcc.target/i386/funcspec-9.c scan-assembler vfmaddss
=== gcc Summary ===
# of expected passes 70751
# of unexpected failures 56
# of unexpected successes 18
# of expected failures 205
# of unresolved testcases 33
# of unsupported tests 610
/export/gnu/import/svn/gcc-test/bld/gcc/xgcc version 4.5.0 20091207 (experimental) [trunk revision 155030] (GCC)
=== gfortran tests ===
Running target unix
FAIL: gfortran.dg/lto/pr40725 f_lto_pr40725_0.o-f_lto_pr40725_1.o execute -O2 -fwhopr
FAIL: gfortran.dg/lto/pr40725 f_lto_pr40725_0.o-f_lto_pr40725_1.o execute -O2 -flto
=== gfortran Summary ===
# of expected passes 33154
# of unexpected failures 2
# of expected failures 22
# of unsupported tests 111
/export/gnu/import/svn/gcc-test/bld/gcc/testsuite/gfortran/../../gfortran version 4.5.0 20091207 (experimental) [trunk revision 155030] (GCC)
=== objc tests ===
Running target unix
=== objc Summary ===
# of expected passes 1875
# of expected failures 7
# of unsupported tests 24
/export/gnu/import/svn/gcc-test/bld/gcc/xgcc version 4.5.0 20091207 (experimental) [trunk revision 155030] (GCC)
=== libffi tests ===
Running target unix
=== libffi Summary ===
# of expected passes 1609
# of expected failures 10
# of unsupported tests 15
=== libgomp tests ===
Running target unix
=== libgomp Summary ===
# of expected passes 2426
=== libjava tests ===
Running target unix
=== libjava Summary ===
# of expected passes 2574
=== libmudflap tests ===
Running target unix
FAIL: libmudflap.c/fail31-frag.c (-O3) output pattern test
FAIL: libmudflap.c/pass45-frag.c (-O3) execution test
FAIL: libmudflap.c/pass45-frag.c (-O3) output pattern test
FAIL: libmudflap.c/pass45-frag.c (-O3) execution test
FAIL: libmudflap.c/pass45-frag.c (-O3) output pattern test
FAIL: libmudflap.c++/pass41-frag.cxx execution test
FAIL: libmudflap.c++/pass41-frag.cxx (-static) execution test
FAIL: libmudflap.c++/pass41-frag.cxx ( -O) execution test
FAIL: libmudflap.c++/pass41-frag.cxx (-O2) execution test
FAIL: libmudflap.c++/pass41-frag.cxx (-O3) execution test
=== libmudflap Summary ===
# of expected passes 1884
# of unexpected failures 10
=== libstdc++ tests ===
Running target unix
XPASS: 26_numerics/headers/cmath/c99_classification_macros_c.cc (test for excess errors)
=== libstdc++ Summary ===
# of expected passes 6965
# of unexpected successes 1
# of expected failures 88
# of unsupported tests 81
Compiler version: 4.5.0 20091207 (experimental) [trunk revision 155030] (GCC)
Platform: i686-pc-linux-gnu
configure flags: --enable-clocale=gnu --with-system-zlib --enable-shared --with-demangler-in-ld i686-linux --enable-tls -with-plugin-ld=ld.gold --enable-gold
More information about the Gcc-testresults
mailing list