Results for 4.5.0 20090821 (experimental) [trunk revision 150987] (Debian 20090821-1) testsuite on sparc-unknown-linux-gnu
Matthias Klose
doko@debian.org
Mon Aug 24 17:55:00 GMT 2009
LAST_UPDATED: Fri Aug 21 09:36:28 UTC 2009 (revision 150987)
Target: sparc-linux-gnu
gcc version 4.5.0 20090821 (experimental) [trunk revision 150987] (Debian 20090821-1)
=== acats tests ===
FAIL: c43205b
FAIL: c87b39a
=== acats Summary ===
# of expected passes 2313
# of unexpected failures 2
Native configuration is sparc-unknown-linux-gnu
=== g++ tests ===
Running target unix
=== g++ Summary for unix ===
# of expected passes 20074
# of expected failures 149
# of unsupported tests 167
Running target unix/-m64
=== g++ Summary for unix/-m64 ===
# of expected passes 20035
# of expected failures 149
# of unsupported tests 168
=== g++ Summary ===
# of expected passes 40109
# of expected failures 298
# of unsupported tests 335
/build/buildd-gcc-snapshot_20090821-1-sparc-mmNFig/gcc-snapshot-20090821/build/gcc/testsuite/g++/../../g++ version 4.5.0 20090821 (experimental) [trunk revision 150987] (Debian 20090821-1)
=== gcc tests ===
Running target unix
WARNING: program timed out.
FAIL: gcc.c-torture/compile/limits-fndefn.c -O3 -g (test for excess errors)
FAIL: gcc.c-torture/execute/pr38819.c execution, -O2
FAIL: gcc.c-torture/execute/pr38819.c execution, -O3 -fomit-frame-pointer
FAIL: gcc.c-torture/execute/pr38819.c execution, -O3 -fomit-frame-pointer -funroll-loops
FAIL: gcc.c-torture/execute/pr38819.c execution, -O3 -fomit-frame-pointer -funroll-all-loops -finline-functions
FAIL: gcc.c-torture/execute/pr38819.c execution, -O3 -g
XPASS: gcc.dg/Warray-bounds.c (test for warnings, line 59)
XPASS: gcc.dg/Warray-bounds.c (test for warnings, line 65)
XPASS: gcc.dg/Wunreachable-8.c (test for bogus messages, line 7)
FAIL: gcc.dg/pr34668-1.c (internal compiler error)
FAIL: gcc.dg/pr34668-1.c (test for excess errors)
XPASS: gcc.dg/struct/wo_prof_array_through_pointer.c scan-ipa-dump ipa_struct_reorg "Number of structures to transform is 1"
FAIL: gcc.dg/struct/wo_prof_double_malloc.c (internal compiler error)
FAIL: gcc.dg/struct/wo_prof_double_malloc.c (test for excess errors)
UNRESOLVED: gcc.dg/struct/wo_prof_double_malloc.c compilation failed to produce executable
FAIL: gcc.dg/torture/pr26565.c -O1 execution test
FAIL: gcc.dg/torture/pr26565.c -O2 execution test
FAIL: gcc.dg/torture/pr26565.c -Os execution test
FAIL: gcc.dg/vect/vect-multitypes-12.c scan-tree-dump-times vect "vectorized 1 loops" 1
FAIL: gcc.dg/vect/vect-multitypes-5.c scan-tree-dump-times vect "vectorized 1 loops" 1
FAIL: gcc.dg/vect/vect-multitypes-6.c scan-tree-dump-times vect "vectorized 1 loops" 1
FAIL: gcc.dg/vect/slp-multitypes-2.c execution test
FAIL: gcc.dg/vect/slp-multitypes-3.c scan-tree-dump-times vect "vectorized 1 loops" 1
FAIL: gcc.dg/vect/slp-multitypes-3.c scan-tree-dump-times vect "vectorizing stmts using SLP" 2
=== gcc Summary for unix ===
# of expected passes 52815
# of unexpected successes 4
# of unexpected failures 19
# of expected failures 187
# of unresolved testcases 1
# of unsupported tests 765
Running target unix/-m64
WARNING: program timed out.
FAIL: gcc.c-torture/compile/limits-fndefn.c -O3 -g (test for excess errors)
XPASS: gcc.dg/Warray-bounds.c (test for warnings, line 59)
XPASS: gcc.dg/Warray-bounds.c (test for warnings, line 65)
XPASS: gcc.dg/Wunreachable-8.c (test for bogus messages, line 7)
FAIL: gcc.dg/pr34668-1.c (internal compiler error)
FAIL: gcc.dg/pr34668-1.c (test for excess errors)
XPASS: gcc.dg/struct/wo_prof_array_through_pointer.c scan-ipa-dump ipa_struct_reorg "Number of structures to transform is 1"
FAIL: gcc.dg/struct/wo_prof_double_malloc.c (internal compiler error)
FAIL: gcc.dg/struct/wo_prof_double_malloc.c (test for excess errors)
UNRESOLVED: gcc.dg/struct/wo_prof_double_malloc.c compilation failed to produce executable
FAIL: gcc.dg/torture/pr26565.c -O1 execution test
FAIL: gcc.dg/torture/pr26565.c -O2 execution test
FAIL: gcc.dg/torture/pr26565.c -Os execution test
FAIL: gcc.dg/tree-ssa/gen-vect-11c.c scan-tree-dump-times vect "vectorized 0 loops" 1
FAIL: gcc.misc-tests/linkage.c link
=== gcc Summary for unix/-m64 ===
# of expected passes 52823
# of unexpected successes 4
# of unexpected failures 10
# of expected failures 188
# of unresolved testcases 1
# of unsupported tests 764
=== gcc Summary ===
# of expected passes 105638
# of unexpected failures 29
# of unexpected successes 8
# of expected failures 375
# of unresolved testcases 2
# of unsupported tests 1529
/build/buildd-gcc-snapshot_20090821-1-sparc-mmNFig/gcc-snapshot-20090821/build/gcc/xgcc version 4.5.0 20090821 (experimental) [trunk revision 150987] (Debian 20090821-1)
=== gfortran tests ===
Running target unix
WARNING: program timed out.
FAIL: gfortran.dg/vect/fast-math-pr38968.f90 execution test
FAIL: gfortran.fortran-torture/execute/forall_7.f90 execution, -O3 -g
=== gfortran Summary for unix ===
# of expected passes 31801
# of unexpected failures 2
# of expected failures 15
# of unsupported tests 143
Running target unix/-m64
FAIL: gfortran.dg/random_3.f90 -O0 execution test
FAIL: gfortran.dg/random_3.f90 -O1 execution test
FAIL: gfortran.dg/random_3.f90 -O2 execution test
FAIL: gfortran.dg/random_3.f90 -O3 -fomit-frame-pointer execution test
FAIL: gfortran.dg/random_3.f90 -O3 -fomit-frame-pointer -funroll-loops execution test
FAIL: gfortran.dg/random_3.f90 -O3 -fomit-frame-pointer -funroll-all-loops -finline-functions execution test
FAIL: gfortran.dg/random_3.f90 -O3 -g execution test
FAIL: gfortran.dg/random_3.f90 -Os execution test
WARNING: program timed out.
FAIL: gfortran.dg/vect/fast-math-pr38968.f90 execution test
FAIL: gfortran.fortran-torture/execute/forall_7.f90 execution, -O2 -fomit-frame-pointer -finline-functions -funroll-loops
=== gfortran Summary for unix/-m64 ===
# of expected passes 31960
# of unexpected failures 10
# of expected failures 15
# of unsupported tests 62
=== gfortran Summary ===
# of expected passes 63761
# of unexpected failures 12
# of expected failures 30
# of unsupported tests 205
/build/buildd-gcc-snapshot_20090821-1-sparc-mmNFig/gcc-snapshot-20090821/build/gcc/testsuite/gfortran/../../gfortran version 4.5.0 20090821 (experimental) [trunk revision 150987] (Debian 20090821-1)
=== gnat tests ===
Running target unix
=== gnat Summary for unix ===
# of expected passes 685
# of expected failures 5
Running target unix/-m64
UNRESOLVED: gnat.dg/abstract_with_anonymous_result.adb compilation failed to produce executable
UNRESOLVED: gnat.dg/access4.adb compilation failed to produce executable
UNRESOLVED: gnat.dg/access_discr2.adb compilation failed to produce executable
UNRESOLVED: gnat.dg/access_test.adb compilation failed to produce executable
UNRESOLVED: gnat.dg/addr2.adb compilation failed to produce executable
UNRESOLVED: gnat.dg/address_conversion.adb compilation failed to produce executable
UNRESOLVED: gnat.dg/aggr1.adb compilation failed to produce executable
UNRESOLVED: gnat.dg/aggr3.adb compilation failed to produce executable
UNRESOLVED: gnat.dg/aliased_prefix_accessibility.adb compilation failed to produce executable
FAIL: gnat.dg/aliasing1.adb scan-tree-dump-not optimized "__gnat_rcheck": dump file does not exist
FAIL: gnat.dg/aliasing2.adb scan-tree-dump-not optimized "__gnat_rcheck": dump file does not exist
UNRESOLVED: gnat.dg/aliasing3.adb compilation failed to produce executable
UNRESOLVED: gnat.dg/align_check.adb compilation failed to produce executable
UNRESOLVED: gnat.dg/align_max.adb compilation failed to produce executable
UNRESOLVED: gnat.dg/aligned_vla.adb compilation failed to produce executable
UNRESOLVED: gnat.dg/alignment1.adb compilation failed to produce executable
UNRESOLVED: gnat.dg/alignment2.adb compilation failed to produce executable
FAIL: gnat.dg/alignment4.adb scan-tree-dump-not gimple ".F": dump file does not exist
FAIL: gnat.dg/alignment5.adb scan-tree-dump-not gimple ".F": dump file does not exist
FAIL: gnat.dg/alignment6.adb scan-tree-dump-not gimple "VIEW_CONVERT_EXPR": dump file does not exist
UNRESOLVED: gnat.dg/alignment7.adb compilation failed to produce executable
UNRESOLVED: gnat.dg/alignment8.adb compilation failed to produce executable
UNRESOLVED: gnat.dg/allocator_maxalign1.adb compilation failed to produce executable
FAIL: gnat.dg/ancestor_type.adb (test for errors, line 8)
UNRESOLVED: gnat.dg/array3.adb compilation failed to produce executable
UNRESOLVED: gnat.dg/array4.adb compilation failed to produce executable
UNRESOLVED: gnat.dg/array5.adb compilation failed to produce executable
UNRESOLVED: gnat.dg/array6.adb compilation failed to produce executable
UNRESOLVED: gnat.dg/assert1.adb compilation failed to produce executable
UNRESOLVED: gnat.dg/assign_from_packed.adb compilation failed to produce executable
UNRESOLVED: gnat.dg/biased_uc.adb compilation failed to produce executable
UNRESOLVED: gnat.dg/bip_aggregate_bug.adb compilation failed to produce executable
UNRESOLVED: gnat.dg/bit_packed_array3.adb compilation failed to produce executable
UNRESOLVED: gnat.dg/blkextract_from_reg.adb compilation failed to produce executable
UNRESOLVED: gnat.dg/bltins.adb compilation failed to produce executable
UNRESOLVED: gnat.dg/boolean_bitfield.adb compilation failed to produce executable
UNRESOLVED: gnat.dg/boolean_expr2.adb compilation failed to produce executable
UNRESOLVED: gnat.dg/capture_value.adb compilation failed to produce executable
UNRESOLVED: gnat.dg/check_displace_generation.adb compilation failed to produce executable
UNRESOLVED: gnat.dg/check_elaboration_code.adb compilation failed to produce executable
UNRESOLVED: gnat.dg/compose.adb compilation failed to produce executable
UNRESOLVED: gnat.dg/concat1.adb compilation failed to produce executable
UNRESOLVED: gnat.dg/concat_length.adb compilation failed to produce executable
UNRESOLVED: gnat.dg/conv_bug.adb compilation failed to produce executable
UNRESOLVED: gnat.dg/conv_decimal.adb compilation failed to produce executable
UNRESOLVED: gnat.dg/conv_real.adb compilation failed to produce executable
UNRESOLVED: gnat.dg/curr_task.adb compilation failed to produce executable
FAIL: gnat.dg/deferred_const1.adb (test for warnings, line 8)
UNRESOLVED: gnat.dg/deferred_const2.adb compilation failed to produce executable
UNRESOLVED: gnat.dg/deferred_const3.adb compilation failed to produce executable
UNRESOLVED: gnat.dg/derived_aggregate.adb compilation failed to produce executable
UNRESOLVED: gnat.dg/discr4.adb compilation failed to produce executable
UNRESOLVED: gnat.dg/dispatch1.adb compilation failed to produce executable
UNRESOLVED: gnat.dg/dispatch2.adb compilation failed to produce executable
UNRESOLVED: gnat.dg/elim2.adb compilation failed to produce executable
UNRESOLVED: gnat.dg/empty_vector_length.adb compilation failed to produce executable
UNRESOLVED: gnat.dg/entry_queues.adb compilation failed to produce executable
UNRESOLVED: gnat.dg/enum1.adb compilation failed to produce executable
UNRESOLVED: gnat.dg/enum2.adb compilation failed to produce executable
UNRESOLVED: gnat.dg/exp0_eval.adb compilation failed to produce executable
UNRESOLVED: gnat.dg/expect1.adb compilation failed to produce executable
UNRESOLVED: gnat.dg/fixce.adb compilation failed to produce executable
UNRESOLVED: gnat.dg/fixedpnt.adb compilation failed to produce executable
FAIL: gnat.dg/frame_overflow.adb (test for errors, line 14)
FAIL: gnat.dg/frame_overflow.adb (test for errors, line 17)
FAIL: gnat.dg/frame_overflow.adb (test for errors, line 24)
UNRESOLVED: gnat.dg/generic_dispatch.adb compilation failed to produce executable
UNRESOLVED: gnat.dg/gnat_malloc.adb compilation failed to produce executable
UNRESOLVED: gnat.dg/handle_and_return.adb compilation failed to produce executable
UNRESOLVED: gnat.dg/handle_raise_from_pure.adb compilation failed to produce executable
UNRESOLVED: gnat.dg/hyper_flat.adb compilation failed to produce executable
UNRESOLVED: gnat.dg/in_out_parameter.adb compilation failed to produce executable
XPASS: gnat.dg/incomplete2.adb (test for excess errors)
UNRESOLVED: gnat.dg/init_scalar1.adb compilation failed to produce executable
UNRESOLVED: gnat.dg/inline_tagged.adb compilation failed to produce executable
UNRESOLVED: gnat.dg/interface1.adb compilation failed to produce executable
UNRESOLVED: gnat.dg/interface2.adb compilation failed to produce executable
UNRESOLVED: gnat.dg/interface3.adb compilation failed to produce executable
UNRESOLVED: gnat.dg/interface_conv.adb compilation failed to produce executable
UNRESOLVED: gnat.dg/iprot_test.adb compilation failed to produce executable
UNRESOLVED: gnat.dg/kill_value.adb compilation failed to produce executable
UNRESOLVED: gnat.dg/lhs_view_convert.adb compilation failed to produce executable
UNRESOLVED: gnat.dg/loop_boolean.adb compilation failed to produce executable
UNRESOLVED: gnat.dg/loop_optimization3.adb compilation failed to produce executable
UNRESOLVED: gnat.dg/loop_optimization4.adb compilation failed to produce executable
UNRESOLVED: gnat.dg/md5_test.adb compilation failed to produce executable
UNRESOLVED: gnat.dg/misaligned_nest.adb compilation failed to produce executable
UNRESOLVED: gnat.dg/missing_acc_check.adb compilation failed to produce executable
UNRESOLVED: gnat.dg/modular1.adb compilation failed to produce executable
UNRESOLVED: gnat.dg/modular2.adb compilation failed to produce executable
UNRESOLVED: gnat.dg/mutable1.adb compilation failed to produce executable
UNRESOLVED: gnat.dg/named_test.adb compilation failed to produce executable
UNRESOLVED: gnat.dg/nat1r.adb compilation failed to produce executable
UNRESOLVED: gnat.dg/nested_controlled_alloc.adb compilation failed to produce executable
UNRESOLVED: gnat.dg/nested_return_test.adb compilation failed to produce executable
UNRESOLVED: gnat.dg/no_final.adb compilation failed to produce executable
UNRESOLVED: gnat.dg/not_null.adb compilation failed to produce executable
FAIL: gnat.dg/notnot.adb (test for warnings, line 6)
FAIL: gnat.dg/object_overflow.adb (test for warnings, line 10)
ERROR: gnat.dg/oconst1.adb: error executing dg-final: couldn't open "oconst1.s": no such file or directory
UNRESOLVED: gnat.dg/oconst1.adb: error executing dg-final: couldn't open "oconst1.s": no such file or directory
ERROR: gnat.dg/oconst2.adb: error executing dg-final: couldn't open "oconst2.s": no such file or directory
UNRESOLVED: gnat.dg/oconst2.adb: error executing dg-final: couldn't open "oconst2.s": no such file or directory
ERROR: gnat.dg/oconst3.adb: error executing dg-final: couldn't open "oconst3.s": no such file or directory
UNRESOLVED: gnat.dg/oconst3.adb: error executing dg-final: couldn't open "oconst3.s": no such file or directory
ERROR: gnat.dg/oconst4.adb: error executing dg-final: couldn't open "oconst4.s": no such file or directory
UNRESOLVED: gnat.dg/oconst4.adb: error executing dg-final: couldn't open "oconst4.s": no such file or directory
ERROR: gnat.dg/oconst5.adb: error executing dg-final: couldn't open "oconst5.s": no such file or directory
UNRESOLVED: gnat.dg/oconst5.adb: error executing dg-final: couldn't open "oconst5.s": no such file or directory
FAIL: gnat.dg/old_errors.adb (test for errors, line 7)
FAIL: gnat.dg/old_errors.adb (test for errors, line 16)
FAIL: gnat.dg/old_errors.adb (test for errors, line 28)
FAIL: gnat.dg/old_errors.adb (test for errors, line 34)
FAIL: gnat.dg/old_errors.adb (test for errors, line 38)
FAIL: gnat.dg/old_errors.adb (test for warnings, line 40)
FAIL: gnat.dg/old_errors.adb (test for errors, line 44)
UNRESOLVED: gnat.dg/opt2.adb compilation failed to produce executable
UNRESOLVED: gnat.dg/outer_agg_bitfield_constructor.adb compilation failed to produce executable
UNRESOLVED: gnat.dg/overflow_sum.adb compilation failed to produce executable
UNRESOLVED: gnat.dg/pack10.adb compilation failed to produce executable
UNRESOLVED: gnat.dg/pack11.adb compilation failed to produce executable
UNRESOLVED: gnat.dg/pack12.adb compilation failed to produce executable
UNRESOLVED: gnat.dg/pack3.adb compilation failed to produce executable
UNRESOLVED: gnat.dg/pack4.adb compilation failed to produce executable
FAIL: gnat.dg/pack8.adb (test for errors, line 19)
FAIL: gnat.dg/pack9.adb scan-tree-dump-not optimized "__gnat_rcheck": dump file does not exist
UNRESOLVED: gnat.dg/packed_subtype.adb compilation failed to produce executable
UNRESOLVED: gnat.dg/pointer_conversion.adb compilation failed to produce executable
UNRESOLVED: gnat.dg/prot_def.adb compilation failed to produce executable
UNRESOLVED: gnat.dg/protected_self_ref1.adb compilation failed to produce executable
FAIL: gnat.dg/protected_self_ref2.adb (test for errors, line 12)
UNRESOLVED: gnat.dg/quote.adb compilation failed to produce executable
UNRESOLVED: gnat.dg/range_check.adb compilation failed to produce executable
UNRESOLVED: gnat.dg/regpat1.adb compilation failed to produce executable
UNRESOLVED: gnat.dg/release_unc_maxalign.adb compilation failed to produce executable
UNRESOLVED: gnat.dg/renaming2.adb compilation failed to produce executable
UNRESOLVED: gnat.dg/renaming3.adb compilation failed to produce executable
UNRESOLVED: gnat.dg/requeue1.adb compilation failed to produce executable
UNRESOLVED: gnat.dg/scalar_mode_agg_compare.adb compilation failed to produce executable
UNRESOLVED: gnat.dg/self_aggregate_with_array.adb compilation failed to produce executable
UNRESOLVED: gnat.dg/self_aggregate_with_call.adb compilation failed to produce executable
UNRESOLVED: gnat.dg/self_aggregate_with_pointer.adb compilation failed to produce executable
UNRESOLVED: gnat.dg/self_aggregate_with_zeros.adb compilation failed to produce executable
UNRESOLVED: gnat.dg/sizetype.adb compilation failed to produce executable
UNRESOLVED: gnat.dg/slice3.adb compilation failed to produce executable
UNRESOLVED: gnat.dg/slice4.adb compilation failed to produce executable
FAIL: gnat.dg/slice5.adb (test for warnings, line 15)
FAIL: gnat.dg/slice5.adb (test for warnings, line 21)
UNRESOLVED: gnat.dg/small_alignment.adb compilation failed to produce executable
UNRESOLVED: gnat.dg/socket1.adb compilation failed to produce executable
UNRESOLVED: gnat.dg/sort2.adb compilation failed to produce executable
UNRESOLVED: gnat.dg/spipaterr.adb compilation failed to produce executable
UNRESOLVED: gnat.dg/string_slice.adb compilation failed to produce executable
FAIL: gnat.dg/subp_elim_errors.adb (test for errors, line 25)
FAIL: gnat.dg/subp_elim_errors.adb (test for errors, line 27)
FAIL: gnat.dg/subp_elim_errors.adb (test for errors, line 29)
FAIL: gnat.dg/subp_elim_errors.adb (test for errors, line 31)
UNRESOLVED: gnat.dg/tag1.adb compilation failed to produce executable
UNRESOLVED: gnat.dg/tail_call.adb compilation failed to produce executable
UNRESOLVED: gnat.dg/task_stack_align.adb compilation failed to produce executable
UNRESOLVED: gnat.dg/test_8bitlong_overflow.adb compilation failed to produce executable
UNRESOLVED: gnat.dg/test_address_null_init.adb compilation failed to produce executable
UNRESOLVED: gnat.dg/test_allocator_maxalign2.adb compilation failed to produce executable
UNRESOLVED: gnat.dg/test_bounded.adb compilation failed to produce executable
UNRESOLVED: gnat.dg/test_delay.adb compilation failed to produce executable
UNRESOLVED: gnat.dg/test_direct_io.adb compilation failed to produce executable
UNRESOLVED: gnat.dg/test_enum_io.adb compilation failed to produce executable
UNRESOLVED: gnat.dg/test_fixed_io.adb compilation failed to produce executable
UNRESOLVED: gnat.dg/test_iface_aggr.adb compilation failed to produce executable
UNRESOLVED: gnat.dg/test_ifaces.adb compilation failed to produce executable
UNRESOLVED: gnat.dg/test_image.adb compilation failed to produce executable
UNRESOLVED: gnat.dg/test_nested_subtype_byref.adb compilation failed to produce executable
UNRESOLVED: gnat.dg/test_oalign.adb compilation failed to produce executable
UNRESOLVED: gnat.dg/test_oconst.adb compilation failed to produce executable
UNRESOLVED: gnat.dg/test_prefix1.adb compilation failed to produce executable
UNRESOLVED: gnat.dg/test_prio.adb compilation failed to produce executable
UNRESOLVED: gnat.dg/test_raise_from_pure.adb compilation failed to produce executable
UNRESOLVED: gnat.dg/test_self.adb compilation failed to produce executable
UNRESOLVED: gnat.dg/test_self_ref.adb compilation failed to produce executable
UNRESOLVED: gnat.dg/test_table1.adb compilation failed to produce executable
UNRESOLVED: gnat.dg/test_tamdt.adb compilation failed to produce executable
UNRESOLVED: gnat.dg/test_time_stamp.adb compilation failed to produce executable
UNRESOLVED: gnat.dg/test_version.adb compilation failed to produce executable
UNRESOLVED: gnat.dg/testint.adb compilation failed to produce executable
UNRESOLVED: gnat.dg/tfren.adb compilation failed to produce executable
UNRESOLVED: gnat.dg/timing_events.adb compilation failed to produce executable
ERROR: gnat.dg/trampoline1.adb: error executing dg-final: couldn't open "trampoline1.s": no such file or directory
UNRESOLVED: gnat.dg/trampoline1.adb: error executing dg-final: couldn't open "trampoline1.s": no such file or directory
UNRESOLVED: gnat.dg/trampoline2.adb compilation failed to produce executable
UNRESOLVED: gnat.dg/tree_static_use.adb compilation failed to produce executable
UNRESOLVED: gnat.dg/unc_memfree.adb compilation failed to produce executable
UNRESOLVED: gnat.dg/unchecked_convert1.adb compilation failed to produce executable
UNRESOLVED: gnat.dg/unchecked_convert2.adb compilation failed to produce executable
UNRESOLVED: gnat.dg/unchecked_convert3.adb compilation failed to produce executable
UNRESOLVED: gnat.dg/unchecked_union1.adb compilation failed to produce executable
FAIL: gnat.dg/uninit_func.adb (test for warnings, line 5)
UNRESOLVED: gnat.dg/valid1.adb compilation failed to produce executable
ERROR: gnat.dg/volatile3.adb: error executing dg-final: couldn't open "volatile3.s": no such file or directory
UNRESOLVED: gnat.dg/volatile3.adb: error executing dg-final: couldn't open "volatile3.s": no such file or directory
UNRESOLVED: gnat.dg/warn1.adb compilation failed to produce executable
FAIL: gnat.dg/warn4.adb (test for warnings, line 14)
FAIL: gnat.dg/warn4.adb (test for warnings, line 14)
FAIL: gnat.dg/warn5.adb (test for warnings, line 29)
UNRESOLVED: gnat.dg/wide_test.adb compilation failed to produce executable
FAIL: gnat.dg/specs/abstract_private.ads (test for errors, line 12)
FAIL: gnat.dg/specs/access_constant.ads (test for errors, line 10)
FAIL: gnat.dg/specs/access_constant_decl.ads (test for errors, line 9)
FAIL: gnat.dg/specs/addr1.ads (test for warnings, line 30)
FAIL: gnat.dg/specs/alignment2.ads (test for warnings, line 12)
FAIL: gnat.dg/specs/alignment2.ads (test for warnings, line 18)
FAIL: gnat.dg/specs/alignment2.ads (test for warnings, line 36)
FAIL: gnat.dg/specs/alignment2.ads (test for warnings, line 40)
XPASS: gnat.dg/specs/fe_inlining_helper.ads (test for excess errors)
FAIL: gnat.dg/specs/integer_value.ads (test for errors, line 4)
FAIL: gnat.dg/specs/linker_section.ads (test for errors, line 6)
FAIL: gnat.dg/specs/linker_section.ads (test for errors, line 10)
FAIL: gnat.dg/specs/oversize.ads (test for errors, line 18)
FAIL: gnat.dg/specs/oversize.ads (test for errors, line 25)
FAIL: gnat.dg/specs/oversize.ads (test for errors, line 33)
FAIL: gnat.dg/specs/oversize.ads (test for errors, line 44)
XPASS: gnat.dg/specs/pack3_pkg.ads (test for excess errors)
FAIL: gnat.dg/specs/renamings.ads (test for errors, line 9)
FAIL: gnat.dg/specs/renamings.ads (test for errors, line 13)
FAIL: gnat.dg/specs/size_clause2.ads (test for errors, line 40)
FAIL: gnat.dg/specs/size_clause3.ads (test for errors, line 17)
FAIL: gnat.dg/specs/size_clause3.ads (test for errors, line 47)
ERROR: gnat.dg/specs/static_initializer.ads: error executing dg-final: couldn't open "static_initializer.s": no such file or directory
UNRESOLVED: gnat.dg/specs/static_initializer.ads: error executing dg-final: couldn't open "static_initializer.s": no such file or directory
ERROR: gnat.dg/specs/static_initializer2.ads: error executing dg-final: couldn't open "static_initializer2.s": no such file or directory
UNRESOLVED: gnat.dg/specs/static_initializer2.ads: error executing dg-final: couldn't open "static_initializer2.s": no such file or directory
FAIL: gnat.dg/specs/storage.ads (test for errors, line 6)
FAIL: gnat.dg/specs/tag2.ads (test for errors, line 11)
FAIL: gnat.dg/specs/tag2.ads (test for errors, line 12)
FAIL: gnat.dg/specs/tag2.ads (test for errors, line 13)
FAIL: gnat.dg/specs/variant_part.ads (test for errors, line 4)
XPASS: gnat.dg/specs/varsize_return_pkg1.ads (test for excess errors)
XPASS: gnat.dg/specs/varsize_return_pkg2.ads (test for excess errors)
=== gnat Summary for unix/-m64 ===
# of expected passes 462
# of unexpected failures 57
# of unexpected successes 5
# of unresolved testcases 166
=== gnat Summary ===
# of expected passes 1147
# of unexpected failures 57
# of unexpected successes 5
# of expected failures 5
# of unresolved testcases 166
=== obj-c++ tests ===
Running target unix
UNRESOLVED: obj-c++.dg/lookup-2.mm compilation failed to produce executable
UNRESOLVED: obj-c++.dg/try-catch-2.mm compilation failed to produce executable
UNRESOLVED: obj-c++.dg/try-catch-9.mm compilation failed to produce executable
=== obj-c++ Summary for unix ===
# of expected passes 438
# of expected failures 10
# of unresolved testcases 3
# of unsupported tests 13
Running target unix/-m64
UNRESOLVED: obj-c++.dg/lookup-2.mm compilation failed to produce executable
UNRESOLVED: obj-c++.dg/try-catch-2.mm compilation failed to produce executable
UNRESOLVED: obj-c++.dg/try-catch-9.mm compilation failed to produce executable
=== obj-c++ Summary for unix/-m64 ===
# of expected passes 427
# of expected failures 21
# of unresolved testcases 3
# of unsupported tests 13
=== obj-c++ Summary ===
# of expected passes 865
# of expected failures 31
# of unresolved testcases 6
# of unsupported tests 26
/build/buildd-gcc-snapshot_20090821-1-sparc-mmNFig/gcc-snapshot-20090821/build/gcc/testsuite/obj-c++/../../g++ version 4.5.0 20090821 (experimental) [trunk revision 150987] (Debian 20090821-1)
=== objc tests ===
Running target unix
FAIL: objc/execute/forward-1.m execution, -O0 -fgnu-runtime
FAIL: objc/execute/forward-1.m execution, -O1 -fgnu-runtime
FAIL: objc/execute/forward-1.m execution, -O2 -fgnu-runtime
FAIL: objc/execute/forward-1.m execution, -O3 -fomit-frame-pointer -fgnu-runtime
FAIL: objc/execute/forward-1.m execution, -O3 -fomit-frame-pointer -funroll-loops -fgnu-runtime
FAIL: objc/execute/forward-1.m execution, -O3 -fomit-frame-pointer -funroll-all-loops -finline-functions -fgnu-runtime
FAIL: objc/execute/forward-1.m execution, -O3 -g -fgnu-runtime
FAIL: objc/execute/forward-1.m execution, -Os -fgnu-runtime
=== objc Summary for unix ===
# of expected passes 1867
# of unexpected failures 8
# of expected failures 7
# of unsupported tests 24
Running target unix/-m64
FAIL: objc/execute/forward-1.m execution, -O0 -fgnu-runtime
FAIL: objc/execute/forward-1.m execution, -O1 -fgnu-runtime
FAIL: objc/execute/forward-1.m execution, -O2 -fgnu-runtime
FAIL: objc/execute/forward-1.m execution, -O3 -fomit-frame-pointer -fgnu-runtime
FAIL: objc/execute/forward-1.m execution, -O3 -fomit-frame-pointer -funroll-loops -fgnu-runtime
FAIL: objc/execute/forward-1.m execution, -O3 -fomit-frame-pointer -funroll-all-loops -finline-functions -fgnu-runtime
FAIL: objc/execute/forward-1.m execution, -O3 -g -fgnu-runtime
FAIL: objc/execute/forward-1.m execution, -Os -fgnu-runtime
=== objc Summary for unix/-m64 ===
# of expected passes 1867
# of unexpected failures 8
# of expected failures 7
# of unsupported tests 24
=== objc Summary ===
# of expected passes 3734
# of unexpected failures 16
# of expected failures 14
# of unsupported tests 48
/build/buildd-gcc-snapshot_20090821-1-sparc-mmNFig/gcc-snapshot-20090821/build/gcc/xgcc version 4.5.0 20090821 (experimental) [trunk revision 150987] (Debian 20090821-1)
=== libffi tests ===
Running target unix
FAIL: libffi.call/cls_longdouble_va.c -O0 -W -Wall output pattern test, is %.1f
FAIL: libffi.call/cls_longdouble_va.c -O2 output pattern test, is %.1f
FAIL: libffi.call/cls_longdouble_va.c -O3 output pattern test, is %.1f
FAIL: libffi.call/cls_longdouble_va.c -Os output pattern test, is %.1f
FAIL: libffi.call/cls_longdouble_va.c -O2 -fomit-frame-pointer output pattern test, is %.1f
=== libffi Summary for unix ===
# of expected passes 1589
# of unexpected failures 5
# of expected failures 10
# of unsupported tests 15
Running target unix/-m64
FAIL: libffi.call/closure_fn0.c -O0 -W -Wall (test for excess errors)
UNRESOLVED: libffi.call/closure_fn0.c -O0 -W -Wall compilation failed to produce executable
FAIL: libffi.call/closure_fn1.c -O0 -W -Wall (test for excess errors)
UNRESOLVED: libffi.call/closure_fn1.c -O0 -W -Wall compilation failed to produce executable
FAIL: libffi.call/closure_fn2.c -O0 -W -Wall (test for excess errors)
UNRESOLVED: libffi.call/closure_fn2.c -O0 -W -Wall compilation failed to produce executable
FAIL: libffi.call/closure_fn3.c -O0 -W -Wall (test for excess errors)
UNRESOLVED: libffi.call/closure_fn3.c -O0 -W -Wall compilation failed to produce executable
FAIL: libffi.call/closure_fn4.c -O0 -W -Wall (test for excess errors)
UNRESOLVED: libffi.call/closure_fn4.c -O0 -W -Wall compilation failed to produce executable
FAIL: libffi.call/closure_fn5.c -O0 -W -Wall (test for excess errors)
UNRESOLVED: libffi.call/closure_fn5.c -O0 -W -Wall compilation failed to produce executable
FAIL: libffi.call/closure_fn6.c -O0 -W -Wall (test for excess errors)
UNRESOLVED: libffi.call/closure_fn6.c -O0 -W -Wall compilation failed to produce executable
FAIL: libffi.call/closure_loc_fn0.c -O0 -W -Wall (test for excess errors)
UNRESOLVED: libffi.call/closure_loc_fn0.c -O0 -W -Wall compilation failed to produce executable
FAIL: libffi.call/cls_12byte.c -O0 -W -Wall (test for excess errors)
UNRESOLVED: libffi.call/cls_12byte.c -O0 -W -Wall compilation failed to produce executable
FAIL: libffi.call/cls_16byte.c -O0 -W -Wall (test for excess errors)
UNRESOLVED: libffi.call/cls_16byte.c -O0 -W -Wall compilation failed to produce executable
FAIL: libffi.call/cls_18byte.c -O0 -W -Wall (test for excess errors)
UNRESOLVED: libffi.call/cls_18byte.c -O0 -W -Wall compilation failed to produce executable
FAIL: libffi.call/cls_19byte.c -O0 -W -Wall (test for excess errors)
UNRESOLVED: libffi.call/cls_19byte.c -O0 -W -Wall compilation failed to produce executable
FAIL: libffi.call/cls_1_1byte.c -O0 -W -Wall (test for excess errors)
UNRESOLVED: libffi.call/cls_1_1byte.c -O0 -W -Wall compilation failed to produce executable
FAIL: libffi.call/cls_20byte.c -O0 -W -Wall (test for excess errors)
UNRESOLVED: libffi.call/cls_20byte.c -O0 -W -Wall compilation failed to produce executable
FAIL: libffi.call/cls_20byte1.c -O0 -W -Wall (test for excess errors)
UNRESOLVED: libffi.call/cls_20byte1.c -O0 -W -Wall compilation failed to produce executable
FAIL: libffi.call/cls_24byte.c -O0 -W -Wall (test for excess errors)
UNRESOLVED: libffi.call/cls_24byte.c -O0 -W -Wall compilation failed to produce executable
FAIL: libffi.call/cls_2byte.c -O0 -W -Wall (test for excess errors)
UNRESOLVED: libffi.call/cls_2byte.c -O0 -W -Wall compilation failed to produce executable
FAIL: libffi.call/cls_3_1byte.c -O0 -W -Wall (test for excess errors)
UNRESOLVED: libffi.call/cls_3_1byte.c -O0 -W -Wall compilation failed to produce executable
FAIL: libffi.call/cls_3byte1.c -O0 -W -Wall (test for excess errors)
UNRESOLVED: libffi.call/cls_3byte1.c -O0 -W -Wall compilation failed to produce executable
FAIL: libffi.call/cls_3byte2.c -O0 -W -Wall (test for excess errors)
UNRESOLVED: libffi.call/cls_3byte2.c -O0 -W -Wall compilation failed to produce executable
FAIL: libffi.call/cls_4_1byte.c -O0 -W -Wall (test for excess errors)
UNRESOLVED: libffi.call/cls_4_1byte.c -O0 -W -Wall compilation failed to produce executable
FAIL: libffi.call/cls_4byte.c -O0 -W -Wall (test for excess errors)
UNRESOLVED: libffi.call/cls_4byte.c -O0 -W -Wall compilation failed to produce executable
FAIL: libffi.call/cls_5_1_byte.c -O0 -W -Wall (test for excess errors)
UNRESOLVED: libffi.call/cls_5_1_byte.c -O0 -W -Wall compilation failed to produce executable
FAIL: libffi.call/cls_5byte.c -O0 -W -Wall (test for excess errors)
UNRESOLVED: libffi.call/cls_5byte.c -O0 -W -Wall compilation failed to produce executable
FAIL: libffi.call/cls_64byte.c -O0 -W -Wall (test for excess errors)
UNRESOLVED: libffi.call/cls_64byte.c -O0 -W -Wall compilation failed to produce executable
FAIL: libffi.call/cls_6_1_byte.c -O0 -W -Wall (test for excess errors)
UNRESOLVED: libffi.call/cls_6_1_byte.c -O0 -W -Wall compilation failed to produce executable
FAIL: libffi.call/cls_6byte.c -O0 -W -Wall (test for excess errors)
UNRESOLVED: libffi.call/cls_6byte.c -O0 -W -Wall compilation failed to produce executable
FAIL: libffi.call/cls_7_1_byte.c -O0 -W -Wall (test for excess errors)
UNRESOLVED: libffi.call/cls_7_1_byte.c -O0 -W -Wall compilation failed to produce executable
FAIL: libffi.call/cls_7byte.c -O0 -W -Wall (test for excess errors)
UNRESOLVED: libffi.call/cls_7byte.c -O0 -W -Wall compilation failed to produce executable
FAIL: libffi.call/cls_8byte.c -O0 -W -Wall (test for excess errors)
UNRESOLVED: libffi.call/cls_8byte.c -O0 -W -Wall compilation failed to produce executable
FAIL: libffi.call/cls_9byte1.c -O0 -W -Wall (test for excess errors)
UNRESOLVED: libffi.call/cls_9byte1.c -O0 -W -Wall compilation failed to produce executable
FAIL: libffi.call/cls_9byte2.c -O0 -W -Wall (test for excess errors)
UNRESOLVED: libffi.call/cls_9byte2.c -O0 -W -Wall compilation failed to produce executable
FAIL: libffi.call/cls_align_double.c -O0 -W -Wall (test for excess errors)
UNRESOLVED: libffi.call/cls_align_double.c -O0 -W -Wall compilation failed to produce executable
FAIL: libffi.call/cls_align_float.c -O0 -W -Wall (test for excess errors)
UNRESOLVED: libffi.call/cls_align_float.c -O0 -W -Wall compilation failed to produce executable
FAIL: libffi.call/cls_align_longdouble.c -O0 -W -Wall (test for excess errors)
UNRESOLVED: libffi.call/cls_align_longdouble.c -O0 -W -Wall compilation failed to produce executable
FAIL: libffi.call/cls_align_longdouble_split.c -O0 -W -Wall (test for excess errors)
UNRESOLVED: libffi.call/cls_align_longdouble_split.c -O0 -W -Wall compilation failed to produce executable
FAIL: libffi.call/cls_align_longdouble_split2.c -O0 -W -Wall (test for excess errors)
UNRESOLVED: libffi.call/cls_align_longdouble_split2.c -O0 -W -Wall compilation failed to produce executable
FAIL: libffi.call/cls_align_pointer.c -O0 -W -Wall (test for excess errors)
UNRESOLVED: libffi.call/cls_align_pointer.c -O0 -W -Wall compilation failed to produce executable
FAIL: libffi.call/cls_align_sint16.c -O0 -W -Wall (test for excess errors)
UNRESOLVED: libffi.call/cls_align_sint16.c -O0 -W -Wall compilation failed to produce executable
FAIL: libffi.call/cls_align_sint32.c -O0 -W -Wall (test for excess errors)
UNRESOLVED: libffi.call/cls_align_sint32.c -O0 -W -Wall compilation failed to produce executable
FAIL: libffi.call/cls_align_sint64.c -O0 -W -Wall (test for excess errors)
UNRESOLVED: libffi.call/cls_align_sint64.c -O0 -W -Wall compilation failed to produce executable
FAIL: libffi.call/cls_align_uint16.c -O0 -W -Wall (test for excess errors)
UNRESOLVED: libffi.call/cls_align_uint16.c -O0 -W -Wall compilation failed to produce executable
FAIL: libffi.call/cls_align_uint32.c -O0 -W -Wall (test for excess errors)
UNRESOLVED: libffi.call/cls_align_uint32.c -O0 -W -Wall compilation failed to produce executable
FAIL: libffi.call/cls_align_uint64.c -O0 -W -Wall (test for excess errors)
UNRESOLVED: libffi.call/cls_align_uint64.c -O0 -W -Wall compilation failed to produce executable
FAIL: libffi.call/cls_dbls_struct.c -O0 -W -Wall (test for excess errors)
UNRESOLVED: libffi.call/cls_dbls_struct.c -O0 -W -Wall compilation failed to produce executable
FAIL: libffi.call/cls_double.c -O0 -W -Wall (test for excess errors)
UNRESOLVED: libffi.call/cls_double.c -O0 -W -Wall compilation failed to produce executable
FAIL: libffi.call/cls_double_va.c -O0 -W -Wall (test for excess errors)
UNRESOLVED: libffi.call/cls_double_va.c -O0 -W -Wall compilation failed to produce executable
FAIL: libffi.call/cls_float.c -O0 -W -Wall (test for excess errors)
UNRESOLVED: libffi.call/cls_float.c -O0 -W -Wall compilation failed to produce executable
FAIL: libffi.call/cls_longdouble.c -O0 -W -Wall (test for excess errors)
UNRESOLVED: libffi.call/cls_longdouble.c -O0 -W -Wall compilation failed to produce executable
FAIL: libffi.call/cls_longdouble_va.c -O0 -W -Wall (test for excess errors)
UNRESOLVED: libffi.call/cls_longdouble_va.c -O0 -W -Wall compilation failed to produce executable
FAIL: libffi.call/cls_multi_schar.c -O0 -W -Wall (test for excess errors)
UNRESOLVED: libffi.call/cls_multi_schar.c -O0 -W -Wall compilation failed to produce executable
FAIL: libffi.call/cls_multi_sshort.c -O0 -W -Wall (test for excess errors)
UNRESOLVED: libffi.call/cls_multi_sshort.c -O0 -W -Wall compilation failed to produce executable
FAIL: libffi.call/cls_multi_sshortchar.c -O0 -W -Wall (test for excess errors)
UNRESOLVED: libffi.call/cls_multi_sshortchar.c -O0 -W -Wall compilation failed to produce executable
FAIL: libffi.call/cls_multi_uchar.c -O0 -W -Wall (test for excess errors)
UNRESOLVED: libffi.call/cls_multi_uchar.c -O0 -W -Wall compilation failed to produce executable
FAIL: libffi.call/cls_multi_ushort.c -O0 -W -Wall (test for excess errors)
UNRESOLVED: libffi.call/cls_multi_ushort.c -O0 -W -Wall compilation failed to produce executable
FAIL: libffi.call/cls_multi_ushortchar.c -O0 -W -Wall (test for excess errors)
UNRESOLVED: libffi.call/cls_multi_ushortchar.c -O0 -W -Wall compilation failed to produce executable
FAIL: libffi.call/cls_pointer.c -O0 -W -Wall (test for excess errors)
UNRESOLVED: libffi.call/cls_pointer.c -O0 -W -Wall compilation failed to produce executable
FAIL: libffi.call/cls_pointer_stack.c -O0 -W -Wall (test for excess errors)
UNRESOLVED: libffi.call/cls_pointer_stack.c -O0 -W -Wall compilation failed to produce executable
FAIL: libffi.call/cls_schar.c -O0 -W -Wall (test for excess errors)
UNRESOLVED: libffi.call/cls_schar.c -O0 -W -Wall compilation failed to produce executable
FAIL: libffi.call/cls_sint.c -O0 -W -Wall (test for excess errors)
UNRESOLVED: libffi.call/cls_sint.c -O0 -W -Wall compilation failed to produce executable
FAIL: libffi.call/cls_sshort.c -O0 -W -Wall (test for excess errors)
UNRESOLVED: libffi.call/cls_sshort.c -O0 -W -Wall compilation failed to produce executable
FAIL: libffi.call/cls_uchar.c -O0 -W -Wall (test for excess errors)
UNRESOLVED: libffi.call/cls_uchar.c -O0 -W -Wall compilation failed to produce executable
FAIL: libffi.call/cls_uint.c -O0 -W -Wall (test for excess errors)
UNRESOLVED: libffi.call/cls_uint.c -O0 -W -Wall compilation failed to produce executable
FAIL: libffi.call/cls_ulonglong.c -O0 -W -Wall (test for excess errors)
UNRESOLVED: libffi.call/cls_ulonglong.c -O0 -W -Wall compilation failed to produce executable
FAIL: libffi.call/cls_ushort.c -O0 -W -Wall (test for excess errors)
UNRESOLVED: libffi.call/cls_ushort.c -O0 -W -Wall compilation failed to produce executable
FAIL: libffi.call/err_bad_abi.c -O0 -W -Wall (test for excess errors)
UNRESOLVED: libffi.call/err_bad_abi.c -O0 -W -Wall compilation failed to produce executable
FAIL: libffi.call/err_bad_typedef.c -O0 -W -Wall (test for excess errors)
UNRESOLVED: libffi.call/err_bad_typedef.c -O0 -W -Wall compilation failed to produce executable
FAIL: libffi.call/float.c -O0 -W -Wall (test for excess errors)
UNRESOLVED: libffi.call/float.c -O0 -W -Wall compilation failed to produce executable
FAIL: libffi.call/float1.c -O0 -W -Wall (test for excess errors)
UNRESOLVED: libffi.call/float1.c -O0 -W -Wall compilation failed to produce executable
FAIL: libffi.call/float2.c -O0 -W -Wall (test for excess errors)
UNRESOLVED: libffi.call/float2.c -O0 -W -Wall compilation failed to produce executable
FAIL: libffi.call/float3.c -O0 -W -Wall (test for excess errors)
UNRESOLVED: libffi.call/float3.c -O0 -W -Wall compilation failed to produce executable
FAIL: libffi.call/float4.c -O0 -W -Wall (test for excess errors)
UNRESOLVED: libffi.call/float4.c -O0 -W -Wall compilation failed to produce executable
FAIL: libffi.call/many.c -O0 -W -Wall (test for excess errors)
UNRESOLVED: libffi.call/many.c -O0 -W -Wall compilation failed to produce executable
FAIL: libffi.call/negint.c -O0 -W -Wall (test for excess errors)
UNRESOLVED: libffi.call/negint.c -O0 -W -Wall compilation failed to produce executable
FAIL: libffi.call/nested_struct.c -O0 -W -Wall (test for excess errors)
UNRESOLVED: libffi.call/nested_struct.c -O0 -W -Wall compilation failed to produce executable
FAIL: libffi.call/nested_struct1.c -O0 -W -Wall (test for excess errors)
UNRESOLVED: libffi.call/nested_struct1.c -O0 -W -Wall compilation failed to produce executable
FAIL: libffi.call/nested_struct10.c -O0 -W -Wall (test for excess errors)
UNRESOLVED: libffi.call/nested_struct10.c -O0 -W -Wall compilation failed to produce executable
FAIL: libffi.call/nested_struct2.c -O0 -W -Wall (test for excess errors)
UNRESOLVED: libffi.call/nested_struct2.c -O0 -W -Wall compilation failed to produce executable
FAIL: libffi.call/nested_struct3.c -O0 -W -Wall (test for excess errors)
UNRESOLVED: libffi.call/nested_struct3.c -O0 -W -Wall compilation failed to produce executable
FAIL: libffi.call/nested_struct4.c -O0 -W -Wall (test for excess errors)
UNRESOLVED: libffi.call/nested_struct4.c -O0 -W -Wall compilation failed to produce executable
FAIL: libffi.call/nested_struct5.c -O0 -W -Wall (test for excess errors)
UNRESOLVED: libffi.call/nested_struct5.c -O0 -W -Wall compilation failed to produce executable
FAIL: libffi.call/nested_struct6.c -O0 -W -Wall (test for excess errors)
UNRESOLVED: libffi.call/nested_struct6.c -O0 -W -Wall compilation failed to produce executable
FAIL: libffi.call/nested_struct7.c -O0 -W -Wall (test for excess errors)
UNRESOLVED: libffi.call/nested_struct7.c -O0 -W -Wall compilation failed to produce executable
FAIL: libffi.call/nested_struct8.c -O0 -W -Wall (test for excess errors)
UNRESOLVED: libffi.call/nested_struct8.c -O0 -W -Wall compilation failed to produce executable
FAIL: libffi.call/nested_struct9.c -O0 -W -Wall (test for excess errors)
UNRESOLVED: libffi.call/nested_struct9.c -O0 -W -Wall compilation failed to produce executable
FAIL: libffi.call/problem1.c -O0 -W -Wall (test for excess errors)
UNRESOLVED: libffi.call/problem1.c -O0 -W -Wall compilation failed to produce executable
FAIL: libffi.call/promotion.c -O0 -W -Wall (test for excess errors)
UNRESOLVED: libffi.call/promotion.c -O0 -W -Wall compilation failed to produce executable
FAIL: libffi.call/pyobjc-tc.c -O0 -W -Wall (test for excess errors)
UNRESOLVED: libffi.call/pyobjc-tc.c -O0 -W -Wall compilation failed to produce executable
FAIL: libffi.call/return_dbl.c -O0 -W -Wall (test for excess errors)
UNRESOLVED: libffi.call/return_dbl.c -O0 -W -Wall compilation failed to produce executable
FAIL: libffi.call/return_dbl1.c -O0 -W -Wall (test for excess errors)
UNRESOLVED: libffi.call/return_dbl1.c -O0 -W -Wall compilation failed to produce executable
FAIL: libffi.call/return_dbl2.c -O0 -W -Wall (test for excess errors)
UNRESOLVED: libffi.call/return_dbl2.c -O0 -W -Wall compilation failed to produce executable
FAIL: libffi.call/return_fl.c -O0 -W -Wall (test for excess errors)
UNRESOLVED: libffi.call/return_fl.c -O0 -W -Wall compilation failed to produce executable
FAIL: libffi.call/return_fl1.c -O0 -W -Wall (test for excess errors)
UNRESOLVED: libffi.call/return_fl1.c -O0 -W -Wall compilation failed to produce executable
FAIL: libffi.call/return_fl2.c -O0 -W -Wall (test for excess errors)
UNRESOLVED: libffi.call/return_fl2.c -O0 -W -Wall compilation failed to produce executable
FAIL: libffi.call/return_fl3.c -O0 -W -Wall (test for excess errors)
UNRESOLVED: libffi.call/return_fl3.c -O0 -W -Wall compilation failed to produce executable
FAIL: libffi.call/return_ldl.c -O0 -W -Wall (test for excess errors)
UNRESOLVED: libffi.call/return_ldl.c -O0 -W -Wall compilation failed to produce executable
FAIL: libffi.call/return_ll.c -O0 -W -Wall (test for excess errors)
UNRESOLVED: libffi.call/return_ll.c -O0 -W -Wall compilation failed to produce executable
FAIL: libffi.call/return_ll1.c -O0 -W -Wall (test for excess errors)
UNRESOLVED: libffi.call/return_ll1.c -O0 -W -Wall compilation failed to produce executable
FAIL: libffi.call/return_sc.c -O0 -W -Wall (test for excess errors)
UNRESOLVED: libffi.call/return_sc.c -O0 -W -Wall compilation failed to produce executable
FAIL: libffi.call/return_sl.c -O0 -W -Wall (test for excess errors)
UNRESOLVED: libffi.call/return_sl.c -O0 -W -Wall compilation failed to produce executable
FAIL: libffi.call/return_uc.c -O0 -W -Wall (test for excess errors)
UNRESOLVED: libffi.call/return_uc.c -O0 -W -Wall compilation failed to produce executable
FAIL: libffi.call/return_ul.c -O0 -W -Wall (test for excess errors)
UNRESOLVED: libffi.call/return_ul.c -O0 -W -Wall compilation failed to produce executable
FAIL: libffi.call/stret_large.c -O0 -W -Wall (test for excess errors)
UNRESOLVED: libffi.call/stret_large.c -O0 -W -Wall compilation failed to produce executable
FAIL: libffi.call/stret_large2.c -O0 -W -Wall (test for excess errors)
UNRESOLVED: libffi.call/stret_large2.c -O0 -W -Wall compilation failed to produce executable
FAIL: libffi.call/stret_medium.c -O0 -W -Wall (test for excess errors)
UNRESOLVED: libffi.call/stret_medium.c -O0 -W -Wall compilation failed to produce executable
FAIL: libffi.call/stret_medium2.c -O0 -W -Wall (test for excess errors)
UNRESOLVED: libffi.call/stret_medium2.c -O0 -W -Wall compilation failed to produce executable
FAIL: libffi.call/strlen.c -O0 -W -Wall (test for excess errors)
UNRESOLVED: libffi.call/strlen.c -O0 -W -Wall compilation failed to produce executable
FAIL: libffi.call/struct1.c -O0 -W -Wall (test for excess errors)
UNRESOLVED: libffi.call/struct1.c -O0 -W -Wall compilation failed to produce executable
FAIL: libffi.call/struct2.c -O0 -W -Wall (test for excess errors)
UNRESOLVED: libffi.call/struct2.c -O0 -W -Wall compilation failed to produce executable
FAIL: libffi.call/struct3.c -O0 -W -Wall (test for excess errors)
UNRESOLVED: libffi.call/struct3.c -O0 -W -Wall compilation failed to produce executable
FAIL: libffi.call/struct4.c -O0 -W -Wall (test for excess errors)
UNRESOLVED: libffi.call/struct4.c -O0 -W -Wall compilation failed to produce executable
FAIL: libffi.call/struct5.c -O0 -W -Wall (test for excess errors)
UNRESOLVED: libffi.call/struct5.c -O0 -W -Wall compilation failed to produce executable
FAIL: libffi.call/struct6.c -O0 -W -Wall (test for excess errors)
UNRESOLVED: libffi.call/struct6.c -O0 -W -Wall compilation failed to produce executable
FAIL: libffi.call/struct7.c -O0 -W -Wall (test for excess errors)
UNRESOLVED: libffi.call/struct7.c -O0 -W -Wall compilation failed to produce executable
FAIL: libffi.call/struct8.c -O0 -W -Wall (test for excess errors)
UNRESOLVED: libffi.call/struct8.c -O0 -W -Wall compilation failed to produce executable
FAIL: libffi.call/struct9.c -O0 -W -Wall (test for excess errors)
UNRESOLVED: libffi.call/struct9.c -O0 -W -Wall compilation failed to produce executable
FAIL: libffi.call/closure_fn0.c -O2 (test for excess errors)
UNRESOLVED: libffi.call/closure_fn0.c -O2 compilation failed to produce executable
FAIL: libffi.call/closure_fn1.c -O2 (test for excess errors)
UNRESOLVED: libffi.call/closure_fn1.c -O2 compilation failed to produce executable
FAIL: libffi.call/closure_fn2.c -O2 (test for excess errors)
UNRESOLVED: libffi.call/closure_fn2.c -O2 compilation failed to produce executable
FAIL: libffi.call/closure_fn3.c -O2 (test for excess errors)
UNRESOLVED: libffi.call/closure_fn3.c -O2 compilation failed to produce executable
FAIL: libffi.call/closure_fn4.c -O2 (test for excess errors)
UNRESOLVED: libffi.call/closure_fn4.c -O2 compilation failed to produce executable
FAIL: libffi.call/closure_fn5.c -O2 (test for excess errors)
UNRESOLVED: libffi.call/closure_fn5.c -O2 compilation failed to produce executable
FAIL: libffi.call/closure_fn6.c -O2 (test for excess errors)
UNRESOLVED: libffi.call/closure_fn6.c -O2 compilation failed to produce executable
FAIL: libffi.call/closure_loc_fn0.c -O2 (test for excess errors)
UNRESOLVED: libffi.call/closure_loc_fn0.c -O2 compilation failed to produce executable
FAIL: libffi.call/cls_12byte.c -O2 (test for excess errors)
UNRESOLVED: libffi.call/cls_12byte.c -O2 compilation failed to produce executable
FAIL: libffi.call/cls_16byte.c -O2 (test for excess errors)
UNRESOLVED: libffi.call/cls_16byte.c -O2 compilation failed to produce executable
FAIL: libffi.call/cls_18byte.c -O2 (test for excess errors)
UNRESOLVED: libffi.call/cls_18byte.c -O2 compilation failed to produce executable
FAIL: libffi.call/cls_19byte.c -O2 (test for excess errors)
UNRESOLVED: libffi.call/cls_19byte.c -O2 compilation failed to produce executable
FAIL: libffi.call/cls_1_1byte.c -O2 (test for excess errors)
UNRESOLVED: libffi.call/cls_1_1byte.c -O2 compilation failed to produce executable
FAIL: libffi.call/cls_20byte.c -O2 (test for excess errors)
UNRESOLVED: libffi.call/cls_20byte.c -O2 compilation failed to produce executable
FAIL: libffi.call/cls_20byte1.c -O2 (test for excess errors)
UNRESOLVED: libffi.call/cls_20byte1.c -O2 compilation failed to produce executable
FAIL: libffi.call/cls_24byte.c -O2 (test for excess errors)
UNRESOLVED: libffi.call/cls_24byte.c -O2 compilation failed to produce executable
FAIL: libffi.call/cls_2byte.c -O2 (test for excess errors)
UNRESOLVED: libffi.call/cls_2byte.c -O2 compilation failed to produce executable
FAIL: libffi.call/cls_3_1byte.c -O2 (test for excess errors)
UNRESOLVED: libffi.call/cls_3_1byte.c -O2 compilation failed to produce executable
FAIL: libffi.call/cls_3byte1.c -O2 (test for excess errors)
UNRESOLVED: libffi.call/cls_3byte1.c -O2 compilation failed to produce executable
FAIL: libffi.call/cls_3byte2.c -O2 (test for excess errors)
UNRESOLVED: libffi.call/cls_3byte2.c -O2 compilation failed to produce executable
FAIL: libffi.call/cls_4_1byte.c -O2 (test for excess errors)
UNRESOLVED: libffi.call/cls_4_1byte.c -O2 compilation failed to produce executable
FAIL: libffi.call/cls_4byte.c -O2 (test for excess errors)
UNRESOLVED: libffi.call/cls_4byte.c -O2 compilation failed to produce executable
FAIL: libffi.call/cls_5_1_byte.c -O2 (test for excess errors)
UNRESOLVED: libffi.call/cls_5_1_byte.c -O2 compilation failed to produce executable
FAIL: libffi.call/cls_5byte.c -O2 (test for excess errors)
UNRESOLVED: libffi.call/cls_5byte.c -O2 compilation failed to produce executable
FAIL: libffi.call/cls_64byte.c -O2 (test for excess errors)
UNRESOLVED: libffi.call/cls_64byte.c -O2 compilation failed to produce executable
FAIL: libffi.call/cls_6_1_byte.c -O2 (test for excess errors)
UNRESOLVED: libffi.call/cls_6_1_byte.c -O2 compilation failed to produce executable
FAIL: libffi.call/cls_6byte.c -O2 (test for excess errors)
UNRESOLVED: libffi.call/cls_6byte.c -O2 compilation failed to produce executable
FAIL: libffi.call/cls_7_1_byte.c -O2 (test for excess errors)
UNRESOLVED: libffi.call/cls_7_1_byte.c -O2 compilation failed to produce executable
FAIL: libffi.call/cls_7byte.c -O2 (test for excess errors)
UNRESOLVED: libffi.call/cls_7byte.c -O2 compilation failed to produce executable
FAIL: libffi.call/cls_8byte.c -O2 (test for excess errors)
UNRESOLVED: libffi.call/cls_8byte.c -O2 compilation failed to produce executable
FAIL: libffi.call/cls_9byte1.c -O2 (test for excess errors)
UNRESOLVED: libffi.call/cls_9byte1.c -O2 compilation failed to produce executable
FAIL: libffi.call/cls_9byte2.c -O2 (test for excess errors)
UNRESOLVED: libffi.call/cls_9byte2.c -O2 compilation failed to produce executable
FAIL: libffi.call/cls_align_double.c -O2 (test for excess errors)
UNRESOLVED: libffi.call/cls_align_double.c -O2 compilation failed to produce executable
FAIL: libffi.call/cls_align_float.c -O2 (test for excess errors)
UNRESOLVED: libffi.call/cls_align_float.c -O2 compilation failed to produce executable
FAIL: libffi.call/cls_align_longdouble.c -O2 (test for excess errors)
UNRESOLVED: libffi.call/cls_align_longdouble.c -O2 compilation failed to produce executable
FAIL: libffi.call/cls_align_longdouble_split.c -O2 (test for excess errors)
UNRESOLVED: libffi.call/cls_align_longdouble_split.c -O2 compilation failed to produce executable
FAIL: libffi.call/cls_align_longdouble_split2.c -O2 (test for excess errors)
UNRESOLVED: libffi.call/cls_align_longdouble_split2.c -O2 compilation failed to produce executable
FAIL: libffi.call/cls_align_pointer.c -O2 (test for excess errors)
UNRESOLVED: libffi.call/cls_align_pointer.c -O2 compilation failed to produce executable
FAIL: libffi.call/cls_align_sint16.c -O2 (test for excess errors)
UNRESOLVED: libffi.call/cls_align_sint16.c -O2 compilation failed to produce executable
FAIL: libffi.call/cls_align_sint32.c -O2 (test for excess errors)
UNRESOLVED: libffi.call/cls_align_sint32.c -O2 compilation failed to produce executable
FAIL: libffi.call/cls_align_sint64.c -O2 (test for excess errors)
UNRESOLVED: libffi.call/cls_align_sint64.c -O2 compilation failed to produce executable
FAIL: libffi.call/cls_align_uint16.c -O2 (test for excess errors)
UNRESOLVED: libffi.call/cls_align_uint16.c -O2 compilation failed to produce executable
FAIL: libffi.call/cls_align_uint32.c -O2 (test for excess errors)
UNRESOLVED: libffi.call/cls_align_uint32.c -O2 compilation failed to produce executable
FAIL: libffi.call/cls_align_uint64.c -O2 (test for excess errors)
UNRESOLVED: libffi.call/cls_align_uint64.c -O2 compilation failed to produce executable
FAIL: libffi.call/cls_dbls_struct.c -O2 (test for excess errors)
UNRESOLVED: libffi.call/cls_dbls_struct.c -O2 compilation failed to produce executable
FAIL: libffi.call/cls_double.c -O2 (test for excess errors)
UNRESOLVED: libffi.call/cls_double.c -O2 compilation failed to produce executable
FAIL: libffi.call/cls_double_va.c -O2 (test for excess errors)
UNRESOLVED: libffi.call/cls_double_va.c -O2 compilation failed to produce executable
FAIL: libffi.call/cls_float.c -O2 (test for excess errors)
UNRESOLVED: libffi.call/cls_float.c -O2 compilation failed to produce executable
FAIL: libffi.call/cls_longdouble.c -O2 (test for excess errors)
UNRESOLVED: libffi.call/cls_longdouble.c -O2 compilation failed to produce executable
FAIL: libffi.call/cls_longdouble_va.c -O2 (test for excess errors)
UNRESOLVED: libffi.call/cls_longdouble_va.c -O2 compilation failed to produce executable
FAIL: libffi.call/cls_multi_schar.c -O2 (test for excess errors)
UNRESOLVED: libffi.call/cls_multi_schar.c -O2 compilation failed to produce executable
FAIL: libffi.call/cls_multi_sshort.c -O2 (test for excess errors)
UNRESOLVED: libffi.call/cls_multi_sshort.c -O2 compilation failed to produce executable
FAIL: libffi.call/cls_multi_sshortchar.c -O2 (test for excess errors)
UNRESOLVED: libffi.call/cls_multi_sshortchar.c -O2 compilation failed to produce executable
FAIL: libffi.call/cls_multi_uchar.c -O2 (test for excess errors)
UNRESOLVED: libffi.call/cls_multi_uchar.c -O2 compilation failed to produce executable
FAIL: libffi.call/cls_multi_ushort.c -O2 (test for excess errors)
UNRESOLVED: libffi.call/cls_multi_ushort.c -O2 compilation failed to produce executable
FAIL: libffi.call/cls_multi_ushortchar.c -O2 (test for excess errors)
UNRESOLVED: libffi.call/cls_multi_ushortchar.c -O2 compilation failed to produce executable
FAIL: libffi.call/cls_pointer.c -O2 (test for excess errors)
UNRESOLVED: libffi.call/cls_pointer.c -O2 compilation failed to produce executable
FAIL: libffi.call/cls_pointer_stack.c -O2 (test for excess errors)
UNRESOLVED: libffi.call/cls_pointer_stack.c -O2 compilation failed to produce executable
FAIL: libffi.call/cls_schar.c -O2 (test for excess errors)
UNRESOLVED: libffi.call/cls_schar.c -O2 compilation failed to produce executable
FAIL: libffi.call/cls_sint.c -O2 (test for excess errors)
UNRESOLVED: libffi.call/cls_sint.c -O2 compilation failed to produce executable
FAIL: libffi.call/cls_sshort.c -O2 (test for excess errors)
UNRESOLVED: libffi.call/cls_sshort.c -O2 compilation failed to produce executable
FAIL: libffi.call/cls_uchar.c -O2 (test for excess errors)
UNRESOLVED: libffi.call/cls_uchar.c -O2 compilation failed to produce executable
FAIL: libffi.call/cls_uint.c -O2 (test for excess errors)
UNRESOLVED: libffi.call/cls_uint.c -O2 compilation failed to produce executable
FAIL: libffi.call/cls_ulonglong.c -O2 (test for excess errors)
UNRESOLVED: libffi.call/cls_ulonglong.c -O2 compilation failed to produce executable
FAIL: libffi.call/cls_ushort.c -O2 (test for excess errors)
UNRESOLVED: libffi.call/cls_ushort.c -O2 compilation failed to produce executable
FAIL: libffi.call/err_bad_abi.c -O2 (test for excess errors)
UNRESOLVED: libffi.call/err_bad_abi.c -O2 compilation failed to produce executable
FAIL: libffi.call/err_bad_typedef.c -O2 (test for excess errors)
UNRESOLVED: libffi.call/err_bad_typedef.c -O2 compilation failed to produce executable
FAIL: libffi.call/float.c -O2 (test for excess errors)
UNRESOLVED: libffi.call/float.c -O2 compilation failed to produce executable
FAIL: libffi.call/float1.c -O2 (test for excess errors)
UNRESOLVED: libffi.call/float1.c -O2 compilation failed to produce executable
FAIL: libffi.call/float2.c -O2 (test for excess errors)
UNRESOLVED: libffi.call/float2.c -O2 compilation failed to produce executable
FAIL: libffi.call/float3.c -O2 (test for excess errors)
UNRESOLVED: libffi.call/float3.c -O2 compilation failed to produce executable
FAIL: libffi.call/float4.c -O2 (test for excess errors)
UNRESOLVED: libffi.call/float4.c -O2 compilation failed to produce executable
FAIL: libffi.call/many.c -O2 (test for excess errors)
UNRESOLVED: libffi.call/many.c -O2 compilation failed to produce executable
FAIL: libffi.call/negint.c -O2 (test for excess errors)
UNRESOLVED: libffi.call/negint.c -O2 compilation failed to produce executable
FAIL: libffi.call/nested_struct.c -O2 (test for excess errors)
UNRESOLVED: libffi.call/nested_struct.c -O2 compilation failed to produce executable
FAIL: libffi.call/nested_struct1.c -O2 (test for excess errors)
UNRESOLVED: libffi.call/nested_struct1.c -O2 compilation failed to produce executable
FAIL: libffi.call/nested_struct10.c -O2 (test for excess errors)
UNRESOLVED: libffi.call/nested_struct10.c -O2 compilation failed to produce executable
FAIL: libffi.call/nested_struct2.c -O2 (test for excess errors)
UNRESOLVED: libffi.call/nested_struct2.c -O2 compilation failed to produce executable
FAIL: libffi.call/nested_struct3.c -O2 (test for excess errors)
UNRESOLVED: libffi.call/nested_struct3.c -O2 compilation failed to produce executable
FAIL: libffi.call/nested_struct4.c -O2 (test for excess errors)
UNRESOLVED: libffi.call/nested_struct4.c -O2 compilation failed to produce executable
FAIL: libffi.call/nested_struct5.c -O2 (test for excess errors)
UNRESOLVED: libffi.call/nested_struct5.c -O2 compilation failed to produce executable
FAIL: libffi.call/nested_struct6.c -O2 (test for excess errors)
UNRESOLVED: libffi.call/nested_struct6.c -O2 compilation failed to produce executable
FAIL: libffi.call/nested_struct7.c -O2 (test for excess errors)
UNRESOLVED: libffi.call/nested_struct7.c -O2 compilation failed to produce executable
FAIL: libffi.call/nested_struct8.c -O2 (test for excess errors)
UNRESOLVED: libffi.call/nested_struct8.c -O2 compilation failed to produce executable
FAIL: libffi.call/nested_struct9.c -O2 (test for excess errors)
UNRESOLVED: libffi.call/nested_struct9.c -O2 compilation failed to produce executable
FAIL: libffi.call/problem1.c -O2 (test for excess errors)
UNRESOLVED: libffi.call/problem1.c -O2 compilation failed to produce executable
FAIL: libffi.call/promotion.c -O2 (test for excess errors)
UNRESOLVED: libffi.call/promotion.c -O2 compilation failed to produce executable
FAIL: libffi.call/pyobjc-tc.c -O2 (test for excess errors)
UNRESOLVED: libffi.call/pyobjc-tc.c -O2 compilation failed to produce executable
FAIL: libffi.call/return_dbl.c -O2 (test for excess errors)
UNRESOLVED: libffi.call/return_dbl.c -O2 compilation failed to produce executable
FAIL: libffi.call/return_dbl1.c -O2 (test for excess errors)
UNRESOLVED: libffi.call/return_dbl1.c -O2 compilation failed to produce executable
FAIL: libffi.call/return_dbl2.c -O2 (test for excess errors)
UNRESOLVED: libffi.call/return_dbl2.c -O2 compilation failed to produce executable
FAIL: libffi.call/return_fl.c -O2 (test for excess errors)
UNRESOLVED: libffi.call/return_fl.c -O2 compilation failed to produce executable
FAIL: libffi.call/return_fl1.c -O2 (test for excess errors)
UNRESOLVED: libffi.call/return_fl1.c -O2 compilation failed to produce executable
FAIL: libffi.call/return_fl2.c -O2 (test for excess errors)
UNRESOLVED: libffi.call/return_fl2.c -O2 compilation failed to produce executable
FAIL: libffi.call/return_fl3.c -O2 (test for excess errors)
UNRESOLVED: libffi.call/return_fl3.c -O2 compilation failed to produce executable
FAIL: libffi.call/return_ldl.c -O2 (test for excess errors)
UNRESOLVED: libffi.call/return_ldl.c -O2 compilation failed to produce executable
FAIL: libffi.call/return_ll.c -O2 (test for excess errors)
UNRESOLVED: libffi.call/return_ll.c -O2 compilation failed to produce executable
FAIL: libffi.call/return_ll1.c -O2 (test for excess errors)
UNRESOLVED: libffi.call/return_ll1.c -O2 compilation failed to produce executable
FAIL: libffi.call/return_sc.c -O2 (test for excess errors)
UNRESOLVED: libffi.call/return_sc.c -O2 compilation failed to produce executable
FAIL: libffi.call/return_sl.c -O2 (test for excess errors)
UNRESOLVED: libffi.call/return_sl.c -O2 compilation failed to produce executable
FAIL: libffi.call/return_uc.c -O2 (test for excess errors)
UNRESOLVED: libffi.call/return_uc.c -O2 compilation failed to produce executable
FAIL: libffi.call/return_ul.c -O2 (test for excess errors)
UNRESOLVED: libffi.call/return_ul.c -O2 compilation failed to produce executable
FAIL: libffi.call/stret_large.c -O2 (test for excess errors)
UNRESOLVED: libffi.call/stret_large.c -O2 compilation failed to produce executable
FAIL: libffi.call/stret_large2.c -O2 (test for excess errors)
UNRESOLVED: libffi.call/stret_large2.c -O2 compilation failed to produce executable
FAIL: libffi.call/stret_medium.c -O2 (test for excess errors)
UNRESOLVED: libffi.call/stret_medium.c -O2 compilation failed to produce executable
FAIL: libffi.call/stret_medium2.c -O2 (test for excess errors)
UNRESOLVED: libffi.call/stret_medium2.c -O2 compilation failed to produce executable
FAIL: libffi.call/strlen.c -O2 (test for excess errors)
UNRESOLVED: libffi.call/strlen.c -O2 compilation failed to produce executable
FAIL: libffi.call/struct1.c -O2 (test for excess errors)
UNRESOLVED: libffi.call/struct1.c -O2 compilation failed to produce executable
FAIL: libffi.call/struct2.c -O2 (test for excess errors)
UNRESOLVED: libffi.call/struct2.c -O2 compilation failed to produce executable
FAIL: libffi.call/struct3.c -O2 (test for excess errors)
UNRESOLVED: libffi.call/struct3.c -O2 compilation failed to produce executable
FAIL: libffi.call/struct4.c -O2 (test for excess errors)
UNRESOLVED: libffi.call/struct4.c -O2 compilation failed to produce executable
FAIL: libffi.call/struct5.c -O2 (test for excess errors)
UNRESOLVED: libffi.call/struct5.c -O2 compilation failed to produce executable
FAIL: libffi.call/struct6.c -O2 (test for excess errors)
UNRESOLVED: libffi.call/struct6.c -O2 compilation failed to produce executable
FAIL: libffi.call/struct7.c -O2 (test for excess errors)
UNRESOLVED: libffi.call/struct7.c -O2 compilation failed to produce executable
FAIL: libffi.call/struct8.c -O2 (test for excess errors)
UNRESOLVED: libffi.call/struct8.c -O2 compilation failed to produce executable
FAIL: libffi.call/struct9.c -O2 (test for excess errors)
UNRESOLVED: libffi.call/struct9.c -O2 compilation failed to produce executable
FAIL: libffi.call/closure_fn0.c -O3 (test for excess errors)
UNRESOLVED: libffi.call/closure_fn0.c -O3 compilation failed to produce executable
FAIL: libffi.call/closure_fn1.c -O3 (test for excess errors)
UNRESOLVED: libffi.call/closure_fn1.c -O3 compilation failed to produce executable
FAIL: libffi.call/closure_fn2.c -O3 (test for excess errors)
UNRESOLVED: libffi.call/closure_fn2.c -O3 compilation failed to produce executable
FAIL: libffi.call/closure_fn3.c -O3 (test for excess errors)
UNRESOLVED: libffi.call/closure_fn3.c -O3 compilation failed to produce executable
FAIL: libffi.call/closure_fn4.c -O3 (test for excess errors)
UNRESOLVED: libffi.call/closure_fn4.c -O3 compilation failed to produce executable
FAIL: libffi.call/closure_fn5.c -O3 (test for excess errors)
UNRESOLVED: libffi.call/closure_fn5.c -O3 compilation failed to produce executable
FAIL: libffi.call/closure_fn6.c -O3 (test for excess errors)
UNRESOLVED: libffi.call/closure_fn6.c -O3 compilation failed to produce executable
FAIL: libffi.call/closure_loc_fn0.c -O3 (test for excess errors)
UNRESOLVED: libffi.call/closure_loc_fn0.c -O3 compilation failed to produce executable
FAIL: libffi.call/cls_12byte.c -O3 (test for excess errors)
UNRESOLVED: libffi.call/cls_12byte.c -O3 compilation failed to produce executable
FAIL: libffi.call/cls_16byte.c -O3 (test for excess errors)
UNRESOLVED: libffi.call/cls_16byte.c -O3 compilation failed to produce executable
FAIL: libffi.call/cls_18byte.c -O3 (test for excess errors)
UNRESOLVED: libffi.call/cls_18byte.c -O3 compilation failed to produce executable
FAIL: libffi.call/cls_19byte.c -O3 (test for excess errors)
UNRESOLVED: libffi.call/cls_19byte.c -O3 compilation failed to produce executable
FAIL: libffi.call/cls_1_1byte.c -O3 (test for excess errors)
UNRESOLVED: libffi.call/cls_1_1byte.c -O3 compilation failed to produce executable
FAIL: libffi.call/cls_20byte.c -O3 (test for excess errors)
UNRESOLVED: libffi.call/cls_20byte.c -O3 compilation failed to produce executable
FAIL: libffi.call/cls_20byte1.c -O3 (test for excess errors)
UNRESOLVED: libffi.call/cls_20byte1.c -O3 compilation failed to produce executable
FAIL: libffi.call/cls_24byte.c -O3 (test for excess errors)
UNRESOLVED: libffi.call/cls_24byte.c -O3 compilation failed to produce executable
FAIL: libffi.call/cls_2byte.c -O3 (test for excess errors)
UNRESOLVED: libffi.call/cls_2byte.c -O3 compilation failed to produce executable
FAIL: libffi.call/cls_3_1byte.c -O3 (test for excess errors)
UNRESOLVED: libffi.call/cls_3_1byte.c -O3 compilation failed to produce executable
FAIL: libffi.call/cls_3byte1.c -O3 (test for excess errors)
UNRESOLVED: libffi.call/cls_3byte1.c -O3 compilation failed to produce executable
FAIL: libffi.call/cls_3byte2.c -O3 (test for excess errors)
UNRESOLVED: libffi.call/cls_3byte2.c -O3 compilation failed to produce executable
FAIL: libffi.call/cls_4_1byte.c -O3 (test for excess errors)
UNRESOLVED: libffi.call/cls_4_1byte.c -O3 compilation failed to produce executable
FAIL: libffi.call/cls_4byte.c -O3 (test for excess errors)
UNRESOLVED: libffi.call/cls_4byte.c -O3 compilation failed to produce executable
FAIL: libffi.call/cls_5_1_byte.c -O3 (test for excess errors)
UNRESOLVED: libffi.call/cls_5_1_byte.c -O3 compilation failed to produce executable
FAIL: libffi.call/cls_5byte.c -O3 (test for excess errors)
UNRESOLVED: libffi.call/cls_5byte.c -O3 compilation failed to produce executable
FAIL: libffi.call/cls_64byte.c -O3 (test for excess errors)
UNRESOLVED: libffi.call/cls_64byte.c -O3 compilation failed to produce executable
FAIL: libffi.call/cls_6_1_byte.c -O3 (test for excess errors)
UNRESOLVED: libffi.call/cls_6_1_byte.c -O3 compilation failed to produce executable
FAIL: libffi.call/cls_6byte.c -O3 (test for excess errors)
UNRESOLVED: libffi.call/cls_6byte.c -O3 compilation failed to produce executable
FAIL: libffi.call/cls_7_1_byte.c -O3 (test for excess errors)
UNRESOLVED: libffi.call/cls_7_1_byte.c -O3 compilation failed to produce executable
FAIL: libffi.call/cls_7byte.c -O3 (test for excess errors)
UNRESOLVED: libffi.call/cls_7byte.c -O3 compilation failed to produce executable
FAIL: libffi.call/cls_8byte.c -O3 (test for excess errors)
UNRESOLVED: libffi.call/cls_8byte.c -O3 compilation failed to produce executable
FAIL: libffi.call/cls_9byte1.c -O3 (test for excess errors)
UNRESOLVED: libffi.call/cls_9byte1.c -O3 compilation failed to produce executable
FAIL: libffi.call/cls_9byte2.c -O3 (test for excess errors)
UNRESOLVED: libffi.call/cls_9byte2.c -O3 compilation failed to produce executable
FAIL: libffi.call/cls_align_double.c -O3 (test for excess errors)
UNRESOLVED: libffi.call/cls_align_double.c -O3 compilation failed to produce executable
FAIL: libffi.call/cls_align_float.c -O3 (test for excess errors)
UNRESOLVED: libffi.call/cls_align_float.c -O3 compilation failed to produce executable
FAIL: libffi.call/cls_align_longdouble.c -O3 (test for excess errors)
UNRESOLVED: libffi.call/cls_align_longdouble.c -O3 compilation failed to produce executable
FAIL: libffi.call/cls_align_longdouble_split.c -O3 (test for excess errors)
UNRESOLVED: libffi.call/cls_align_longdouble_split.c -O3 compilation failed to produce executable
FAIL: libffi.call/cls_align_longdouble_split2.c -O3 (test for excess errors)
UNRESOLVED: libffi.call/cls_align_longdouble_split2.c -O3 compilation failed to produce executable
FAIL: libffi.call/cls_align_pointer.c -O3 (test for excess errors)
UNRESOLVED: libffi.call/cls_align_pointer.c -O3 compilation failed to produce executable
FAIL: libffi.call/cls_align_sint16.c -O3 (test for excess errors)
UNRESOLVED: libffi.call/cls_align_sint16.c -O3 compilation failed to produce executable
FAIL: libffi.call/cls_align_sint32.c -O3 (test for excess errors)
UNRESOLVED: libffi.call/cls_align_sint32.c -O3 compilation failed to produce executable
FAIL: libffi.call/cls_align_sint64.c -O3 (test for excess errors)
UNRESOLVED: libffi.call/cls_align_sint64.c -O3 compilation failed to produce executable
FAIL: libffi.call/cls_align_uint16.c -O3 (test for excess errors)
UNRESOLVED: libffi.call/cls_align_uint16.c -O3 compilation failed to produce executable
FAIL: libffi.call/cls_align_uint32.c -O3 (test for excess errors)
UNRESOLVED: libffi.call/cls_align_uint32.c -O3 compilation failed to produce executable
FAIL: libffi.call/cls_align_uint64.c -O3 (test for excess errors)
UNRESOLVED: libffi.call/cls_align_uint64.c -O3 compilation failed to produce executable
FAIL: libffi.call/cls_dbls_struct.c -O3 (test for excess errors)
UNRESOLVED: libffi.call/cls_dbls_struct.c -O3 compilation failed to produce executable
FAIL: libffi.call/cls_double.c -O3 (test for excess errors)
UNRESOLVED: libffi.call/cls_double.c -O3 compilation failed to produce executable
FAIL: libffi.call/cls_double_va.c -O3 (test for excess errors)
UNRESOLVED: libffi.call/cls_double_va.c -O3 compilation failed to produce executable
FAIL: libffi.call/cls_float.c -O3 (test for excess errors)
UNRESOLVED: libffi.call/cls_float.c -O3 compilation failed to produce executable
FAIL: libffi.call/cls_longdouble.c -O3 (test for excess errors)
UNRESOLVED: libffi.call/cls_longdouble.c -O3 compilation failed to produce executable
FAIL: libffi.call/cls_longdouble_va.c -O3 (test for excess errors)
UNRESOLVED: libffi.call/cls_longdouble_va.c -O3 compilation failed to produce executable
FAIL: libffi.call/cls_multi_schar.c -O3 (test for excess errors)
UNRESOLVED: libffi.call/cls_multi_schar.c -O3 compilation failed to produce executable
FAIL: libffi.call/cls_multi_sshort.c -O3 (test for excess errors)
UNRESOLVED: libffi.call/cls_multi_sshort.c -O3 compilation failed to produce executable
FAIL: libffi.call/cls_multi_sshortchar.c -O3 (test for excess errors)
UNRESOLVED: libffi.call/cls_multi_sshortchar.c -O3 compilation failed to produce executable
FAIL: libffi.call/cls_multi_uchar.c -O3 (test for excess errors)
UNRESOLVED: libffi.call/cls_multi_uchar.c -O3 compilation failed to produce executable
FAIL: libffi.call/cls_multi_ushort.c -O3 (test for excess errors)
UNRESOLVED: libffi.call/cls_multi_ushort.c -O3 compilation failed to produce executable
FAIL: libffi.call/cls_multi_ushortchar.c -O3 (test for excess errors)
UNRESOLVED: libffi.call/cls_multi_ushortchar.c -O3 compilation failed to produce executable
FAIL: libffi.call/cls_pointer.c -O3 (test for excess errors)
UNRESOLVED: libffi.call/cls_pointer.c -O3 compilation failed to produce executable
FAIL: libffi.call/cls_pointer_stack.c -O3 (test for excess errors)
UNRESOLVED: libffi.call/cls_pointer_stack.c -O3 compilation failed to produce executable
FAIL: libffi.call/cls_schar.c -O3 (test for excess errors)
UNRESOLVED: libffi.call/cls_schar.c -O3 compilation failed to produce executable
FAIL: libffi.call/cls_sint.c -O3 (test for excess errors)
UNRESOLVED: libffi.call/cls_sint.c -O3 compilation failed to produce executable
FAIL: libffi.call/cls_sshort.c -O3 (test for excess errors)
UNRESOLVED: libffi.call/cls_sshort.c -O3 compilation failed to produce executable
FAIL: libffi.call/cls_uchar.c -O3 (test for excess errors)
UNRESOLVED: libffi.call/cls_uchar.c -O3 compilation failed to produce executable
FAIL: libffi.call/cls_uint.c -O3 (test for excess errors)
UNRESOLVED: libffi.call/cls_uint.c -O3 compilation failed to produce executable
FAIL: libffi.call/cls_ulonglong.c -O3 (test for excess errors)
UNRESOLVED: libffi.call/cls_ulonglong.c -O3 compilation failed to produce executable
FAIL: libffi.call/cls_ushort.c -O3 (test for excess errors)
UNRESOLVED: libffi.call/cls_ushort.c -O3 compilation failed to produce executable
FAIL: libffi.call/err_bad_abi.c -O3 (test for excess errors)
UNRESOLVED: libffi.call/err_bad_abi.c -O3 compilation failed to produce executable
FAIL: libffi.call/err_bad_typedef.c -O3 (test for excess errors)
UNRESOLVED: libffi.call/err_bad_typedef.c -O3 compilation failed to produce executable
FAIL: libffi.call/float.c -O3 (test for excess errors)
UNRESOLVED: libffi.call/float.c -O3 compilation failed to produce executable
FAIL: libffi.call/float1.c -O3 (test for excess errors)
UNRESOLVED: libffi.call/float1.c -O3 compilation failed to produce executable
FAIL: libffi.call/float2.c -O3 (test for excess errors)
UNRESOLVED: libffi.call/float2.c -O3 compilation failed to produce executable
FAIL: libffi.call/float3.c -O3 (test for excess errors)
UNRESOLVED: libffi.call/float3.c -O3 compilation failed to produce executable
FAIL: libffi.call/float4.c -O3 (test for excess errors)
UNRESOLVED: libffi.call/float4.c -O3 compilation failed to produce executable
FAIL: libffi.call/many.c -O3 (test for excess errors)
UNRESOLVED: libffi.call/many.c -O3 compilation failed to produce executable
FAIL: libffi.call/negint.c -O3 (test for excess errors)
UNRESOLVED: libffi.call/negint.c -O3 compilation failed to produce executable
FAIL: libffi.call/nested_struct.c -O3 (test for excess errors)
UNRESOLVED: libffi.call/nested_struct.c -O3 compilation failed to produce executable
FAIL: libffi.call/nested_struct1.c -O3 (test for excess errors)
UNRESOLVED: libffi.call/nested_struct1.c -O3 compilation failed to produce executable
FAIL: libffi.call/nested_struct10.c -O3 (test for excess errors)
UNRESOLVED: libffi.call/nested_struct10.c -O3 compilation failed to produce executable
FAIL: libffi.call/nested_struct2.c -O3 (test for excess errors)
UNRESOLVED: libffi.call/nested_struct2.c -O3 compilation failed to produce executable
FAIL: libffi.call/nested_struct3.c -O3 (test for excess errors)
UNRESOLVED: libffi.call/nested_struct3.c -O3 compilation failed to produce executable
FAIL: libffi.call/nested_struct4.c -O3 (test for excess errors)
UNRESOLVED: libffi.call/nested_struct4.c -O3 compilation failed to produce executable
FAIL: libffi.call/nested_struct5.c -O3 (test for excess errors)
UNRESOLVED: libffi.call/nested_struct5.c -O3 compilation failed to produce executable
FAIL: libffi.call/nested_struct6.c -O3 (test for excess errors)
UNRESOLVED: libffi.call/nested_struct6.c -O3 compilation failed to produce executable
FAIL: libffi.call/nested_struct7.c -O3 (test for excess errors)
UNRESOLVED: libffi.call/nested_struct7.c -O3 compilation failed to produce executable
FAIL: libffi.call/nested_struct8.c -O3 (test for excess errors)
UNRESOLVED: libffi.call/nested_struct8.c -O3 compilation failed to produce executable
FAIL: libffi.call/nested_struct9.c -O3 (test for excess errors)
UNRESOLVED: libffi.call/nested_struct9.c -O3 compilation failed to produce executable
FAIL: libffi.call/problem1.c -O3 (test for excess errors)
UNRESOLVED: libffi.call/problem1.c -O3 compilation failed to produce executable
FAIL: libffi.call/promotion.c -O3 (test for excess errors)
UNRESOLVED: libffi.call/promotion.c -O3 compilation failed to produce executable
FAIL: libffi.call/pyobjc-tc.c -O3 (test for excess errors)
UNRESOLVED: libffi.call/pyobjc-tc.c -O3 compilation failed to produce executable
FAIL: libffi.call/return_dbl.c -O3 (test for excess errors)
UNRESOLVED: libffi.call/return_dbl.c -O3 compilation failed to produce executable
FAIL: libffi.call/return_dbl1.c -O3 (test for excess errors)
UNRESOLVED: libffi.call/return_dbl1.c -O3 compilation failed to produce executable
FAIL: libffi.call/return_dbl2.c -O3 (test for excess errors)
UNRESOLVED: libffi.call/return_dbl2.c -O3 compilation failed to produce executable
FAIL: libffi.call/return_fl.c -O3 (test for excess errors)
UNRESOLVED: libffi.call/return_fl.c -O3 compilation failed to produce executable
FAIL: libffi.call/return_fl1.c -O3 (test for excess errors)
UNRESOLVED: libffi.call/return_fl1.c -O3 compilation failed to produce executable
FAIL: libffi.call/return_fl2.c -O3 (test for excess errors)
UNRESOLVED: libffi.call/return_fl2.c -O3 compilation failed to produce executable
FAIL: libffi.call/return_fl3.c -O3 (test for excess errors)
UNRESOLVED: libffi.call/return_fl3.c -O3 compilation failed to produce executable
FAIL: libffi.call/return_ldl.c -O3 (test for excess errors)
UNRESOLVED: libffi.call/return_ldl.c -O3 compilation failed to produce executable
FAIL: libffi.call/return_ll.c -O3 (test for excess errors)
UNRESOLVED: libffi.call/return_ll.c -O3 compilation failed to produce executable
FAIL: libffi.call/return_ll1.c -O3 (test for excess errors)
UNRESOLVED: libffi.call/return_ll1.c -O3 compilation failed to produce executable
FAIL: libffi.call/return_sc.c -O3 (test for excess errors)
UNRESOLVED: libffi.call/return_sc.c -O3 compilation failed to produce executable
FAIL: libffi.call/return_sl.c -O3 (test for excess errors)
UNRESOLVED: libffi.call/return_sl.c -O3 compilation failed to produce executable
FAIL: libffi.call/return_uc.c -O3 (test for excess errors)
UNRESOLVED: libffi.call/return_uc.c -O3 compilation failed to produce executable
FAIL: libffi.call/return_ul.c -O3 (test for excess errors)
UNRESOLVED: libffi.call/return_ul.c -O3 compilation failed to produce executable
FAIL: libffi.call/stret_large.c -O3 (test for excess errors)
UNRESOLVED: libffi.call/stret_large.c -O3 compilation failed to produce executable
FAIL: libffi.call/stret_large2.c -O3 (test for excess errors)
UNRESOLVED: libffi.call/stret_large2.c -O3 compilation failed to produce executable
FAIL: libffi.call/stret_medium.c -O3 (test for excess errors)
UNRESOLVED: libffi.call/stret_medium.c -O3 compilation failed to produce executable
FAIL: libffi.call/stret_medium2.c -O3 (test for excess errors)
UNRESOLVED: libffi.call/stret_medium2.c -O3 compilation failed to produce executable
FAIL: libffi.call/strlen.c -O3 (test for excess errors)
UNRESOLVED: libffi.call/strlen.c -O3 compilation failed to produce executable
FAIL: libffi.call/struct1.c -O3 (test for excess errors)
UNRESOLVED: libffi.call/struct1.c -O3 compilation failed to produce executable
FAIL: libffi.call/struct2.c -O3 (test for excess errors)
UNRESOLVED: libffi.call/struct2.c -O3 compilation failed to produce executable
FAIL: libffi.call/struct3.c -O3 (test for excess errors)
UNRESOLVED: libffi.call/struct3.c -O3 compilation failed to produce executable
FAIL: libffi.call/struct4.c -O3 (test for excess errors)
UNRESOLVED: libffi.call/struct4.c -O3 compilation failed to produce executable
FAIL: libffi.call/struct5.c -O3 (test for excess errors)
UNRESOLVED: libffi.call/struct5.c -O3 compilation failed to produce executable
FAIL: libffi.call/struct6.c -O3 (test for excess errors)
UNRESOLVED: libffi.call/struct6.c -O3 compilation failed to produce executable
FAIL: libffi.call/struct7.c -O3 (test for excess errors)
UNRESOLVED: libffi.call/struct7.c -O3 compilation failed to produce executable
FAIL: libffi.call/struct8.c -O3 (test for excess errors)
UNRESOLVED: libffi.call/struct8.c -O3 compilation failed to produce executable
FAIL: libffi.call/struct9.c -O3 (test for excess errors)
UNRESOLVED: libffi.call/struct9.c -O3 compilation failed to produce executable
FAIL: libffi.call/closure_fn0.c -Os (test for excess errors)
UNRESOLVED: libffi.call/closure_fn0.c -Os compilation failed to produce executable
FAIL: libffi.call/closure_fn1.c -Os (test for excess errors)
UNRESOLVED: libffi.call/closure_fn1.c -Os compilation failed to produce executable
FAIL: libffi.call/closure_fn2.c -Os (test for excess errors)
UNRESOLVED: libffi.call/closure_fn2.c -Os compilation failed to produce executable
FAIL: libffi.call/closure_fn3.c -Os (test for excess errors)
UNRESOLVED: libffi.call/closure_fn3.c -Os compilation failed to produce executable
FAIL: libffi.call/closure_fn4.c -Os (test for excess errors)
UNRESOLVED: libffi.call/closure_fn4.c -Os compilation failed to produce executable
FAIL: libffi.call/closure_fn5.c -Os (test for excess errors)
UNRESOLVED: libffi.call/closure_fn5.c -Os compilation failed to produce executable
FAIL: libffi.call/closure_fn6.c -Os (test for excess errors)
UNRESOLVED: libffi.call/closure_fn6.c -Os compilation failed to produce executable
FAIL: libffi.call/closure_loc_fn0.c -Os (test for excess errors)
UNRESOLVED: libffi.call/closure_loc_fn0.c -Os compilation failed to produce executable
FAIL: libffi.call/cls_12byte.c -Os (test for excess errors)
UNRESOLVED: libffi.call/cls_12byte.c -Os compilation failed to produce executable
FAIL: libffi.call/cls_16byte.c -Os (test for excess errors)
UNRESOLVED: libffi.call/cls_16byte.c -Os compilation failed to produce executable
FAIL: libffi.call/cls_18byte.c -Os (test for excess errors)
UNRESOLVED: libffi.call/cls_18byte.c -Os compilation failed to produce executable
FAIL: libffi.call/cls_19byte.c -Os (test for excess errors)
UNRESOLVED: libffi.call/cls_19byte.c -Os compilation failed to produce executable
FAIL: libffi.call/cls_1_1byte.c -Os (test for excess errors)
UNRESOLVED: libffi.call/cls_1_1byte.c -Os compilation failed to produce executable
FAIL: libffi.call/cls_20byte.c -Os (test for excess errors)
UNRESOLVED: libffi.call/cls_20byte.c -Os compilation failed to produce executable
FAIL: libffi.call/cls_20byte1.c -Os (test for excess errors)
UNRESOLVED: libffi.call/cls_20byte1.c -Os compilation failed to produce executable
FAIL: libffi.call/cls_24byte.c -Os (test for excess errors)
UNRESOLVED: libffi.call/cls_24byte.c -Os compilation failed to produce executable
FAIL: libffi.call/cls_2byte.c -Os (test for excess errors)
UNRESOLVED: libffi.call/cls_2byte.c -Os compilation failed to produce executable
FAIL: libffi.call/cls_3_1byte.c -Os (test for excess errors)
UNRESOLVED: libffi.call/cls_3_1byte.c -Os compilation failed to produce executable
FAIL: libffi.call/cls_3byte1.c -Os (test for excess errors)
UNRESOLVED: libffi.call/cls_3byte1.c -Os compilation failed to produce executable
FAIL: libffi.call/cls_3byte2.c -Os (test for excess errors)
UNRESOLVED: libffi.call/cls_3byte2.c -Os compilation failed to produce executable
FAIL: libffi.call/cls_4_1byte.c -Os (test for excess errors)
UNRESOLVED: libffi.call/cls_4_1byte.c -Os compilation failed to produce executable
FAIL: libffi.call/cls_4byte.c -Os (test for excess errors)
UNRESOLVED: libffi.call/cls_4byte.c -Os compilation failed to produce executable
FAIL: libffi.call/cls_5_1_byte.c -Os (test for excess errors)
UNRESOLVED: libffi.call/cls_5_1_byte.c -Os compilation failed to produce executable
FAIL: libffi.call/cls_5byte.c -Os (test for excess errors)
UNRESOLVED: libffi.call/cls_5byte.c -Os compilation failed to produce executable
FAIL: libffi.call/cls_64byte.c -Os (test for excess errors)
UNRESOLVED: libffi.call/cls_64byte.c -Os compilation failed to produce executable
FAIL: libffi.call/cls_6_1_byte.c -Os (test for excess errors)
UNRESOLVED: libffi.call/cls_6_1_byte.c -Os compilation failed to produce executable
FAIL: libffi.call/cls_6byte.c -Os (test for excess errors)
UNRESOLVED: libffi.call/cls_6byte.c -Os compilation failed to produce executable
FAIL: libffi.call/cls_7_1_byte.c -Os (test for excess errors)
UNRESOLVED: libffi.call/cls_7_1_byte.c -Os compilation failed to produce executable
FAIL: libffi.call/cls_7byte.c -Os (test for excess errors)
UNRESOLVED: libffi.call/cls_7byte.c -Os compilation failed to produce executable
FAIL: libffi.call/cls_8byte.c -Os (test for excess errors)
UNRESOLVED: libffi.call/cls_8byte.c -Os compilation failed to produce executable
FAIL: libffi.call/cls_9byte1.c -Os (test for excess errors)
UNRESOLVED: libffi.call/cls_9byte1.c -Os compilation failed to produce executable
FAIL: libffi.call/cls_9byte2.c -Os (test for excess errors)
UNRESOLVED: libffi.call/cls_9byte2.c -Os compilation failed to produce executable
FAIL: libffi.call/cls_align_double.c -Os (test for excess errors)
UNRESOLVED: libffi.call/cls_align_double.c -Os compilation failed to produce executable
FAIL: libffi.call/cls_align_float.c -Os (test for excess errors)
UNRESOLVED: libffi.call/cls_align_float.c -Os compilation failed to produce executable
FAIL: libffi.call/cls_align_longdouble.c -Os (test for excess errors)
UNRESOLVED: libffi.call/cls_align_longdouble.c -Os compilation failed to produce executable
FAIL: libffi.call/cls_align_longdouble_split.c -Os (test for excess errors)
UNRESOLVED: libffi.call/cls_align_longdouble_split.c -Os compilation failed to produce executable
FAIL: libffi.call/cls_align_longdouble_split2.c -Os (test for excess errors)
UNRESOLVED: libffi.call/cls_align_longdouble_split2.c -Os compilation failed to produce executable
FAIL: libffi.call/cls_align_pointer.c -Os (test for excess errors)
UNRESOLVED: libffi.call/cls_align_pointer.c -Os compilation failed to produce executable
FAIL: libffi.call/cls_align_sint16.c -Os (test for excess errors)
UNRESOLVED: libffi.call/cls_align_sint16.c -Os compilation failed to produce executable
FAIL: libffi.call/cls_align_sint32.c -Os (test for excess errors)
UNRESOLVED: libffi.call/cls_align_sint32.c -Os compilation failed to produce executable
FAIL: libffi.call/cls_align_sint64.c -Os (test for excess errors)
UNRESOLVED: libffi.call/cls_align_sint64.c -Os compilation failed to produce executable
FAIL: libffi.call/cls_align_uint16.c -Os (test for excess errors)
UNRESOLVED: libffi.call/cls_align_uint16.c -Os compilation failed to produce executable
FAIL: libffi.call/cls_align_uint32.c -Os (test for excess errors)
UNRESOLVED: libffi.call/cls_align_uint32.c -Os compilation failed to produce executable
FAIL: libffi.call/cls_align_uint64.c -Os (test for excess errors)
UNRESOLVED: libffi.call/cls_align_uint64.c -Os compilation failed to produce executable
FAIL: libffi.call/cls_dbls_struct.c -Os (test for excess errors)
UNRESOLVED: libffi.call/cls_dbls_struct.c -Os compilation failed to produce executable
FAIL: libffi.call/cls_double.c -Os (test for excess errors)
UNRESOLVED: libffi.call/cls_double.c -Os compilation failed to produce executable
FAIL: libffi.call/cls_double_va.c -Os (test for excess errors)
UNRESOLVED: libffi.call/cls_double_va.c -Os compilation failed to produce executable
FAIL: libffi.call/cls_float.c -Os (test for excess errors)
UNRESOLVED: libffi.call/cls_float.c -Os compilation failed to produce executable
FAIL: libffi.call/cls_longdouble.c -Os (test for excess errors)
UNRESOLVED: libffi.call/cls_longdouble.c -Os compilation failed to produce executable
FAIL: libffi.call/cls_longdouble_va.c -Os (test for excess errors)
UNRESOLVED: libffi.call/cls_longdouble_va.c -Os compilation failed to produce executable
FAIL: libffi.call/cls_multi_schar.c -Os (test for excess errors)
UNRESOLVED: libffi.call/cls_multi_schar.c -Os compilation failed to produce executable
FAIL: libffi.call/cls_multi_sshort.c -Os (test for excess errors)
UNRESOLVED: libffi.call/cls_multi_sshort.c -Os compilation failed to produce executable
FAIL: libffi.call/cls_multi_sshortchar.c -Os (test for excess errors)
UNRESOLVED: libffi.call/cls_multi_sshortchar.c -Os compilation failed to produce executable
FAIL: libffi.call/cls_multi_uchar.c -Os (test for excess errors)
UNRESOLVED: libffi.call/cls_multi_uchar.c -Os compilation failed to produce executable
FAIL: libffi.call/cls_multi_ushort.c -Os (test for excess errors)
UNRESOLVED: libffi.call/cls_multi_ushort.c -Os compilation failed to produce executable
FAIL: libffi.call/cls_multi_ushortchar.c -Os (test for excess errors)
UNRESOLVED: libffi.call/cls_multi_ushortchar.c -Os compilation failed to produce executable
FAIL: libffi.call/cls_pointer.c -Os (test for excess errors)
UNRESOLVED: libffi.call/cls_pointer.c -Os compilation failed to produce executable
FAIL: libffi.call/cls_pointer_stack.c -Os (test for excess errors)
UNRESOLVED: libffi.call/cls_pointer_stack.c -Os compilation failed to produce executable
FAIL: libffi.call/cls_schar.c -Os (test for excess errors)
UNRESOLVED: libffi.call/cls_schar.c -Os compilation failed to produce executable
FAIL: libffi.call/cls_sint.c -Os (test for excess errors)
UNRESOLVED: libffi.call/cls_sint.c -Os compilation failed to produce executable
FAIL: libffi.call/cls_sshort.c -Os (test for excess errors)
UNRESOLVED: libffi.call/cls_sshort.c -Os compilation failed to produce executable
FAIL: libffi.call/cls_uchar.c -Os (test for excess errors)
UNRESOLVED: libffi.call/cls_uchar.c -Os compilation failed to produce executable
FAIL: libffi.call/cls_uint.c -Os (test for excess errors)
UNRESOLVED: libffi.call/cls_uint.c -Os compilation failed to produce executable
FAIL: libffi.call/cls_ulonglong.c -Os (test for excess errors)
UNRESOLVED: libffi.call/cls_ulonglong.c -Os compilation failed to produce executable
FAIL: libffi.call/cls_ushort.c -Os (test for excess errors)
UNRESOLVED: libffi.call/cls_ushort.c -Os compilation failed to produce executable
FAIL: libffi.call/err_bad_abi.c -Os (test for excess errors)
UNRESOLVED: libffi.call/err_bad_abi.c -Os compilation failed to produce executable
FAIL: libffi.call/err_bad_typedef.c -Os (test for excess errors)
UNRESOLVED: libffi.call/err_bad_typedef.c -Os compilation failed to produce executable
FAIL: libffi.call/float.c -Os (test for excess errors)
UNRESOLVED: libffi.call/float.c -Os compilation failed to produce executable
FAIL: libffi.call/float1.c -Os (test for excess errors)
UNRESOLVED: libffi.call/float1.c -Os compilation failed to produce executable
FAIL: libffi.call/float2.c -Os (test for excess errors)
UNRESOLVED: libffi.call/float2.c -Os compilation failed to produce executable
FAIL: libffi.call/float3.c -Os (test for excess errors)
UNRESOLVED: libffi.call/float3.c -Os compilation failed to produce executable
FAIL: libffi.call/float4.c -Os (test for excess errors)
UNRESOLVED: libffi.call/float4.c -Os compilation failed to produce executable
FAIL: libffi.call/many.c -Os (test for excess errors)
UNRESOLVED: libffi.call/many.c -Os compilation failed to produce executable
FAIL: libffi.call/negint.c -Os (test for excess errors)
UNRESOLVED: libffi.call/negint.c -Os compilation failed to produce executable
FAIL: libffi.call/nested_struct.c -Os (test for excess errors)
UNRESOLVED: libffi.call/nested_struct.c -Os compilation failed to produce executable
FAIL: libffi.call/nested_struct1.c -Os (test for excess errors)
UNRESOLVED: libffi.call/nested_struct1.c -Os compilation failed to produce executable
FAIL: libffi.call/nested_struct10.c -Os (test for excess errors)
UNRESOLVED: libffi.call/nested_struct10.c -Os compilation failed to produce executable
FAIL: libffi.call/nested_struct2.c -Os (test for excess errors)
UNRESOLVED: libffi.call/nested_struct2.c -Os compilation failed to produce executable
FAIL: libffi.call/nested_struct3.c -Os (test for excess errors)
UNRESOLVED: libffi.call/nested_struct3.c -Os compilation failed to produce executable
FAIL: libffi.call/nested_struct4.c -Os (test for excess errors)
UNRESOLVED: libffi.call/nested_struct4.c -Os compilation failed to produce executable
FAIL: libffi.call/nested_struct5.c -Os (test for excess errors)
UNRESOLVED: libffi.call/nested_struct5.c -Os compilation failed to produce executable
FAIL: libffi.call/nested_struct6.c -Os (test for excess errors)
UNRESOLVED: libffi.call/nested_struct6.c -Os compilation failed to produce executable
FAIL: libffi.call/nested_struct7.c -Os (test for excess errors)
UNRESOLVED: libffi.call/nested_struct7.c -Os compilation failed to produce executable
FAIL: libffi.call/nested_struct8.c -Os (test for excess errors)
UNRESOLVED: libffi.call/nested_struct8.c -Os compilation failed to produce executable
FAIL: libffi.call/nested_struct9.c -Os (test for excess errors)
UNRESOLVED: libffi.call/nested_struct9.c -Os compilation failed to produce executable
FAIL: libffi.call/problem1.c -Os (test for excess errors)
UNRESOLVED: libffi.call/problem1.c -Os compilation failed to produce executable
FAIL: libffi.call/promotion.c -Os (test for excess errors)
UNRESOLVED: libffi.call/promotion.c -Os compilation failed to produce executable
FAIL: libffi.call/pyobjc-tc.c -Os (test for excess errors)
UNRESOLVED: libffi.call/pyobjc-tc.c -Os compilation failed to produce executable
FAIL: libffi.call/return_dbl.c -Os (test for excess errors)
UNRESOLVED: libffi.call/return_dbl.c -Os compilation failed to produce executable
FAIL: libffi.call/return_dbl1.c -Os (test for excess errors)
UNRESOLVED: libffi.call/return_dbl1.c -Os compilation failed to produce executable
FAIL: libffi.call/return_dbl2.c -Os (test for excess errors)
UNRESOLVED: libffi.call/return_dbl2.c -Os compilation failed to produce executable
FAIL: libffi.call/return_fl.c -Os (test for excess errors)
UNRESOLVED: libffi.call/return_fl.c -Os compilation failed to produce executable
FAIL: libffi.call/return_fl1.c -Os (test for excess errors)
UNRESOLVED: libffi.call/return_fl1.c -Os compilation failed to produce executable
FAIL: libffi.call/return_fl2.c -Os (test for excess errors)
UNRESOLVED: libffi.call/return_fl2.c -Os compilation failed to produce executable
FAIL: libffi.call/return_fl3.c -Os (test for excess errors)
UNRESOLVED: libffi.call/return_fl3.c -Os compilation failed to produce executable
FAIL: libffi.call/return_ldl.c -Os (test for excess errors)
UNRESOLVED: libffi.call/return_ldl.c -Os compilation failed to produce executable
FAIL: libffi.call/return_ll.c -Os (test for excess errors)
UNRESOLVED: libffi.call/return_ll.c -Os compilation failed to produce executable
FAIL: libffi.call/return_ll1.c -Os (test for excess errors)
UNRESOLVED: libffi.call/return_ll1.c -Os compilation failed to produce executable
FAIL: libffi.call/return_sc.c -Os (test for excess errors)
UNRESOLVED: libffi.call/return_sc.c -Os compilation failed to produce executable
FAIL: libffi.call/return_sl.c -Os (test for excess errors)
UNRESOLVED: libffi.call/return_sl.c -Os compilation failed to produce executable
FAIL: libffi.call/return_uc.c -Os (test for excess errors)
UNRESOLVED: libffi.call/return_uc.c -Os compilation failed to produce executable
FAIL: libffi.call/return_ul.c -Os (test for excess errors)
UNRESOLVED: libffi.call/return_ul.c -Os compilation failed to produce executable
FAIL: libffi.call/stret_large.c -Os (test for excess errors)
UNRESOLVED: libffi.call/stret_large.c -Os compilation failed to produce executable
FAIL: libffi.call/stret_large2.c -Os (test for excess errors)
UNRESOLVED: libffi.call/stret_large2.c -Os compilation failed to produce executable
FAIL: libffi.call/stret_medium.c -Os (test for excess errors)
UNRESOLVED: libffi.call/stret_medium.c -Os compilation failed to produce executable
FAIL: libffi.call/stret_medium2.c -Os (test for excess errors)
UNRESOLVED: libffi.call/stret_medium2.c -Os compilation failed to produce executable
FAIL: libffi.call/strlen.c -Os (test for excess errors)
UNRESOLVED: libffi.call/strlen.c -Os compilation failed to produce executable
FAIL: libffi.call/struct1.c -Os (test for excess errors)
UNRESOLVED: libffi.call/struct1.c -Os compilation failed to produce executable
FAIL: libffi.call/struct2.c -Os (test for excess errors)
UNRESOLVED: libffi.call/struct2.c -Os compilation failed to produce executable
FAIL: libffi.call/struct3.c -Os (test for excess errors)
UNRESOLVED: libffi.call/struct3.c -Os compilation failed to produce executable
FAIL: libffi.call/struct4.c -Os (test for excess errors)
UNRESOLVED: libffi.call/struct4.c -Os compilation failed to produce executable
FAIL: libffi.call/struct5.c -Os (test for excess errors)
UNRESOLVED: libffi.call/struct5.c -Os compilation failed to produce executable
FAIL: libffi.call/struct6.c -Os (test for excess errors)
UNRESOLVED: libffi.call/struct6.c -Os compilation failed to produce executable
FAIL: libffi.call/struct7.c -Os (test for excess errors)
UNRESOLVED: libffi.call/struct7.c -Os compilation failed to produce executable
FAIL: libffi.call/struct8.c -Os (test for excess errors)
UNRESOLVED: libffi.call/struct8.c -Os compilation failed to produce executable
FAIL: libffi.call/struct9.c -Os (test for excess errors)
UNRESOLVED: libffi.call/struct9.c -Os compilation failed to produce executable
FAIL: libffi.call/closure_fn0.c -O2 -fomit-frame-pointer (test for excess errors)
UNRESOLVED: libffi.call/closure_fn0.c -O2 -fomit-frame-pointer compilation failed to produce executable
FAIL: libffi.call/closure_fn1.c -O2 -fomit-frame-pointer (test for excess errors)
UNRESOLVED: libffi.call/closure_fn1.c -O2 -fomit-frame-pointer compilation failed to produce executable
FAIL: libffi.call/closure_fn2.c -O2 -fomit-frame-pointer (test for excess errors)
UNRESOLVED: libffi.call/closure_fn2.c -O2 -fomit-frame-pointer compilation failed to produce executable
FAIL: libffi.call/closure_fn3.c -O2 -fomit-frame-pointer (test for excess errors)
UNRESOLVED: libffi.call/closure_fn3.c -O2 -fomit-frame-pointer compilation failed to produce executable
FAIL: libffi.call/closure_fn4.c -O2 -fomit-frame-pointer (test for excess errors)
UNRESOLVED: libffi.call/closure_fn4.c -O2 -fomit-frame-pointer compilation failed to produce executable
FAIL: libffi.call/closure_fn5.c -O2 -fomit-frame-pointer (test for excess errors)
UNRESOLVED: libffi.call/closure_fn5.c -O2 -fomit-frame-pointer compilation failed to produce executable
FAIL: libffi.call/closure_fn6.c -O2 -fomit-frame-pointer (test for excess errors)
UNRESOLVED: libffi.call/closure_fn6.c -O2 -fomit-frame-pointer compilation failed to produce executable
FAIL: libffi.call/closure_loc_fn0.c -O2 -fomit-frame-pointer (test for excess errors)
UNRESOLVED: libffi.call/closure_loc_fn0.c -O2 -fomit-frame-pointer compilation failed to produce executable
FAIL: libffi.call/cls_12byte.c -O2 -fomit-frame-pointer (test for excess errors)
UNRESOLVED: libffi.call/cls_12byte.c -O2 -fomit-frame-pointer compilation failed to produce executable
FAIL: libffi.call/cls_16byte.c -O2 -fomit-frame-pointer (test for excess errors)
UNRESOLVED: libffi.call/cls_16byte.c -O2 -fomit-frame-pointer compilation failed to produce executable
FAIL: libffi.call/cls_18byte.c -O2 -fomit-frame-pointer (test for excess errors)
UNRESOLVED: libffi.call/cls_18byte.c -O2 -fomit-frame-pointer compilation failed to produce executable
FAIL: libffi.call/cls_19byte.c -O2 -fomit-frame-pointer (test for excess errors)
UNRESOLVED: libffi.call/cls_19byte.c -O2 -fomit-frame-pointer compilation failed to produce executable
FAIL: libffi.call/cls_1_1byte.c -O2 -fomit-frame-pointer (test for excess errors)
UNRESOLVED: libffi.call/cls_1_1byte.c -O2 -fomit-frame-pointer compilation failed to produce executable
FAIL: libffi.call/cls_20byte.c -O2 -fomit-frame-pointer (test for excess errors)
UNRESOLVED: libffi.call/cls_20byte.c -O2 -fomit-frame-pointer compilation failed to produce executable
FAIL: libffi.call/cls_20byte1.c -O2 -fomit-frame-pointer (test for excess errors)
UNRESOLVED: libffi.call/cls_20byte1.c -O2 -fomit-frame-pointer compilation failed to produce executable
FAIL: libffi.call/cls_24byte.c -O2 -fomit-frame-pointer (test for excess errors)
UNRESOLVED: libffi.call/cls_24byte.c -O2 -fomit-frame-pointer compilation failed to produce executable
FAIL: libffi.call/cls_2byte.c -O2 -fomit-frame-pointer (test for excess errors)
UNRESOLVED: libffi.call/cls_2byte.c -O2 -fomit-frame-pointer compilation failed to produce executable
FAIL: libffi.call/cls_3_1byte.c -O2 -fomit-frame-pointer (test for excess errors)
UNRESOLVED: libffi.call/cls_3_1byte.c -O2 -fomit-frame-pointer compilation failed to produce executable
FAIL: libffi.call/cls_3byte1.c -O2 -fomit-frame-pointer (test for excess errors)
UNRESOLVED: libffi.call/cls_3byte1.c -O2 -fomit-frame-pointer compilation failed to produce executable
FAIL: libffi.call/cls_3byte2.c -O2 -fomit-frame-pointer (test for excess errors)
UNRESOLVED: libffi.call/cls_3byte2.c -O2 -fomit-frame-pointer compilation failed to produce executable
FAIL: libffi.call/cls_4_1byte.c -O2 -fomit-frame-pointer (test for excess errors)
UNRESOLVED: libffi.call/cls_4_1byte.c -O2 -fomit-frame-pointer compilation failed to produce executable
FAIL: libffi.call/cls_4byte.c -O2 -fomit-frame-pointer (test for excess errors)
UNRESOLVED: libffi.call/cls_4byte.c -O2 -fomit-frame-pointer compilation failed to produce executable
FAIL: libffi.call/cls_5_1_byte.c -O2 -fomit-frame-pointer (test for excess errors)
UNRESOLVED: libffi.call/cls_5_1_byte.c -O2 -fomit-frame-pointer compilation failed to produce executable
FAIL: libffi.call/cls_5byte.c -O2 -fomit-frame-pointer (test for excess errors)
UNRESOLVED: libffi.call/cls_5byte.c -O2 -fomit-frame-pointer compilation failed to produce executable
FAIL: libffi.call/cls_64byte.c -O2 -fomit-frame-pointer (test for excess errors)
UNRESOLVED: libffi.call/cls_64byte.c -O2 -fomit-frame-pointer compilation failed to produce executable
FAIL: libffi.call/cls_6_1_byte.c -O2 -fomit-frame-pointer (test for excess errors)
UNRESOLVED: libffi.call/cls_6_1_byte.c -O2 -fomit-frame-pointer compilation failed to produce executable
FAIL: libffi.call/cls_6byte.c -O2 -fomit-frame-pointer (test for excess errors)
UNRESOLVED: libffi.call/cls_6byte.c -O2 -fomit-frame-pointer compilation failed to produce executable
FAIL: libffi.call/cls_7_1_byte.c -O2 -fomit-frame-pointer (test for excess errors)
UNRESOLVED: libffi.call/cls_7_1_byte.c -O2 -fomit-frame-pointer compilation failed to produce executable
FAIL: libffi.call/cls_7byte.c -O2 -fomit-frame-pointer (test for excess errors)
UNRESOLVED: libffi.call/cls_7byte.c -O2 -fomit-frame-pointer compilation failed to produce executable
FAIL: libffi.call/cls_8byte.c -O2 -fomit-frame-pointer (test for excess errors)
UNRESOLVED: libffi.call/cls_8byte.c -O2 -fomit-frame-pointer compilation failed to produce executable
FAIL: libffi.call/cls_9byte1.c -O2 -fomit-frame-pointer (test for excess errors)
UNRESOLVED: libffi.call/cls_9byte1.c -O2 -fomit-frame-pointer compilation failed to produce executable
FAIL: libffi.call/cls_9byte2.c -O2 -fomit-frame-pointer (test for excess errors)
UNRESOLVED: libffi.call/cls_9byte2.c -O2 -fomit-frame-pointer compilation failed to produce executable
FAIL: libffi.call/cls_align_double.c -O2 -fomit-frame-pointer (test for excess errors)
UNRESOLVED: libffi.call/cls_align_double.c -O2 -fomit-frame-pointer compilation failed to produce executable
FAIL: libffi.call/cls_align_float.c -O2 -fomit-frame-pointer (test for excess errors)
UNRESOLVED: libffi.call/cls_align_float.c -O2 -fomit-frame-pointer compilation failed to produce executable
FAIL: libffi.call/cls_align_longdouble.c -O2 -fomit-frame-pointer (test for excess errors)
UNRESOLVED: libffi.call/cls_align_longdouble.c -O2 -fomit-frame-pointer compilation failed to produce executable
FAIL: libffi.call/cls_align_longdouble_split.c -O2 -fomit-frame-pointer (test for excess errors)
UNRESOLVED: libffi.call/cls_align_longdouble_split.c -O2 -fomit-frame-pointer compilation failed to produce executable
FAIL: libffi.call/cls_align_longdouble_split2.c -O2 -fomit-frame-pointer (test for excess errors)
UNRESOLVED: libffi.call/cls_align_longdouble_split2.c -O2 -fomit-frame-pointer compilation failed to produce executable
FAIL: libffi.call/cls_align_pointer.c -O2 -fomit-frame-pointer (test for excess errors)
UNRESOLVED: libffi.call/cls_align_pointer.c -O2 -fomit-frame-pointer compilation failed to produce executable
FAIL: libffi.call/cls_align_sint16.c -O2 -fomit-frame-pointer (test for excess errors)
UNRESOLVED: libffi.call/cls_align_sint16.c -O2 -fomit-frame-pointer compilation failed to produce executable
FAIL: libffi.call/cls_align_sint32.c -O2 -fomit-frame-pointer (test for excess errors)
UNRESOLVED: libffi.call/cls_align_sint32.c -O2 -fomit-frame-pointer compilation failed to produce executable
FAIL: libffi.call/cls_align_sint64.c -O2 -fomit-frame-pointer (test for excess errors)
UNRESOLVED: libffi.call/cls_align_sint64.c -O2 -fomit-frame-pointer compilation failed to produce executable
FAIL: libffi.call/cls_align_uint16.c -O2 -fomit-frame-pointer (test for excess errors)
UNRESOLVED: libffi.call/cls_align_uint16.c -O2 -fomit-frame-pointer compilation failed to produce executable
FAIL: libffi.call/cls_align_uint32.c -O2 -fomit-frame-pointer (test for excess errors)
UNRESOLVED: libffi.call/cls_align_uint32.c -O2 -fomit-frame-pointer compilation failed to produce executable
FAIL: libffi.call/cls_align_uint64.c -O2 -fomit-frame-pointer (test for excess errors)
UNRESOLVED: libffi.call/cls_align_uint64.c -O2 -fomit-frame-pointer compilation failed to produce executable
FAIL: libffi.call/cls_dbls_struct.c -O2 -fomit-frame-pointer (test for excess errors)
UNRESOLVED: libffi.call/cls_dbls_struct.c -O2 -fomit-frame-pointer compilation failed to produce executable
FAIL: libffi.call/cls_double.c -O2 -fomit-frame-pointer (test for excess errors)
UNRESOLVED: libffi.call/cls_double.c -O2 -fomit-frame-pointer compilation failed to produce executable
FAIL: libffi.call/cls_double_va.c -O2 -fomit-frame-pointer (test for excess errors)
UNRESOLVED: libffi.call/cls_double_va.c -O2 -fomit-frame-pointer compilation failed to produce executable
FAIL: libffi.call/cls_float.c -O2 -fomit-frame-pointer (test for excess errors)
UNRESOLVED: libffi.call/cls_float.c -O2 -fomit-frame-pointer compilation failed to produce executable
FAIL: libffi.call/cls_longdouble.c -O2 -fomit-frame-pointer (test for excess errors)
UNRESOLVED: libffi.call/cls_longdouble.c -O2 -fomit-frame-pointer compilation failed to produce executable
FAIL: libffi.call/cls_longdouble_va.c -O2 -fomit-frame-pointer (test for excess errors)
UNRESOLVED: libffi.call/cls_longdouble_va.c -O2 -fomit-frame-pointer compilation failed to produce executable
FAIL: libffi.call/cls_multi_schar.c -O2 -fomit-frame-pointer (test for excess errors)
UNRESOLVED: libffi.call/cls_multi_schar.c -O2 -fomit-frame-pointer compilation failed to produce executable
FAIL: libffi.call/cls_multi_sshort.c -O2 -fomit-frame-pointer (test for excess errors)
UNRESOLVED: libffi.call/cls_multi_sshort.c -O2 -fomit-frame-pointer compilation failed to produce executable
FAIL: libffi.call/cls_multi_sshortchar.c -O2 -fomit-frame-pointer (test for excess errors)
UNRESOLVED: libffi.call/cls_multi_sshortchar.c -O2 -fomit-frame-pointer compilation failed to produce executable
FAIL: libffi.call/cls_multi_uchar.c -O2 -fomit-frame-pointer (test for excess errors)
UNRESOLVED: libffi.call/cls_multi_uchar.c -O2 -fomit-frame-pointer compilation failed to produce executable
FAIL: libffi.call/cls_multi_ushort.c -O2 -fomit-frame-pointer (test for excess errors)
UNRESOLVED: libffi.call/cls_multi_ushort.c -O2 -fomit-frame-pointer compilation failed to produce executable
FAIL: libffi.call/cls_multi_ushortchar.c -O2 -fomit-frame-pointer (test for excess errors)
UNRESOLVED: libffi.call/cls_multi_ushortchar.c -O2 -fomit-frame-pointer compilation failed to produce executable
FAIL: libffi.call/cls_pointer.c -O2 -fomit-frame-pointer (test for excess errors)
UNRESOLVED: libffi.call/cls_pointer.c -O2 -fomit-frame-pointer compilation failed to produce executable
FAIL: libffi.call/cls_pointer_stack.c -O2 -fomit-frame-pointer (test for excess errors)
UNRESOLVED: libffi.call/cls_pointer_stack.c -O2 -fomit-frame-pointer compilation failed to produce executable
FAIL: libffi.call/cls_schar.c -O2 -fomit-frame-pointer (test for excess errors)
UNRESOLVED: libffi.call/cls_schar.c -O2 -fomit-frame-pointer compilation failed to produce executable
FAIL: libffi.call/cls_sint.c -O2 -fomit-frame-pointer (test for excess errors)
UNRESOLVED: libffi.call/cls_sint.c -O2 -fomit-frame-pointer compilation failed to produce executable
FAIL: libffi.call/cls_sshort.c -O2 -fomit-frame-pointer (test for excess errors)
UNRESOLVED: libffi.call/cls_sshort.c -O2 -fomit-frame-pointer compilation failed to produce executable
FAIL: libffi.call/cls_uchar.c -O2 -fomit-frame-pointer (test for excess errors)
UNRESOLVED: libffi.call/cls_uchar.c -O2 -fomit-frame-pointer compilation failed to produce executable
FAIL: libffi.call/cls_uint.c -O2 -fomit-frame-pointer (test for excess errors)
UNRESOLVED: libffi.call/cls_uint.c -O2 -fomit-frame-pointer compilation failed to produce executable
FAIL: libffi.call/cls_ulonglong.c -O2 -fomit-frame-pointer (test for excess errors)
UNRESOLVED: libffi.call/cls_ulonglong.c -O2 -fomit-frame-pointer compilation failed to produce executable
FAIL: libffi.call/cls_ushort.c -O2 -fomit-frame-pointer (test for excess errors)
UNRESOLVED: libffi.call/cls_ushort.c -O2 -fomit-frame-pointer compilation failed to produce executable
FAIL: libffi.call/err_bad_abi.c -O2 -fomit-frame-pointer (test for excess errors)
UNRESOLVED: libffi.call/err_bad_abi.c -O2 -fomit-frame-pointer compilation failed to produce executable
FAIL: libffi.call/err_bad_typedef.c -O2 -fomit-frame-pointer (test for excess errors)
UNRESOLVED: libffi.call/err_bad_typedef.c -O2 -fomit-frame-pointer compilation failed to produce executable
FAIL: libffi.call/float.c -O2 -fomit-frame-pointer (test for excess errors)
UNRESOLVED: libffi.call/float.c -O2 -fomit-frame-pointer compilation failed to produce executable
FAIL: libffi.call/float1.c -O2 -fomit-frame-pointer (test for excess errors)
UNRESOLVED: libffi.call/float1.c -O2 -fomit-frame-pointer compilation failed to produce executable
FAIL: libffi.call/float2.c -O2 -fomit-frame-pointer (test for excess errors)
UNRESOLVED: libffi.call/float2.c -O2 -fomit-frame-pointer compilation failed to produce executable
FAIL: libffi.call/float3.c -O2 -fomit-frame-pointer (test for excess errors)
UNRESOLVED: libffi.call/float3.c -O2 -fomit-frame-pointer compilation failed to produce executable
FAIL: libffi.call/float4.c -O2 -fomit-frame-pointer (test for excess errors)
UNRESOLVED: libffi.call/float4.c -O2 -fomit-frame-pointer compilation failed to produce executable
FAIL: libffi.call/many.c -O2 -fomit-frame-pointer (test for excess errors)
UNRESOLVED: libffi.call/many.c -O2 -fomit-frame-pointer compilation failed to produce executable
FAIL: libffi.call/negint.c -O2 -fomit-frame-pointer (test for excess errors)
UNRESOLVED: libffi.call/negint.c -O2 -fomit-frame-pointer compilation failed to produce executable
FAIL: libffi.call/nested_struct.c -O2 -fomit-frame-pointer (test for excess errors)
UNRESOLVED: libffi.call/nested_struct.c -O2 -fomit-frame-pointer compilation failed to produce executable
FAIL: libffi.call/nested_struct1.c -O2 -fomit-frame-pointer (test for excess errors)
UNRESOLVED: libffi.call/nested_struct1.c -O2 -fomit-frame-pointer compilation failed to produce executable
FAIL: libffi.call/nested_struct10.c -O2 -fomit-frame-pointer (test for excess errors)
UNRESOLVED: libffi.call/nested_struct10.c -O2 -fomit-frame-pointer compilation failed to produce executable
FAIL: libffi.call/nested_struct2.c -O2 -fomit-frame-pointer (test for excess errors)
UNRESOLVED: libffi.call/nested_struct2.c -O2 -fomit-frame-pointer compilation failed to produce executable
FAIL: libffi.call/nested_struct3.c -O2 -fomit-frame-pointer (test for excess errors)
UNRESOLVED: libffi.call/nested_struct3.c -O2 -fomit-frame-pointer compilation failed to produce executable
FAIL: libffi.call/nested_struct4.c -O2 -fomit-frame-pointer (test for excess errors)
UNRESOLVED: libffi.call/nested_struct4.c -O2 -fomit-frame-pointer compilation failed to produce executable
FAIL: libffi.call/nested_struct5.c -O2 -fomit-frame-pointer (test for excess errors)
UNRESOLVED: libffi.call/nested_struct5.c -O2 -fomit-frame-pointer compilation failed to produce executable
FAIL: libffi.call/nested_struct6.c -O2 -fomit-frame-pointer (test for excess errors)
UNRESOLVED: libffi.call/nested_struct6.c -O2 -fomit-frame-pointer compilation failed to produce executable
FAIL: libffi.call/nested_struct7.c -O2 -fomit-frame-pointer (test for excess errors)
UNRESOLVED: libffi.call/nested_struct7.c -O2 -fomit-frame-pointer compilation failed to produce executable
FAIL: libffi.call/nested_struct8.c -O2 -fomit-frame-pointer (test for excess errors)
UNRESOLVED: libffi.call/nested_struct8.c -O2 -fomit-frame-pointer compilation failed to produce executable
FAIL: libffi.call/nested_struct9.c -O2 -fomit-frame-pointer (test for excess errors)
UNRESOLVED: libffi.call/nested_struct9.c -O2 -fomit-frame-pointer compilation failed to produce executable
FAIL: libffi.call/problem1.c -O2 -fomit-frame-pointer (test for excess errors)
UNRESOLVED: libffi.call/problem1.c -O2 -fomit-frame-pointer compilation failed to produce executable
FAIL: libffi.call/promotion.c -O2 -fomit-frame-pointer (test for excess errors)
UNRESOLVED: libffi.call/promotion.c -O2 -fomit-frame-pointer compilation failed to produce executable
FAIL: libffi.call/pyobjc-tc.c -O2 -fomit-frame-pointer (test for excess errors)
UNRESOLVED: libffi.call/pyobjc-tc.c -O2 -fomit-frame-pointer compilation failed to produce executable
FAIL: libffi.call/return_dbl.c -O2 -fomit-frame-pointer (test for excess errors)
UNRESOLVED: libffi.call/return_dbl.c -O2 -fomit-frame-pointer compilation failed to produce executable
FAIL: libffi.call/return_dbl1.c -O2 -fomit-frame-pointer (test for excess errors)
UNRESOLVED: libffi.call/return_dbl1.c -O2 -fomit-frame-pointer compilation failed to produce executable
FAIL: libffi.call/return_dbl2.c -O2 -fomit-frame-pointer (test for excess errors)
UNRESOLVED: libffi.call/return_dbl2.c -O2 -fomit-frame-pointer compilation failed to produce executable
FAIL: libffi.call/return_fl.c -O2 -fomit-frame-pointer (test for excess errors)
UNRESOLVED: libffi.call/return_fl.c -O2 -fomit-frame-pointer compilation failed to produce executable
FAIL: libffi.call/return_fl1.c -O2 -fomit-frame-pointer (test for excess errors)
UNRESOLVED: libffi.call/return_fl1.c -O2 -fomit-frame-pointer compilation failed to produce executable
FAIL: libffi.call/return_fl2.c -O2 -fomit-frame-pointer (test for excess errors)
UNRESOLVED: libffi.call/return_fl2.c -O2 -fomit-frame-pointer compilation failed to produce executable
FAIL: libffi.call/return_fl3.c -O2 -fomit-frame-pointer (test for excess errors)
UNRESOLVED: libffi.call/return_fl3.c -O2 -fomit-frame-pointer compilation failed to produce executable
FAIL: libffi.call/return_ldl.c -O2 -fomit-frame-pointer (test for excess errors)
UNRESOLVED: libffi.call/return_ldl.c -O2 -fomit-frame-pointer compilation failed to produce executable
FAIL: libffi.call/return_ll.c -O2 -fomit-frame-pointer (test for excess errors)
UNRESOLVED: libffi.call/return_ll.c -O2 -fomit-frame-pointer compilation failed to produce executable
FAIL: libffi.call/return_ll1.c -O2 -fomit-frame-pointer (test for excess errors)
UNRESOLVED: libffi.call/return_ll1.c -O2 -fomit-frame-pointer compilation failed to produce executable
FAIL: libffi.call/return_sc.c -O2 -fomit-frame-pointer (test for excess errors)
UNRESOLVED: libffi.call/return_sc.c -O2 -fomit-frame-pointer compilation failed to produce executable
FAIL: libffi.call/return_sl.c -O2 -fomit-frame-pointer (test for excess errors)
UNRESOLVED: libffi.call/return_sl.c -O2 -fomit-frame-pointer compilation failed to produce executable
FAIL: libffi.call/return_uc.c -O2 -fomit-frame-pointer (test for excess errors)
UNRESOLVED: libffi.call/return_uc.c -O2 -fomit-frame-pointer compilation failed to produce executable
FAIL: libffi.call/return_ul.c -O2 -fomit-frame-pointer (test for excess errors)
UNRESOLVED: libffi.call/return_ul.c -O2 -fomit-frame-pointer compilation failed to produce executable
FAIL: libffi.call/stret_large.c -O2 -fomit-frame-pointer (test for excess errors)
UNRESOLVED: libffi.call/stret_large.c -O2 -fomit-frame-pointer compilation failed to produce executable
FAIL: libffi.call/stret_large2.c -O2 -fomit-frame-pointer (test for excess errors)
UNRESOLVED: libffi.call/stret_large2.c -O2 -fomit-frame-pointer compilation failed to produce executable
FAIL: libffi.call/stret_medium.c -O2 -fomit-frame-pointer (test for excess errors)
UNRESOLVED: libffi.call/stret_medium.c -O2 -fomit-frame-pointer compilation failed to produce executable
FAIL: libffi.call/stret_medium2.c -O2 -fomit-frame-pointer (test for excess errors)
UNRESOLVED: libffi.call/stret_medium2.c -O2 -fomit-frame-pointer compilation failed to produce executable
FAIL: libffi.call/strlen.c -O2 -fomit-frame-pointer (test for excess errors)
UNRESOLVED: libffi.call/strlen.c -O2 -fomit-frame-pointer compilation failed to produce executable
FAIL: libffi.call/struct1.c -O2 -fomit-frame-pointer (test for excess errors)
UNRESOLVED: libffi.call/struct1.c -O2 -fomit-frame-pointer compilation failed to produce executable
FAIL: libffi.call/struct2.c -O2 -fomit-frame-pointer (test for excess errors)
UNRESOLVED: libffi.call/struct2.c -O2 -fomit-frame-pointer compilation failed to produce executable
FAIL: libffi.call/struct3.c -O2 -fomit-frame-pointer (test for excess errors)
UNRESOLVED: libffi.call/struct3.c -O2 -fomit-frame-pointer compilation failed to produce executable
FAIL: libffi.call/struct4.c -O2 -fomit-frame-pointer (test for excess errors)
UNRESOLVED: libffi.call/struct4.c -O2 -fomit-frame-pointer compilation failed to produce executable
FAIL: libffi.call/struct5.c -O2 -fomit-frame-pointer (test for excess errors)
UNRESOLVED: libffi.call/struct5.c -O2 -fomit-frame-pointer compilation failed to produce executable
FAIL: libffi.call/struct6.c -O2 -fomit-frame-pointer (test for excess errors)
UNRESOLVED: libffi.call/struct6.c -O2 -fomit-frame-pointer compilation failed to produce executable
FAIL: libffi.call/struct7.c -O2 -fomit-frame-pointer (test for excess errors)
UNRESOLVED: libffi.call/struct7.c -O2 -fomit-frame-pointer compilation failed to produce executable
FAIL: libffi.call/struct8.c -O2 -fomit-frame-pointer (test for excess errors)
UNRESOLVED: libffi.call/struct8.c -O2 -fomit-frame-pointer compilation failed to produce executable
FAIL: libffi.call/struct9.c -O2 -fomit-frame-pointer (test for excess errors)
UNRESOLVED: libffi.call/struct9.c -O2 -fomit-frame-pointer compilation failed to produce executable
FAIL: libffi.special/unwindtest.cc -shared-libgcc -lstdc++ (test for excess errors)
UNRESOLVED: libffi.special/unwindtest.cc -shared-libgcc -lstdc++ compilation failed to produce executable
FAIL: libffi.special/unwindtest_ffi_call.cc -shared-libgcc -lstdc++ (test for excess errors)
UNRESOLVED: libffi.special/unwindtest_ffi_call.cc -shared-libgcc -lstdc++ compilation failed to produce executable
FAIL: libffi.special/unwindtest.cc -shared-libgcc -lstdc++ (test for excess errors)
UNRESOLVED: libffi.special/unwindtest.cc -shared-libgcc -lstdc++ compilation failed to produce executable
FAIL: libffi.special/unwindtest_ffi_call.cc -shared-libgcc -lstdc++ (test for excess errors)
UNRESOLVED: libffi.special/unwindtest_ffi_call.cc -shared-libgcc -lstdc++ compilation failed to produce executable
FAIL: libffi.special/unwindtest.cc -shared-libgcc -lstdc++ (test for excess errors)
UNRESOLVED: libffi.special/unwindtest.cc -shared-libgcc -lstdc++ compilation failed to produce executable
FAIL: libffi.special/unwindtest_ffi_call.cc -shared-libgcc -lstdc++ (test for excess errors)
UNRESOLVED: libffi.special/unwindtest_ffi_call.cc -shared-libgcc -lstdc++ compilation failed to produce executable
FAIL: libffi.special/unwindtest.cc -shared-libgcc -lstdc++ (test for excess errors)
UNRESOLVED: libffi.special/unwindtest.cc -shared-libgcc -lstdc++ compilation failed to produce executable
FAIL: libffi.special/unwindtest_ffi_call.cc -shared-libgcc -lstdc++ (test for excess errors)
UNRESOLVED: libffi.special/unwindtest_ffi_call.cc -shared-libgcc -lstdc++ compilation failed to produce executable
=== libffi Summary for unix/-m64 ===
# of unexpected failures 588
# of unresolved testcases 588
# of unsupported tests 15
=== libffi Summary ===
# of expected passes 1589
# of unexpected failures 593
# of expected failures 10
# of unresolved testcases 588
# of unsupported tests 30
=== libgomp tests ===
Running target unix
=== libgomp Summary for unix ===
# of expected passes 2394
# of unsupported tests 7
Running target unix/-m64
=== libgomp Summary for unix/-m64 ===
# of expected passes 2394
# of unsupported tests 7
=== libgomp Summary ===
# of expected passes 4788
# of unsupported tests 14
=== libjava tests ===
Running target unix
FAIL: events output
FAIL: ArrayStore -findirect-dispatch execution - source compiled test
FAIL: ArrayStore -O3 -findirect-dispatch execution - source compiled test
FAIL: ArrayStore2 -findirect-dispatch execution - source compiled test
FAIL: ArrayStore2 -O3 -findirect-dispatch execution - source compiled test
FAIL: Array_1 -findirect-dispatch execution - source compiled test
FAIL: Array_1 -O3 -findirect-dispatch execution - source compiled test
FAIL: Array_2 -findirect-dispatch execution - source compiled test
FAIL: Array_2 -O3 -findirect-dispatch execution - source compiled test
FAIL: Array_3 -findirect-dispatch execution - source compiled test
FAIL: Array_3 -O3 -findirect-dispatch execution - source compiled test
FAIL: Class_1 -findirect-dispatch execution - source compiled test
FAIL: Class_1 -O3 -findirect-dispatch execution - source compiled test
FAIL: CompareNaN -findirect-dispatch execution - source compiled test
FAIL: CompareNaN -O3 -findirect-dispatch execution - source compiled test
FAIL: Divide_1 -findirect-dispatch execution - source compiled test
FAIL: Divide_1 -O3 -findirect-dispatch execution - source compiled test
FAIL: Divide_2 -findirect-dispatch execution - source compiled test
FAIL: Divide_2 -O3 -findirect-dispatch execution - source compiled test
FAIL: EvaluationOrder -findirect-dispatch execution - source compiled test
FAIL: EvaluationOrder -O3 -findirect-dispatch execution - source compiled test
FAIL: ExtraClassLoader -findirect-dispatch execution - source compiled test
FAIL: ExtraClassLoader -O3 -findirect-dispatch execution - source compiled test
FAIL: FileHandleGcTest -findirect-dispatch execution - source compiled test
FAIL: FileHandleGcTest -O3 -findirect-dispatch execution - source compiled test
FAIL: Final -findirect-dispatch execution - source compiled test
FAIL: Final -O3 -findirect-dispatch execution - source compiled test
FAIL: Float_1 -findirect-dispatch execution - source compiled test
FAIL: Float_1 -O3 -findirect-dispatch execution - source compiled test
FAIL: Float_2 -findirect-dispatch execution - source compiled test
FAIL: Float_2 -O3 -findirect-dispatch execution - source compiled test
FAIL: G19990301_01 -findirect-dispatch execution - source compiled test
FAIL: G19990301_01 -O3 -findirect-dispatch execution - source compiled test
FAIL: G19990302_02 -findirect-dispatch execution - source compiled test
FAIL: G19990302_02 -O3 -findirect-dispatch execution - source compiled test
FAIL: G19990303_01 -findirect-dispatch execution - source compiled test
FAIL: G19990303_01 -O3 -findirect-dispatch execution - source compiled test
FAIL: G19990303_02 -findirect-dispatch execution - source compiled test
FAIL: G19990303_02 -O3 -findirect-dispatch execution - source compiled test
FAIL: G19990304_01 -findirect-dispatch execution - source compiled test
FAIL: G19990304_01 -O3 -findirect-dispatch execution - source compiled test
FAIL: G19990310_01 -findirect-dispatch execution - source compiled test
FAIL: G19990310_01 -O3 -findirect-dispatch execution - source compiled test
FAIL: II -findirect-dispatch execution - source compiled test
FAIL: II -O3 -findirect-dispatch execution - source compiled test
FAIL: InterfaceDispatch -findirect-dispatch execution - source compiled test
FAIL: InterfaceDispatch -O3 -findirect-dispatch execution - source compiled test
FAIL: InvokeInterface -findirect-dispatch execution - source compiled test
FAIL: InvokeInterface -O3 -findirect-dispatch execution - source compiled test
FAIL: InvokeReturn -findirect-dispatch execution - source compiled test
FAIL: InvokeReturn -O3 -findirect-dispatch execution - source compiled test
FAIL: Invoke_1 -findirect-dispatch execution - source compiled test
FAIL: Invoke_1 -O3 -findirect-dispatch execution - source compiled test
FAIL: Invoke_2 -findirect-dispatch execution - source compiled test
FAIL: Invoke_2 -O3 -findirect-dispatch execution - source compiled test
FAIL: KeepInline -findirect-dispatch execution - source compiled test
FAIL: KeepInline -O3 -findirect-dispatch execution - source compiled test
FAIL: LargeFile -findirect-dispatch execution - source compiled test
FAIL: LargeFile -O3 -findirect-dispatch execution - source compiled test
FAIL: MathBuiltin -findirect-dispatch execution - source compiled test
FAIL: MathBuiltin -O3 -findirect-dispatch execution - source compiled test
FAIL: Matrix4f -findirect-dispatch execution - source compiled test
FAIL: Matrix4f -O3 -findirect-dispatch execution - source compiled test
FAIL: N19990310_02 -findirect-dispatch execution - source compiled test
FAIL: N19990310_02 -O3 -findirect-dispatch execution - source compiled test
FAIL: N19990310_3 -findirect-dispatch execution - source compiled test
FAIL: N19990310_3 -O3 -findirect-dispatch execution - source compiled test
FAIL: N19990310_4 -findirect-dispatch execution - source compiled test
FAIL: N19990310_4 -O3 -findirect-dispatch execution - source compiled test
FAIL: N19990310_5 -findirect-dispatch execution - source compiled test
FAIL: N19990310_5 -O3 -findirect-dispatch execution - source compiled test
FAIL: Overflow -findirect-dispatch execution - source compiled test
FAIL: Overflow -O3 -findirect-dispatch execution - source compiled test
FAIL: PR12350 -findirect-dispatch execution - source compiled test
FAIL: PR12350 -O3 -findirect-dispatch execution - source compiled test
FAIL: PR12416 -findirect-dispatch execution - source compiled test
FAIL: PR12416 -O3 -findirect-dispatch execution - source compiled test
FAIL: PR12656 -findirect-dispatch execution - source compiled test
FAIL: PR12656 -O3 -findirect-dispatch execution - source compiled test
FAIL: PR12915 -findirect-dispatch execution - source compiled test
FAIL: PR12915 -O3 -findirect-dispatch execution - source compiled test
FAIL: PR141 -findirect-dispatch execution - source compiled test
FAIL: PR141 -O3 -findirect-dispatch execution - source compiled test
FAIL: PR160 -findirect-dispatch execution - source compiled test
FAIL: PR160 -O3 -findirect-dispatch execution - source compiled test
FAIL: PR162 -findirect-dispatch execution - source compiled test
FAIL: PR162 -O3 -findirect-dispatch execution - source compiled test
FAIL: PR16867 -findirect-dispatch execution - source compiled test
FAIL: PR16867 -O3 -findirect-dispatch execution - source compiled test
FAIL: PR18699 -findirect-dispatch execution - source compiled test
FAIL: PR18699 -O3 -findirect-dispatch execution - source compiled test
FAIL: PR19870 -findirect-dispatch execution - source compiled test
FAIL: PR19870 -O3 -findirect-dispatch execution - source compiled test
FAIL: PR19870_2 -findirect-dispatch execution - source compiled test
FAIL: PR19870_2 -O3 -findirect-dispatch execution - source compiled test
FAIL: PR19921 -findirect-dispatch execution - source compiled test
FAIL: PR19921 -O3 -findirect-dispatch execution - source compiled test
FAIL: PR20056 -findirect-dispatch execution - source compiled test
FAIL: PR20056 -O3 -findirect-dispatch execution - source compiled test
FAIL: PR218 execution - source compiled test
FAIL: PR218 -findirect-dispatch execution - source compiled test
FAIL: PR218 -O3 -findirect-dispatch execution - source compiled test
FAIL: PR242 -findirect-dispatch execution - source compiled test
FAIL: PR242 -O3 -findirect-dispatch execution - source compiled test
FAIL: PR25535 -findirect-dispatch execution - source compiled test
FAIL: PR25535 -O3 -findirect-dispatch execution - source compiled test
FAIL: PR260 -findirect-dispatch execution - source compiled test
FAIL: PR260 -O3 -findirect-dispatch execution - source compiled test
FAIL: PR26858 -findirect-dispatch execution - source compiled test
FAIL: PR26858 -O3 -findirect-dispatch execution - source compiled test
FAIL: PR27908 -findirect-dispatch execution - source compiled test
FAIL: PR27908 -O3 -findirect-dispatch execution - source compiled test
FAIL: PR29013 -findirect-dispatch execution - source compiled test
FAIL: PR29013 -O3 -findirect-dispatch execution - source compiled test
FAIL: PR29495 -findirect-dispatch execution - source compiled test
FAIL: PR29495 -O3 -findirect-dispatch execution - source compiled test
FAIL: PR3096 -findirect-dispatch execution - source compiled test
FAIL: PR3096 -O3 -findirect-dispatch execution - source compiled test
FAIL: PR31264 -findirect-dispatch execution - source compiled test
FAIL: PR31264 -O3 -findirect-dispatch execution - source compiled test
FAIL: PR35020 -findirect-dispatch execution - source compiled test
FAIL: PR35020 -O3 -findirect-dispatch execution - source compiled test
FAIL: PR36252 -findirect-dispatch execution - source compiled test
FAIL: PR36252 -O3 -findirect-dispatch execution - source compiled test
FAIL: PR3731 -findirect-dispatch execution - source compiled test
FAIL: PR3731 -O3 -findirect-dispatch execution - source compiled test
FAIL: PR5057 -findirect-dispatch execution - source compiled test
FAIL: PR5057 -O3 -findirect-dispatch execution - source compiled test
FAIL: PR5057_2 -findirect-dispatch execution - source compiled test
FAIL: PR5057_2 -O3 -findirect-dispatch execution - source compiled test
FAIL: PR55 -findirect-dispatch execution - source compiled test
FAIL: PR55 -O3 -findirect-dispatch execution - source compiled test
FAIL: PR56 -findirect-dispatch execution - source compiled test
FAIL: PR56 -O3 -findirect-dispatch execution - source compiled test
FAIL: PR6085 -findirect-dispatch execution - source compiled test
FAIL: PR6085 -O3 -findirect-dispatch execution - source compiled test
FAIL: PR6204 -findirect-dispatch execution - source compiled test
FAIL: PR6204 -O3 -findirect-dispatch execution - source compiled test
FAIL: PR6729 -findirect-dispatch execution - source compiled test
FAIL: PR6729 -O3 -findirect-dispatch execution - source compiled test
FAIL: PR6820 -findirect-dispatch execution - source compiled test
FAIL: PR6820 -O3 -findirect-dispatch execution - source compiled test
FAIL: PR7482 -findirect-dispatch execution - source compiled test
FAIL: PR7482 -O3 -findirect-dispatch execution - source compiled test
FAIL: Process_1 -findirect-dispatch execution - source compiled test
FAIL: Process_1 -O3 -findirect-dispatch execution - source compiled test
FAIL: Process_2 -findirect-dispatch execution - source compiled test
FAIL: Process_2 -O3 -findirect-dispatch execution - source compiled test
FAIL: Process_3 -findirect-dispatch execution - source compiled test
FAIL: Process_3 -O3 -findirect-dispatch execution - source compiled test
FAIL: Process_4 -findirect-dispatch execution - source compiled test
FAIL: Process_4 -O3 -findirect-dispatch execution - source compiled test
FAIL: Process_5 -findirect-dispatch execution - source compiled test
FAIL: Process_5 -O3 -findirect-dispatch execution - source compiled test
FAIL: Process_6 -findirect-dispatch execution - source compiled test
FAIL: Process_6 -O3 -findirect-dispatch execution - source compiled test
FAIL: Process_7 -findirect-dispatch execution - source compiled test
FAIL: Process_7 -O3 -findirect-dispatch execution - source compiled test
FAIL: ProxyTest -findirect-dispatch execution - source compiled test
FAIL: ProxyTest -O3 -findirect-dispatch execution - source compiled test
FAIL: RH194522 -findirect-dispatch execution - source compiled test
FAIL: RH194522 -O3 -findirect-dispatch execution - source compiled test
FAIL: Serialization -findirect-dispatch execution - source compiled test
FAIL: Serialization -O3 -findirect-dispatch execution - source compiled test
FAIL: Shazam -findirect-dispatch execution - source compiled test
FAIL: Shazam -O3 -findirect-dispatch execution - source compiled test
WARNING: program timed out.
FAIL: StackTrace2 execution - source compiled test
FAIL: StackTrace2 -findirect-dispatch execution - source compiled test
WARNING: program timed out.
FAIL: StackTrace2 -O3 execution - source compiled test
FAIL: StackTrace2 -O3 -findirect-dispatch execution - source compiled test
FAIL: StaticConstructor -findirect-dispatch execution - source compiled test
FAIL: StaticConstructor -O3 -findirect-dispatch execution - source compiled test
FAIL: StringBuffer_1 -findirect-dispatch execution - source compiled test
FAIL: StringBuffer_1 -O3 -findirect-dispatch execution - source compiled test
FAIL: StringBuffer_overflow -findirect-dispatch execution - source compiled test
FAIL: StringBuffer_overflow -O3 -findirect-dispatch execution - source compiled test
FAIL: String_overflow -findirect-dispatch execution - source compiled test
FAIL: String_overflow -O3 -findirect-dispatch execution - source compiled test
FAIL: SyncGlobal -findirect-dispatch execution - source compiled test
FAIL: SyncGlobal -O3 -findirect-dispatch execution - source compiled test
FAIL: SyncTest -findirect-dispatch execution - source compiled test
FAIL: SyncTest -O3 -findirect-dispatch execution - source compiled test
FAIL: Synch -findirect-dispatch execution - source compiled test
FAIL: Synch -O3 -findirect-dispatch execution - source compiled test
FAIL: TLtest -findirect-dispatch execution - source compiled test
FAIL: TLtest -O3 -findirect-dispatch execution - source compiled test
FAIL: TestProxy -findirect-dispatch execution - source compiled test
FAIL: TestProxy -O3 -findirect-dispatch execution - source compiled test
FAIL: Thread_Alive -findirect-dispatch execution - source compiled test
FAIL: Thread_Alive -O3 -findirect-dispatch execution - source compiled test
FAIL: Thread_HoldsLock -findirect-dispatch execution - source compiled test
FAIL: Thread_HoldsLock -O3 -findirect-dispatch execution - source compiled test
FAIL: Thread_Interrupt -findirect-dispatch execution - source compiled test
FAIL: Thread_Interrupt -O3 -findirect-dispatch execution - source compiled test
FAIL: Thread_Join -findirect-dispatch execution - source compiled test
FAIL: Thread_Join -O3 -findirect-dispatch execution - source compiled test
FAIL: Thread_Monitor -findirect-dispatch execution - source compiled test
FAIL: Thread_Monitor -O3 -findirect-dispatch execution - source compiled test
FAIL: Thread_Sleep -findirect-dispatch execution - source compiled test
FAIL: Thread_Sleep -O3 -findirect-dispatch execution - source compiled test
FAIL: Thread_Sleep_2 -findirect-dispatch execution - source compiled test
FAIL: Thread_Sleep_2 -O3 -findirect-dispatch execution - source compiled test
FAIL: Thread_Wait -findirect-dispatch execution - source compiled test
FAIL: Thread_Wait -O3 -findirect-dispatch execution - source compiled test
FAIL: Thread_Wait_2 -findirect-dispatch execution - source compiled test
FAIL: Thread_Wait_2 -O3 -findirect-dispatch execution - source compiled test
FAIL: Thread_Wait_Interrupt -findirect-dispatch execution - source compiled test
FAIL: Thread_Wait_Interrupt -O3 -findirect-dispatch execution - source compiled test
FAIL: Throw_1 -findirect-dispatch execution - source compiled test
FAIL: Throw_1 -O3 -findirect-dispatch execution - source compiled test
FAIL: Throw_2 -findirect-dispatch execution - source compiled test
FAIL: Throw_2 -O3 -findirect-dispatch execution - source compiled test
FAIL: Throw_3 execution - source compiled test
FAIL: Throw_3 -findirect-dispatch execution - source compiled test
FAIL: Throw_3 -O3 -findirect-dispatch execution - source compiled test
FAIL: WalkerTest -findirect-dispatch execution - source compiled test
FAIL: WalkerTest -O3 -findirect-dispatch execution - source compiled test
FAIL: anfi -findirect-dispatch execution - source compiled test
FAIL: anfi -O3 -findirect-dispatch execution - source compiled test
FAIL: anon -findirect-dispatch execution - source compiled test
FAIL: anon -O3 -findirect-dispatch execution - source compiled test
FAIL: anon2 -findirect-dispatch execution - source compiled test
FAIL: anon2 -O3 -findirect-dispatch execution - source compiled test
FAIL: anon3 -findirect-dispatch execution - source compiled test
FAIL: anon3 -O3 -findirect-dispatch execution - source compiled test
FAIL: anon4 -findirect-dispatch execution - source compiled test
FAIL: anon4 -O3 -findirect-dispatch execution - source compiled test
FAIL: anon_ctor_itf_arg -findirect-dispatch execution - source compiled test
FAIL: anon_ctor_itf_arg -O3 -findirect-dispatch execution - source compiled test
FAIL: anonarray -findirect-dispatch execution - source compiled test
FAIL: anonarray -O3 -findirect-dispatch execution - source compiled test
FAIL: anonarray2 -findirect-dispatch execution - source compiled test
FAIL: anonarray2 -O3 -findirect-dispatch execution - source compiled test
FAIL: anonarray3 -findirect-dispatch execution - source compiled test
FAIL: anonarray3 -O3 -findirect-dispatch execution - source compiled test
FAIL: assign -findirect-dispatch execution - source compiled test
FAIL: assign -O3 -findirect-dispatch execution - source compiled test
FAIL: assign2 -findirect-dispatch execution - source compiled test
FAIL: assign2 -O3 -findirect-dispatch execution - source compiled test
FAIL: bclink -findirect-dispatch execution - source compiled test
FAIL: bclink -O3 -findirect-dispatch execution - source compiled test
FAIL: bytearray -findirect-dispatch execution - source compiled test
FAIL: bytearray -O3 -findirect-dispatch execution - source compiled test
FAIL: direct_read -findirect-dispatch execution - source compiled test
FAIL: direct_read -O3 -findirect-dispatch execution - source compiled test
FAIL: direct_write -findirect-dispatch execution - source compiled test
FAIL: direct_write -O3 -findirect-dispatch execution - source compiled test
FAIL: emptystring -findirect-dispatch execution - source compiled test
FAIL: emptystring -O3 -findirect-dispatch execution - source compiled test
FAIL: err1 -findirect-dispatch execution - source compiled test
FAIL: err1 -O3 -findirect-dispatch execution - source compiled test
FAIL: err10 -findirect-dispatch execution - source compiled test
FAIL: err10 -O3 -findirect-dispatch execution - source compiled test
FAIL: err11 -findirect-dispatch execution - source compiled test
FAIL: err11 -O3 -findirect-dispatch execution - source compiled test
FAIL: err12 -findirect-dispatch execution - source compiled test
FAIL: err12 -O3 -findirect-dispatch execution - source compiled test
FAIL: err13 -findirect-dispatch execution - source compiled test
FAIL: err13 -O3 -findirect-dispatch execution - source compiled test
FAIL: err14 -findirect-dispatch execution - source compiled test
FAIL: err14 -O3 -findirect-dispatch execution - source compiled test
FAIL: err2 -findirect-dispatch execution - source compiled test
FAIL: err2 -O3 -findirect-dispatch execution - source compiled test
FAIL: err3 -findirect-dispatch execution - source compiled test
FAIL: err3 -O3 -findirect-dispatch execution - source compiled test
FAIL: err4 -findirect-dispatch execution - source compiled test
FAIL: err4 -O3 -findirect-dispatch execution - source compiled test
FAIL: err5 -findirect-dispatch execution - source compiled test
FAIL: err5 -O3 -findirect-dispatch execution - source compiled test
FAIL: err6 -findirect-dispatch execution - source compiled test
FAIL: err6 -O3 -findirect-dispatch execution - source compiled test
FAIL: err7 -findirect-dispatch execution - source compiled test
FAIL: err7 -O3 -findirect-dispatch execution - source compiled test
FAIL: err8 -findirect-dispatch execution - source compiled test
FAIL: err8 -O3 -findirect-dispatch execution - source compiled test
FAIL: err9 -findirect-dispatch execution - source compiled test
FAIL: err9 -O3 -findirect-dispatch execution - source compiled test
FAIL: final_inner -findirect-dispatch execution - source compiled test
FAIL: final_inner -O3 -findirect-dispatch execution - source compiled test
FAIL: final_int -findirect-dispatch execution - source compiled test
FAIL: final_int -O3 -findirect-dispatch execution - source compiled test
FAIL: final_static_and_friend -findirect-dispatch execution - source compiled test
FAIL: final_static_and_friend -O3 -findirect-dispatch execution - source compiled test
FAIL: indirect -findirect-dispatch execution - source compiled test
FAIL: indirect -O3 -findirect-dispatch execution - source compiled test
FAIL: indirect_read -findirect-dispatch execution - source compiled test
FAIL: indirect_read -O3 -findirect-dispatch execution - source compiled test
FAIL: indirect_write -findirect-dispatch execution - source compiled test
FAIL: indirect_write -O3 -findirect-dispatch execution - source compiled test
FAIL: initexc -findirect-dispatch execution - source compiled test
FAIL: initexc -O3 -findirect-dispatch execution - source compiled test
FAIL: initfield -findirect-dispatch execution - source compiled test
FAIL: initfield -O3 -findirect-dispatch execution - source compiled test
FAIL: inline -findirect-dispatch execution - source compiled test
FAIL: inline -O3 -findirect-dispatch execution - source compiled test
FAIL: inner1 -findirect-dispatch execution - source compiled test
FAIL: inner1 -O3 -findirect-dispatch execution - source compiled test
FAIL: inner2 -findirect-dispatch execution - source compiled test
FAIL: inner2 -O3 -findirect-dispatch execution - source compiled test
FAIL: inner3 -findirect-dispatch execution - source compiled test
FAIL: inner3 -O3 -findirect-dispatch execution - source compiled test
FAIL: inner4 -findirect-dispatch execution - source compiled test
FAIL: inner4 -O3 -findirect-dispatch execution - source compiled test
FAIL: inner_array -findirect-dispatch execution - source compiled test
FAIL: inner_array -O3 -findirect-dispatch execution - source compiled test
FAIL: inner_interface -findirect-dispatch execution - source compiled test
FAIL: inner_interface -O3 -findirect-dispatch execution - source compiled test
FAIL: instance -findirect-dispatch execution - source compiled test
FAIL: instance -O3 -findirect-dispatch execution - source compiled test
FAIL: instinit -findirect-dispatch execution - source compiled test
FAIL: instinit -O3 -findirect-dispatch execution - source compiled test
FAIL: instinit2 -findirect-dispatch execution - source compiled test
FAIL: instinit2 -O3 -findirect-dispatch execution - source compiled test
FAIL: invoke_from_inner -findirect-dispatch execution - source compiled test
FAIL: invoke_from_inner -O3 -findirect-dispatch execution - source compiled test
FAIL: invokethrow -findirect-dispatch execution - source compiled test
FAIL: invokethrow -O3 -findirect-dispatch execution - source compiled test
FAIL: klass -findirect-dispatch execution - source compiled test
FAIL: klass -O3 -findirect-dispatch execution - source compiled test
FAIL: md5test -findirect-dispatch execution - source compiled test
FAIL: md5test -O3 -findirect-dispatch execution - source compiled test
FAIL: multiple_finit -findirect-dispatch execution - source compiled test
FAIL: multiple_finit -O3 -findirect-dispatch execution - source compiled test
FAIL: negzero -findirect-dispatch execution - source compiled test
FAIL: negzero -O3 -findirect-dispatch execution - source compiled test
FAIL: nested_with_ctor -findirect-dispatch execution - source compiled test
FAIL: nested_with_ctor -O3 -findirect-dispatch execution - source compiled test
FAIL: newarray_overflow -findirect-dispatch execution - source compiled test
FAIL: newarray_overflow -O3 -findirect-dispatch execution - source compiled test
FAIL: override -findirect-dispatch execution - source compiled test
FAIL: override -O3 -findirect-dispatch execution - source compiled test
FAIL: pr109 -findirect-dispatch execution - source compiled test
FAIL: pr109 -O3 -findirect-dispatch execution - source compiled test
FAIL: pr13107 -findirect-dispatch execution - source compiled test
FAIL: pr13107 -O3 -findirect-dispatch execution - source compiled test
FAIL: pr13107_2 -findirect-dispatch execution - source compiled test
FAIL: pr13107_2 -O3 -findirect-dispatch execution - source compiled test
FAIL: pr13107_3 -findirect-dispatch execution - source compiled test
FAIL: pr13107_3 -O3 -findirect-dispatch execution - source compiled test
FAIL: pr133 -findirect-dispatch execution - source compiled test
FAIL: pr133 -O3 -findirect-dispatch execution - source compiled test
FAIL: pr16789 -findirect-dispatch execution - source compiled test
FAIL: pr16789 -O3 -findirect-dispatch execution - source compiled test
FAIL: pr17536 -findirect-dispatch execution - source compiled test
FAIL: pr17536 -O3 -findirect-dispatch execution - source compiled test
FAIL: pr179 -findirect-dispatch execution - source compiled test
FAIL: pr179 -O3 -findirect-dispatch execution - source compiled test
FAIL: pr184 -findirect-dispatch execution - source compiled test
FAIL: pr184 -O3 -findirect-dispatch execution - source compiled test
FAIL: pr21785 -findirect-dispatch execution - source compiled test
FAIL: pr21785 -O3 -findirect-dispatch execution - source compiled test
FAIL: pr21844 -findirect-dispatch execution - source compiled test
FAIL: pr21844 -O3 -findirect-dispatch execution - source compiled test
FAIL: pr24321 -findirect-dispatch execution - source compiled test
FAIL: pr24321 -O3 -findirect-dispatch execution - source compiled test
FAIL: pr25676 -findirect-dispatch execution - source compiled test
FAIL: pr25676 -O3 -findirect-dispatch execution - source compiled test
FAIL: pr26390 -findirect-dispatch execution - source compiled test
FAIL: pr26390 -O3 -findirect-dispatch execution - source compiled test
FAIL: pr26990 -findirect-dispatch execution - source compiled test
FAIL: pr26990 -O3 -findirect-dispatch execution - source compiled test
FAIL: pr27171 -findirect-dispatch execution - source compiled test
FAIL: pr27171 -O3 -findirect-dispatch execution - source compiled test
FAIL: pr6388 -findirect-dispatch execution - source compiled test
FAIL: pr6388 -O3 -findirect-dispatch execution - source compiled test
FAIL: pr83 -findirect-dispatch execution - source compiled test
FAIL: pr83 -O3 -findirect-dispatch execution - source compiled test
FAIL: pr8415 -findirect-dispatch execution - source compiled test
FAIL: pr8415 -O3 -findirect-dispatch execution - source compiled test
FAIL: pr8676 -findirect-dispatch execution - source compiled test
FAIL: pr8676 -O3 -findirect-dispatch execution - source compiled test
FAIL: pr8823 -findirect-dispatch execution - source compiled test
FAIL: pr8823 -O3 -findirect-dispatch execution - source compiled test
FAIL: pr8945 -findirect-dispatch execution - source compiled test
FAIL: pr8945 -O3 -findirect-dispatch execution - source compiled test
FAIL: private_direct_read -findirect-dispatch execution - source compiled test
FAIL: private_direct_read -O3 -findirect-dispatch execution - source compiled test
FAIL: search_outer -findirect-dispatch execution - source compiled test
FAIL: search_outer -O3 -findirect-dispatch execution - source compiled test
FAIL: shatest -findirect-dispatch execution - source compiled test
FAIL: shatest -O3 -findirect-dispatch execution - source compiled test
FAIL: stacktrace -findirect-dispatch execution - source compiled test
FAIL: stacktrace -O3 -findirect-dispatch execution - source compiled test
FAIL: stringconst -findirect-dispatch execution - source compiled test
FAIL: stringconst -O3 -findirect-dispatch execution - source compiled test
FAIL: stringconst2 -findirect-dispatch execution - source compiled test
FAIL: stringconst2 -O3 -findirect-dispatch execution - source compiled test
FAIL: stub -findirect-dispatch execution - source compiled test
FAIL: stub -O3 -findirect-dispatch execution - source compiled test
FAIL: test_long -findirect-dispatch execution - source compiled test
FAIL: test_long -O3 -findirect-dispatch execution - source compiled test
FAIL: tmi -findirect-dispatch execution - source compiled test
FAIL: tmi -O3 -findirect-dispatch execution - source compiled test
FAIL: tp -findirect-dispatch execution - source compiled test
FAIL: tp -O3 -findirect-dispatch execution - source compiled test
FAIL: update_outer -findirect-dispatch execution - source compiled test
FAIL: update_outer -O3 -findirect-dispatch execution - source compiled test
FAIL: utf8concat -findirect-dispatch execution - source compiled test
FAIL: utf8concat -O3 -findirect-dispatch execution - source compiled test
FAIL: utilTest -findirect-dispatch execution - source compiled test
FAIL: utilTest -O3 -findirect-dispatch execution - source compiled test
FAIL: verify -findirect-dispatch execution - source compiled test
FAIL: verify -O3 -findirect-dispatch execution - source compiled test
=== libjava Summary ===
# of expected passes 1769
# of unexpected failures 403
# of untested testcases 402
=== libmudflap tests ===
Running target unix
FAIL: libmudflap.c/pass54-frag.c execution test
FAIL: libmudflap.c/pass54-frag.c execution test
FAIL: libmudflap.c/fail31-frag.c (-O3) crash test
FAIL: libmudflap.c/fail31-frag.c (-O3) output pattern test
FAIL: libmudflap.c/pass45-frag.c (-O3) execution test
FAIL: libmudflap.c/pass45-frag.c (-O3) output pattern test
FAIL: libmudflap.c/pass45-frag.c (-O3) execution test
FAIL: libmudflap.c/pass45-frag.c (-O3) output pattern test
FAIL: libmudflap.c++/pass41-frag.cxx execution test
FAIL: libmudflap.c++/pass41-frag.cxx (-static) execution test
FAIL: libmudflap.c++/pass41-frag.cxx ( -O) execution test
FAIL: libmudflap.c++/pass41-frag.cxx (-O2) execution test
FAIL: libmudflap.c++/pass41-frag.cxx (-O3) execution test
=== libmudflap Summary for unix ===
# of expected passes 1881
# of unexpected failures 13
Running target unix/-m64
FAIL: libmudflap.c/pass54-frag.c execution test
FAIL: libmudflap.c/pass54-frag.c execution test
FAIL: libmudflap.c/fail31-frag.c (-O3) crash test
FAIL: libmudflap.c/fail31-frag.c (-O3) output pattern test
FAIL: libmudflap.c/pass45-frag.c (-O3) execution test
FAIL: libmudflap.c/pass45-frag.c (-O3) output pattern test
FAIL: libmudflap.c/pass45-frag.c (-O3) execution test
FAIL: libmudflap.c/pass45-frag.c (-O3) output pattern test
FAIL: libmudflap.c++/pass41-frag.cxx execution test
FAIL: libmudflap.c++/pass41-frag.cxx (-static) execution test
FAIL: libmudflap.c++/pass41-frag.cxx ( -O) execution test
FAIL: libmudflap.c++/pass41-frag.cxx (-O2) execution test
FAIL: libmudflap.c++/pass41-frag.cxx (-O3) execution test
=== libmudflap Summary for unix/-m64 ===
# of expected passes 1881
# of unexpected failures 13
=== libmudflap Summary ===
# of expected passes 3762
# of unexpected failures 26
=== libstdc++ tests ===
Running target unix
XPASS: 26_numerics/headers/cmath/c99_classification_macros_c.cc (test for excess errors)
=== libstdc++ Summary for unix ===
# of expected passes 6165
# of unexpected successes 1
# of expected failures 82
# of unsupported tests 405
Running target unix/-m64
FAIL: abi_check
XPASS: 26_numerics/headers/cmath/c99_classification_macros_c.cc (test for excess errors)
=== libstdc++ Summary for unix/-m64 ===
# of expected passes 6309
# of unexpected successes 1
# of unexpected failures 1
# of expected failures 84
# of unsupported tests 335
=== libstdc++ Summary ===
# of expected passes 12474
# of unexpected failures 1
# of unexpected successes 2
# of expected failures 166
# of unsupported tests 740
Compiler version: 4.5.0 20090821 (experimental) [trunk revision 150987] (Debian 20090821-1)
Platform: sparc-unknown-linux-gnu
configure flags: -v --with-pkgversion='Debian 20090821-1' --with-bugurl=file:///usr/share/doc/gcc-snapshot/README.Bugs --enable-languages=c,ada,c++,java,fortran,objc,obj-c++ --prefix=/usr/lib/gcc-snapshot --enable-shared --enable-multiarch --enable-linker-build-id --with-system-zlib --disable-nls --enable-clocale=gnu --enable-libstdcxx-debug --enable-mpfr --enable-java-awt=gtk --enable-gtk-cairo --disable-plugin --with-java-home=/usr/lib/gcc-snapshot/java-1.5.0-gcj-4.5/jre --enable-java-home --with-jvm-root-dir=/usr/lib/gcc-snapshot/java-1.5.0-gcj-4.5 --with-arch-directory=sparc --with-ecj-jar=/usr/share/java/eclipse-ecj.jar --enable-objc-gc --enable-targets=all --with-cpu=v8 --with-long-double-128 --disable-werror --build=sparc-linux-gnu --host=sparc-linux-gnu --target=sparc-linux-gnu
BOOT_CFLAGS=
Build Dependencies:
Desired=Unknown/Install/Remove/Purge/Hold
| Status=Not/Inst/Cfg-files/Unpacked/Failed-cfg/Half-inst/trig-aWait/Trig-pend
|/ Err?=(none)/Hold/Reinst-required/X=both-problems (Status,Err: uppercase=bad)
||/ Name Version Description
+++-====================================-==========================-==============================================
ii binutils 2.19.51.20090805-1 The GNU assembler, linker and binary utilities
ii libc6 2.9-25 GNU C Library: Shared libraries
gcc-ice-hack:
Retry the build on an ice, save the calling options and preprocessed
source when the ice is reproducible.
gcc-ice-apport:
Report an ICE to apport (if apport is available
and the environment variable GCC_NOAPPORT is not set)
libjava-disable-static:
Disable building the static libjava.
libjava-fixed-symlinks:
Remove unneed '..' elements from symlinks in JAVA_HOME
pr39491:
Proposed patch for PR libstdc++/39491.
ada-arm-eabi:
arm-unbreak-eabi-armv4t:
Fix armv4t build on ARM
libjava-nobiarch-check:
For biarch builds, disable the testsuite for the non-default architecture
for runtime libraries, which are not built by default (libjava).
config-ml:
disable some biarch libraries for biarch builds
Counting all warnings,
there are 0 warnings in stage3 of this bootstrap.
Number of warnings per file:
Number of warning types:
More information about the Gcc-testresults
mailing list